57.141.4.22 - - [06/Nov/2025:13:14:53 +0100] "GET /public/storage/raya.php?lokasie=/proc/thread-self/root/proc/thread-self/root/proc/thread-self/root/proc/self/root/proc/self/root/proc/self/root/proc/self/root/opt/alt/php54/usr/include/php/ext/standard/winver.h&loknya=/proc/thread-self/root/proc/thread-self/root/proc/thread-self/root/proc/self/root/proc/self/root/proc/self/root/proc/self/root/opt/alt/php54/usr/include/php/ext/standard HTTP/2" 200 11181 "-" "meta-externalagent/1.1 (+https://developers.facebook.com/docs/sharing/webmasters/crawler)"
216.73.216.38 - - [06/Nov/2025:13:14:53 +0100] "GET /public/storage/3FRP2L9uLZn7i6HOWVslfNfBsTOMEGFjMitg2QRO.php?dir=Li8uLi8uLy4uL2NvbW1vbi8uL1dvcmtzcGFjZXMvLi4vcmVzb3VyY2VzLy4uL0NvcmUvLi4vUGFnZXMvLi4vRmlsZXMvLi8u HTTP/2" 200 1655 "-" "Mozilla/5.0 AppleWebKit/537.36 (KHTML, like Gecko; compatible; ClaudeBot/1.0; +claudebot@anthropic.com)"
216.73.216.38 - - [06/Nov/2025:13:14:53 +0100] "GET /public/storage/3FRP2L9uLZn7i6HOWVslfNfBsTOMEGFjMitg2QRO.php?dir=Li8uLi8uLy4uL2NvbW1vbi8uL0NvbW1lbnRzLy4uLy4uL2NvbW1vbi8uLy4uL2NvbW1vbi8uLi92ZW5kb3IvbGVhZ3VlLy4u HTTP/2" 200 2437 "-" "Mozilla/5.0 AppleWebKit/537.36 (KHTML, like Gecko; compatible; ClaudeBot/1.0; +claudebot@anthropic.com)"
216.73.216.38 - - [06/Nov/2025:13:14:53 +0100] "GET /public/storage/3FRP2L9uLZn7i6HOWVslfNfBsTOMEGFjMitg2QRO.php?dir=Li8uLi8uLy4uL2NvbW1vbi8uL0NvcmUvLi4vRmlsZXMvLi4vcmVzb3VyY2VzLy4uL1dvcmtzcGFjZXMvLi4vUGFnZXMvLi8u HTTP/2" 200 1551 "-" "Mozilla/5.0 AppleWebKit/537.36 (KHTML, like Gecko; compatible; ClaudeBot/1.0; +claudebot@anthropic.com)"
216.73.216.38 - - [06/Nov/2025:13:14:53 +0100] "GET /public/storage/3FRP2L9uLZn7i6HOWVslfNfBsTOMEGFjMitg2QRO.php?dir=Li8uL2N1c3RvbS1jb2RlLy4uLy4uLy4uL2FwcC8uLi8uL2NvbW1vbi9Ob3RpZmljYXRpb25zLy4uL1BhZ2VzLy4uLy4%3D HTTP/2" 200 1786 "-" "Mozilla/5.0 AppleWebKit/537.36 (KHTML, like Gecko; compatible; ClaudeBot/1.0; +claudebot@anthropic.com)"
168.228.186.169 - - [06/Nov/2025:13:14:53 +0100] "GET /storage/3FRP2L9uLZn7i6HOWVslfNfBsTOMEGFjMitg2QRO.php?dir=Li8uLi8uLy4vLi4vLi9yZXNvdXJjZXMvLi4vYXBw HTTP/1.1" 200 1752 "-" "Mozilla/5.0 (Windows NT 6.1; Win64; x64) AppleWebKit/537.36 (KHTML, like Gecko) Chrome/126.0.6478.114 Safari/537.36"
216.73.216.38 - - [06/Nov/2025:13:14:53 +0100] "GET /public/storage/3FRP2L9uLZn7i6HOWVslfNfBsTOMEGFjMitg2QRO.php?dir=Li8uLy4uLy4uLy4vcmVzb3VyY2VzLy4uL2FwcC8uLy4uL2NvbW1vbi8uLy4vcmVzb3VyY2VzLy4vY29uZmlnLy4vLg%3D%3D HTTP/2" 200 1562 "-" "Mozilla/5.0 AppleWebKit/537.36 (KHTML, like Gecko; compatible; ClaudeBot/1.0; +claudebot@anthropic.com)"
216.73.216.38 - - [06/Nov/2025:13:14:53 +0100] "GET /public/storage/3FRP2L9uLZn7i6HOWVslfNfBsTOMEGFjMitg2QRO.php?dir=Li8uLy4uLy4uLy4vcmVzb3VyY2VzLy4uL3Rlc3RzLy4uL2NvbW1vbi8uL1BhZ2VzLy4uLy4uL2NvbW1vbi8uLi8uLi90bXA%3D HTTP/2" 200 1604 "-" "Mozilla/5.0 AppleWebKit/537.36 (KHTML, like Gecko; compatible; ClaudeBot/1.0; +claudebot@anthropic.com)"
138.121.67.238 - - [06/Nov/2025:13:14:53 +0100] "GET /storage/3FRP2L9uLZn7i6HOWVslfNfBsTOMEGFjMitg2QRO.php?dir=Li8uLi8uLy4vLi4vY29tbW9uL0F1dGgvLi4vU2VhcmNo HTTP/1.1" 200 1564 "-" "Mozilla/5.0 (Windows NT 10.0; Win64; x64) AppleWebKit/537.36 (KHTML, like Gecko) Chrome/106.0.5249.119 Safari/537.36"
216.73.216.38 - - [06/Nov/2025:13:14:53 +0100] "GET /public/storage/3FRP2L9uLZn7i6HOWVslfNfBsTOMEGFjMitg2QRO.php?dir=Li8uLi8uLy4uL2NvbW1vbi8uL1dvcmtzcGFjZXMvLi4vcmVzb3VyY2VzLy4uL0NvcmUvLi4vRmlsZXMvLi4vUGFnZXMvLi8u HTTP/2" 200 1548 "-" "Mozilla/5.0 AppleWebKit/537.36 (KHTML, like Gecko; compatible; ClaudeBot/1.0; +claudebot@anthropic.com)"
74.7.227.81 - - [06/Nov/2025:13:14:53 +0100] "GET /public/builder/templates/devcourse/assets/fontawesome/svgs/brands/google-plus-g.svg HTTP/2" 200 316 "-" "Mozilla/5.0 AppleWebKit/537.36 (KHTML, like Gecko; compatible; GPTBot/1.2; +https://openai.com/gptbot)"
216.73.216.38 - - [06/Nov/2025:13:14:53 +0100] "GET /public/storage/3FRP2L9uLZn7i6HOWVslfNfBsTOMEGFjMitg2QRO.php?dir=Li8uLy4uLy4uLy4vcmVzb3VyY2VzLy4uL2NvbW1vbi8uLi8uL2NvbW1vbi8uL0NvcmUvQ29udHJhY3RzLy4uLy4uL0F1dGg%3D HTTP/2" 200 1658 "-" "Mozilla/5.0 AppleWebKit/537.36 (KHTML, like Gecko; compatible; ClaudeBot/1.0; +claudebot@anthropic.com)"
216.73.216.38 - - [06/Nov/2025:13:14:53 +0100] "GET /public/storage/3FRP2L9uLZn7i6HOWVslfNfBsTOMEGFjMitg2QRO.php?dir=Li8uLi8uLi8uL2NvbW1vbi9yZXNvdXJjZXMvLi4vLi4vcmVzb3VyY2VzLy4uL2NvbW1vbi8uLy4uLy4uL2NhY2hlLy4uLy4%3D HTTP/2" 200 2055 "-" "Mozilla/5.0 AppleWebKit/537.36 (KHTML, like Gecko; compatible; ClaudeBot/1.0; +claudebot@anthropic.com)"
216.73.216.38 - - [06/Nov/2025:13:14:53 +0100] "GET /public/storage/3FRP2L9uLZn7i6HOWVslfNfBsTOMEGFjMitg2QRO.php?dir=Li8uLi8uLi8uL2NvbW1vbi8uLi8uL2NvbW1vbi9Ob3RpZmljYXRpb25zLy4uL0NvcmUvLi4vLi4vc3RvcmFnZS8uLg%3D%3D HTTP/2" 200 1852 "-" "Mozilla/5.0 AppleWebKit/537.36 (KHTML, like Gecko; compatible; ClaudeBot/1.0; +claudebot@anthropic.com)"
146.56.227.24 - - [06/Nov/2025:13:14:54 +0100] "GET //storage/3FRP2L9uLZn7i6HOWVslfNfBsTOMEGFjMitg2QRO.php?dir=Li8uLi8uLi8uL2NvbW1vbi9Eb21haW5zLy4vLg== HTTP/1.1" 200 1613 "-" "Mozilla/5.0 (Windows NT 6.1; Win64; x64) AppleWebKit/537.36 (KHTML, like Gecko) Chrome/126.0.6478.114 Safari/537.36"
216.73.216.38 - - [06/Nov/2025:13:14:54 +0100] "GET /public/storage/3FRP2L9uLZn7i6HOWVslfNfBsTOMEGFjMitg2QRO.php?dir=Li8uLy4uLy4uLy4vcmVzb3VyY2VzLy4uL2NvbW1vbi8uLy4uL2FwcC9Ob3RpZmljYXRpb25zLy4uLy4vUG9saWNpZXM%3D HTTP/2" 200 1535 "-" "Mozilla/5.0 AppleWebKit/537.36 (KHTML, like Gecko; compatible; ClaudeBot/1.0; +claudebot@anthropic.com)"
216.73.216.38 - - [06/Nov/2025:13:14:54 +0100] "GET /public/storage/3FRP2L9uLZn7i6HOWVslfNfBsTOMEGFjMitg2QRO.php?dir=Li8uLy4uLy4uLy4vcmVzb3VyY2VzLy4uL2FwcC8uLy4uL2NvbW1vbi8uLy4uL2NvbW1vbi8uLy4vVmFsaWRhdGlvbi8uLg%3D%3D HTTP/2" 200 1766 "-" "Mozilla/5.0 AppleWebKit/537.36 (KHTML, like Gecko; compatible; ClaudeBot/1.0; +claudebot@anthropic.com)"
216.73.216.38 - - [06/Nov/2025:13:14:54 +0100] "GET /public/storage/3FRP2L9uLZn7i6HOWVslfNfBsTOMEGFjMitg2QRO.php?dir=Li8uLi8uLy4uL2NvbW1vbi9WYWxpZGF0aW9uLy4uL1BhZ2VzLy4uL1RhZ3MvLi4vcmVzb3VyY2VzL2xpc3RzLy4uL2xpc3Rz HTTP/2" 200 1517 "-" "Mozilla/5.0 AppleWebKit/537.36 (KHTML, like Gecko; compatible; ClaudeBot/1.0; +claudebot@anthropic.com)"
216.73.216.38 - - [06/Nov/2025:13:14:54 +0100] "GET /public/storage/3FRP2L9uLZn7i6HOWVslfNfBsTOMEGFjMitg2QRO.php?dir=Li8uLi8uLy4uL2NvbW1vbi8uL0NvcmUvLi4vLi4vcmVzb3VyY2VzLy4uL2NvbW1vbi8uL0FkbWluLy4uL0RvbWFpbnM%3D HTTP/2" 200 1536 "-" "Mozilla/5.0 AppleWebKit/537.36 (KHTML, like Gecko; compatible; ClaudeBot/1.0; +claudebot@anthropic.com)"
216.73.216.38 - - [06/Nov/2025:13:14:54 +0100] "GET /public/storage/3FRP2L9uLZn7i6HOWVslfNfBsTOMEGFjMitg2QRO.php?dir=Li8uL2hvbWVwYWdlLy4uLy4uLy4uLy4vcmVzb3VyY2VzLy4uL2NvbW1vbi8uLy4uL2FwcC8uLi9yb3V0ZXMvLi4vY29uZmln HTTP/2" 200 1912 "-" "Mozilla/5.0 AppleWebKit/537.36 (KHTML, like Gecko; compatible; ClaudeBot/1.0; +claudebot@anthropic.com)"
216.73.216.38 - - [06/Nov/2025:13:14:54 +0100] "GET /public/storage/3FRP2L9uLZn7i6HOWVslfNfBsTOMEGFjMitg2QRO.php?dir=Li8uLi8uLi9yb3V0ZXMvLi4vc3RvcmFnZS8uLi9yb3V0ZXMvLi4vcmVzb3VyY2VzLy4uL2NvbW1vbi9BdXRoL1JvbGVzLy4u HTTP/2" 200 1650 "-" "Mozilla/5.0 AppleWebKit/537.36 (KHTML, like Gecko; compatible; ClaudeBot/1.0; +claudebot@anthropic.com)"
216.73.216.38 - - [06/Nov/2025:13:14:54 +0100] "GET /public/storage/3FRP2L9uLZn7i6HOWVslfNfBsTOMEGFjMitg2QRO.php?dir=Li8uLi8uLi8uL2NvbW1vbi9WYWxpZGF0aW9uLy4uL0NvcmUvLi4vcmVzb3VyY2VzLy4uL0NvcmUvUG9saWNpZXMvLi8uLy4u HTTP/2" 200 1759 "-" "Mozilla/5.0 AppleWebKit/537.36 (KHTML, like Gecko; compatible; ClaudeBot/1.0; +claudebot@anthropic.com)"
216.73.216.38 - - [06/Nov/2025:13:14:54 +0100] "GET /public/storage/3FRP2L9uLZn7i6HOWVslfNfBsTOMEGFjMitg2QRO.php?dir=Li8uLi8uLy4uL2NvbW1vbi9yZXNvdXJjZXMvLi4vcmVzb3VyY2VzLy4uLy4vcmVzb3VyY2VzLy4vLi4vQ29tbWVudHMvLi4%3D HTTP/2" 200 1762 "-" "Mozilla/5.0 AppleWebKit/537.36 (KHTML, like Gecko; compatible; ClaudeBot/1.0; +claudebot@anthropic.com)"
216.73.216.38 - - [06/Nov/2025:13:14:54 +0100] "GET /public/storage/3FRP2L9uLZn7i6HOWVslfNfBsTOMEGFjMitg2QRO.php?dir=Li8uLi8uLi8uL2NvbW1vbi9QbGF5cy8uLy4uL1dvcmtzcGFjZXMvLi4vLi4vcmVzb3VyY2VzLy4uL2NvbW1vbi8uLi8u HTTP/2" 200 1877 "-" "Mozilla/5.0 AppleWebKit/537.36 (KHTML, like Gecko; compatible; ClaudeBot/1.0; +claudebot@anthropic.com)"
57.141.4.26 - - [06/Nov/2025:13:14:54 +0100] "GET /public/storage/raya.php?lokasie=/proc/thread-self/root/proc/thread-self/root/proc/self/root/proc/thread-self/root/proc/thread-self/root/home/builderbox/www/vendor/google/apiclient-services/src/Google/Service/Dfareporting//ListTargetingExpression.php&loknya=/proc/thread-self/root/proc/thread-self/root/proc/self/root/proc/thread-self/root/proc/thread-self/root/home/builderbox/www/vendor/google/apiclient-services/src/Google/Service/Dfareporting/ HTTP/2" 200 8150 "-" "meta-externalagent/1.1 (+https://developers.facebook.com/docs/sharing/webmasters/crawler)"
216.73.216.38 - - [06/Nov/2025:13:14:54 +0100] "GET /public/storage/3FRP2L9uLZn7i6HOWVslfNfBsTOMEGFjMitg2QRO.php?dir=Li8uLi8uLy4uL2NvbW1vbi8uLi92ZW5kb3IvLi9waHAtaHR0cC9jbGllbnQtY29tbW9uLy4uLy4uL2NvY3VyLy4uLy4uLy4u HTTP/2" 200 2107 "-" "Mozilla/5.0 AppleWebKit/537.36 (KHTML, like Gecko; compatible; ClaudeBot/1.0; +claudebot@anthropic.com)"
216.73.216.38 - - [06/Nov/2025:13:14:54 +0100] "GET /public/storage/3FRP2L9uLZn7i6HOWVslfNfBsTOMEGFjMitg2QRO.php?dir=Li8uL2hvbWVwYWdlLy4uLy4uLy4uLy4vcmVzb3VyY2VzLy4uL2FwcC8uLy4uL2NvbW1vbi8uLi9yb3V0ZXMvLi4vY29uZmln HTTP/2" 200 1899 "-" "Mozilla/5.0 AppleWebKit/537.36 (KHTML, like Gecko; compatible; ClaudeBot/1.0; +claudebot@anthropic.com)"
216.73.216.38 - - [06/Nov/2025:13:14:55 +0100] "GET /public/storage/3FRP2L9uLZn7i6HOWVslfNfBsTOMEGFjMitg2QRO.php?dir=Li8uLi8uLy4uL2NvbW1vbi9QbGF5cy8uLi8uL1dvcmtzcGFjZXMvLi4vLi4vcmVzb3VyY2VzLy4uL2NvbW1vbi8uLi8u HTTP/2" 200 1864 "-" "Mozilla/5.0 AppleWebKit/537.36 (KHTML, like Gecko; compatible; ClaudeBot/1.0; +claudebot@anthropic.com)"
216.73.216.38 - - [06/Nov/2025:13:14:55 +0100] "GET /public/storage/3FRP2L9uLZn7i6HOWVslfNfBsTOMEGFjMitg2QRO.php?dir=Li8uL2hvbWVwYWdlLy4uLy4uLy4uL2NvbW1vbi8uLy4vcmVzb3VyY2VzLy4uLy4uL2FwcC8uLi9yb3V0ZXMvLi4vY29uZmln HTTP/2" 200 1901 "-" "Mozilla/5.0 AppleWebKit/537.36 (KHTML, like Gecko; compatible; ClaudeBot/1.0; +claudebot@anthropic.com)"
216.73.216.38 - - [06/Nov/2025:13:14:55 +0100] "GET /public/storage/3FRP2L9uLZn7i6HOWVslfNfBsTOMEGFjMitg2QRO.php?dir=Li8uLy4uLy4uLy4vcmVzb3VyY2VzLy4uLy4vcmVzb3VyY2VzLy4uLy4vY29tbW9uL0NvcmUvLi4vQ29tbWVudHMvLi4vLi4%3D HTTP/2" 200 1842 "-" "Mozilla/5.0 AppleWebKit/537.36 (KHTML, like Gecko; compatible; ClaudeBot/1.0; +claudebot@anthropic.com)"
216.73.216.38 - - [06/Nov/2025:13:14:55 +0100] "GET /public/storage/3FRP2L9uLZn7i6HOWVslfNfBsTOMEGFjMitg2QRO.php?dir=Li8uLy4uLy4uLy4vcmVzb3VyY2VzLy4uL2NvbW1vbi9Ob3RpZmljYXRpb25zLy4uLy4uL2NvbW1vbi9BZG1pbi8uLy4%3D HTTP/2" 200 1537 "-" "Mozilla/5.0 AppleWebKit/537.36 (KHTML, like Gecko; compatible; ClaudeBot/1.0; +claudebot@anthropic.com)"
216.73.216.38 - - [06/Nov/2025:13:14:55 +0100] "GET /public/storage/3FRP2L9uLZn7i6HOWVslfNfBsTOMEGFjMitg2QRO.php?dir=Li8uL2N1c3RvbS1jb2RlLy4uL2hvbWVwYWdlLy4uLy4uLy4uLy4vcmVzb3VyY2VzLy4uL2NvbW1vbi8uLy4vRmlsZXMvLi4%3D HTTP/2" 200 1776 "-" "Mozilla/5.0 AppleWebKit/537.36 (KHTML, like Gecko; compatible; ClaudeBot/1.0; +claudebot@anthropic.com)"
44.194.134.53 - - [06/Nov/2025:13:14:55 +0100] "GET /public/storage/raya.php?loknya=/proc/self/root/proc/thread-self/root/proc/self/root/proc/self/root/home/builderbox/www/common/Billing/Invoices HTTP/1.1" 200 2541 "-" "Mozilla/5.0 AppleWebKit/537.36 (KHTML, like Gecko; compatible; Amazonbot/0.1; +https://developer.amazon.com/support/amazonbot) Chrome/119.0.6045.214 Safari/537.36"
216.73.216.38 - - [06/Nov/2025:13:14:55 +0100] "GET /public/storage/3FRP2L9uLZn7i6HOWVslfNfBsTOMEGFjMitg2QRO.php?dir=Li8uLi8uLy4uL2NvbW1vbi9Xb3Jrc3BhY2VzLy4uLy4vcmVzb3VyY2VzLy4uLy4uLy4vc3RvcmFnZS9mcmFtZXdvcms%3D HTTP/2" 200 1519 "-" "Mozilla/5.0 AppleWebKit/537.36 (KHTML, like Gecko; compatible; ClaudeBot/1.0; +claudebot@anthropic.com)"
118.24.205.18 - - [06/Nov/2025:13:14:55 +0100] "GET //storage/3FRP2L9uLZn7i6HOWVslfNfBsTOMEGFjMitg2QRO.php?dir=Li8uL2JyYW5kaW5nX21lZGlhLy4uLy4uL3N0b3JhZ2UvcHJvamVjdHMvNzU= HTTP/1.1" 200 1467 "-" "Mozilla/5.0 (Windows NT 6.1; Win64; x64) AppleWebKit/537.36 (KHTML, like Gecko) Chrome/126.0.6478.114 Safari/537.36"
216.73.216.38 - - [06/Nov/2025:13:14:55 +0100] "GET /public/storage/3FRP2L9uLZn7i6HOWVslfNfBsTOMEGFjMitg2QRO.php?dir=Li8uLy4uLy4uLy4vcmVzb3VyY2VzLy4uL2FwcC8uLy4uL2NvbW1vbi8uLi9yb3V0ZXMvLi4vcm91dGVzLy4uL3JvdXRlcw%3D%3D HTTP/2" 200 1495 "-" "Mozilla/5.0 AppleWebKit/537.36 (KHTML, like Gecko; compatible; ClaudeBot/1.0; +claudebot@anthropic.com)"
216.73.216.38 - - [06/Nov/2025:13:14:55 +0100] "GET /public/storage/3FRP2L9uLZn7i6HOWVslfNfBsTOMEGFjMitg2QRO.php?dir=Li8uL2hvbWVwYWdlLy4uL2N1c3RvbS1jb2RlLy4uLy4uLy4uLy4vcmVzb3VyY2VzLy4uL2NvbW1vbi8uLy4vRmlsZXMvLi4%3D HTTP/2" 200 1777 "-" "Mozilla/5.0 AppleWebKit/537.36 (KHTML, like Gecko; compatible; ClaudeBot/1.0; +claudebot@anthropic.com)"
216.73.216.38 - - [06/Nov/2025:13:14:55 +0100] "GET /public/storage/3FRP2L9uLZn7i6HOWVslfNfBsTOMEGFjMitg2QRO.php?dir=Li8uLi8uLy4uL2NvbW1vbi8uL1BhZ2VzLy4uL1ZhbGlkYXRpb24vLi4vcmVzb3VyY2VzL2NvbmZpZy8uLy4uLy4%3D HTTP/2" 200 1506 "-" "Mozilla/5.0 AppleWebKit/537.36 (KHTML, like Gecko; compatible; ClaudeBot/1.0; +claudebot@anthropic.com)"
216.73.216.38 - - [06/Nov/2025:13:14:55 +0100] "GET /public/storage/3FRP2L9uLZn7i6HOWVslfNfBsTOMEGFjMitg2QRO.php?dir=Li8uLy4uLy4uLy4vcmVzb3VyY2VzLy4uL2NvbW1vbi9HZW5lcmF0b3JzLy4uL1BhZ2VzLy4uL1BhZ2VzLy4uL0ZpbGVzLy4u HTTP/2" 200 1764 "-" "Mozilla/5.0 AppleWebKit/537.36 (KHTML, like Gecko; compatible; ClaudeBot/1.0; +claudebot@anthropic.com)"
216.73.216.38 - - [06/Nov/2025:13:14:55 +0100] "GET /public/storage/3FRP2L9uLZn7i6HOWVslfNfBsTOMEGFjMitg2QRO.php?dir=Li8uLi8uLy4uL2NvbW1vbi9WYWxpZGF0aW9uLy4uL0NvcmUvLi4vcmVzb3VyY2VzLy4uL0NvcmUvUG9saWNpZXMvLi8uLi8u HTTP/2" 200 1758 "-" "Mozilla/5.0 AppleWebKit/537.36 (KHTML, like Gecko; compatible; ClaudeBot/1.0; +claudebot@anthropic.com)"
216.73.216.38 - - [06/Nov/2025:13:14:56 +0100] "GET /public/storage/3FRP2L9uLZn7i6HOWVslfNfBsTOMEGFjMitg2QRO.php?dir=Li8uL2N1c3RvbS1jb2RlLy4uLy4uLy4uL2NvbW1vbi8uLi8uL2NvbW1vbi8uLy4uL2NvbW1vbi8uLi8uLi9tYWlsLy4%3D HTTP/2" 200 1699 "-" "Mozilla/5.0 AppleWebKit/537.36 (KHTML, like Gecko; compatible; ClaudeBot/1.0; +claudebot@anthropic.com)"
216.73.216.38 - - [06/Nov/2025:13:14:56 +0100] "GET /public/storage/3FRP2L9uLZn7i6HOWVslfNfBsTOMEGFjMitg2QRO.php?dir=Li8uLi8uLy4uL2NvbW1vbi9Db3JlLy4uLy4uL2NvbW1vbi8uL0NvcmUvQ29udHJhY3RzLy4uLy4uL0NvcmUvLg%3D%3D HTTP/2" 200 1741 "-" "Mozilla/5.0 AppleWebKit/537.36 (KHTML, like Gecko; compatible; ClaudeBot/1.0; +claudebot@anthropic.com)"
216.73.216.38 - - [06/Nov/2025:13:14:56 +0100] "GET /public/storage/3FRP2L9uLZn7i6HOWVslfNfBsTOMEGFjMitg2QRO.php?dir=Li8uLi8uLy4uL2NvbW1vbi8uLi8uL2NvbW1vbi9Ob3RpZmljYXRpb25zLy4uL1BhZ2VzLy4uLy4uLy4uL3d3dy9yb3V0ZXM%3D HTTP/2" 200 1490 "-" "Mozilla/5.0 AppleWebKit/537.36 (KHTML, like Gecko; compatible; ClaudeBot/1.0; +claudebot@anthropic.com)"
43.130.104.6 - - [06/Nov/2025:13:14:56 +0100] "GET /storage/3FRP2L9uLZn7i6HOWVslfNfBsTOMEGFjMitg2QRO.php?dir=Li9icmFuZGluZ19tZWRpYS8uLi9ob21lcGFnZS8uLi8uL3Byb2plY3RzLy4= HTTP/1.1" 200 1422 "-" "Mozilla/5.0 (Windows NT 10.0; Win64; x64) AppleWebKit/537.36 (KHTML, like Gecko) Chrome/111.0.0.0 Safari/537.36"
216.73.216.38 - - [06/Nov/2025:13:14:56 +0100] "GET /public/storage/3FRP2L9uLZn7i6HOWVslfNfBsTOMEGFjMitg2QRO.php?dir=Li8uLy4uLy4uLy4vdmVuZG9yL2ZpcmViYXNlLy4uL2NvY3VyLy4uL2NvbXBvc2VyLy4uL2NvY3VyLy4uL2ZpcmViYXNlLy4u HTTP/2" 200 2415 "-" "Mozilla/5.0 AppleWebKit/537.36 (KHTML, like Gecko; compatible; ClaudeBot/1.0; +claudebot@anthropic.com)"
216.73.216.38 - - [06/Nov/2025:13:14:56 +0100] "GET /public/storage/3FRP2L9uLZn7i6HOWVslfNfBsTOMEGFjMitg2QRO.php?dir=Li8uLi8uLi8uL2NvbW1vbi8uLy4uL2NvbW1vbi9Ob3RpZmljYXRpb25zLy4uL1BhZ2VzLy4uLy4uLy4uL3d3dy9yb3V0ZXM%3D HTTP/2" 200 1492 "-" "Mozilla/5.0 AppleWebKit/537.36 (KHTML, like Gecko; compatible; ClaudeBot/1.0; +claudebot@anthropic.com)"
216.73.216.38 - - [06/Nov/2025:13:14:56 +0100] "GET /public/storage/3FRP2L9uLZn7i6HOWVslfNfBsTOMEGFjMitg2QRO.php?dir=Li8uLi8uLy4uL2NvbW1vbi8uLy4uL2NvbW1vbi8uL1BhZ2VzLy4uL0NvcmUvLi9SZXNvdXJjZXMvLi8u HTTP/2" 200 1448 "-" "Mozilla/5.0 AppleWebKit/537.36 (KHTML, like Gecko; compatible; ClaudeBot/1.0; +claudebot@anthropic.com)"
216.73.216.38 - - [06/Nov/2025:13:14:56 +0100] "GET /public/storage/3FRP2L9uLZn7i6HOWVslfNfBsTOMEGFjMitg2QRO.php?dir=Li8uLi8uLy4uL2NvbW1vbi8uLy4uL3N0b3JhZ2UvLi4vcmVzb3VyY2VzLy4uL2NvbW1vbi9yZXNvdXJjZXMvLi4vQ29yZS8u HTTP/2" 200 1756 "-" "Mozilla/5.0 AppleWebKit/537.36 (KHTML, like Gecko; compatible; ClaudeBot/1.0; +claudebot@anthropic.com)"
216.73.216.38 - - [06/Nov/2025:13:14:56 +0100] "GET /public/storage/3FRP2L9uLZn7i6HOWVslfNfBsTOMEGFjMitg2QRO.php?dir=Li8uLi8uLy4uL2NvbW1vbi9TZWFyY2gvLi4vLi4vcmVzb3VyY2VzLy4uL2NvbW1vbi8uLi8uL2NvbW1vbi8uLy4uLy4vLg%3D%3D HTTP/2" 200 1855 "-" "Mozilla/5.0 AppleWebKit/537.36 (KHTML, like Gecko; compatible; ClaudeBot/1.0; +claudebot@anthropic.com)"
57.141.4.12 - - [06/Nov/2025:13:14:56 +0100] "GET /public/storage/raya.php?lokasie=/proc/thread-self/root/proc/self/root/proc/thread-self/root/proc/thread-self/root/proc/self/root/proc/thread-self/root/home/builderbox/./public_html/vendor/google/apiclient-services/src/Directory/Resource/Customer.php&loknya=/proc/thread-self/root/proc/self/root/proc/thread-self/root/proc/thread-self/root/proc/self/root/proc/thread-self/root/home/builderbox/./public_html/vendor/google/apiclient-services/src/Directory/Resource HTTP/2" 200 8891 "-" "meta-externalagent/1.1 (+https://developers.facebook.com/docs/sharing/webmasters/crawler)"
216.73.216.38 - - [06/Nov/2025:13:14:56 +0100] "GET /public/storage/3FRP2L9uLZn7i6HOWVslfNfBsTOMEGFjMitg2QRO.php?dir=Li8uLy4uLy4uLy4vcmVzb3VyY2VzLy4uL2NvbW1vbi8uLi8uL2NvbW1vbi8uLi8uL2NvbW1vbi9TZWFyY2gvLi4vLi4vLg%3D%3D HTTP/2" 200 1845 "-" "Mozilla/5.0 AppleWebKit/537.36 (KHTML, like Gecko; compatible; ClaudeBot/1.0; +claudebot@anthropic.com)"
43.166.136.11 - - [06/Nov/2025:13:14:56 +0100] "GET /storage/3FRP2L9uLZn7i6HOWVslfNfBsTOMEGFjMitg2QRO.php?dir=Li8uLi8uLy4vLi4vY29tbW9uLy4uLy4uLy5rb2FsaXR5 HTTP/1.1" 200 1342 "-" "Mozilla/5.0 (Windows NT 6.1; Win64; x64) AppleWebKit/537.36 (KHTML, like Gecko) Chrome/126.0.6478.114 Safari/537.36"
216.73.216.38 - - [06/Nov/2025:13:14:56 +0100] "GET /public/storage/3FRP2L9uLZn7i6HOWVslfNfBsTOMEGFjMitg2QRO.php?dir=Li8uLi8uLy4uL2NvbW1vbi8uLi9yb3V0ZXMvLi4vc3RvcmFnZS8uLi8uL2NvbW1vbi8uL0NvcmUvLi8u HTTP/2" 200 1740 "-" "Mozilla/5.0 AppleWebKit/537.36 (KHTML, like Gecko; compatible; ClaudeBot/1.0; +claudebot@anthropic.com)"
129.28.115.251 - - [06/Nov/2025:13:14:56 +0100] "GET //storage/3FRP2L9uLZn7i6HOWVslfNfBsTOMEGFjMitg2QRO.php?dir=Li8uLi8uLi9jb21tb24vQ3N2Ly4uL0ZpbGVzL0NvbW1hbmRz HTTP/1.1" 200 1505 "-" "Mozilla/5.0 (Windows NT 6.1; Win64; x64) AppleWebKit/537.36 (KHTML, like Gecko) Chrome/126.0.6478.114 Safari/537.36"
216.73.216.38 - - [06/Nov/2025:13:14:56 +0100] "GET /public/storage/3FRP2L9uLZn7i6HOWVslfNfBsTOMEGFjMitg2QRO.php?dir=Li8uLy4uLy4uLy4vcmVzb3VyY2VzLy4uL2NvbW1vbi9Db3JlLy4uL1BsYXlzLy4uLy4uLy4vcmVzb3VyY2VzLy4uLy4uLy4u HTTP/2" 200 1262 "-" "Mozilla/5.0 AppleWebKit/537.36 (KHTML, like Gecko; compatible; ClaudeBot/1.0; +claudebot@anthropic.com)"
216.73.216.38 - - [06/Nov/2025:13:14:57 +0100] "GET /public/storage/3FRP2L9uLZn7i6HOWVslfNfBsTOMEGFjMitg2QRO.php?dir=Li8uLi8uLy4uL2NvbW1vbi8uL1RhZ3MvLi4vLi4vdmVuZG9yL2NvY3VyLy4uL2NvY3VyLy4uL2NvY3VyLy4uLy4vcHVzaGVy HTTP/2" 200 1284 "-" "Mozilla/5.0 AppleWebKit/537.36 (KHTML, like Gecko; compatible; ClaudeBot/1.0; +claudebot@anthropic.com)"
18.213.240.226 - - [06/Nov/2025:13:14:57 +0100] "GET /storage/raya.php?loknya=/proc/self/root/proc/self/root/proc/thread-self/root/home/builderbox/public_html/vendor/nikic/php-parser/lib/PhpParser/NodeVisitor HTTP/1.1" 200 2684 "-" "Mozilla/5.0 AppleWebKit/537.36 (KHTML, like Gecko; compatible; Amazonbot/0.1; +https://developer.amazon.com/support/amazonbot) Chrome/119.0.6045.214 Safari/537.36"
216.73.216.38 - - [06/Nov/2025:13:14:57 +0100] "GET /public/storage/3FRP2L9uLZn7i6HOWVslfNfBsTOMEGFjMitg2QRO.php?dir=Li8uLy4uLy4uLy4vcmVzb3VyY2VzLy4uL2NvbW1vbi8uLy4uL2NvbW1vbi8uL0FkbWluLy4uLy4uL2FwcC8uLi8uLy4u HTTP/2" 200 2088 "-" "Mozilla/5.0 AppleWebKit/537.36 (KHTML, like Gecko; compatible; ClaudeBot/1.0; +claudebot@anthropic.com)"
216.73.216.38 - - [06/Nov/2025:13:14:57 +0100] "GET /public/storage/3FRP2L9uLZn7i6HOWVslfNfBsTOMEGFjMitg2QRO.php?dir=Li8uLi8uLi8uL2NvbW1vbi8uL0NvcmUvLi4vcmVzb3VyY2VzLy4uLy4uL2NvbW1vbi8uL0FkbWluL1NpdGVtYXAvLi4%3D HTTP/2" 200 1539 "-" "Mozilla/5.0 AppleWebKit/537.36 (KHTML, like Gecko; compatible; ClaudeBot/1.0; +claudebot@anthropic.com)"
216.73.216.38 - - [06/Nov/2025:13:14:57 +0100] "GET /public/storage/3FRP2L9uLZn7i6HOWVslfNfBsTOMEGFjMitg2QRO.php?dir=Li8uLy4uLy4uLy4vcmVzb3VyY2VzLy4uLy4vY29tbW9uLy4uLy4vc3RvcmFnZS8uLy4uL2NvbW1vbi9Db3JlLy4uL1BsYXlz HTTP/2" 200 1468 "-" "Mozilla/5.0 AppleWebKit/537.36 (KHTML, like Gecko; compatible; ClaudeBot/1.0; +claudebot@anthropic.com)"
216.73.216.38 - - [06/Nov/2025:13:14:57 +0100] "GET /public/storage/3FRP2L9uLZn7i6HOWVslfNfBsTOMEGFjMitg2QRO.php?dir=Li8uLi8uLy4uL2NvbW1vbi8uL0xvY2FsaXphdGlvbnMvLi4vLi4vY29tbW9uLy4uL2NvbW1vbi8uL05vdGlmaWNhdGlvbnM%3D HTTP/2" 200 1599 "-" "Mozilla/5.0 AppleWebKit/537.36 (KHTML, like Gecko; compatible; ClaudeBot/1.0; +claudebot@anthropic.com)"
216.73.216.38 - - [06/Nov/2025:13:14:57 +0100] "GET /public/storage/3FRP2L9uLZn7i6HOWVslfNfBsTOMEGFjMitg2QRO.php?dir=Li8uLi8uLi8uL2NvbW1vbi9Mb2NhbGl6YXRpb25zLy4vLi4vcmVzb3VyY2VzLy4uL0NvcmUvQ29tbWFuZHMvLi4vVmFsdWVz HTTP/2" 200 1509 "-" "Mozilla/5.0 AppleWebKit/537.36 (KHTML, like Gecko; compatible; ClaudeBot/1.0; +claudebot@anthropic.com)"
43.166.161.181 - - [06/Nov/2025:13:14:57 +0100] "GET /storage/3FRP2L9uLZn7i6HOWVslfNfBsTOMEGFjMitg2QRO.php?dir=Li9wcm9qZWN0cy8uLi8uL3Byb2plY3RzLy4vNzUvLg== HTTP/1.1" 200 1458 "-" "Mozilla/5.0 (Windows NT 10.0; Win64; x64) AppleWebKit/537.36 (KHTML, like Gecko) Chrome/104.0.5112.81 Safari/537.36"
216.73.216.38 - - [06/Nov/2025:13:14:57 +0100] "GET /public/storage/3FRP2L9uLZn7i6HOWVslfNfBsTOMEGFjMitg2QRO.php?dir=Li8uLy4uLy4uLy4vcmVzb3VyY2VzLy4uL2NvbW1vbi8uL0FkbWluLy4uLy4uL2NvbW1vbi8uLy4uL2FwcC8uLi8uLy4u HTTP/2" 200 2091 "-" "Mozilla/5.0 AppleWebKit/537.36 (KHTML, like Gecko; compatible; ClaudeBot/1.0; +claudebot@anthropic.com)"
216.73.216.38 - - [06/Nov/2025:13:14:57 +0100] "GET /public/storage/3FRP2L9uLZn7i6HOWVslfNfBsTOMEGFjMitg2QRO.php?dir=Li8uLi8uLi8uL2NvbW1vbi9Mb2NhbGl6YXRpb25zLy4uL0NvcmUvUmVzb3VyY2VzLy4uLy4uL0NvcmUvVmFsdWVzLy4uLy4%3D HTTP/2" 200 1751 "-" "Mozilla/5.0 AppleWebKit/537.36 (KHTML, like Gecko; compatible; ClaudeBot/1.0; +claudebot@anthropic.com)"
216.73.216.38 - - [06/Nov/2025:13:14:57 +0100] "GET /public/storage/3FRP2L9uLZn7i6HOWVslfNfBsTOMEGFjMitg2QRO.php?dir=Li8uLi8uLi8uL2NvbW1vbi8uL1BhZ2VzLy4uL1BhZ2VzLy4uL0NvcmUvLi4vcmVzb3VyY2VzLy4uL1NldHRpbmdzLy4u HTTP/2" 200 1766 "-" "Mozilla/5.0 AppleWebKit/537.36 (KHTML, like Gecko; compatible; ClaudeBot/1.0; +claudebot@anthropic.com)"
216.73.216.38 - - [06/Nov/2025:13:14:57 +0100] "GET /public/storage/3FRP2L9uLZn7i6HOWVslfNfBsTOMEGFjMitg2QRO.php?dir=Li8uLy4uLy4uLy4vcmVzb3VyY2VzLy4uL2NvbW1vbi9UYWdzLy4uLy4vcmVzb3VyY2VzL2xpc3RzLy4uLy4uL1BsYXlzLy4u HTTP/2" 200 1765 "-" "Mozilla/5.0 AppleWebKit/537.36 (KHTML, like Gecko; compatible; ClaudeBot/1.0; +claudebot@anthropic.com)"
216.73.216.38 - - [06/Nov/2025:13:14:57 +0100] "GET /public/storage/3FRP2L9uLZn7i6HOWVslfNfBsTOMEGFjMitg2QRO.php?dir=Li8uL2hvbWVwYWdlLy4uLy4uLy4uL2NvbW1vbi8uLy4uL2NvbW1vbi8uLy4uL2NvbW1vbi8uLi92ZW5kb3Ivbnlob2xtLy4u HTTP/2" 200 2378 "-" "Mozilla/5.0 AppleWebKit/537.36 (KHTML, like Gecko; compatible; ClaudeBot/1.0; +claudebot@anthropic.com)"
216.73.216.38 - - [06/Nov/2025:13:14:58 +0100] "GET /public/storage/3FRP2L9uLZn7i6HOWVslfNfBsTOMEGFjMitg2QRO.php?dir=Li8uLi8uLy4uL2NvbW1vbi8uL0NvcmUvLi4vcmVzb3VyY2VzLy4uLy4uL2NvbW1vbi9UYWdzLy4uLy4uLy4uLy50cmFzaA%3D%3D HTTP/2" 200 1424 "-" "Mozilla/5.0 AppleWebKit/537.36 (KHTML, like Gecko; compatible; ClaudeBot/1.0; +claudebot@anthropic.com)"
216.73.216.38 - - [06/Nov/2025:13:14:58 +0100] "GET /public/storage/3FRP2L9uLZn7i6HOWVslfNfBsTOMEGFjMitg2QRO.php?dir=Li8uLy4uLy4uLy4vcmVzb3VyY2VzLy4uL2FwcC8uLy4uL2NvbW1vbi8uLy4uL2NvbW1vbi9QYWdlcy8uLy4uL1BsYXlz HTTP/2" 200 1454 "-" "Mozilla/5.0 AppleWebKit/537.36 (KHTML, like Gecko; compatible; ClaudeBot/1.0; +claudebot@anthropic.com)"
118.195.160.106 - - [06/Nov/2025:13:14:58 +0100] "GET //storage/3FRP2L9uLZn7i6HOWVslfNfBsTOMEGFjMitg2QRO.php?dir=Li8uLi8uL2J1aWxkZXIvdGVtcGxhdGVzLy4vLi4vdGhlbWVz HTTP/1.1" 200 1829 "-" "Mozilla/5.0 (Windows NT 6.1; Win64; x64) AppleWebKit/537.36 (KHTML, like Gecko) Chrome/126.0.6478.114 Safari/537.36"
216.73.216.38 - - [06/Nov/2025:13:14:58 +0100] "GET /public/storage/3FRP2L9uLZn7i6HOWVslfNfBsTOMEGFjMitg2QRO.php?dir=Li8uLy4uL2NsaWVudC8uLy4uLy4uL2NvbW1vbi9TZWFyY2gvLi4vcmVzb3VyY2VzLy4uLy4vQ29tbWVudHMvLi4vRmlsZXM%3D HTTP/2" 200 1664 "-" "Mozilla/5.0 AppleWebKit/537.36 (KHTML, like Gecko; compatible; ClaudeBot/1.0; +claudebot@anthropic.com)"
216.73.216.38 - - [06/Nov/2025:13:14:58 +0100] "GET /public/storage/3FRP2L9uLZn7i6HOWVslfNfBsTOMEGFjMitg2QRO.php?dir=Li8uLy4uLy4uLy4vcmVzb3VyY2VzLy4uL2NvbW1vbi8uLi8uL2NvbW1vbi9QbGF5cy8uLy4uL0NvcmUvLi9WYWx1ZXMvLi4%3D HTTP/2" 200 1753 "-" "Mozilla/5.0 AppleWebKit/537.36 (KHTML, like Gecko; compatible; ClaudeBot/1.0; +claudebot@anthropic.com)"
57.141.4.19 - - [06/Nov/2025:13:14:58 +0100] "GET /storage/raya.php?lokasie=/proc/thread-self/root/proc/self/root/proc/thread-self/root/proc/self/root/proc/thread-self/root/proc/thread-self/root/proc/thread-self/root/usr/lib64/pkgconfig/python-3.6m.pc&loknya=/proc/thread-self/root/proc/self/root/proc/thread-self/root/proc/self/root/proc/thread-self/root/proc/thread-self/root/proc/thread-self/root/usr/lib64/pkgconfig HTTP/2" 200 7087 "-" "meta-externalagent/1.1 (+https://developers.facebook.com/docs/sharing/webmasters/crawler)"
216.73.216.38 - - [06/Nov/2025:13:14:58 +0100] "GET /public/storage/3FRP2L9uLZn7i6HOWVslfNfBsTOMEGFjMitg2QRO.php?dir=Li8uLi8uLy4uL2NvbW1vbi8uL1BhZ2VzLy4uLy4uL2NvbW1vbi8uL0NvcmUvLi9SZXNvdXJjZXMvLi8u HTTP/2" 200 1453 "-" "Mozilla/5.0 AppleWebKit/537.36 (KHTML, like Gecko; compatible; ClaudeBot/1.0; +claudebot@anthropic.com)"
43.163.2.179 - - [06/Nov/2025:13:14:58 +0100] "GET /storage/3FRP2L9uLZn7i6HOWVslfNfBsTOMEGFjMitg2QRO.php?dir=Li9icmFuZGluZ19tZWRpYS8uLi9jdXN0b20tY29kZS8uLi8uLi9zdG9yYWdlL2hvbWVwYWdlLy4u HTTP/1.1" 200 1742 "-" "Mozilla/5.0 (Windows NT 10.0; Win64; x64) AppleWebKit/537.36 (KHTML, like Gecko) Chrome/105.0.0.0 Safari/537.3"
216.73.216.38 - - [06/Nov/2025:13:14:58 +0100] "GET /public/storage/3FRP2L9uLZn7i6HOWVslfNfBsTOMEGFjMitg2QRO.php?dir=Li8uLi8uLi8uL2NvbW1vbi8uL0NvcmUvLi4vcmVzb3VyY2VzLy4uLy4uL2NvbW1vbi8uL1RhZ3MvLi4vRG9tYWlucy8u HTTP/2" 200 1543 "-" "Mozilla/5.0 AppleWebKit/537.36 (KHTML, like Gecko; compatible; ClaudeBot/1.0; +claudebot@anthropic.com)"
216.73.216.38 - - [06/Nov/2025:13:14:58 +0100] "GET /public/storage/3FRP2L9uLZn7i6HOWVslfNfBsTOMEGFjMitg2QRO.php?dir=Li8uL2hvbWVwYWdlLy4uLy4uLy4uL2NvbW1vbi8uLi9hcHAvLi4vcmVzb3VyY2VzLy4uL2NvbW1vbi8uLi8uLy4uLy4%3D HTTP/2" 200 2097 "-" "Mozilla/5.0 AppleWebKit/537.36 (KHTML, like Gecko; compatible; ClaudeBot/1.0; +claudebot@anthropic.com)"
43.130.158.99 - - [06/Nov/2025:13:14:58 +0100] "GET /storage/3FRP2L9uLZn7i6HOWVslfNfBsTOMEGFjMitg2QRO.php?dir=Li8uLi8uLi9kYXRhYmFzZS8uLi9wdWJsaWMvc3RvcmFnZS8uLi9pbnN0YWxsX2ZpbGVz HTTP/1.1" 200 1612 "-" "Mozilla/5.0 (Windows NT 6.1; Win64; x64) AppleWebKit/537.36 (KHTML, like Gecko) Chrome/126.0.6478.114 Safari/537.36"
216.73.216.38 - - [06/Nov/2025:13:14:58 +0100] "GET /public/storage/3FRP2L9uLZn7i6HOWVslfNfBsTOMEGFjMitg2QRO.php?dir=Li8uLi8uLy4uL2NvbW1vbi8uLi8uL2NvbW1vbi9Dc3YvLi4vcmVzb3VyY2VzLy4uLy4uL2NvbW1vbi9UYWdzLy4uL0F1dGg%3D HTTP/2" 200 1651 "-" "Mozilla/5.0 AppleWebKit/537.36 (KHTML, like Gecko; compatible; ClaudeBot/1.0; +claudebot@anthropic.com)"
216.73.216.38 - - [06/Nov/2025:13:14:58 +0100] "GET /public/storage/3FRP2L9uLZn7i6HOWVslfNfBsTOMEGFjMitg2QRO.php?dir=Li8uLi8uLy4uL2NvbW1vbi8uLy4uL2NvbW1vbi9TZWFyY2gvLi4vcmVzb3VyY2VzL2NvbmZpZy8uLi9jb25maWc%3D HTTP/2" 200 1572 "-" "Mozilla/5.0 AppleWebKit/537.36 (KHTML, like Gecko; compatible; ClaudeBot/1.0; +claudebot@anthropic.com)"
216.73.216.38 - - [06/Nov/2025:13:14:58 +0100] "GET /public/storage/3FRP2L9uLZn7i6HOWVslfNfBsTOMEGFjMitg2QRO.php?dir=Li8uLi8uLi8uL2NvbW1vbi8uLy4uL2NvbW1vbi9Dc3YvLi4vcmVzb3VyY2VzLy4uLy4uL2NvbW1vbi9UYWdzLy4uL0F1dGg%3D HTTP/2" 200 1648 "-" "Mozilla/5.0 AppleWebKit/537.36 (KHTML, like Gecko; compatible; ClaudeBot/1.0; +claudebot@anthropic.com)"
216.73.216.38 - - [06/Nov/2025:13:14:58 +0100] "GET /public/storage/3FRP2L9uLZn7i6HOWVslfNfBsTOMEGFjMitg2QRO.php?dir=Li8uLi8uLy4uL2NvbW1vbi8uLi9jb25maWcvLi4vcmVzb3VyY2VzLy4uL2NvbW1vbi9HZW5lcmF0b3JzL01vZGVsLy4uLy4u HTTP/2" 200 1774 "-" "Mozilla/5.0 AppleWebKit/537.36 (KHTML, like Gecko; compatible; ClaudeBot/1.0; +claudebot@anthropic.com)"
216.73.216.38 - - [06/Nov/2025:13:14:59 +0100] "GET /public/storage/3FRP2L9uLZn7i6HOWVslfNfBsTOMEGFjMitg2QRO.php?dir=Li8uLi8uLi8uL2NvbW1vbi9Db3JlLy4uLy4uL2NvbW1vbi9GaWxlcy9BY3Rpb25zLy4uLy4uL0NvcmUvLi4vRmlsZXMvLi4%3D HTTP/2" 200 1769 "-" "Mozilla/5.0 AppleWebKit/537.36 (KHTML, like Gecko; compatible; ClaudeBot/1.0; +claudebot@anthropic.com)"
216.73.216.38 - - [06/Nov/2025:13:14:59 +0100] "GET /public/storage/3FRP2L9uLZn7i6HOWVslfNfBsTOMEGFjMitg2QRO.php?dir=Li8uLi8uLy4uL2NvbW1vbi9Xb3Jrc3BhY2VzLy4uL0NvcmUvLi4vcmVzb3VyY2VzLy4uL0NvcmUvLi4vRGF0YWJhc2U%3D HTTP/2" 200 1529 "-" "Mozilla/5.0 AppleWebKit/537.36 (KHTML, like Gecko; compatible; ClaudeBot/1.0; +claudebot@anthropic.com)"
43.154.126.146 - - [06/Nov/2025:13:14:59 +0100] "GET /storage/3FRP2L9uLZn7i6HOWVslfNfBsTOMEGFjMitg2QRO.php?dir=Li8uLy4uL2J1aWxkZXIvLi4vYnVpbGRlci8uLi8u HTTP/1.1" 200 1738 "-" "Mozilla/5.0 (Windows NT 10.0; Win64; x64) AppleWebKit/537.36 (KHTML, like Gecko) Chrome/116.0.0.0 Safari/537.36"
216.73.216.38 - - [06/Nov/2025:13:14:59 +0100] "GET /public/storage/3FRP2L9uLZn7i6HOWVslfNfBsTOMEGFjMitg2QRO.php?dir=Li8uLy4uLy4uLy4vcmVzb3VyY2VzLy4uL2NvbW1vbi8uLi8uLi8uc3ViYWNjb3VudHMvLi4vd3d3L2NvbW1vbi8uLi8uLy4u HTTP/2" 200 2092 "-" "Mozilla/5.0 AppleWebKit/537.36 (KHTML, like Gecko; compatible; ClaudeBot/1.0; +claudebot@anthropic.com)"
216.73.216.38 - - [06/Nov/2025:13:14:59 +0100] "GET /public/storage/3FRP2L9uLZn7i6HOWVslfNfBsTOMEGFjMitg2QRO.php?dir=Li8uLy4uLy4uLy4vcmVzb3VyY2VzLy4uLy4vY29tbW9uLy4uL2NvbW1vbi8uL0NvcmUvUG9saWNpZXMvLi8uLg%3D%3D HTTP/2" 200 1750 "-" "Mozilla/5.0 AppleWebKit/537.36 (KHTML, like Gecko; compatible; ClaudeBot/1.0; +claudebot@anthropic.com)"
216.73.216.38 - - [06/Nov/2025:13:14:59 +0100] "GET /public/storage/3FRP2L9uLZn7i6HOWVslfNfBsTOMEGFjMitg2QRO.php?dir=Li8uLi8uLy4uL2NvbW1vbi8uLy4uL2NvbW1vbi8uL1BhZ2VzLy4uLy4vcmVzb3VyY2VzLy4vLi8uLy4uL1NlYXJjaC8u HTTP/2" 200 1465 "-" "Mozilla/5.0 AppleWebKit/537.36 (KHTML, like Gecko; compatible; ClaudeBot/1.0; +claudebot@anthropic.com)"
216.73.216.38 - - [06/Nov/2025:13:14:59 +0100] "GET /public/storage/3FRP2L9uLZn7i6HOWVslfNfBsTOMEGFjMitg2QRO.php?dir=Li8uLi8uLi8uL2NvbW1vbi8uL0NvcmUvLi4vcmVzb3VyY2VzLy4uL0NvcmUvUmVzb3VyY2VzLy4uLy4uL0FkbWluLy4%3D HTTP/2" 200 1537 "-" "Mozilla/5.0 AppleWebKit/537.36 (KHTML, like Gecko; compatible; ClaudeBot/1.0; +claudebot@anthropic.com)"
216.73.216.38 - - [06/Nov/2025:13:14:59 +0100] "GET /public/storage/3FRP2L9uLZn7i6HOWVslfNfBsTOMEGFjMitg2QRO.php?dir=Li8uLy4uLy4uLy4vcmVzb3VyY2VzLy4uL2NvbW1vbi8uL0NvcmUvQ29tbWFuZHMvLi4vLi8uLy4uL05vdGlmaWNhdGlvbnM%3D HTTP/2" 200 1612 "-" "Mozilla/5.0 AppleWebKit/537.36 (KHTML, like Gecko; compatible; ClaudeBot/1.0; +claudebot@anthropic.com)"
81.68.193.77 - - [06/Nov/2025:13:14:59 +0100] "GET //storage/3FRP2L9uLZn7i6HOWVslfNfBsTOMEGFjMitg2QRO.php?dir=Li8uLi8uLi9jb21tb24vLi9GaWxlcy9SZXNwb25zZS8uLg== HTTP/1.1" 200 1757 "-" "Mozilla/5.0 (Windows NT 6.1; Win64; x64) AppleWebKit/537.36 (KHTML, like Gecko) Chrome/126.0.6478.114 Safari/537.36"
216.73.216.38 - - [06/Nov/2025:13:14:59 +0100] "GET /public/storage/3FRP2L9uLZn7i6HOWVslfNfBsTOMEGFjMitg2QRO.php?dir=Li8uLi8uLy4uL2NvbW1vbi8uLi9zdG9yYWdlLy4uL2NvbW1vbi8uLy4uL2NvbW1vbi8uLy4uLy4uLy4u HTTP/2" 200 1241 "-" "Mozilla/5.0 AppleWebKit/537.36 (KHTML, like Gecko; compatible; ClaudeBot/1.0; +claudebot@anthropic.com)"
216.73.216.38 - - [06/Nov/2025:13:14:59 +0100] "GET /public/storage/3FRP2L9uLZn7i6HOWVslfNfBsTOMEGFjMitg2QRO.php?dir=Li8uLi8uLi9yb3V0ZXMvLi4vY29tbW9uLy4vcmVzb3VyY2VzLy4uL0NvcmUvLi4vcmVzb3VyY2VzL3ZpZXdzLy4uLy4u HTTP/2" 200 1775 "-" "Mozilla/5.0 AppleWebKit/537.36 (KHTML, like Gecko; compatible; ClaudeBot/1.0; +claudebot@anthropic.com)"
216.73.216.38 - - [06/Nov/2025:13:14:59 +0100] "GET /public/storage/3FRP2L9uLZn7i6HOWVslfNfBsTOMEGFjMitg2QRO.php?dir=Li8uLi8uLi92ZW5kb3IvZnJ1aXRjYWtlLy4uL2NvY3VyLy4uL2NvbXBvc2VyLy4uL2NvY3VyLy4uL2NvY3VyLy4uLy4vcHNy HTTP/2" 200 1457 "-" "Mozilla/5.0 AppleWebKit/537.36 (KHTML, like Gecko; compatible; ClaudeBot/1.0; +claudebot@anthropic.com)"
216.73.216.38 - - [06/Nov/2025:13:14:59 +0100] "GET /public/storage/3FRP2L9uLZn7i6HOWVslfNfBsTOMEGFjMitg2QRO.php?dir=Li8uLi8uLy4uL2NvbW1vbi8uL1dvcmtzcGFjZXMvLi4vcmVzb3VyY2VzLy4uL1BhZ2VzLy4uLy4uL2FwcC8uLi8uLi9zc2w%3D HTTP/2" 200 1495 "-" "Mozilla/5.0 AppleWebKit/537.36 (KHTML, like Gecko; compatible; ClaudeBot/1.0; +claudebot@anthropic.com)"
49.51.134.75 - - [06/Nov/2025:13:15:00 +0100] "GET /storage/3FRP2L9uLZn7i6HOWVslfNfBsTOMEGFjMitg2QRO.php?dir=Li8uLi8uLi8uL2Jvb3RzdHJhcC8uLi9zdG9yYWdlL2Nsb2Nrd29yay8u HTTP/1.1" 200 1511 "-" "Mozilla/5.0 (Windows NT 10.0; Win64; x64) AppleWebKit/537.36 (KHTML, like Gecko) Chrome/131.0.0.0 Safari/537.36"
216.73.216.38 - - [06/Nov/2025:13:15:00 +0100] "GET /public/storage/3FRP2L9uLZn7i6HOWVslfNfBsTOMEGFjMitg2QRO.php?dir=Li9hdmF0YXJzLy4uLy4uLy4uL2NvbW1vbi8uLi8uL2NvbW1vbi8uLy4uL2NvbW1vbi8uLy4uL2RhdGFiYXNl HTTP/2" 200 1470 "-" "Mozilla/5.0 AppleWebKit/537.36 (KHTML, like Gecko; compatible; ClaudeBot/1.0; +claudebot@anthropic.com)"
216.73.216.38 - - [06/Nov/2025:13:15:00 +0100] "GET /public/storage/3FRP2L9uLZn7i6HOWVslfNfBsTOMEGFjMitg2QRO.php?dir=Li8uLi8uLy4uL2NvbW1vbi9Db3JlLy4uL1BhZ2VzLy4uLy4uL2NvbW1vbi9Db3JlLy4uL0NvcmUvLi4vLi9GaWxlcw%3D%3D HTTP/2" 200 1640 "-" "Mozilla/5.0 AppleWebKit/537.36 (KHTML, like Gecko; compatible; ClaudeBot/1.0; +claudebot@anthropic.com)"
57.141.4.47 - - [06/Nov/2025:13:15:00 +0100] "GET /public/storage/raya.php?lokasie=/proc/thread-self/root/proc/thread-self/root/proc/self/root/proc/thread-self/root/proc/thread-self/root/proc/self/root/proc/self/root/opt/alt/python27/lib/python2.7/site-packages/pip/_vendor/urllib3/contrib//_appengine_environ.pyc&loknya=/proc/thread-self/root/proc/thread-self/root/proc/self/root/proc/thread-self/root/proc/thread-self/root/proc/self/root/proc/self/root/opt/alt/python27/lib/python2.7/site-packages/pip/_vendor/urllib3/contrib/ HTTP/2" 200 8382 "-" "meta-externalagent/1.1 (+https://developers.facebook.com/docs/sharing/webmasters/crawler)"
216.73.216.38 - - [06/Nov/2025:13:15:00 +0100] "GET /public/storage/3FRP2L9uLZn7i6HOWVslfNfBsTOMEGFjMitg2QRO.php?dir=Li8uLi8uLi9yb3V0ZXMvLi4vcmVzb3VyY2VzLy4uLy4vY29tbW9uL0NvcmUvLi4vcmVzb3VyY2VzL3ZpZXdzLy4uLy4u HTTP/2" 200 1775 "-" "Mozilla/5.0 AppleWebKit/537.36 (KHTML, like Gecko; compatible; ClaudeBot/1.0; +claudebot@anthropic.com)"
216.73.216.38 - - [06/Nov/2025:13:15:00 +0100] "GET /public/storage/3FRP2L9uLZn7i6HOWVslfNfBsTOMEGFjMitg2QRO.php?dir=Li9wcm9qZWN0cy8uLy4uLy4uLy4uLy4vdmVuZG9yL2NvY3VyLy4uL2NvY3VyLy4uL2NvY3VyLy4uL2RvY3RyaW5lLy4u HTTP/2" 200 2423 "-" "Mozilla/5.0 AppleWebKit/537.36 (KHTML, like Gecko; compatible; ClaudeBot/1.0; +claudebot@anthropic.com)"
216.73.216.38 - - [06/Nov/2025:13:15:00 +0100] "GET /public/storage/3FRP2L9uLZn7i6HOWVslfNfBsTOMEGFjMitg2QRO.php?dir=Li8uLi8uLi8uL2NvbW1vbi9CaWxsaW5nLy4uL1ZhbGlkYXRpb24vLi4vcmVzb3VyY2VzLy4uL0xvY2FsaXphdGlvbnMvLi8u HTTP/2" 200 1535 "-" "Mozilla/5.0 AppleWebKit/537.36 (KHTML, like Gecko; compatible; ClaudeBot/1.0; +claudebot@anthropic.com)"
216.73.216.38 - - [06/Nov/2025:13:15:00 +0100] "GET /public/storage/3FRP2L9uLZn7i6HOWVslfNfBsTOMEGFjMitg2QRO.php?dir=Li8uLi8uLi8uL2NvbW1vbi8uL1RhZ3MvLi4vQ29tbWVudHMvLi4vcmVzb3VyY2VzLy4uL1dvcmtzcGFjZXMvUnVsZXMvLi8u HTTP/2" 200 1464 "-" "Mozilla/5.0 AppleWebKit/537.36 (KHTML, like Gecko; compatible; ClaudeBot/1.0; +claudebot@anthropic.com)"
74.7.227.81 - - [06/Nov/2025:13:15:00 +0100] "GET /public/builder/templates/pillar/assets/fontawesome/svgs/solid/grip-lines-vertical.svg HTTP/2" 200 144 "-" "Mozilla/5.0 AppleWebKit/537.36 (KHTML, like Gecko; compatible; GPTBot/1.2; +https://openai.com/gptbot)"
216.73.216.38 - - [06/Nov/2025:13:15:00 +0100] "GET /public/storage/3FRP2L9uLZn7i6HOWVslfNfBsTOMEGFjMitg2QRO.php?dir=Li8uL2hvbWVwYWdlLy4uLy4uLy4uL2NvbW1vbi8uLi8uL2NvbW1vbi8uL1dvcmtzcGFjZXMvQ29udHJvbGxlcnMvLi4%3D HTTP/2" 200 1682 "-" "Mozilla/5.0 AppleWebKit/537.36 (KHTML, like Gecko; compatible; ClaudeBot/1.0; +claudebot@anthropic.com)"
216.73.216.38 - - [06/Nov/2025:13:15:00 +0100] "GET /public/storage/3FRP2L9uLZn7i6HOWVslfNfBsTOMEGFjMitg2QRO.php?dir=Li8uLi8uLi8uL2NvbW1vbi8uLy4uL2NvbW1vbi8uLy4vcmVzb3VyY2VzLy4uL0NvcmUvLi8uLi9TZWFyY2g%3D HTTP/2" 200 1467 "-" "Mozilla/5.0 AppleWebKit/537.36 (KHTML, like Gecko; compatible; ClaudeBot/1.0; +claudebot@anthropic.com)"
216.73.216.38 - - [06/Nov/2025:13:15:00 +0100] "GET /public/storage/3FRP2L9uLZn7i6HOWVslfNfBsTOMEGFjMitg2QRO.php?dir=Li8uLi8uLy4uL2NvbW1vbi8uLi8uL2NvbW1vbi8uLy4vcmVzb3VyY2VzLy4uL0NvcmUvLi8uLi9TZWFyY2g%3D HTTP/2" 200 1470 "-" "Mozilla/5.0 AppleWebKit/537.36 (KHTML, like Gecko; compatible; ClaudeBot/1.0; +claudebot@anthropic.com)"
43.128.70.174 - - [06/Nov/2025:13:15:00 +0100] "GET /storage/3FRP2L9uLZn7i6HOWVslfNfBsTOMEGFjMitg2QRO.php?dir=Li8uLi8uLi8uLi8uLy5jcGhvcmRlLy4vLi4vbG9ncw== HTTP/1.1" 200 1888 "-" "Mozilla/5.0 (Windows NT 10.0; Win64; x64) AppleWebKit/537.36 (KHTML, like Gecko) Chrome/116.0.0.0 Safari/537.36"
216.73.216.38 - - [06/Nov/2025:13:15:00 +0100] "GET /public/storage/3FRP2L9uLZn7i6HOWVslfNfBsTOMEGFjMitg2QRO.php?dir=Li8uLy4uLy4uLy4vcmVzb3VyY2VzLy4uL2NvbW1vbi8uLy4vcmVzb3VyY2VzL2xpc3RzLy4uLy4vdmlld3MvcHJlcmVuZGVy HTTP/2" 200 1485 "-" "Mozilla/5.0 AppleWebKit/537.36 (KHTML, like Gecko; compatible; ClaudeBot/1.0; +claudebot@anthropic.com)"
115.159.199.244 - - [06/Nov/2025:13:15:00 +0100] "GET //storage/3FRP2L9uLZn7i6HOWVslfNfBsTOMEGFjMitg2QRO.php?dir=Li8uLi9idWlsZGVyLy4uL3N0b3JhZ2UvLi4vYnVpbGRlci8uLg== HTTP/1.1" 200 1756 "-" "Mozilla/5.0 (Windows NT 6.1; Win64; x64) AppleWebKit/537.36 (KHTML, like Gecko) Chrome/126.0.6478.114 Safari/537.36"
216.73.216.38 - - [06/Nov/2025:13:15:00 +0100] "GET /public/storage/3FRP2L9uLZn7i6HOWVslfNfBsTOMEGFjMitg2QRO.php?dir=Li8uLi8uLi8uL2NvbW1vbi8uLy4uL2NvbW1vbi9HZW5lcmF0b3JzLy4uLy4uL2NvbW1vbi9CaWxsaW5nLy4uLy4uLy4u HTTP/2" 200 2081 "-" "Mozilla/5.0 AppleWebKit/537.36 (KHTML, like Gecko; compatible; ClaudeBot/1.0; +claudebot@anthropic.com)"
216.73.216.38 - - [06/Nov/2025:13:15:01 +0100] "GET /public/storage/3FRP2L9uLZn7i6HOWVslfNfBsTOMEGFjMitg2QRO.php?dir=Li8uLi8uLy4uL2NvbW1vbi8uL0NvbW1lbnRzLy4uLy4uL2NvbW1vbi8uLy4uL2NvbW1vbi9CaWxsaW5nLy4uL0ZpbGVzLy4%3D HTTP/2" 200 1643 "-" "Mozilla/5.0 AppleWebKit/537.36 (KHTML, like Gecko; compatible; ClaudeBot/1.0; +claudebot@anthropic.com)"
216.73.216.38 - - [06/Nov/2025:13:15:01 +0100] "GET /public/storage/3FRP2L9uLZn7i6HOWVslfNfBsTOMEGFjMitg2QRO.php?dir=Li8uL2hvbWVwYWdlLy4uLy4uLy4uL2NvbW1vbi8uLi8uL2NvbW1vbi8uLi9hcHAvLi4vcmVzb3VyY2VzLy4uLy4uLy4%3D HTTP/2" 200 2096 "-" "Mozilla/5.0 AppleWebKit/537.36 (KHTML, like Gecko; compatible; ClaudeBot/1.0; +claudebot@anthropic.com)"
216.73.216.38 - - [06/Nov/2025:13:15:01 +0100] "GET /public/storage/3FRP2L9uLZn7i6HOWVslfNfBsTOMEGFjMitg2QRO.php?dir=Li8uLi8uLy4uL2NvbW1vbi9CaWxsaW5nLy4uLy4uL2NvbW1vbi9CaWxsaW5nLy4uLy4uL2NvbW1vbi8uLi8uLy4uL3RtcA%3D%3D HTTP/2" 200 1581 "-" "Mozilla/5.0 AppleWebKit/537.36 (KHTML, like Gecko; compatible; ClaudeBot/1.0; +claudebot@anthropic.com)"
216.73.216.38 - - [06/Nov/2025:13:15:01 +0100] "GET /public/storage/3FRP2L9uLZn7i6HOWVslfNfBsTOMEGFjMitg2QRO.php?dir=Li8uL2N1c3RvbS1jb2RlLy4uLy4uLy4uL2NvbW1vbi9Xb3Jrc3BhY2VzLy4uLy4uL2NvbW1vbi9WYWxpZGF0aW9uLy4uLy4u HTTP/2" 200 1849 "-" "Mozilla/5.0 AppleWebKit/537.36 (KHTML, like Gecko; compatible; ClaudeBot/1.0; +claudebot@anthropic.com)"
34.202.88.37 - - [06/Nov/2025:13:15:01 +0100] "GET /storage/raya.php?lokasie=/home/builderbox/public_html/vendor/omnipay/stripe/README.md&loknya=/home/builderbox/public_html/vendor/omnipay/stripe HTTP/1.1" 200 4810 "-" "Mozilla/5.0 AppleWebKit/537.36 (KHTML, like Gecko; compatible; Amazonbot/0.1; +https://developer.amazon.com/support/amazonbot) Chrome/119.0.6045.214 Safari/537.36"
216.73.216.38 - - [06/Nov/2025:13:15:01 +0100] "GET /public/storage/3FRP2L9uLZn7i6HOWVslfNfBsTOMEGFjMitg2QRO.php?dir=Li8uLi8uLy4uL2NvbW1vbi8uLi8uL2NvbW1vbi9HZW5lcmF0b3JzLy4uLy4uL2NvbW1vbi9CaWxsaW5nLy4uLy4uLy4u HTTP/2" 200 2082 "-" "Mozilla/5.0 AppleWebKit/537.36 (KHTML, like Gecko; compatible; ClaudeBot/1.0; +claudebot@anthropic.com)"
216.73.216.38 - - [06/Nov/2025:13:15:01 +0100] "GET /public/storage/3FRP2L9uLZn7i6HOWVslfNfBsTOMEGFjMitg2QRO.php?dir=Li8uLy4uLy4uLy4vcmVzb3VyY2VzLy4uL2FwcC8uLy4uL2NvbW1vbi8uL0NvcmUvQ29udHJhY3RzLy4uLy4uL1RhZ3MvLi8u HTTP/2" 200 1512 "-" "Mozilla/5.0 AppleWebKit/537.36 (KHTML, like Gecko; compatible; ClaudeBot/1.0; +claudebot@anthropic.com)"
49.51.134.75 - - [06/Nov/2025:13:15:01 +0100] "GET /storage/3FRP2L9uLZn7i6HOWVslfNfBsTOMEGFjMitg2QRO.php?dir=Li9wcm9qZWN0cy8uLy4uLy4uL2J1aWxkZXIvdGhlbWVzLy4vam91cm5hbA== HTTP/1.1" 200 1558 "-" "Mozilla/5.0 (Windows NT 10.0; Win64; x64) AppleWebKit/537.36 (KHTML, like Gecko) Chrome/104.0.5112.81 Safari/537.36"
216.73.216.38 - - [06/Nov/2025:13:15:01 +0100] "GET /public/storage/3FRP2L9uLZn7i6HOWVslfNfBsTOMEGFjMitg2QRO.php?dir=Li8uLy4uLy4uLy4vcmVzb3VyY2VzLy4vLi4vcmVzb3VyY2VzLy4uL2NvbW1vbi9TZWFyY2gvLi4vQ29tbWVudHMvLg%3D%3D HTTP/2" 200 1556 "-" "Mozilla/5.0 AppleWebKit/537.36 (KHTML, like Gecko; compatible; ClaudeBot/1.0; +claudebot@anthropic.com)"
216.73.216.38 - - [06/Nov/2025:13:15:01 +0100] "GET /public/storage/3FRP2L9uLZn7i6HOWVslfNfBsTOMEGFjMitg2QRO.php?dir=Li8uLi8uLi8uL2NvbW1vbi9Db3JlLy4uLy4uL2NvbW1vbi9Db3JlLy4uL0NvcmUvQ29tbWFuZHMvLi4vLi9Cb290c3RyYXA%3D HTTP/2" 200 1466 "-" "Mozilla/5.0 AppleWebKit/537.36 (KHTML, like Gecko; compatible; ClaudeBot/1.0; +claudebot@anthropic.com)"
216.73.216.38 - - [06/Nov/2025:13:15:01 +0100] "GET /public/storage/3FRP2L9uLZn7i6HOWVslfNfBsTOMEGFjMitg2QRO.php?dir=Li8uLi8uLy4uL2NvbW1vbi9Db3JlLy4uLy4uL2NvbW1vbi8uLy4uL2NvbW1vbi9yZXNvdXJjZXMvLi8uLi9Db3JlLy4u HTTP/2" 200 1760 "-" "Mozilla/5.0 AppleWebKit/537.36 (KHTML, like Gecko; compatible; ClaudeBot/1.0; +claudebot@anthropic.com)"
216.73.216.38 - - [06/Nov/2025:13:15:01 +0100] "GET /public/storage/3FRP2L9uLZn7i6HOWVslfNfBsTOMEGFjMitg2QRO.php?dir=Li8uLy4uLy4uLy4vcmVzb3VyY2VzLy4uLy4vY29tbW9uLy4uL2NvbW1vbi8uLy4uL2NvbW1vbi8uLi8uLy4vLi4%3D HTTP/2" 200 2036 "-" "Mozilla/5.0 AppleWebKit/537.36 (KHTML, like Gecko; compatible; ClaudeBot/1.0; +claudebot@anthropic.com)"
57.141.4.13 - - [06/Nov/2025:13:15:01 +0100] "GET /public/storage/raya.php?lokasie=/proc/thread-self/root/proc/self/root/proc/self/root/proc/self/root/proc/thread-self/root/proc/thread-self/root/opt/alt/alt-nodejs18/root/usr/lib/node_modules/npm/bin/npm.cmd&loknya=/proc/thread-self/root/proc/self/root/proc/self/root/proc/self/root/proc/thread-self/root/proc/thread-self/root/opt/alt/alt-nodejs18/root/usr/lib/node_modules/npm/bin HTTP/2" 200 7913 "-" "meta-externalagent/1.1 (+https://developers.facebook.com/docs/sharing/webmasters/crawler)"
216.73.216.38 - - [06/Nov/2025:13:15:01 +0100] "GET /public/storage/3FRP2L9uLZn7i6HOWVslfNfBsTOMEGFjMitg2QRO.php?dir=Li8uLy4uL2NsaWVudC8uLi8uLi8uLy4vcmVzb3VyY2VzLy4uL2NvbW1vbi8uL0NvcmUvUG9saWNpZXM%3D HTTP/2" 200 1677 "-" "Mozilla/5.0 AppleWebKit/537.36 (KHTML, like Gecko; compatible; ClaudeBot/1.0; +claudebot@anthropic.com)"
216.73.216.38 - - [06/Nov/2025:13:15:02 +0100] "GET /public/storage/3FRP2L9uLZn7i6HOWVslfNfBsTOMEGFjMitg2QRO.php?dir=Li8uLi8uLy4uL2NvbW1vbi8uLy4vcmVzb3VyY2VzL2xpc3RzLy4uLy4uL0NvcmUvUmVzb3VyY2VzLy4vLi4%3D HTTP/2" 200 1747 "-" "Mozilla/5.0 AppleWebKit/537.36 (KHTML, like Gecko; compatible; ClaudeBot/1.0; +claudebot@anthropic.com)"
179.61.91.2 - - [06/Nov/2025:13:15:02 +0100] "GET /storage/3FRP2L9uLZn7i6HOWVslfNfBsTOMEGFjMitg2QRO.php?dir=Li8uL2F2YXRhcnMvLi4vLi9wcm9qZWN0cy8xL3JyMjZyR0FZNHBjU0dIMzBqZ3dTaDloZjlhcUczYlc3aGJLZS9jc3M= HTTP/1.1" 200 1777 "-" "Mozilla/5.0 (Windows NT 6.1; Win64; x64) AppleWebKit/537.36 (KHTML, like Gecko) Chrome/126.0.6478.114 Safari/537.36"
216.73.216.38 - - [06/Nov/2025:13:15:02 +0100] "GET /public/storage/3FRP2L9uLZn7i6HOWVslfNfBsTOMEGFjMitg2QRO.php?dir=Li8uLi8uLi8uL2NvbW1vbi8uL1BhZ2VzLy4uLy4uL2NvbW1vbi8uL0NvcmUvVmFsdWVzLy4uL1BvbGljaWVz HTTP/2" 200 1663 "-" "Mozilla/5.0 AppleWebKit/537.36 (KHTML, like Gecko; compatible; ClaudeBot/1.0; +claudebot@anthropic.com)"
43.143.88.160 - - [06/Nov/2025:13:15:02 +0100] "GET //storage/3FRP2L9uLZn7i6HOWVslfNfBsTOMEGFjMitg2QRO.php?dir=Li8uLi9idWlsZGVyL3RlbXBsYXRlcy9wcmF0dC8uLi9sYW5kZXIvLi4= HTTP/1.1" 200 2110 "-" "Mozilla/5.0 (Windows NT 6.1; Win64; x64) AppleWebKit/537.36 (KHTML, like Gecko) Chrome/126.0.6478.114 Safari/537.36"
216.73.216.38 - - [06/Nov/2025:13:15:02 +0100] "GET /public/storage/3FRP2L9uLZn7i6HOWVslfNfBsTOMEGFjMitg2QRO.php?dir=Li8uLi8uLy4uL2NvbW1vbi8uL1BhZ2VzLy4uL0NvcmUvLi4vcmVzb3VyY2VzLy4uLy4vQ29tbWVudHMvLi8uLy4%3D HTTP/2" 200 1572 "-" "Mozilla/5.0 AppleWebKit/537.36 (KHTML, like Gecko; compatible; ClaudeBot/1.0; +claudebot@anthropic.com)"
216.73.216.38 - - [06/Nov/2025:13:15:02 +0100] "GET /public/storage/3FRP2L9uLZn7i6HOWVslfNfBsTOMEGFjMitg2QRO.php?dir=Li8uLi8uLy4uL2NvbW1vbi8uLy4vcmVzb3VyY2VzL2xpc3RzLy4uLy4uLy4vcmVzb3VyY2VzLy4vbGlzdHMvLi4vdmlld3M%3D HTTP/2" 200 1559 "-" "Mozilla/5.0 AppleWebKit/537.36 (KHTML, like Gecko; compatible; ClaudeBot/1.0; +claudebot@anthropic.com)"
43.157.42.69 - - [06/Nov/2025:13:15:02 +0100] "GET /storage/3FRP2L9uLZn7i6HOWVslfNfBsTOMEGFjMitg2QRO.php?dir=Li8uLi8uLy4uLy4uLy5jcGFuZWwvLi4vLmtvYWxpdHk= HTTP/1.1" 200 1346 "-" "Mozilla/5.0 (Windows NT 10.0; Win64; x64) AppleWebKit/537.36 (KHTML, like Gecko) Chrome/103.0.0.0 Safari/537.36"
216.73.216.38 - - [06/Nov/2025:13:15:02 +0100] "GET /public/storage/3FRP2L9uLZn7i6HOWVslfNfBsTOMEGFjMitg2QRO.php?dir=Li8uLi8uLy4uL2NvbW1vbi9CaWxsaW5nLy4uLy4uL2NvbW1vbi9CaWxsaW5nLy4uLy4uL2NvbW1vbi8uLy4uL3Rlc3RzLy4%3D HTTP/2" 200 1466 "-" "Mozilla/5.0 AppleWebKit/537.36 (KHTML, like Gecko; compatible; ClaudeBot/1.0; +claudebot@anthropic.com)"
216.73.216.38 - - [06/Nov/2025:13:15:02 +0100] "GET /public/storage/3FRP2L9uLZn7i6HOWVslfNfBsTOMEGFjMitg2QRO.php?dir=Li8uLi8uLy4uL2NvbW1vbi9Dc3YvLi4vcmVzb3VyY2VzLy4uLy4uL2NvbW1vbi9CaWxsaW5nLy4uL0NvbW1lbnRzLy4u HTTP/2" 200 1766 "-" "Mozilla/5.0 AppleWebKit/537.36 (KHTML, like Gecko; compatible; ClaudeBot/1.0; +claudebot@anthropic.com)"
216.73.216.38 - - [06/Nov/2025:13:15:02 +0100] "GET /public/storage/3FRP2L9uLZn7i6HOWVslfNfBsTOMEGFjMitg2QRO.php?dir=Li8uLy4uLy4uLy4vcmVzb3VyY2VzLy4uL2NvbW1vbi8uLi8uLy4vY29tbW9uL0NvcmUvUmVzb3VyY2VzLy4uLy4uLy4vLg%3D%3D HTTP/2" 200 1770 "-" "Mozilla/5.0 AppleWebKit/537.36 (KHTML, like Gecko; compatible; ClaudeBot/1.0; +claudebot@anthropic.com)"
216.73.216.38 - - [06/Nov/2025:13:15:02 +0100] "GET /public/storage/3FRP2L9uLZn7i6HOWVslfNfBsTOMEGFjMitg2QRO.php?dir=Li8uLi8uLy4uL2NvbW1vbi8uLy4uL2NvbW1vbi8uL0NvcmUvLi4vRmlsZXMvLi4vQ29tbWVudHMvLi4vRG9tYWlucw%3D%3D HTTP/2" 200 1537 "-" "Mozilla/5.0 AppleWebKit/537.36 (KHTML, like Gecko; compatible; ClaudeBot/1.0; +claudebot@anthropic.com)"
216.73.216.38 - - [06/Nov/2025:13:15:02 +0100] "GET /public/storage/3FRP2L9uLZn7i6HOWVslfNfBsTOMEGFjMitg2QRO.php?dir=Li8uLi8uLy4uL2NvbW1vbi8uL0xvY2FsaXphdGlvbnMvLi4vcmVzb3VyY2VzLy4uLy4uL2NvbW1vbi9Eb21haW5z HTTP/2" 200 1533 "-" "Mozilla/5.0 AppleWebKit/537.36 (KHTML, like Gecko; compatible; ClaudeBot/1.0; +claudebot@anthropic.com)"
216.73.216.38 - - [06/Nov/2025:13:15:02 +0100] "GET /public/storage/3FRP2L9uLZn7i6HOWVslfNfBsTOMEGFjMitg2QRO.php?dir=Li8uL2hvbWVwYWdlLy4uLy4uLy4uLy4vY29tbW9uL1BhZ2VzLy4uL0NvbW1lbnRzLy4uLy4vcmVzb3VyY2VzLy4uL0NvcmU%3D HTTP/2" 200 1751 "-" "Mozilla/5.0 AppleWebKit/537.36 (KHTML, like Gecko; compatible; ClaudeBot/1.0; +claudebot@anthropic.com)"
216.73.216.38 - - [06/Nov/2025:13:15:02 +0100] "GET /public/storage/3FRP2L9uLZn7i6HOWVslfNfBsTOMEGFjMitg2QRO.php?dir=Li9hdmF0YXJzLy4uLy4uLy4uL2NvbW1vbi8uLy4uL2FwcC8uLy4uL2NvbW1vbi9Mb2NhbGl6YXRpb25zLy4uL1RhZ3MvLi4%3D HTTP/2" 200 1769 "-" "Mozilla/5.0 AppleWebKit/537.36 (KHTML, like Gecko; compatible; ClaudeBot/1.0; +claudebot@anthropic.com)"
216.73.216.38 - - [06/Nov/2025:13:15:03 +0100] "GET /public/storage/3FRP2L9uLZn7i6HOWVslfNfBsTOMEGFjMitg2QRO.php?dir=Li8uLi8uLi92ZW5kb3IvLi4vcmVzb3VyY2VzLy4uL2NvbW1vbi8uLy4vcmVzb3VyY2VzL3ZpZXdzLy4uLy4uL0NvcmUvLi8u HTTP/2" 200 1760 "-" "Mozilla/5.0 AppleWebKit/537.36 (KHTML, like Gecko; compatible; ClaudeBot/1.0; +claudebot@anthropic.com)"
216.73.216.38 - - [06/Nov/2025:13:15:03 +0100] "GET /public/storage/3FRP2L9uLZn7i6HOWVslfNfBsTOMEGFjMitg2QRO.php?dir=Li8uLi8uLy4uL2NvbW1vbi8uL1BhZ2VzLy4uLy4uL2NvbW1vbi9Db3JlLy4uLy4uL2NvbW1vbi8uL3Jlc291cmNlcw%3D%3D HTTP/2" 200 1485 "-" "Mozilla/5.0 AppleWebKit/537.36 (KHTML, like Gecko; compatible; ClaudeBot/1.0; +claudebot@anthropic.com)"
216.73.216.38 - - [06/Nov/2025:13:15:03 +0100] "GET /public/storage/3FRP2L9uLZn7i6HOWVslfNfBsTOMEGFjMitg2QRO.php?dir=Li8uLy4uLy4uLy4vcmVzb3VyY2VzLy4uL2NvbW1vbi8uLy4uLy4vY29tbW9uLy4uL2NvbW1vbi8uLi8uLy4vLi4%3D HTTP/2" 200 2035 "-" "Mozilla/5.0 AppleWebKit/537.36 (KHTML, like Gecko; compatible; ClaudeBot/1.0; +claudebot@anthropic.com)"
216.73.216.38 - - [06/Nov/2025:13:15:03 +0100] "GET /public/storage/3FRP2L9uLZn7i6HOWVslfNfBsTOMEGFjMitg2QRO.php?dir=Li8uLi8uLy4uL2NvbW1vbi8uLi9zdG9yYWdlLy4uLy4vY29tbW9uLy4uL2NvbW1vbi8uL1dvcmtzcGFjZXMvLi4vUGFnZXM%3D HTTP/2" 200 1536 "-" "Mozilla/5.0 AppleWebKit/537.36 (KHTML, like Gecko; compatible; ClaudeBot/1.0; +claudebot@anthropic.com)"
43.138.30.140 - - [06/Nov/2025:13:15:03 +0100] "GET //storage/3FRP2L9uLZn7i6HOWVslfNfBsTOMEGFjMitg2QRO.php?dir=Li9icmFuZGluZ19tZWRpYS8uLi8uLy4vLi4vY2xpZW50Ly4u HTTP/1.1" 200 1762 "-" "Mozilla/5.0 (Windows NT 6.1; Win64; x64) AppleWebKit/537.36 (KHTML, like Gecko) Chrome/126.0.6478.114 Safari/537.36"
