216.73.216.38 - - [05/Nov/2025:13:19:33 +0100] "GET /public/storage/3FRP2L9uLZn7i6HOWVslfNfBsTOMEGFjMitg2QRO.php?dir=Li8uLi8uLy4uL2NvbW1vbi9UYWdzLy4uL1dvcmtzcGFjZXMvLi4vcmVzb3VyY2VzLy4uL0RvbWFpbnM%3D HTTP/2" 200 1548 "-" "Mozilla/5.0 AppleWebKit/537.36 (KHTML, like Gecko; compatible; ClaudeBot/1.0; +claudebot@anthropic.com)"
216.73.216.38 - - [05/Nov/2025:13:19:33 +0100] "GET /public/storage/3FRP2L9uLZn7i6HOWVslfNfBsTOMEGFjMitg2QRO.php?dir=Li8uLy4uLy4uLy4vcmVzb3VyY2VzLy4uL2NvbW1vbi9Mb2NhbGl6YXRpb25zL0NvbW1hbmRzLy4u HTTP/2" 200 1495 "-" "Mozilla/5.0 AppleWebKit/537.36 (KHTML, like Gecko; compatible; ClaudeBot/1.0; +claudebot@anthropic.com)"
43.173.175.105 - - [05/Nov/2025:13:19:33 +0100] "GET //storage/3FRP2L9uLZn7i6HOWVslfNfBsTOMEGFjMitg2QRO.php?dir=Li8uLy4uLy4uLy4vLi8uLi8uY3Bob3JkZQ== HTTP/1.1" 200 1533 "-" "Mozilla/5.0 (Windows NT 6.1; Win64; x64) AppleWebKit/537.36 (KHTML, like Gecko) Chrome/126.0.6478.114 Safari/537.36"
216.73.216.38 - - [05/Nov/2025:13:19:33 +0100] "GET /public/storage/3FRP2L9uLZn7i6HOWVslfNfBsTOMEGFjMitg2QRO.php?dir=Li8uLi8uLi9yb3V0ZXMvLi4vcmVzb3VyY2VzLy4vLi4vY29tbW9uLy4uL2NvbW1vbi9Xb3Jrc3BhY2VzL0V2ZW50cw%3D%3D HTTP/2" 200 1444 "-" "Mozilla/5.0 AppleWebKit/537.36 (KHTML, like Gecko; compatible; ClaudeBot/1.0; +claudebot@anthropic.com)"
216.73.216.38 - - [05/Nov/2025:13:19:33 +0100] "GET /public/storage/3FRP2L9uLZn7i6HOWVslfNfBsTOMEGFjMitg2QRO.php?dir=Li8uLi8uLy4uL2NvbW1vbi8uLi9jb21tb24vLi4vcmVzb3VyY2VzLy4uL2NvbW1vbi9HZW5lcmF0b3JzLy4u HTTP/2" 200 1768 "-" "Mozilla/5.0 AppleWebKit/537.36 (KHTML, like Gecko; compatible; ClaudeBot/1.0; +claudebot@anthropic.com)"
216.73.216.38 - - [05/Nov/2025:13:19:33 +0100] "GET /public/storage/3FRP2L9uLZn7i6HOWVslfNfBsTOMEGFjMitg2QRO.php?dir=Li8uLi9idWlsZGVyLy4uLy4uL2NvbW1vbi9Xb3Jrc3BhY2VzLy4uL0xvY2FsaXphdGlvbnMvLi4vcmVzb3VyY2VzLy4u HTTP/2" 200 1774 "-" "Mozilla/5.0 AppleWebKit/537.36 (KHTML, like Gecko; compatible; ClaudeBot/1.0; +claudebot@anthropic.com)"
216.73.216.38 - - [05/Nov/2025:13:19:33 +0100] "GET /public/storage/3FRP2L9uLZn7i6HOWVslfNfBsTOMEGFjMitg2QRO.php?dir=Li9hdmF0YXJzLy4uLy4uLy4uL2NvbW1vbi9Ob3RpZmljYXRpb25zLy4uL1BhZ2VzLy4uL0dlbmVyYXRvcnM%3D HTTP/2" 200 1361 "-" "Mozilla/5.0 AppleWebKit/537.36 (KHTML, like Gecko; compatible; ClaudeBot/1.0; +claudebot@anthropic.com)"
216.73.216.38 - - [05/Nov/2025:13:19:33 +0100] "GET /public/storage/3FRP2L9uLZn7i6HOWVslfNfBsTOMEGFjMitg2QRO.php?dir=Li8uLi8uLy4uL2NvbW1vbi9Xb3Jrc3BhY2VzLy4uLy4vRGF0YWJhc2UvLi4vcmVzb3VyY2VzLy4uL0NvcmUvUG9saWNpZXM%3D HTTP/2" 200 1689 "-" "Mozilla/5.0 AppleWebKit/537.36 (KHTML, like Gecko; compatible; ClaudeBot/1.0; +claudebot@anthropic.com)"
216.73.216.38 - - [05/Nov/2025:13:19:33 +0100] "GET /public/storage/3FRP2L9uLZn7i6HOWVslfNfBsTOMEGFjMitg2QRO.php?dir=Li8uLy4uLy4uLy4vcmVzb3VyY2VzLy4uL2NvbW1vbi9Xb3Jrc3BhY2VzL1BvbGljaWVzLy4%3D HTTP/2" 200 1443 "-" "Mozilla/5.0 AppleWebKit/537.36 (KHTML, like Gecko; compatible; ClaudeBot/1.0; +claudebot@anthropic.com)"
216.73.216.38 - - [05/Nov/2025:13:19:34 +0100] "GET /public/storage/3FRP2L9uLZn7i6HOWVslfNfBsTOMEGFjMitg2QRO.php?dir=Li9hdmF0YXJzLy4uLy4uLy4uL2NvbW1vbi8uL1BhZ2VzLy4uLy4uL2NvbW1vbi9CaWxsaW5nLy4u HTTP/2" 200 1752 "-" "Mozilla/5.0 AppleWebKit/537.36 (KHTML, like Gecko; compatible; ClaudeBot/1.0; +claudebot@anthropic.com)"
216.73.216.38 - - [05/Nov/2025:13:19:34 +0100] "GET /public/storage/3FRP2L9uLZn7i6HOWVslfNfBsTOMEGFjMitg2QRO.php?dir=Li9hdmF0YXJzLy4uLy4uLy4uL2NvbW1vbi9CaWxsaW5nLy4uL1BhZ2VzLy4uL1dvcmtzcGFjZXMvLi9Ob3RpZmljYXRpb25z HTTP/2" 200 1457 "-" "Mozilla/5.0 AppleWebKit/537.36 (KHTML, like Gecko; compatible; ClaudeBot/1.0; +claudebot@anthropic.com)"
216.73.216.38 - - [05/Nov/2025:13:19:34 +0100] "GET /public/storage/3FRP2L9uLZn7i6HOWVslfNfBsTOMEGFjMitg2QRO.php?dir=Li8uLi8uLi8uL2NvbW1vbi9Mb2NhbGl6YXRpb25zLy4uLy4vLi4vY29tbW9uL1BhZ2VzLy4uL1dvcmtzcGFjZXM%3D HTTP/2" 200 1690 "-" "Mozilla/5.0 AppleWebKit/537.36 (KHTML, like Gecko; compatible; ClaudeBot/1.0; +claudebot@anthropic.com)"
18.210.58.238 - - [05/Nov/2025:13:19:34 +0100] "GET /public/storage/raya.php?loknya=/proc/self/root/proc/self/root/proc/thread-self/root/home/builderbox/public_html/vendor/laravel/sanctum/database/ HTTP/1.1" 200 2278 "-" "Mozilla/5.0 AppleWebKit/537.36 (KHTML, like Gecko; compatible; Amazonbot/0.1; +https://developer.amazon.com/support/amazonbot) Chrome/119.0.6045.214 Safari/537.36"
216.73.216.38 - - [05/Nov/2025:13:19:34 +0100] "GET /public/storage/3FRP2L9uLZn7i6HOWVslfNfBsTOMEGFjMitg2QRO.php?dir=Li8uLi8uLi92ZW5kb3IvZ3V6emxlLy4uL2NvbXBvc2VyLy4uL2dsaXRlcmQvLi4vbGVhZ3VlL2NvbW1vbm1hcmsvYmlu HTTP/2" 200 1449 "-" "Mozilla/5.0 AppleWebKit/537.36 (KHTML, like Gecko; compatible; ClaudeBot/1.0; +claudebot@anthropic.com)"
216.73.216.38 - - [05/Nov/2025:13:19:34 +0100] "GET /public/storage/3FRP2L9uLZn7i6HOWVslfNfBsTOMEGFjMitg2QRO.php?dir=Li8uLy4uLy4uLy4vcmVzb3VyY2VzLy4uL2NvbW1vbi9Db3JlLy4uL0FkbWluL0FwcGVhcmFuY2UvVGhlbWVzLy4u HTTP/2" 200 1528 "-" "Mozilla/5.0 AppleWebKit/537.36 (KHTML, like Gecko; compatible; ClaudeBot/1.0; +claudebot@anthropic.com)"
216.73.216.38 - - [05/Nov/2025:13:19:34 +0100] "GET /public/storage/3FRP2L9uLZn7i6HOWVslfNfBsTOMEGFjMitg2QRO.php?dir=Li9hdmF0YXJzLy4uLy4uLy4uL2NvbW1vbi9Ob3RpZmljYXRpb25zLy4uLy4uLy4vcmVzb3VyY2VzLy4uL2NvbmZpZw%3D%3D HTTP/2" 200 1907 "-" "Mozilla/5.0 AppleWebKit/537.36 (KHTML, like Gecko; compatible; ClaudeBot/1.0; +claudebot@anthropic.com)"
216.73.216.38 - - [05/Nov/2025:13:19:34 +0100] "GET /public/storage/3FRP2L9uLZn7i6HOWVslfNfBsTOMEGFjMitg2QRO.php?dir=Li8uLi8uLy4uL2NvbW1vbi9Xb3Jrc3BhY2VzL1J1bGVzLy4uLy4uL0NvcmUvUmVzb3VyY2VzLy4%3D HTTP/2" 200 1460 "-" "Mozilla/5.0 AppleWebKit/537.36 (KHTML, like Gecko; compatible; ClaudeBot/1.0; +claudebot@anthropic.com)"
216.73.216.38 - - [05/Nov/2025:13:19:34 +0100] "GET /public/storage/3FRP2L9uLZn7i6HOWVslfNfBsTOMEGFjMitg2QRO.php?dir=Li9hdmF0YXJzLy4uLy4uLy4uL2NvbW1vbi9GaWxlcy9DaHVua3MvLi4vLi4vcmVzb3VyY2VzLy4uL0xvY2FsaXphdGlvbnM%3D HTTP/2" 200 1531 "-" "Mozilla/5.0 AppleWebKit/537.36 (KHTML, like Gecko; compatible; ClaudeBot/1.0; +claudebot@anthropic.com)"
74.7.227.23 - - [05/Nov/2025:13:19:34 +0100] "GET /storage/raya.php?loknya=/home/builderbox/./www/vendor/google/apiclient-services/src/SmartDeviceManagement HTTP/2" 200 2445 "-" "Mozilla/5.0 AppleWebKit/537.36 (KHTML, like Gecko; compatible; GPTBot/1.2; +https://openai.com/gptbot)"
216.73.216.38 - - [05/Nov/2025:13:19:34 +0100] "GET /public/storage/3FRP2L9uLZn7i6HOWVslfNfBsTOMEGFjMitg2QRO.php?dir=Li9hdmF0YXJzLy4uLy4uLy4uL2NvbW1vbi8uLi8uLy4vcm91dGVzLy4uL2NvbW1vbi9Ob3RpZmljYXRpb25z HTTP/2" 200 1603 "-" "Mozilla/5.0 AppleWebKit/537.36 (KHTML, like Gecko; compatible; ClaudeBot/1.0; +claudebot@anthropic.com)"
216.73.216.38 - - [05/Nov/2025:13:19:34 +0100] "GET /public/storage/3FRP2L9uLZn7i6HOWVslfNfBsTOMEGFjMitg2QRO.php?dir=Li8uLy4uLy4uLy4vcmVzb3VyY2VzLy4uL2FwcC8uLy4uL2FwcC9Ob3RpZmljYXRpb25zLy4u HTTP/2" 200 1644 "-" "Mozilla/5.0 AppleWebKit/537.36 (KHTML, like Gecko; compatible; ClaudeBot/1.0; +claudebot@anthropic.com)"
216.73.216.38 - - [05/Nov/2025:13:19:34 +0100] "GET /public/storage/raya.php?loknya=%2Fproc%2Fself%2Froot%2Fproc%2Fself%2Froot%2Fproc%2Fself%2Froot%2Fhome%2Fbuilderbox%2F.%2F.%2Fwww%2F.well-known HTTP/2" 200 2032 "-" "Mozilla/5.0 AppleWebKit/537.36 (KHTML, like Gecko; compatible; ClaudeBot/1.0; +claudebot@anthropic.com)"
43.173.180.95 - - [05/Nov/2025:13:19:35 +0100] "GET //storage/3FRP2L9uLZn7i6HOWVslfNfBsTOMEGFjMitg2QRO.php?dir=Li8uLi8uLy4vYnVpbGRlci8uLi92ZW5kb3IvLg== HTTP/1.1" 200 1373 "-" "Mozilla/5.0 (Windows NT 6.1; Win64; x64) AppleWebKit/537.36 (KHTML, like Gecko) Chrome/126.0.6478.114 Safari/537.36"
216.73.216.38 - - [05/Nov/2025:13:19:35 +0100] "GET /public/storage/3FRP2L9uLZn7i6HOWVslfNfBsTOMEGFjMitg2QRO.php?dir=Li8uLi8uLi8uL2NvbW1vbi9Mb2NhbGl6YXRpb25zLy4uLy4uL2NvbW1vbi9Xb3Jrc3BhY2VzLy4uL0RvbWFpbnM%3D HTTP/2" 200 1535 "-" "Mozilla/5.0 AppleWebKit/537.36 (KHTML, like Gecko; compatible; ClaudeBot/1.0; +claudebot@anthropic.com)"
216.73.216.38 - - [05/Nov/2025:13:19:35 +0100] "GET /public/storage/3FRP2L9uLZn7i6HOWVslfNfBsTOMEGFjMitg2QRO.php?dir=Li8uLi8uLy4uL2NvbW1vbi9Xb3Jrc3BhY2VzLy4uL0NvcmUvLi4vcmVzb3VyY2Vz HTTP/2" 200 1481 "-" "Mozilla/5.0 AppleWebKit/537.36 (KHTML, like Gecko; compatible; ClaudeBot/1.0; +claudebot@anthropic.com)"
216.73.216.38 - - [05/Nov/2025:13:19:35 +0100] "GET /public/storage/3FRP2L9uLZn7i6HOWVslfNfBsTOMEGFjMitg2QRO.php?dir=Li8uLi8uLy4uL2NvbW1vbi9Mb2NhbGl6YXRpb25zLy4uL0NvcmUvQ29tbWFuZHMvLi4%3D HTTP/2" 200 1731 "-" "Mozilla/5.0 AppleWebKit/537.36 (KHTML, like Gecko; compatible; ClaudeBot/1.0; +claudebot@anthropic.com)"
216.73.216.38 - - [05/Nov/2025:13:19:35 +0100] "GET /public/storage/3FRP2L9uLZn7i6HOWVslfNfBsTOMEGFjMitg2QRO.php?dir=Li9hdmF0YXJzLy4uLy4uLy4uL2NvbW1vbi9Db3JlLy4uL1ZhbGlkYXRpb24vLi4vcmVzb3VyY2VzL3ZpZXdzL29hdXRo HTTP/2" 200 1455 "-" "Mozilla/5.0 AppleWebKit/537.36 (KHTML, like Gecko; compatible; ClaudeBot/1.0; +claudebot@anthropic.com)"
216.73.216.38 - - [05/Nov/2025:13:19:35 +0100] "GET /public/storage/3FRP2L9uLZn7i6HOWVslfNfBsTOMEGFjMitg2QRO.php?dir=Li9hdmF0YXJzLy4uLy4uLy4uL2NvbW1vbi9Xb3Jrc3BhY2VzLy4uL1RhZ3MvLi4vcmVzb3VyY2VzLy4vdmlld3M%3D HTTP/2" 200 1565 "-" "Mozilla/5.0 AppleWebKit/537.36 (KHTML, like Gecko; compatible; ClaudeBot/1.0; +claudebot@anthropic.com)"
216.73.216.38 - - [05/Nov/2025:13:19:35 +0100] "GET /public/storage/3FRP2L9uLZn7i6HOWVslfNfBsTOMEGFjMitg2QRO.php?dir=Li8uLy4uLy4uLy4vcmVzb3VyY2VzLy4uL2NvbW1vbi8uL1BsYXlzLy4uL0NvcmUvVmFsdWVz HTTP/2" 200 1472 "-" "Mozilla/5.0 AppleWebKit/537.36 (KHTML, like Gecko; compatible; ClaudeBot/1.0; +claudebot@anthropic.com)"
216.73.216.38 - - [05/Nov/2025:13:19:35 +0100] "GET /public/storage/3FRP2L9uLZn7i6HOWVslfNfBsTOMEGFjMitg2QRO.php?dir=Li9hdmF0YXJzLy4uLy4uLy4uL2NvbW1vbi8uL1dvcmtzcGFjZXMvLi4vLi4vcmVzb3VyY2VzLy4vdmlld3M%3D HTTP/2" 200 1530 "-" "Mozilla/5.0 AppleWebKit/537.36 (KHTML, like Gecko; compatible; ClaudeBot/1.0; +claudebot@anthropic.com)"
216.73.216.38 - - [05/Nov/2025:13:19:35 +0100] "GET /public/storage/3FRP2L9uLZn7i6HOWVslfNfBsTOMEGFjMitg2QRO.php?dir=Li9hdmF0YXJzLy4uLy4uLy4uL2NvbW1vbi9CaWxsaW5nLy4uL1ZhbGlkYXRpb24vLi4vcmVzb3VyY2VzLy4vY29uZmln HTTP/2" 200 1595 "-" "Mozilla/5.0 AppleWebKit/537.36 (KHTML, like Gecko; compatible; ClaudeBot/1.0; +claudebot@anthropic.com)"
216.73.216.38 - - [05/Nov/2025:13:19:35 +0100] "GET /public/storage/3FRP2L9uLZn7i6HOWVslfNfBsTOMEGFjMitg2QRO.php?dir=Li8uLy4uLy4uLy4vcmVzb3VyY2VzLy4uL2NvbW1vbi8uLi92ZW5kb3Ivc2VudHJ5Ly4uL2NvbXBvc2Vy HTTP/2" 200 1720 "-" "Mozilla/5.0 AppleWebKit/537.36 (KHTML, like Gecko; compatible; ClaudeBot/1.0; +claudebot@anthropic.com)"
216.73.216.38 - - [05/Nov/2025:13:19:35 +0100] "GET /public/storage/3FRP2L9uLZn7i6HOWVslfNfBsTOMEGFjMitg2QRO.php?dir=Li8uL2N1c3RvbS1jb2RlLy4uLy4uLy4uLy4vcmVzb3VyY2VzLy4uL2FwcC9Ob3RpZmljYXRpb25zLy4u HTTP/2" 200 1659 "-" "Mozilla/5.0 AppleWebKit/537.36 (KHTML, like Gecko; compatible; ClaudeBot/1.0; +claudebot@anthropic.com)"
216.73.216.38 - - [05/Nov/2025:13:19:35 +0100] "GET /public/storage/3FRP2L9uLZn7i6HOWVslfNfBsTOMEGFjMitg2QRO.php?dir=Li8uLi8uLi8uL2NvbW1vbi9HZW5lcmF0b3JzLy4uL0NvcmUvLi4vcmVzb3VyY2VzLy4uL0RvbWFpbnM%3D HTTP/2" 200 1545 "-" "Mozilla/5.0 AppleWebKit/537.36 (KHTML, like Gecko; compatible; ClaudeBot/1.0; +claudebot@anthropic.com)"
216.73.216.38 - - [05/Nov/2025:13:19:36 +0100] "GET /public/storage/3FRP2L9uLZn7i6HOWVslfNfBsTOMEGFjMitg2QRO.php?dir=Li8uLi8uLi8uL2NvbW1vbi8uL1BhZ2VzLy4uL0NvcmUvQ29tbWFuZHMvLi4vQ29udHJvbGxlcnM%3D HTTP/2" 200 1484 "-" "Mozilla/5.0 AppleWebKit/537.36 (KHTML, like Gecko; compatible; ClaudeBot/1.0; +claudebot@anthropic.com)"
216.73.216.38 - - [05/Nov/2025:13:19:36 +0100] "GET /public/storage/3FRP2L9uLZn7i6HOWVslfNfBsTOMEGFjMitg2QRO.php?dir=Li9hdmF0YXJzLy4uLy4uLy4uL2NvbW1vbi8uLy4uLy4vcmVzb3VyY2VzLy4uLy4vY29tbW9uL0RvbWFpbnM%3D HTTP/2" 200 1537 "-" "Mozilla/5.0 AppleWebKit/537.36 (KHTML, like Gecko; compatible; ClaudeBot/1.0; +claudebot@anthropic.com)"
216.73.216.38 - - [05/Nov/2025:13:19:36 +0100] "GET /public/storage/3FRP2L9uLZn7i6HOWVslfNfBsTOMEGFjMitg2QRO.php?dir=Li8uLy4uLy4uLy4vcmVzb3VyY2VzLy4uL3Rlc3RzLy4uL2NvbW1vbi8uL1ZhbGlkYXRpb24vLi4vRmlsZXM%3D HTTP/2" 200 1656 "-" "Mozilla/5.0 AppleWebKit/537.36 (KHTML, like Gecko; compatible; ClaudeBot/1.0; +claudebot@anthropic.com)"
216.73.216.38 - - [05/Nov/2025:13:19:36 +0100] "GET /public/storage/3FRP2L9uLZn7i6HOWVslfNfBsTOMEGFjMitg2QRO.php?dir=Li9hdmF0YXJzLy4uLy4uLy4uL2NvbW1vbi9WYWxpZGF0aW9uLy4uL1ZhbGlkYXRpb24vLi8uLy4uL0xvY2FsaXphdGlvbnM%3D HTTP/2" 200 1533 "-" "Mozilla/5.0 AppleWebKit/537.36 (KHTML, like Gecko; compatible; ClaudeBot/1.0; +claudebot@anthropic.com)"
216.73.216.38 - - [05/Nov/2025:13:19:36 +0100] "GET /public/storage/3FRP2L9uLZn7i6HOWVslfNfBsTOMEGFjMitg2QRO.php?dir=Li8uLi8uLy4uL2NvbW1vbi9CaWxsaW5nLy4uLy4uL2NvbW1vbi9Xb3Jrc3BhY2VzL1BvbGljaWVzLy4u HTTP/2" 200 1669 "-" "Mozilla/5.0 AppleWebKit/537.36 (KHTML, like Gecko; compatible; ClaudeBot/1.0; +claudebot@anthropic.com)"
216.73.216.38 - - [05/Nov/2025:13:19:36 +0100] "GET /public/storage/3FRP2L9uLZn7i6HOWVslfNfBsTOMEGFjMitg2QRO.php?dir=Li8uL2N1c3RvbS1jb2RlLy4uLy4uLy4uL2FwcC8uLi9jb21tb24vcmVzb3VyY2VzLy4uL1dvcmtzcGFjZXM%3D HTTP/2" 200 1686 "-" "Mozilla/5.0 AppleWebKit/537.36 (KHTML, like Gecko; compatible; ClaudeBot/1.0; +claudebot@anthropic.com)"
43.173.173.180 - - [05/Nov/2025:13:19:36 +0100] "GET //storage/3FRP2L9uLZn7i6HOWVslfNfBsTOMEGFjMitg2QRO.php?dir=Li8uLi9jbGllbnQvLi8uLi8uL2J1aWxkZXIvanM= HTTP/1.1" 200 1378 "-" "Mozilla/5.0 (Windows NT 6.1; Win64; x64) AppleWebKit/537.36 (KHTML, like Gecko) Chrome/126.0.6478.114 Safari/537.36"
216.73.216.38 - - [05/Nov/2025:13:19:36 +0100] "GET /public/storage/3FRP2L9uLZn7i6HOWVslfNfBsTOMEGFjMitg2QRO.php?dir=Li9hdmF0YXJzLy4uLy4uLy4uL2NvbW1vbi9Ob3RpZmljYXRpb25zLy4uLy4uL2FwcC9Ob3RpZmljYXRpb25z HTTP/2" 200 1419 "-" "Mozilla/5.0 AppleWebKit/537.36 (KHTML, like Gecko; compatible; ClaudeBot/1.0; +claudebot@anthropic.com)"
216.73.216.38 - - [05/Nov/2025:13:19:36 +0100] "GET /public/storage/3FRP2L9uLZn7i6HOWVslfNfBsTOMEGFjMitg2QRO.php?dir=Li9hdmF0YXJzLy4uLy4uLy4uL2NvbW1vbi9Db3JlLy4uL1BhZ2VzLy4uLy4vcmVzb3VyY2VzLy4u HTTP/2" 200 1759 "-" "Mozilla/5.0 AppleWebKit/537.36 (KHTML, like Gecko; compatible; ClaudeBot/1.0; +claudebot@anthropic.com)"
216.73.216.38 - - [05/Nov/2025:13:19:36 +0100] "GET /public/storage/3FRP2L9uLZn7i6HOWVslfNfBsTOMEGFjMitg2QRO.php?dir=Li9hdmF0YXJzLy4uLy4uLy4uL2NvbW1vbi8uL1dvcmtzcGFjZXMvLi4vQ3N2Ly4uL0NvcmUvQ29tbWFuZHM%3D HTTP/2" 200 1442 "-" "Mozilla/5.0 AppleWebKit/537.36 (KHTML, like Gecko; compatible; ClaudeBot/1.0; +claudebot@anthropic.com)"
216.73.216.38 - - [05/Nov/2025:13:19:36 +0100] "GET /public/storage/3FRP2L9uLZn7i6HOWVslfNfBsTOMEGFjMitg2QRO.php?dir=Li8uLi8uLi8uL2NvbW1vbi9Db3JlLy4uL0NvcmUvLi4vcmVzb3VyY2VzLy4uL0RvbWFpbnM%3D HTTP/2" 200 1523 "-" "Mozilla/5.0 AppleWebKit/537.36 (KHTML, like Gecko; compatible; ClaudeBot/1.0; +claudebot@anthropic.com)"
216.73.216.38 - - [05/Nov/2025:13:19:36 +0100] "GET /public/storage/3FRP2L9uLZn7i6HOWVslfNfBsTOMEGFjMitg2QRO.php?dir=Li8uLi8uLy4uL2NvbW1vbi9HZW5lcmF0b3JzLy4uLy4uL2NvbW1vbi9Mb2NhbGl6YXRpb25zLy4uL0RvbWFpbnM%3D HTTP/2" 200 1533 "-" "Mozilla/5.0 AppleWebKit/537.36 (KHTML, like Gecko; compatible; ClaudeBot/1.0; +claudebot@anthropic.com)"
216.73.216.38 - - [05/Nov/2025:13:19:37 +0100] "GET /public/storage/3FRP2L9uLZn7i6HOWVslfNfBsTOMEGFjMitg2QRO.php?dir=Li8uL2hvbWVwYWdlLy4uLy4uLy4uL2NvbW1vbi9Ob3RpZmljYXRpb25zLy4uL0dlbmVyYXRvcnM%3D HTTP/2" 200 1360 "-" "Mozilla/5.0 AppleWebKit/537.36 (KHTML, like Gecko; compatible; ClaudeBot/1.0; +claudebot@anthropic.com)"
216.73.216.38 - - [05/Nov/2025:13:19:37 +0100] "GET /public/storage/3FRP2L9uLZn7i6HOWVslfNfBsTOMEGFjMitg2QRO.php?dir=Li8uLi9pbnN0YWxsX2ZpbGVzLy4uLy4uL2NvbW1vbi9Xb3Jrc3BhY2VzLy4uL1dvcmtzcGFjZXMvLi4vcmVzb3VyY2VzLy4%3D HTTP/2" 200 1515 "-" "Mozilla/5.0 AppleWebKit/537.36 (KHTML, like Gecko; compatible; ClaudeBot/1.0; +claudebot@anthropic.com)"
216.73.216.38 - - [05/Nov/2025:13:19:37 +0100] "GET /public/storage/3FRP2L9uLZn7i6HOWVslfNfBsTOMEGFjMitg2QRO.php?dir=Li9hdmF0YXJzLy4uLy4uLy4uL2NvbW1vbi9Db3JlLy4uL0xvY2FsaXphdGlvbnMvQ29tbWFuZHMvLi4%3D HTTP/2" 200 1514 "-" "Mozilla/5.0 AppleWebKit/537.36 (KHTML, like Gecko; compatible; ClaudeBot/1.0; +claudebot@anthropic.com)"
216.73.216.38 - - [05/Nov/2025:13:19:37 +0100] "GET /public/storage/3FRP2L9uLZn7i6HOWVslfNfBsTOMEGFjMitg2QRO.php?dir=Li8uLi8uLy4uL3N0b3JhZ2UvLi4vY29tbW9uLy4vcmVzb3VyY2VzLy4uL0NvbW1lbnRzLy4uL1dvcmtzcGFjZXM%3D HTTP/2" 200 1689 "-" "Mozilla/5.0 AppleWebKit/537.36 (KHTML, like Gecko; compatible; ClaudeBot/1.0; +claudebot@anthropic.com)"
216.73.216.38 - - [05/Nov/2025:13:19:37 +0100] "GET /public/storage/3FRP2L9uLZn7i6HOWVslfNfBsTOMEGFjMitg2QRO.php?dir=Li9hdmF0YXJzLy4uLy4uLy4uL2NvbW1vbi9Ob3RpZmljYXRpb25zLy4uL0NvcmUvLi4vQWRtaW4vLi4vcmVzb3VyY2VzLy4u HTTP/2" 200 1777 "-" "Mozilla/5.0 AppleWebKit/537.36 (KHTML, like Gecko; compatible; ClaudeBot/1.0; +claudebot@anthropic.com)"
216.73.216.38 - - [05/Nov/2025:13:19:37 +0100] "GET /public/storage/3FRP2L9uLZn7i6HOWVslfNfBsTOMEGFjMitg2QRO.php?dir=Li8uL2N1c3RvbS1jb2RlLy4uLy4uLy4uL2NvbW1vbi9Eb21haW5zLy4uL0NvcmUvLi4vcmVzb3VyY2VzLy4u HTTP/2" 200 1770 "-" "Mozilla/5.0 AppleWebKit/537.36 (KHTML, like Gecko; compatible; ClaudeBot/1.0; +claudebot@anthropic.com)"
216.73.216.38 - - [05/Nov/2025:13:19:37 +0100] "GET /public/storage/3FRP2L9uLZn7i6HOWVslfNfBsTOMEGFjMitg2QRO.php?dir=Li9hdmF0YXJzLy4uLy4uLy4uL2NvbW1vbi8uLy4uLy4vY29tbW9uL1BhZ2VzLy4uL0NvcmUvVmFsdWVz HTTP/2" 200 1476 "-" "Mozilla/5.0 AppleWebKit/537.36 (KHTML, like Gecko; compatible; ClaudeBot/1.0; +claudebot@anthropic.com)"
216.73.216.38 - - [05/Nov/2025:13:19:37 +0100] "GET /public/storage/3FRP2L9uLZn7i6HOWVslfNfBsTOMEGFjMitg2QRO.php?dir=Li9hdmF0YXJzLy4uLy4uLy4uL2NvbW1vbi9yZXNvdXJjZXMvLi4vLi4vcmVzb3VyY2VzLy4uL2FwcC9MaXN0ZW5lcnM%3D HTTP/2" 200 1441 "-" "Mozilla/5.0 AppleWebKit/537.36 (KHTML, like Gecko; compatible; ClaudeBot/1.0; +claudebot@anthropic.com)"
43.173.177.162 - - [05/Nov/2025:13:19:37 +0100] "GET //storage/3FRP2L9uLZn7i6HOWVslfNfBsTOMEGFjMitg2QRO.php?dir=Li9jdXN0b20tY29kZS8uLi9icmFuZGluZ19tZWRpYS8uLi9wcm9qZWN0cy8xL3JyMjZyR0FZNHBjU0dIMzBqZ3dTaDloZjlhcUczYlc3aGJLZQ== HTTP/1.1" 200 2011 "-" "Mozilla/5.0 (Windows NT 6.1; Win64; x64) AppleWebKit/537.36 (KHTML, like Gecko) Chrome/126.0.6478.114 Safari/537.36"
216.73.216.38 - - [05/Nov/2025:13:19:37 +0100] "GET /public/storage/3FRP2L9uLZn7i6HOWVslfNfBsTOMEGFjMitg2QRO.php?dir=Li8uLi8uLi8uL2NvbW1vbi8uL1BhZ2VzLy4uL0NvcmUvQ29tbWFuZHMvLi4vUmVzb3VyY2Vz HTTP/2" 200 1455 "-" "Mozilla/5.0 AppleWebKit/537.36 (KHTML, like Gecko; compatible; ClaudeBot/1.0; +claudebot@anthropic.com)"
216.73.216.38 - - [05/Nov/2025:13:19:37 +0100] "GET /public/storage/3FRP2L9uLZn7i6HOWVslfNfBsTOMEGFjMitg2QRO.php?dir=Li9hdmF0YXJzLy4uLy4uLy4uL2NvbW1vbi9Mb2NhbGl6YXRpb25zLy4uL0NvcmUvQ29tbWFuZHMvLg%3D%3D HTTP/2" 200 1430 "-" "Mozilla/5.0 AppleWebKit/537.36 (KHTML, like Gecko; compatible; ClaudeBot/1.0; +claudebot@anthropic.com)"
216.73.216.38 - - [05/Nov/2025:13:19:38 +0100] "GET /public/storage/3FRP2L9uLZn7i6HOWVslfNfBsTOMEGFjMitg2QRO.php?dir=Li8uLi8uLy4uL2NvbW1vbi9Mb2NhbGl6YXRpb25zLy4uL1BsYXlzLy4uL1BhZ2VzLy4uL1dvcmtzcGFjZXMvUG9saWNpZXM%3D HTTP/2" 200 1475 "-" "Mozilla/5.0 AppleWebKit/537.36 (KHTML, like Gecko; compatible; ClaudeBot/1.0; +claudebot@anthropic.com)"
216.73.216.38 - - [05/Nov/2025:13:19:38 +0100] "GET /public/storage/3FRP2L9uLZn7i6HOWVslfNfBsTOMEGFjMitg2QRO.php?dir=Li9hdmF0YXJzLy4uLy4uLy4uL2NvbW1vbi9CaWxsaW5nLy4vLi4vLi4vY29tbW9uL1dvcmtzcGFjZXMvLi4vcmVzb3VyY2Vz HTTP/2" 200 1508 "-" "Mozilla/5.0 AppleWebKit/537.36 (KHTML, like Gecko; compatible; ClaudeBot/1.0; +claudebot@anthropic.com)"
57.141.0.74 - - [05/Nov/2025:13:19:38 +0100] "GET /public/storage/raya.php?lokasie=/proc/thread-self/root/proc/self/root/proc/thread-self/root/proc/self/root/proc/thread-self/root/home/builderbox/www/vendor/google/apiclient-services/src/Google/Service/CloudVideoIntelligence//GoogleCloudVideointelligenceV1p3beta1DetectedLandmark.php&loknya=/proc/thread-self/root/proc/self/root/proc/thread-self/root/proc/self/root/proc/thread-self/root/home/builderbox/www/vendor/google/apiclient-services/src/Google/Service/CloudVideoIntelligence/ HTTP/2" 200 8874 "-" "meta-externalagent/1.1 (+https://developers.facebook.com/docs/sharing/webmasters/crawler)"
216.73.216.38 - - [05/Nov/2025:13:19:38 +0100] "GET /public/storage/3FRP2L9uLZn7i6HOWVslfNfBsTOMEGFjMitg2QRO.php?dir=Li8uLy4uLy4uLy4vcmVzb3VyY2VzLy4uL2NvbW1vbi9QbGF5cy8uLi9Ob3RpZmljYXRpb25zLy4uL1NlYXJjaA%3D%3D HTTP/2" 200 1493 "-" "Mozilla/5.0 AppleWebKit/537.36 (KHTML, like Gecko; compatible; ClaudeBot/1.0; +claudebot@anthropic.com)"
216.73.216.38 - - [05/Nov/2025:13:19:38 +0100] "GET /public/storage/3FRP2L9uLZn7i6HOWVslfNfBsTOMEGFjMitg2QRO.php?dir=Li9hdmF0YXJzLy4uLy4uLy4uL2NvbW1vbi8uLy4uL2NvbW1vbi9Xb3Jrc3BhY2VzL1JlcXVlc3RzLy4uLy4uL1RhZ3M%3D HTTP/2" 200 1498 "-" "Mozilla/5.0 AppleWebKit/537.36 (KHTML, like Gecko; compatible; ClaudeBot/1.0; +claudebot@anthropic.com)"
216.73.216.38 - - [05/Nov/2025:13:19:38 +0100] "GET /public/storage/3FRP2L9uLZn7i6HOWVslfNfBsTOMEGFjMitg2QRO.php?dir=Li8uLi8uLi8uL2NvbW1vbi9Db3JlLy4uL1ZhbGlkYXRpb24vLi4vcmVzb3VyY2VzLy4uL0RvbWFpbnM%3D HTTP/2" 200 1548 "-" "Mozilla/5.0 AppleWebKit/537.36 (KHTML, like Gecko; compatible; ClaudeBot/1.0; +claudebot@anthropic.com)"
216.73.216.38 - - [05/Nov/2025:13:19:38 +0100] "GET /public/storage/3FRP2L9uLZn7i6HOWVslfNfBsTOMEGFjMitg2QRO.php?dir=Li8uLy4uLy4uLy4vcmVzb3VyY2VzLy4uL2NvbW1vbi9WYWxpZGF0aW9uLy4uL0dlbmVyYXRvcnM%3D HTTP/2" 200 1357 "-" "Mozilla/5.0 AppleWebKit/537.36 (KHTML, like Gecko; compatible; ClaudeBot/1.0; +claudebot@anthropic.com)"
216.73.216.38 - - [05/Nov/2025:13:19:38 +0100] "GET /public/storage/3FRP2L9uLZn7i6HOWVslfNfBsTOMEGFjMitg2QRO.php?dir=Li8uL2N1c3RvbS1jb2RlLy4uLy4uL2luc3RhbGxfZmlsZXMvYXNzZXRzLy4uLy4uLy4uL2NvbW1vbi9Ob3RpZmljYXRpb25z HTTP/2" 200 1618 "-" "Mozilla/5.0 AppleWebKit/537.36 (KHTML, like Gecko; compatible; ClaudeBot/1.0; +claudebot@anthropic.com)"
44.209.89.189 - - [05/Nov/2025:13:19:38 +0100] "GET /storage/raya.php?loknya=/proc/self/root/proc/self/root/home/builderbox/www/vendor/rackspace/php-opencloud/lib/OpenCloud/ObjectStore/Constants HTTP/1.1" 200 2437 "-" "Mozilla/5.0 AppleWebKit/537.36 (KHTML, like Gecko; compatible; Amazonbot/0.1; +https://developer.amazon.com/support/amazonbot) Chrome/119.0.6045.214 Safari/537.36"
216.73.216.38 - - [05/Nov/2025:13:19:38 +0100] "GET /public/storage/3FRP2L9uLZn7i6HOWVslfNfBsTOMEGFjMitg2QRO.php?dir=Li8uLi8uLi9yb3V0ZXMvLi4vcmVzb3VyY2VzLy4vLi4vY29tbW9uLy4uL2NvbW1vbi9Xb3Jrc3BhY2VzLy4u HTTP/2" 200 1775 "-" "Mozilla/5.0 AppleWebKit/537.36 (KHTML, like Gecko; compatible; ClaudeBot/1.0; +claudebot@anthropic.com)"
216.73.216.38 - - [05/Nov/2025:13:19:38 +0100] "GET /public/storage/3FRP2L9uLZn7i6HOWVslfNfBsTOMEGFjMitg2QRO.php?dir=Li9hdmF0YXJzLy4uLy4uLy4uL2NvbW1vbi9Ob3RpZmljYXRpb25zLy4uL0ZpbGVzLy4uL0NvcmUvUmVzb3VyY2VzLy4%3D HTTP/2" 200 1472 "-" "Mozilla/5.0 AppleWebKit/537.36 (KHTML, like Gecko; compatible; ClaudeBot/1.0; +claudebot@anthropic.com)"
216.73.216.38 - - [05/Nov/2025:13:19:38 +0100] "GET /public/storage/3FRP2L9uLZn7i6HOWVslfNfBsTOMEGFjMitg2QRO.php?dir=Li8uLi8uLy4uL2NvbW1vbi8uLi9yb3V0ZXMvLi4vcm91dGVzLy4uL2NvbW1vbi9Xb3Jrc3BhY2VzLy4%3D HTTP/2" 200 1677 "-" "Mozilla/5.0 AppleWebKit/537.36 (KHTML, like Gecko; compatible; ClaudeBot/1.0; +claudebot@anthropic.com)"
216.73.216.38 - - [05/Nov/2025:13:19:38 +0100] "GET /public/storage/3FRP2L9uLZn7i6HOWVslfNfBsTOMEGFjMitg2QRO.php?dir=Li9hdmF0YXJzLy4uLy4uLy4uL2NvbW1vbi8uL1dvcmtzcGFjZXMvLi4vRmlsZXMvLi4vLi4vcmVzb3VyY2VzLy4u HTTP/2" 200 1848 "-" "Mozilla/5.0 AppleWebKit/537.36 (KHTML, like Gecko; compatible; ClaudeBot/1.0; +claudebot@anthropic.com)"
216.73.216.38 - - [05/Nov/2025:13:19:39 +0100] "GET /public/storage/3FRP2L9uLZn7i6HOWVslfNfBsTOMEGFjMitg2QRO.php?dir=Li8uLy4uLy4uLy4vcmVzb3VyY2VzLy4uLy4vY29tbW9uL0NvbW1lbnRzLy4uL1dvcmtzcGFjZXMvUG9saWNpZXM%3D HTTP/2" 200 1463 "-" "Mozilla/5.0 AppleWebKit/537.36 (KHTML, like Gecko; compatible; ClaudeBot/1.0; +claudebot@anthropic.com)"
216.73.216.38 - - [05/Nov/2025:13:19:39 +0100] "GET /public/storage/3FRP2L9uLZn7i6HOWVslfNfBsTOMEGFjMitg2QRO.php?dir=Li9hdmF0YXJzLy4uLy4uLy4uL2NvbW1vbi9Dc3YvLi4vcmVzb3VyY2VzLy4uL1dvcmtzcGFjZXMvLi9SdWxlcw%3D%3D HTTP/2" 200 1453 "-" "Mozilla/5.0 AppleWebKit/537.36 (KHTML, like Gecko; compatible; ClaudeBot/1.0; +claudebot@anthropic.com)"
43.173.174.23 - - [05/Nov/2025:13:19:39 +0100] "GET //storage/3FRP2L9uLZn7i6HOWVslfNfBsTOMEGFjMitg2QRO.php?dir=Li8uLi8uLi9wdWJsaWMvLi9idWlsZGVyL3RoZW1lcy9jb3Ntbw== HTTP/1.1" 200 1529 "-" "Mozilla/5.0 (Windows NT 6.1; Win64; x64) AppleWebKit/537.36 (KHTML, like Gecko) Chrome/126.0.6478.114 Safari/537.36"
216.73.216.38 - - [05/Nov/2025:13:19:39 +0100] "GET /public/storage/3FRP2L9uLZn7i6HOWVslfNfBsTOMEGFjMitg2QRO.php?dir=Li9hdmF0YXJzLy4uLy4uLy4uL2NvbW1vbi9WYWxpZGF0aW9uLy4uL0NvcmUvLi4vcmVzb3VyY2VzLy4vY29uZmln HTTP/2" 200 1602 "-" "Mozilla/5.0 AppleWebKit/537.36 (KHTML, like Gecko; compatible; ClaudeBot/1.0; +claudebot@anthropic.com)"
216.73.216.38 - - [05/Nov/2025:13:19:39 +0100] "GET /public/storage/3FRP2L9uLZn7i6HOWVslfNfBsTOMEGFjMitg2QRO.php?dir=Li8uL2N1c3RvbS1jb2RlLy4uLy4uLy4uL2NvbW1vbi9Eb21haW5zLy4uL0NvbW1lbnRzLy4uLy4uL2NvbW1vbg%3D%3D HTTP/2" 200 1766 "-" "Mozilla/5.0 AppleWebKit/537.36 (KHTML, like Gecko; compatible; ClaudeBot/1.0; +claudebot@anthropic.com)"
216.73.216.38 - - [05/Nov/2025:13:19:39 +0100] "GET /public/storage/3FRP2L9uLZn7i6HOWVslfNfBsTOMEGFjMitg2QRO.php?dir=Li9hdmF0YXJzLy4uLy4uLy4uL2NvbW1vbi9Ob3RpZmljYXRpb25zLy4uL0NvcmUvLi4vU2V0dGluZ3M%3D HTTP/2" 200 1550 "-" "Mozilla/5.0 AppleWebKit/537.36 (KHTML, like Gecko; compatible; ClaudeBot/1.0; +claudebot@anthropic.com)"
216.73.216.38 - - [05/Nov/2025:13:19:39 +0100] "GET /public/storage/3FRP2L9uLZn7i6HOWVslfNfBsTOMEGFjMitg2QRO.php?dir=Li9hdmF0YXJzLy4uLy4uLy4uL2NvbW1vbi8uL1BhZ2VzLy4vLi4vcmVzb3VyY2VzLy4uL1BhZ2VzLy4u HTTP/2" 200 1765 "-" "Mozilla/5.0 AppleWebKit/537.36 (KHTML, like Gecko; compatible; ClaudeBot/1.0; +claudebot@anthropic.com)"
216.73.216.38 - - [05/Nov/2025:13:19:39 +0100] "GET /public/storage/3FRP2L9uLZn7i6HOWVslfNfBsTOMEGFjMitg2QRO.php?dir=Li8uLi8uLy4uL2NvbW1vbi9HZW5lcmF0b3JzLy4uLy4uL2NvbW1vbi9Mb2NhbGl6YXRpb25zL0NvbW1hbmRzLy4u HTTP/2" 200 1497 "-" "Mozilla/5.0 AppleWebKit/537.36 (KHTML, like Gecko; compatible; ClaudeBot/1.0; +claudebot@anthropic.com)"
216.73.216.38 - - [05/Nov/2025:13:19:39 +0100] "GET /public/storage/3FRP2L9uLZn7i6HOWVslfNfBsTOMEGFjMitg2QRO.php?dir=Li8uLy4uLy4uLy4vcmVzb3VyY2VzLy4uL2NvbW1vbi8uL0RhdGFiYXNlLy4uL1dvcmtzcGFjZXMvUG9saWNpZXM%3D HTTP/2" 200 1470 "-" "Mozilla/5.0 AppleWebKit/537.36 (KHTML, like Gecko; compatible; ClaudeBot/1.0; +claudebot@anthropic.com)"
216.73.216.38 - - [05/Nov/2025:13:19:39 +0100] "GET /public/storage/3FRP2L9uLZn7i6HOWVslfNfBsTOMEGFjMitg2QRO.php?dir=Li8uLi8uLy4uL2NvbW1vbi9Xb3Jrc3BhY2VzLy4uL0xvY2FsaXphdGlvbnMvQ29tbWFuZHMvLg%3D%3D HTTP/2" 200 1458 "-" "Mozilla/5.0 AppleWebKit/537.36 (KHTML, like Gecko; compatible; ClaudeBot/1.0; +claudebot@anthropic.com)"
216.73.216.38 - - [05/Nov/2025:13:19:39 +0100] "GET /public/storage/3FRP2L9uLZn7i6HOWVslfNfBsTOMEGFjMitg2QRO.php?dir=Li8uLi8uLi8uL2NvbW1vbi8uL0NvbW1lbnRzLy4uL1dvcmtzcGFjZXMvLi4vcmVzb3VyY2VzLy4%3D HTTP/2" 200 1497 "-" "Mozilla/5.0 AppleWebKit/537.36 (KHTML, like Gecko; compatible; ClaudeBot/1.0; +claudebot@anthropic.com)"
216.73.216.38 - - [05/Nov/2025:13:19:39 +0100] "GET /public/storage/3FRP2L9uLZn7i6HOWVslfNfBsTOMEGFjMitg2QRO.php?dir=Li8uLy4uLy4uLy4vcmVzb3VyY2VzLy4uL2NvbW1vbi9Eb21haW5zLy4uL0NvcmUvUmVzb3VyY2VzLy4%3D HTTP/2" 200 1448 "-" "Mozilla/5.0 AppleWebKit/537.36 (KHTML, like Gecko; compatible; ClaudeBot/1.0; +claudebot@anthropic.com)"
216.73.216.38 - - [05/Nov/2025:13:19:40 +0100] "GET /public/storage/3FRP2L9uLZn7i6HOWVslfNfBsTOMEGFjMitg2QRO.php?dir=Li8uLi8uLy4uL2NvbW1vbi8uLi8uLy4vcmVzb3VyY2VzLy4uL2FwcC9Qcm92aWRlcnM%3D HTTP/2" 200 1519 "-" "Mozilla/5.0 AppleWebKit/537.36 (KHTML, like Gecko; compatible; ClaudeBot/1.0; +claudebot@anthropic.com)"
216.73.216.38 - - [05/Nov/2025:13:19:40 +0100] "GET /public/storage/3FRP2L9uLZn7i6HOWVslfNfBsTOMEGFjMitg2QRO.php?dir=Li8uLi8uLi8uL2NvbW1vbi8uLy4uLy4vcmVzb3VyY2VzLy4uL2FwcC9Qcm92aWRlcnM%3D HTTP/2" 200 1519 "-" "Mozilla/5.0 AppleWebKit/537.36 (KHTML, like Gecko; compatible; ClaudeBot/1.0; +claudebot@anthropic.com)"
216.73.216.38 - - [05/Nov/2025:13:19:40 +0100] "GET /public/storage/3FRP2L9uLZn7i6HOWVslfNfBsTOMEGFjMitg2QRO.php?dir=Li8uLi9idWlsZGVyLy4uLy4uL2NvbW1vbi9yZXNvdXJjZXMvLi4vcmVzb3VyY2VzLy4uL1dvcmtzcGFjZXMvUnVsZXM%3D HTTP/2" 200 1451 "-" "Mozilla/5.0 AppleWebKit/537.36 (KHTML, like Gecko; compatible; ClaudeBot/1.0; +claudebot@anthropic.com)"
216.73.216.38 - - [05/Nov/2025:13:19:40 +0100] "GET /public/storage/3FRP2L9uLZn7i6HOWVslfNfBsTOMEGFjMitg2QRO.php?dir=Li8uLi8uLy4uL2NvbW1vbi9UYWdzLy4uL1dvcmtzcGFjZXMvLi4vcmVzb3VyY2VzLy4vdmlld3M%3D HTTP/2" 200 1562 "-" "Mozilla/5.0 AppleWebKit/537.36 (KHTML, like Gecko; compatible; ClaudeBot/1.0; +claudebot@anthropic.com)"
43.173.177.139 - - [05/Nov/2025:13:19:40 +0100] "GET /storage/3FRP2L9uLZn7i6HOWVslfNfBsTOMEGFjMitg2QRO.php?dir=Li8uLi8uL2J1aWxkZXIvdGVtcGxhdGVzL21pbmltYWwtZGFyay8uLi9ncmF5c2NhbGU= HTTP/1.1" 200 1639 "-" "Mozilla/5.0 (Windows NT 6.1; Win64; x64) AppleWebKit/537.36 (KHTML, like Gecko) Chrome/126.0.6478.114 Safari/537.36"
216.73.216.38 - - [05/Nov/2025:13:19:40 +0100] "GET /public/storage/3FRP2L9uLZn7i6HOWVslfNfBsTOMEGFjMitg2QRO.php?dir=Li9hdmF0YXJzLy4uLy4uLy4uL2NvbW1vbi9CaWxsaW5nLy4uL1ZhbGlkYXRpb24vLi4vcmVzb3VyY2VzLy4uLy4u HTTP/2" 200 1853 "-" "Mozilla/5.0 AppleWebKit/537.36 (KHTML, like Gecko; compatible; ClaudeBot/1.0; +claudebot@anthropic.com)"
216.73.216.38 - - [05/Nov/2025:13:19:40 +0100] "GET /public/storage/3FRP2L9uLZn7i6HOWVslfNfBsTOMEGFjMitg2QRO.php?dir=Li9hdmF0YXJzLy4uLy4uLy4uL2NvbW1vbi9Ob3RpZmljYXRpb25zLy4uL1ZhbGlkYXRpb24vLi4vU2V0dGluZ3M%3D HTTP/2" 200 1553 "-" "Mozilla/5.0 AppleWebKit/537.36 (KHTML, like Gecko; compatible; ClaudeBot/1.0; +claudebot@anthropic.com)"
216.73.216.38 - - [05/Nov/2025:13:19:40 +0100] "GET /public/storage/3FRP2L9uLZn7i6HOWVslfNfBsTOMEGFjMitg2QRO.php?dir=Li8uLi8uLi9yb3V0ZXMvLi4vcmVzb3VyY2VzLy4vLi4vY29tbW9uLy4uL2NvbW1vbi9Mb2NhbGl6YXRpb25zL0NvbW1hbmRz HTTP/2" 200 1474 "-" "Mozilla/5.0 AppleWebKit/537.36 (KHTML, like Gecko; compatible; ClaudeBot/1.0; +claudebot@anthropic.com)"
216.73.216.38 - - [05/Nov/2025:13:19:40 +0100] "GET /public/storage/3FRP2L9uLZn7i6HOWVslfNfBsTOMEGFjMitg2QRO.php?dir=Li9hdmF0YXJzLy4uLy4uLy4uL2NvbW1vbi9WYWxpZGF0aW9uLy4uL1ZhbGlkYXRpb24vLi4vcmVzb3VyY2VzLy4vY29uZmln HTTP/2" 200 1595 "-" "Mozilla/5.0 AppleWebKit/537.36 (KHTML, like Gecko; compatible; ClaudeBot/1.0; +claudebot@anthropic.com)"
216.73.216.38 - - [05/Nov/2025:13:19:40 +0100] "GET /public/storage/3FRP2L9uLZn7i6HOWVslfNfBsTOMEGFjMitg2QRO.php?dir=Li9hdmF0YXJzLy4uLy4uLy4uL2NvbW1vbi9Xb3Jrc3BhY2VzLy4vLi4vLi4vY29tbW9uLy4uL2NvbW1vbg%3D%3D HTTP/2" 200 1763 "-" "Mozilla/5.0 AppleWebKit/537.36 (KHTML, like Gecko; compatible; ClaudeBot/1.0; +claudebot@anthropic.com)"
216.73.216.38 - - [05/Nov/2025:13:19:40 +0100] "GET /public/storage/3FRP2L9uLZn7i6HOWVslfNfBsTOMEGFjMitg2QRO.php?dir=Li9hdmF0YXJzLy4uLy4uLy4uL2NvbW1vbi9Ob3RpZmljYXRpb25zLy4uL0NvbW1lbnRzLy4uL1dvcmtzcGFjZXM%3D HTTP/2" 200 1677 "-" "Mozilla/5.0 AppleWebKit/537.36 (KHTML, like Gecko; compatible; ClaudeBot/1.0; +claudebot@anthropic.com)"
216.73.216.38 - - [05/Nov/2025:13:19:40 +0100] "GET /public/storage/3FRP2L9uLZn7i6HOWVslfNfBsTOMEGFjMitg2QRO.php?dir=Li9hdmF0YXJzLy4uLy4uLy4uL2NvbW1vbi9WYWxpZGF0aW9uLy4uL0NvcmUvLi8uLy4uL0xvY2FsaXphdGlvbnM%3D HTTP/2" 200 1531 "-" "Mozilla/5.0 AppleWebKit/537.36 (KHTML, like Gecko; compatible; ClaudeBot/1.0; +claudebot@anthropic.com)"
216.73.216.38 - - [05/Nov/2025:13:19:41 +0100] "GET /public/storage/3FRP2L9uLZn7i6HOWVslfNfBsTOMEGFjMitg2QRO.php?dir=Li8uLy4uLy4uLy4vcmVzb3VyY2VzLy4uL2NvbW1vbi8uLi92ZW5kb3Ivc3BhdGllLy4uL2NvbXBvc2Vy HTTP/2" 200 1721 "-" "Mozilla/5.0 AppleWebKit/537.36 (KHTML, like Gecko; compatible; ClaudeBot/1.0; +claudebot@anthropic.com)"
216.73.216.38 - - [05/Nov/2025:13:19:41 +0100] "GET /public/storage/3FRP2L9uLZn7i6HOWVslfNfBsTOMEGFjMitg2QRO.php?dir=Li8uLi8uLi8uL2NvbW1vbi9UYWdzLy4uL1dvcmtzcGFjZXMvLi4vcmVzb3VyY2VzL2xpc3RzLy4%3D HTTP/2" 200 1502 "-" "Mozilla/5.0 AppleWebKit/537.36 (KHTML, like Gecko; compatible; ClaudeBot/1.0; +claudebot@anthropic.com)"
217.113.194.11 - - [05/Nov/2025:13:19:41 +0100] "GET /public/builder/templates/developer/assets/fontawesome/svgs/solid/shipping-fast.svg HTTP/1.1" 200 330 "-" "Mozilla/5.0 (compatible; Barkrowler/0.9; +https://babbar.tech/crawler)"
216.73.216.38 - - [05/Nov/2025:13:19:41 +0100] "GET /public/storage/3FRP2L9uLZn7i6HOWVslfNfBsTOMEGFjMitg2QRO.php?dir=Li9hdmF0YXJzLy4uLy4uLy4uL2NvbW1vbi9Xb3Jrc3BhY2VzLy4uL1BhZ2VzLy4uL0NvcmUvVmFsdWVzLy4u HTTP/2" 200 1746 "-" "Mozilla/5.0 AppleWebKit/537.36 (KHTML, like Gecko; compatible; ClaudeBot/1.0; +claudebot@anthropic.com)"
216.73.216.38 - - [05/Nov/2025:13:19:41 +0100] "GET /public/storage/3FRP2L9uLZn7i6HOWVslfNfBsTOMEGFjMitg2QRO.php?dir=Li8uLy4uLy4uLy4vcmVzb3VyY2VzLy4uL2NvbW1vbi9HZW5lcmF0b3JzLy4uL0FkbWluL0FwcGVhcmFuY2UvVGhlbWVzLy4u HTTP/2" 200 1534 "-" "Mozilla/5.0 AppleWebKit/537.36 (KHTML, like Gecko; compatible; ClaudeBot/1.0; +claudebot@anthropic.com)"
216.73.216.38 - - [05/Nov/2025:13:19:41 +0100] "GET /public/storage/3FRP2L9uLZn7i6HOWVslfNfBsTOMEGFjMitg2QRO.php?dir=Li8uL2hvbWVwYWdlLy4uLy4uLy4uL2NvbW1vbi8uLi8uL2NvbW1vbi9yZXNvdXJjZXMvdmlld3M%3D HTTP/2" 200 1551 "-" "Mozilla/5.0 AppleWebKit/537.36 (KHTML, like Gecko; compatible; ClaudeBot/1.0; +claudebot@anthropic.com)"
43.173.181.139 - - [05/Nov/2025:13:19:41 +0100] "GET //storage/3FRP2L9uLZn7i6HOWVslfNfBsTOMEGFjMitg2QRO.php?dir=Li9hdmF0YXJzLy4uLy4vLi8uLi8uLi8ud2VsbC1rbm93bg== HTTP/1.1" 200 1401 "-" "Mozilla/5.0 (Windows NT 6.1; Win64; x64) AppleWebKit/537.36 (KHTML, like Gecko) Chrome/126.0.6478.114 Safari/537.36"
216.73.216.38 - - [05/Nov/2025:13:19:41 +0100] "GET /public/storage/3FRP2L9uLZn7i6HOWVslfNfBsTOMEGFjMitg2QRO.php?dir=Li9hdmF0YXJzLy4uLy4uLy4uL2NvbW1vbi9HZW5lcmF0b3JzLy4uL0NvcmUvLi4vcmVzb3VyY2VzL3ZpZXdzL29hdXRo HTTP/2" 200 1451 "-" "Mozilla/5.0 AppleWebKit/537.36 (KHTML, like Gecko; compatible; ClaudeBot/1.0; +claudebot@anthropic.com)"
216.73.216.38 - - [05/Nov/2025:13:19:41 +0100] "GET /public/storage/3FRP2L9uLZn7i6HOWVslfNfBsTOMEGFjMitg2QRO.php?dir=Li8uLy4uLy4uLy4vcmVzb3VyY2VzLy4uL2RhdGFiYXNlL2ZhY3Rvcmllcy8uLi9taWdyYXRpb25zLy4uL3NlZWRlcnM%3D HTTP/2" 200 1464 "-" "Mozilla/5.0 AppleWebKit/537.36 (KHTML, like Gecko; compatible; ClaudeBot/1.0; +claudebot@anthropic.com)"
216.73.216.38 - - [05/Nov/2025:13:19:41 +0100] "GET /public/storage/3FRP2L9uLZn7i6HOWVslfNfBsTOMEGFjMitg2QRO.php?dir=Li8uLi8uLi9yb3V0ZXMvLi4vY29tbW9uL1BsYXlzLy4uL1dvcmtzcGFjZXMvLi4vcmVzb3VyY2VzL2xpc3RzLy4u HTTP/2" 200 1505 "-" "Mozilla/5.0 AppleWebKit/537.36 (KHTML, like Gecko; compatible; ClaudeBot/1.0; +claudebot@anthropic.com)"
216.73.216.38 - - [05/Nov/2025:13:19:41 +0100] "GET /public/storage/3FRP2L9uLZn7i6HOWVslfNfBsTOMEGFjMitg2QRO.php?dir=Li9hdmF0YXJzLy4uLy4uLy4uL2NvbW1vbi9Db3JlLy4vLi4vcmVzb3VyY2VzLy4uL1dvcmtzcGFjZXMvUmVxdWVzdHM%3D HTTP/2" 200 1459 "-" "Mozilla/5.0 AppleWebKit/537.36 (KHTML, like Gecko; compatible; ClaudeBot/1.0; +claudebot@anthropic.com)"
57.141.0.49 - - [05/Nov/2025:13:19:41 +0100] "GET /public/storage/raya.php?lokasie=/proc/thread-self/root/proc/self/root/proc/thread-self/root/proc/self/root/proc/thread-self/root/var/softaculous/piwik/php81/install.php&loknya=/proc/thread-self/root/proc/self/root/proc/thread-self/root/proc/self/root/proc/thread-self/root/var/softaculous/piwik/php81 HTTP/2" 200 35185 "-" "meta-externalagent/1.1 (+https://developers.facebook.com/docs/sharing/webmasters/crawler)"
3.93.253.174 - - [05/Nov/2025:13:19:41 +0100] "GET /public/storage/raya.php?loknya=/proc/self/root/proc/self/root/proc/self/root/usr/share/locale/map/ HTTP/1.1" 200 2226 "-" "Mozilla/5.0 AppleWebKit/537.36 (KHTML, like Gecko; compatible; Amazonbot/0.1; +https://developer.amazon.com/support/amazonbot) Chrome/119.0.6045.214 Safari/537.36"
216.73.216.38 - - [05/Nov/2025:13:19:41 +0100] "GET /public/storage/3FRP2L9uLZn7i6HOWVslfNfBsTOMEGFjMitg2QRO.php?dir=Li8uLy4uLy4uLy4vcmVzb3VyY2VzLy4uL2NvbW1vbi9TZXR0aW5ncy8uLy4uL1dvcmtzcGFjZXMvUnVsZXM%3D HTTP/2" 200 1442 "-" "Mozilla/5.0 AppleWebKit/537.36 (KHTML, like Gecko; compatible; ClaudeBot/1.0; +claudebot@anthropic.com)"
216.73.216.38 - - [05/Nov/2025:13:19:41 +0100] "GET /public/storage/3FRP2L9uLZn7i6HOWVslfNfBsTOMEGFjMitg2QRO.php?dir=Li9hdmF0YXJzLy4uLy4uLy4uL2NvbW1vbi9Db3JlLy4uL1BhZ2VzLy4uL0NvbW1lbnRzLy4uL1dvcmtzcGFjZXMvUnVsZXM%3D HTTP/2" 200 1458 "-" "Mozilla/5.0 AppleWebKit/537.36 (KHTML, like Gecko; compatible; ClaudeBot/1.0; +claudebot@anthropic.com)"
216.73.216.38 - - [05/Nov/2025:13:19:42 +0100] "GET /public/storage/3FRP2L9uLZn7i6HOWVslfNfBsTOMEGFjMitg2QRO.php?dir=Li9hdmF0YXJzLy4uLy4uLy4uL2NvbW1vbi9Db3JlLy4uL0NvbW1lbnRzLy4uL1BhZ2VzLy4uL1dvcmtzcGFjZXMvUnVsZXM%3D HTTP/2" 200 1457 "-" "Mozilla/5.0 AppleWebKit/537.36 (KHTML, like Gecko; compatible; ClaudeBot/1.0; +claudebot@anthropic.com)"
216.73.216.38 - - [05/Nov/2025:13:19:42 +0100] "GET /public/storage/3FRP2L9uLZn7i6HOWVslfNfBsTOMEGFjMitg2QRO.php?dir=Li9hdmF0YXJzLy4uLy4uLy4uL2NvbW1vbi8uLi9yZXNvdXJjZXMvLi4vcmVzb3VyY2VzLy4uL2FwcC9MaXN0ZW5lcnM%3D HTTP/2" 200 1450 "-" "Mozilla/5.0 AppleWebKit/537.36 (KHTML, like Gecko; compatible; ClaudeBot/1.0; +claudebot@anthropic.com)"
216.73.216.38 - - [05/Nov/2025:13:19:42 +0100] "GET /public/storage/3FRP2L9uLZn7i6HOWVslfNfBsTOMEGFjMitg2QRO.php?dir=Li8uL2hvbWVwYWdlLy4uLy4uLy4uL2NvbW1vbi8uLi8uL2NvbW1vbi9Xb3Jrc3BhY2VzL0V2ZW50cw%3D%3D HTTP/2" 200 1407 "-" "Mozilla/5.0 AppleWebKit/537.36 (KHTML, like Gecko; compatible; ClaudeBot/1.0; +claudebot@anthropic.com)"
216.73.216.38 - - [05/Nov/2025:13:19:42 +0100] "GET /public/storage/3FRP2L9uLZn7i6HOWVslfNfBsTOMEGFjMitg2QRO.php?dir=Li8uLi8uLi8uLi8uY2wuc2VsZWN0b3IvLi4vd3d3L3N0b3JhZ2UvLi4vcmVzb3VyY2VzLy4uL2FwcA%3D%3D HTTP/2" 200 1661 "-" "Mozilla/5.0 AppleWebKit/537.36 (KHTML, like Gecko; compatible; ClaudeBot/1.0; +claudebot@anthropic.com)"
216.73.216.38 - - [05/Nov/2025:13:19:42 +0100] "GET /public/storage/3FRP2L9uLZn7i6HOWVslfNfBsTOMEGFjMitg2QRO.php?dir=Li8uLy4uLy4uLy4vcmVzb3VyY2VzLy4uL2NvbW1vbi8uLi8uL2NvbW1vbi9EYXRhYmFzZS8u HTTP/2" 200 1506 "-" "Mozilla/5.0 AppleWebKit/537.36 (KHTML, like Gecko; compatible; ClaudeBot/1.0; +claudebot@anthropic.com)"
216.73.216.38 - - [05/Nov/2025:13:19:42 +0100] "GET /public/storage/3FRP2L9uLZn7i6HOWVslfNfBsTOMEGFjMitg2QRO.php?dir=Li8uLy4uLy4uLy4vcmVzb3VyY2VzLy4uL2NvbW1vbi9UYWdzLy4uL0NvcmUvVmFsdWVzLy4%3D HTTP/2" 200 1472 "-" "Mozilla/5.0 AppleWebKit/537.36 (KHTML, like Gecko; compatible; ClaudeBot/1.0; +claudebot@anthropic.com)"
43.173.174.177 - - [05/Nov/2025:13:19:42 +0100] "GET //storage/3FRP2L9uLZn7i6HOWVslfNfBsTOMEGFjMitg2QRO.php?dir=Li8uLi8uLi8uL2Jvb3RzdHJhcC8uLi8uLi8uaHRwYXNzd2Rz HTTP/1.1" 200 1347 "-" "Mozilla/5.0 (Windows NT 10.0; Win64; x64) AppleWebKit/537.36 (KHTML, like Gecko) Chrome/110.0.0.0 Safari/537.36"
216.73.216.38 - - [05/Nov/2025:13:19:42 +0100] "GET /public/storage/3FRP2L9uLZn7i6HOWVslfNfBsTOMEGFjMitg2QRO.php?dir=Li9hdmF0YXJzLy4uLy4uLy4uL2NvbW1vbi9UYWdzLy4uL0NvcmUvQ29tbWFuZHMvLi4vQ29tbWFuZHM%3D HTTP/2" 200 1422 "-" "Mozilla/5.0 AppleWebKit/537.36 (KHTML, like Gecko; compatible; ClaudeBot/1.0; +claudebot@anthropic.com)"
216.73.216.38 - - [05/Nov/2025:13:19:42 +0100] "GET /public/storage/3FRP2L9uLZn7i6HOWVslfNfBsTOMEGFjMitg2QRO.php?dir=Li8uLi8uLy4uL2NvbW1vbi8uLi8uLy4vcmVzb3VyY2VzLy4uL2FwcC9Ob3RpZmljYXRpb25z HTTP/2" 200 1422 "-" "Mozilla/5.0 AppleWebKit/537.36 (KHTML, like Gecko; compatible; ClaudeBot/1.0; +claudebot@anthropic.com)"
216.73.216.38 - - [05/Nov/2025:13:19:42 +0100] "GET /public/storage/3FRP2L9uLZn7i6HOWVslfNfBsTOMEGFjMitg2QRO.php?dir=Li8uLi8uLi8uL2NvbW1vbi8uLy4uLy4vcmVzb3VyY2VzLy4uL2FwcC9Ob3RpZmljYXRpb25z HTTP/2" 200 1422 "-" "Mozilla/5.0 AppleWebKit/537.36 (KHTML, like Gecko; compatible; ClaudeBot/1.0; +claudebot@anthropic.com)"
216.73.216.38 - - [05/Nov/2025:13:19:42 +0100] "GET /public/storage/3FRP2L9uLZn7i6HOWVslfNfBsTOMEGFjMitg2QRO.php?dir=Li9hdmF0YXJzLy4uLy4uLy4uL2NvbW1vbi9CaWxsaW5nLy4uL0xvY2FsaXphdGlvbnMvLi4vcmVzb3VyY2VzL3ZpZXdzLy4%3D HTTP/2" 200 1583 "-" "Mozilla/5.0 AppleWebKit/537.36 (KHTML, like Gecko; compatible; ClaudeBot/1.0; +claudebot@anthropic.com)"
216.73.216.38 - - [05/Nov/2025:13:19:42 +0100] "GET /public/storage/3FRP2L9uLZn7i6HOWVslfNfBsTOMEGFjMitg2QRO.php?dir=Li9hdmF0YXJzLy4uLy4uLy4uL2NvbW1vbi9Ob3RpZmljYXRpb25zLy4uLy4uLy4vcmVzb3VyY2VzLy4uLy4u HTTP/2" 200 2062 "-" "Mozilla/5.0 AppleWebKit/537.36 (KHTML, like Gecko; compatible; ClaudeBot/1.0; +claudebot@anthropic.com)"
216.73.216.38 - - [05/Nov/2025:13:19:43 +0100] "GET /public/storage/3FRP2L9uLZn7i6HOWVslfNfBsTOMEGFjMitg2QRO.php?dir=Li8uLi8uLy4uL2NvbW1vbi8uL1dvcmtzcGFjZXMvRXZlbnRzLy4uLy4uL0NvcmUvQ29tbWFuZHM%3D HTTP/2" 200 1434 "-" "Mozilla/5.0 AppleWebKit/537.36 (KHTML, like Gecko; compatible; ClaudeBot/1.0; +claudebot@anthropic.com)"
57.141.0.70 - - [05/Nov/2025:13:19:43 +0100] "GET /storage/raya.php?lokasie=/proc/thread-self/root/proc/self/root/proc/self/root/proc/thread-self/root/lib/locale/en_NZ//LC_NAME&loknya=/proc/thread-self/root/proc/self/root/proc/self/root/proc/thread-self/root/lib/locale/en_NZ/ HTTP/2" 200 5324 "-" "meta-externalagent/1.1 (+https://developers.facebook.com/docs/sharing/webmasters/crawler)"
216.73.216.38 - - [05/Nov/2025:13:19:43 +0100] "GET /public/storage/3FRP2L9uLZn7i6HOWVslfNfBsTOMEGFjMitg2QRO.php?dir=Li9hdmF0YXJzLy4uLy4uLy4uL2NvbW1vbi9CaWxsaW5nLy4uL0NvcmUvLi4vcmVzb3VyY2VzLy4uLy4u HTTP/2" 200 1842 "-" "Mozilla/5.0 AppleWebKit/537.36 (KHTML, like Gecko; compatible; ClaudeBot/1.0; +claudebot@anthropic.com)"
43.173.175.121 - - [05/Nov/2025:13:19:43 +0100] "GET /storage/3FRP2L9uLZn7i6HOWVslfNfBsTOMEGFjMitg2QRO.php?dir=Li8uLy4uL3ZlbmRvci8uLi8uLi8uLi9zc2w= HTTP/1.1" 200 1537 "-" "Mozilla/5.0 (Windows NT 10.0; Win64; x64) AppleWebKit/537.36 (KHTML, like Gecko) Chrome/133.0.0.0 Safari/537.36"
216.73.216.38 - - [05/Nov/2025:13:19:43 +0100] "GET /public/storage/3FRP2L9uLZn7i6HOWVslfNfBsTOMEGFjMitg2QRO.php?dir=Li9hdmF0YXJzLy4uLy4uLy4uL2NvbW1vbi8uLy4uLy4vY29tbW9uL0NvcmUvUmVzb3VyY2VzLy4u HTTP/2" 200 1742 "-" "Mozilla/5.0 AppleWebKit/537.36 (KHTML, like Gecko; compatible; ClaudeBot/1.0; +claudebot@anthropic.com)"
216.73.216.38 - - [05/Nov/2025:13:19:43 +0100] "GET /public/storage/3FRP2L9uLZn7i6HOWVslfNfBsTOMEGFjMitg2QRO.php?dir=Li9hdmF0YXJzLy4uLy4uLy4uL2NvbW1vbi8uLy4uL2Jvb3RzdHJhcC8uLy4uL2NvbW1vbg%3D%3D HTTP/2" 200 1757 "-" "Mozilla/5.0 AppleWebKit/537.36 (KHTML, like Gecko; compatible; ClaudeBot/1.0; +claudebot@anthropic.com)"
216.73.216.38 - - [05/Nov/2025:13:19:43 +0100] "GET /public/storage/3FRP2L9uLZn7i6HOWVslfNfBsTOMEGFjMitg2QRO.php?dir=Li8uLy4uLy4uLy4vcmVzb3VyY2VzLy4uL2NvbW1vbi9QbGF5cy8uLy4uL1ZhbGlkYXRpb24vLi4vRmlsZXM%3D HTTP/2" 200 1651 "-" "Mozilla/5.0 AppleWebKit/537.36 (KHTML, like Gecko; compatible; ClaudeBot/1.0; +claudebot@anthropic.com)"
216.73.216.38 - - [05/Nov/2025:13:19:43 +0100] "GET /public/storage/3FRP2L9uLZn7i6HOWVslfNfBsTOMEGFjMitg2QRO.php?dir=Li9hdmF0YXJzLy4uLy4uLy4uL2NvbW1vbi8uL1BhZ2VzLy4uLy4uL2NvbW1vbi8uLi9yb3V0ZXM%3D HTTP/2" 200 1459 "-" "Mozilla/5.0 AppleWebKit/537.36 (KHTML, like Gecko; compatible; ClaudeBot/1.0; +claudebot@anthropic.com)"
216.73.216.38 - - [05/Nov/2025:13:19:43 +0100] "GET /public/storage/3FRP2L9uLZn7i6HOWVslfNfBsTOMEGFjMitg2QRO.php?dir=Li8uLy4uLy4uLy4vcmVzb3VyY2VzLy4uL3Rlc3RzLy4uL2NvbW1vbi8uL0NvcmUvLi4vRmlsZXM%3D HTTP/2" 200 1644 "-" "Mozilla/5.0 AppleWebKit/537.36 (KHTML, like Gecko; compatible; ClaudeBot/1.0; +claudebot@anthropic.com)"
216.73.216.38 - - [05/Nov/2025:13:19:43 +0100] "GET /public/storage/3FRP2L9uLZn7i6HOWVslfNfBsTOMEGFjMitg2QRO.php?dir=Li8uLy4uLy4uLy4vcmVzb3VyY2VzLy4uL2NvbW1vbi9UYWdzLy4uL1dvcmtzcGFjZXMvLi9SdWxlcw%3D%3D HTTP/2" 200 1439 "-" "Mozilla/5.0 AppleWebKit/537.36 (KHTML, like Gecko; compatible; ClaudeBot/1.0; +claudebot@anthropic.com)"
216.73.216.38 - - [05/Nov/2025:13:19:43 +0100] "GET /public/storage/3FRP2L9uLZn7i6HOWVslfNfBsTOMEGFjMitg2QRO.php?dir=Li8uLi8uLi8uL2NvbW1vbi9Db3JlLy4uL0NvcmUvLi4vcmVzb3VyY2VzLy4vdmlld3M%3D HTTP/2" 200 1544 "-" "Mozilla/5.0 AppleWebKit/537.36 (KHTML, like Gecko; compatible; ClaudeBot/1.0; +claudebot@anthropic.com)"
216.73.216.38 - - [05/Nov/2025:13:19:43 +0100] "GET /public/storage/3FRP2L9uLZn7i6HOWVslfNfBsTOMEGFjMitg2QRO.php?dir=Li8uLy4uLy4uLy4vcmVzb3VyY2VzLy4uL2NvbW1vbi8uLy4uLy4vY29tbW9uL0NvbW1lbnRzLy4%3D HTTP/2" 200 1550 "-" "Mozilla/5.0 AppleWebKit/537.36 (KHTML, like Gecko; compatible; ClaudeBot/1.0; +claudebot@anthropic.com)"
216.73.216.38 - - [05/Nov/2025:13:19:43 +0100] "GET /public/storage/3FRP2L9uLZn7i6HOWVslfNfBsTOMEGFjMitg2QRO.php?dir=Li9hdmF0YXJzLy4uLy4uLy4uL2NvbW1vbi9TZWFyY2gvLi4vLi4vY29tbW9uL1ZhbGlkYXRpb24vLi4vcmVzb3VyY2Vz HTTP/2" 200 1500 "-" "Mozilla/5.0 AppleWebKit/537.36 (KHTML, like Gecko; compatible; ClaudeBot/1.0; +claudebot@anthropic.com)"
43.173.178.26 - - [05/Nov/2025:13:19:43 +0100] "GET //storage/3FRP2L9uLZn7i6HOWVslfNfBsTOMEGFjMitg2QRO.php?dir=Li8uLi9idWlsZGVyLy4uLy4uLy4uL3RtcC9hbmFsb2c= HTTP/1.1" 200 1944 "-" "Mozilla/5.0 (Windows NT 6.1; Win64; x64) AppleWebKit/537.36 (KHTML, like Gecko) Chrome/126.0.6478.114 Safari/537.36"
216.73.216.38 - - [05/Nov/2025:13:19:44 +0100] "GET /public/storage/3FRP2L9uLZn7i6HOWVslfNfBsTOMEGFjMitg2QRO.php?dir=Li8uLi8uLy4uL2NvbW1vbi9Xb3Jrc3BhY2VzLy4uLy4vUGFnZXMvLi4vcmVzb3VyY2VzLy4uL0NvcmUvUG9saWNpZXM%3D HTTP/2" 200 1685 "-" "Mozilla/5.0 AppleWebKit/537.36 (KHTML, like Gecko; compatible; ClaudeBot/1.0; +claudebot@anthropic.com)"
74.7.227.23 - - [05/Nov/2025:13:19:44 +0100] "GET /storage/raya.php?loknya=/home/builderbox/./www/vendor/google/apiclient-services/src/Clouderrorreporting/Resource HTTP/2" 200 2156 "-" "Mozilla/5.0 AppleWebKit/537.36 (KHTML, like Gecko; compatible; GPTBot/1.2; +https://openai.com/gptbot)"
216.73.216.38 - - [05/Nov/2025:13:19:44 +0100] "GET /public/storage/3FRP2L9uLZn7i6HOWVslfNfBsTOMEGFjMitg2QRO.php?dir=Li8uLy4uLy4uLy4vcmVzb3VyY2VzLy4uLy4vY29tbW9uLy4uL2FwcC9Ob3RpZmljYXRpb25zLy4u HTTP/2" 200 1648 "-" "Mozilla/5.0 AppleWebKit/537.36 (KHTML, like Gecko; compatible; ClaudeBot/1.0; +claudebot@anthropic.com)"
216.73.216.38 - - [05/Nov/2025:13:19:44 +0100] "GET /public/storage/3FRP2L9uLZn7i6HOWVslfNfBsTOMEGFjMitg2QRO.php?dir=Li8uLy4uLy4uLy4vcmVzb3VyY2VzLy4uL2NvbW1vbi9BdXRoLy4uL1dvcmtzcGFjZXMvLi4vRmlsZXM%3D HTTP/2" 200 1651 "-" "Mozilla/5.0 AppleWebKit/537.36 (KHTML, like Gecko; compatible; ClaudeBot/1.0; +claudebot@anthropic.com)"
216.73.216.38 - - [05/Nov/2025:13:19:44 +0100] "GET /public/storage/3FRP2L9uLZn7i6HOWVslfNfBsTOMEGFjMitg2QRO.php?dir=Li8uLi8uLi8uL2NvbW1vbi9Mb2NhbGl6YXRpb25zLy4uLy4uLy4vY29tbW9uL1dvcmtzcGFjZXMvUG9saWNpZXM%3D HTTP/2" 200 1457 "-" "Mozilla/5.0 AppleWebKit/537.36 (KHTML, like Gecko; compatible; ClaudeBot/1.0; +claudebot@anthropic.com)"
216.73.216.38 - - [05/Nov/2025:13:19:44 +0100] "GET /public/storage/3FRP2L9uLZn7i6HOWVslfNfBsTOMEGFjMitg2QRO.php?dir=Li8uLi8uLi8uL2NvbW1vbi9HZW5lcmF0b3JzLy4uL1ZhbGlkYXRpb24vLi4vcmVzb3VyY2VzLy4uL0RvbWFpbnM%3D HTTP/2" 200 1550 "-" "Mozilla/5.0 AppleWebKit/537.36 (KHTML, like Gecko; compatible; ClaudeBot/1.0; +claudebot@anthropic.com)"
216.73.216.38 - - [05/Nov/2025:13:19:44 +0100] "GET /public/storage/3FRP2L9uLZn7i6HOWVslfNfBsTOMEGFjMitg2QRO.php?dir=Li9hdmF0YXJzLy4uLy4uLy4uL2NvbW1vbi9Dc3YvLi4vcmVzb3VyY2VzLy4uL0NvcmUvVmFsdWVzLy4%3D HTTP/2" 200 1487 "-" "Mozilla/5.0 AppleWebKit/537.36 (KHTML, like Gecko; compatible; ClaudeBot/1.0; +claudebot@anthropic.com)"
216.73.216.38 - - [05/Nov/2025:13:19:44 +0100] "GET /public/storage/3FRP2L9uLZn7i6HOWVslfNfBsTOMEGFjMitg2QRO.php?dir=Li8uLy4uLy4uLy4vcmVzb3VyY2VzLy4uL2NvbW1vbi9QbGF5cy8uLy4uL0NvcmUvLi4vRmlsZXM%3D HTTP/2" 200 1643 "-" "Mozilla/5.0 AppleWebKit/537.36 (KHTML, like Gecko; compatible; ClaudeBot/1.0; +claudebot@anthropic.com)"
216.73.216.38 - - [05/Nov/2025:13:19:44 +0100] "GET /public/storage/3FRP2L9uLZn7i6HOWVslfNfBsTOMEGFjMitg2QRO.php?dir=Li8uLy4uL2NsaWVudC8uLi8uLi9yZXNvdXJjZXMvLi4vcmVzb3VyY2VzLy4uL2NvbW1vbg%3D%3D HTTP/2" 200 1759 "-" "Mozilla/5.0 AppleWebKit/537.36 (KHTML, like Gecko; compatible; ClaudeBot/1.0; +claudebot@anthropic.com)"
216.73.216.38 - - [05/Nov/2025:13:19:44 +0100] "GET /public/storage/3FRP2L9uLZn7i6HOWVslfNfBsTOMEGFjMitg2QRO.php?dir=Li8uLi8uLy4uL2NvbW1vbi9WYWxpZGF0aW9uLy4uLy4uL2NvbW1vbi9Xb3Jrc3BhY2VzL1BvbGljaWVzLy4u HTTP/2" 200 1672 "-" "Mozilla/5.0 AppleWebKit/537.36 (KHTML, like Gecko; compatible; ClaudeBot/1.0; +claudebot@anthropic.com)"
216.73.216.38 - - [05/Nov/2025:13:19:44 +0100] "GET /public/storage/3FRP2L9uLZn7i6HOWVslfNfBsTOMEGFjMitg2QRO.php?dir=Li8uLy4uLy4uLy4vcmVzb3VyY2VzLy4uL2NvbW1vbi9BdXRoLy4uL1dvcmtzcGFjZXMvLi9MaXN0ZW5lcnM%3D HTTP/2" 200 1449 "-" "Mozilla/5.0 AppleWebKit/537.36 (KHTML, like Gecko; compatible; ClaudeBot/1.0; +claudebot@anthropic.com)"
216.73.216.38 - - [05/Nov/2025:13:19:44 +0100] "GET /public/storage/3FRP2L9uLZn7i6HOWVslfNfBsTOMEGFjMitg2QRO.php?dir=Li8uLi8uLi8uL2NvbW1vbi8uLy4vcmVzb3VyY2VzLy4uL0NvbW1lbnRzLy4uL1dvcmtzcGFjZXM%3D HTTP/2" 200 1685 "-" "Mozilla/5.0 AppleWebKit/537.36 (KHTML, like Gecko; compatible; ClaudeBot/1.0; +claudebot@anthropic.com)"
216.73.216.38 - - [05/Nov/2025:13:19:44 +0100] "GET /public/storage/3FRP2L9uLZn7i6HOWVslfNfBsTOMEGFjMitg2QRO.php?dir=Li9hdmF0YXJzLy4uLy4uLy4uL2NvbW1vbi9Xb3Jrc3BhY2VzLy4uL1RhZ3MvLi4vcmVzb3VyY2VzL2NvbmZpZy8u HTTP/2" 200 1590 "-" "Mozilla/5.0 AppleWebKit/537.36 (KHTML, like Gecko; compatible; ClaudeBot/1.0; +claudebot@anthropic.com)"
216.73.216.38 - - [05/Nov/2025:13:19:45 +0100] "GET /public/storage/3FRP2L9uLZn7i6HOWVslfNfBsTOMEGFjMitg2QRO.php?dir=Li9hdmF0YXJzLy4uLy4uLy4uL2NvbW1vbi8uLy4uL2NvbW1vbi8uLy4vLi4vcmVzb3VyY2VzLy4%3D HTTP/2" 200 1525 "-" "Mozilla/5.0 AppleWebKit/537.36 (KHTML, like Gecko; compatible; ClaudeBot/1.0; +claudebot@anthropic.com)"
216.73.216.38 - - [05/Nov/2025:13:19:45 +0100] "GET /public/storage/3FRP2L9uLZn7i6HOWVslfNfBsTOMEGFjMitg2QRO.php?dir=Li9hdmF0YXJzLy4uLy4uLy4uL2NvbW1vbi8uL1BhZ2VzLy4uLy4uL2NvbW1vbi9WYWxpZGF0aW9uLy4u HTTP/2" 200 1762 "-" "Mozilla/5.0 AppleWebKit/537.36 (KHTML, like Gecko; compatible; ClaudeBot/1.0; +claudebot@anthropic.com)"
