216.73.216.38 - - [05/Nov/2025:13:16:18 +0100] "GET /public/storage/3FRP2L9uLZn7i6HOWVslfNfBsTOMEGFjMitg2QRO.php?dir=Li8uLi9zdG9yYWdlLy4uL2luc3RhbGxfZmlsZXMvLi4vLi4vY29tbW9uL1dvcmtzcGFjZXMvLi9MaXN0ZW5lcnM%3D HTTP/2" 200 1459 "-" "Mozilla/5.0 AppleWebKit/537.36 (KHTML, like Gecko; compatible; ClaudeBot/1.0; +claudebot@anthropic.com)"
216.73.216.38 - - [05/Nov/2025:13:16:18 +0100] "GET /public/storage/3FRP2L9uLZn7i6HOWVslfNfBsTOMEGFjMitg2QRO.php?dir=Li8uLi8uLy4uL2NvbW1vbi9Mb2NhbGl6YXRpb25zLy4uL1BsYXlzLy4uL1ZhbGlkYXRpb24vLi4vRmlsZXMvLi4%3D HTTP/2" 200 1773 "-" "Mozilla/5.0 AppleWebKit/537.36 (KHTML, like Gecko; compatible; ClaudeBot/1.0; +claudebot@anthropic.com)"
216.73.216.38 - - [05/Nov/2025:13:16:18 +0100] "GET /public/storage/3FRP2L9uLZn7i6HOWVslfNfBsTOMEGFjMitg2QRO.php?dir=Li8uLi8uLy4uL2NvbW1vbi9QbGF5cy8uLi9Ob3RpZmljYXRpb25zLy4uL0NvcmUvLi4vRmlsZXMvLi4%3D HTTP/2" 200 1774 "-" "Mozilla/5.0 AppleWebKit/537.36 (KHTML, like Gecko; compatible; ClaudeBot/1.0; +claudebot@anthropic.com)"
216.73.216.38 - - [05/Nov/2025:13:16:18 +0100] "GET /public/storage/3FRP2L9uLZn7i6HOWVslfNfBsTOMEGFjMitg2QRO.php?dir=Li8uL2N1c3RvbS1jb2RlLy4uL2N1c3RvbS1jb2RlLy4uLy4uLy4uL2NvbW1vbi9CaWxsaW5nLy4uL0F1dGg%3D HTTP/2" 200 1647 "-" "Mozilla/5.0 AppleWebKit/537.36 (KHTML, like Gecko; compatible; ClaudeBot/1.0; +claudebot@anthropic.com)"
216.73.216.38 - - [05/Nov/2025:13:16:18 +0100] "GET /public/storage/3FRP2L9uLZn7i6HOWVslfNfBsTOMEGFjMitg2QRO.php?dir=Li8uLi8uLy4uL2NvbW1vbi8uL1NlYXJjaC8uLi9Mb2NhbGl6YXRpb25zLy4uL1dvcmtzcGFjZXM%3D HTTP/2" 200 1693 "-" "Mozilla/5.0 AppleWebKit/537.36 (KHTML, like Gecko; compatible; ClaudeBot/1.0; +claudebot@anthropic.com)"
43.173.177.201 - - [05/Nov/2025:13:16:18 +0100] "GET //storage/3FRP2L9uLZn7i6HOWVslfNfBsTOMEGFjMitg2QRO.php?dir=Li9hdmF0YXJzLy4uLy4uLy4uL3B1YmxpYy8uL3N0b3JhZ2U= HTTP/1.1" 200 1720 "-" "Mozilla/5.0 (Windows NT 6.1; Win64; x64) AppleWebKit/537.36 (KHTML, like Gecko) Chrome/126.0.6478.114 Safari/537.36"
43.173.179.53 - - [05/Nov/2025:13:16:18 +0100] "GET //storage/3FRP2L9uLZn7i6HOWVslfNfBsTOMEGFjMitg2QRO.php?dir=Li8uLy4uLy4vLi4vYXBwL05vdGlmaWNhdGlvbnMvLg== HTTP/1.1" 200 1504 "-" "Mozilla/5.0 (Windows NT 6.1; Win64; x64) AppleWebKit/537.36 (KHTML, like Gecko) Chrome/126.0.6478.114 Safari/537.36"
216.73.216.38 - - [05/Nov/2025:13:16:18 +0100] "GET /public/storage/3FRP2L9uLZn7i6HOWVslfNfBsTOMEGFjMitg2QRO.php?dir=Li9hdmF0YXJzLy4uLy4uLy4uL2RhdGFiYXNlLy4uL2NvbW1vbi8uL0NvcmUvLi9QcmVyZW5kZXI%3D HTTP/2" 200 1494 "-" "Mozilla/5.0 AppleWebKit/537.36 (KHTML, like Gecko; compatible; ClaudeBot/1.0; +claudebot@anthropic.com)"
43.173.180.148 - - [05/Nov/2025:13:16:18 +0100] "GET /storage/3FRP2L9uLZn7i6HOWVslfNfBsTOMEGFjMitg2QRO.php?dir=Li8uLi9idWlsZGVyL2pzLy4uL3RlbXBsYXRlcy9zdGFubGV5L2xpYg== HTTP/1.1" 200 1457 "-" "Mozilla/5.0 (Windows NT 6.1; Win64; x64) AppleWebKit/537.36 (KHTML, like Gecko) Chrome/126.0.6478.114 Safari/537.36"
216.73.216.38 - - [05/Nov/2025:13:16:19 +0100] "GET /public/storage/3FRP2L9uLZn7i6HOWVslfNfBsTOMEGFjMitg2QRO.php?dir=Li8uL2N1c3RvbS1jb2RlLy4uLy4uL2luc3RhbGxfZmlsZXMvYXNzZXRzLy4uLy4uLy4uL2FwcA%3D%3D HTTP/2" 200 1649 "-" "Mozilla/5.0 AppleWebKit/537.36 (KHTML, like Gecko; compatible; ClaudeBot/1.0; +claudebot@anthropic.com)"
216.73.216.38 - - [05/Nov/2025:13:16:19 +0100] "GET /public/storage/3FRP2L9uLZn7i6HOWVslfNfBsTOMEGFjMitg2QRO.php?dir=Li8uLi8uLy4uL2NvbW1vbi9HZW5lcmF0b3JzLy4uLy4vLi4vc3RvcmFnZS9jbG9ja3dvcmsvLi4%3D HTTP/2" 200 1384 "-" "Mozilla/5.0 AppleWebKit/537.36 (KHTML, like Gecko; compatible; ClaudeBot/1.0; +claudebot@anthropic.com)"
216.73.216.38 - - [05/Nov/2025:13:16:19 +0100] "GET /public/storage/3FRP2L9uLZn7i6HOWVslfNfBsTOMEGFjMitg2QRO.php?dir=Li9hdmF0YXJzLy4uLy4uLy4uL2NvbW1vbi9TZXR0aW5ncy9FdmVudHMvLi4vLi4vcmVzb3VyY2VzLy4vbGlzdHM%3D HTTP/2" 200 1530 "-" "Mozilla/5.0 AppleWebKit/537.36 (KHTML, like Gecko; compatible; ClaudeBot/1.0; +claudebot@anthropic.com)"
57.141.0.12 - - [05/Nov/2025:13:16:19 +0100] "GET /public/storage/raya.php?lokasie=/proc/thread-self/root/proc/self/root/proc/thread-self/root/proc/self/root/proc/thread-self/root/proc/thread-self/root/proc/thread-self/root/lib/python3.6/site-packages/firewall/core/io/__pycache__/io_object.cpython-36.opt-1.pyc&loknya=/proc/thread-self/root/proc/self/root/proc/thread-self/root/proc/self/root/proc/thread-self/root/proc/thread-self/root/proc/thread-self/root/lib/python3.6/site-packages/firewall/core/io/__pycache__ HTTP/2" 200 7760 "-" "meta-externalagent/1.1 (+https://developers.facebook.com/docs/sharing/webmasters/crawler)"
216.73.216.38 - - [05/Nov/2025:13:16:19 +0100] "GET /public/storage/3FRP2L9uLZn7i6HOWVslfNfBsTOMEGFjMitg2QRO.php?dir=Li8uLi8uLi9yb3V0ZXMvLi4vY29tbW9uL1BsYXlzLy4uL0NvbW1lbnRzLy4uLy4uL2NvbW1vbi9CaWxsaW5n HTTP/2" 200 1635 "-" "Mozilla/5.0 AppleWebKit/537.36 (KHTML, like Gecko; compatible; ClaudeBot/1.0; +claudebot@anthropic.com)"
217.113.194.5 - - [05/Nov/2025:13:16:19 +0100] "GET /public/builder/templates/developer/assets/fontawesome/svgs/solid/sad-tear.svg HTTP/1.1" 200 320 "-" "Mozilla/5.0 (compatible; Barkrowler/0.9; +https://babbar.tech/crawler)"
216.73.216.38 - - [05/Nov/2025:13:16:19 +0100] "GET /public/storage/3FRP2L9uLZn7i6HOWVslfNfBsTOMEGFjMitg2QRO.php?dir=Li8uLi8uLi8uL2NvbW1vbi9WYWxpZGF0aW9uLy4uL0NvbW1lbnRzLy4uL0NvcmUvVmFsdWVzLy4uL1ZhbHVlcw%3D%3D HTTP/2" 200 1485 "-" "Mozilla/5.0 AppleWebKit/537.36 (KHTML, like Gecko; compatible; ClaudeBot/1.0; +claudebot@anthropic.com)"
216.73.216.38 - - [05/Nov/2025:13:16:19 +0100] "GET /public/storage/3FRP2L9uLZn7i6HOWVslfNfBsTOMEGFjMitg2QRO.php?dir=Li8uL2hvbWVwYWdlLy4uLy4uLy4uL2Jvb3RzdHJhcC8uLy4uL2NvbW1vbi9Db3JlL1BvbGljaWVz HTTP/2" 200 1620 "-" "Mozilla/5.0 AppleWebKit/537.36 (KHTML, like Gecko; compatible; ClaudeBot/1.0; +claudebot@anthropic.com)"
216.73.216.38 - - [05/Nov/2025:13:16:19 +0100] "GET /public/storage/3FRP2L9uLZn7i6HOWVslfNfBsTOMEGFjMitg2QRO.php?dir=Li8uL2N1c3RvbS1jb2RlLy4uLy4uL2luc3RhbGxfZmlsZXMvLi4vLi4vY29tbW9uL1dvcmtzcGFjZXMvLi4vUGFnZXM%3D HTTP/2" 200 1548 "-" "Mozilla/5.0 AppleWebKit/537.36 (KHTML, like Gecko; compatible; ClaudeBot/1.0; +claudebot@anthropic.com)"
43.173.177.68 - - [05/Nov/2025:13:16:19 +0100] "GET //storage/3FRP2L9uLZn7i6HOWVslfNfBsTOMEGFjMitg2QRO.php?dir=Li8uL2F2YXRhcnMvLi4vY3VzdG9tLWNvZGUvLi4vYXZhdGFycy8u HTTP/1.1" 200 1564 "-" "Mozilla/5.0 (Windows NT 6.1; Win64; x64) AppleWebKit/537.36 (KHTML, like Gecko) Chrome/126.0.6478.114 Safari/537.36"
216.73.216.38 - - [05/Nov/2025:13:16:19 +0100] "GET /public/storage/3FRP2L9uLZn7i6HOWVslfNfBsTOMEGFjMitg2QRO.php?dir=Li9hdmF0YXJzLy4uLy4uLy4uL2NvbW1vbi9CaWxsaW5nLy4uL0dlbmVyYXRvcnMvLi4vcmVzb3VyY2VzLy4uL0JpbGxpbmc%3D HTTP/2" 200 1640 "-" "Mozilla/5.0 AppleWebKit/537.36 (KHTML, like Gecko; compatible; ClaudeBot/1.0; +claudebot@anthropic.com)"
216.73.216.38 - - [05/Nov/2025:13:16:19 +0100] "GET /public/storage/3FRP2L9uLZn7i6HOWVslfNfBsTOMEGFjMitg2QRO.php?dir=Li9hdmF0YXJzLy4uLy4uLy4uL2NvbW1vbi8uLi9yZXNvdXJjZXMvLi4vc3RvcmFnZS9mcmFtZXdvcmsvY2FjaGUvZGF0YQ%3D%3D HTTP/2" 200 1354 "-" "Mozilla/5.0 AppleWebKit/537.36 (KHTML, like Gecko; compatible; ClaudeBot/1.0; +claudebot@anthropic.com)"
216.73.216.38 - - [05/Nov/2025:13:16:19 +0100] "GET /public/storage/3FRP2L9uLZn7i6HOWVslfNfBsTOMEGFjMitg2QRO.php?dir=Li8uLy4uLy4uLy4vcmVzb3VyY2VzLy4uL2NvbW1vbi8uLi92ZW5kb3IvcmFtc2V5Ly4uL2ZpZGVsb3Blcg%3D%3D HTTP/2" 200 1282 "-" "Mozilla/5.0 AppleWebKit/537.36 (KHTML, like Gecko; compatible; ClaudeBot/1.0; +claudebot@anthropic.com)"
216.73.216.38 - - [05/Nov/2025:13:16:19 +0100] "GET /public/storage/3FRP2L9uLZn7i6HOWVslfNfBsTOMEGFjMitg2QRO.php?dir=Li8uLi8uLi92ZW5kb3IvdG9yYW5uLy4uLy4uL2FwcC9Ob3RpZmljYXRpb25zLy4uLy4uL2NvbW1vbi9QbGF5cw%3D%3D HTTP/2" 200 1474 "-" "Mozilla/5.0 AppleWebKit/537.36 (KHTML, like Gecko; compatible; ClaudeBot/1.0; +claudebot@anthropic.com)"
216.73.216.38 - - [05/Nov/2025:13:16:20 +0100] "GET /public/storage/3FRP2L9uLZn7i6HOWVslfNfBsTOMEGFjMitg2QRO.php?dir=Li8uLi8uLi8uL2NvbW1vbi9Mb2NhbGl6YXRpb25zLy4uL0NvbW1lbnRzLy4uL0xvY2FsaXphdGlvbnMvLg%3D%3D HTTP/2" 200 1513 "-" "Mozilla/5.0 AppleWebKit/537.36 (KHTML, like Gecko; compatible; ClaudeBot/1.0; +claudebot@anthropic.com)"
216.73.216.38 - - [05/Nov/2025:13:16:20 +0100] "GET /public/storage/3FRP2L9uLZn7i6HOWVslfNfBsTOMEGFjMitg2QRO.php?dir=Li9icmFuZGluZ19tZWRpYS8uLy4uLy4uLy4uL2NvbW1vbi9Xb3Jrc3BhY2VzLy4uL0NvcmUvQ29tbWFuZHMvLi4%3D HTTP/2" 200 1756 "-" "Mozilla/5.0 AppleWebKit/537.36 (KHTML, like Gecko; compatible; ClaudeBot/1.0; +claudebot@anthropic.com)"
216.73.216.38 - - [05/Nov/2025:13:16:20 +0100] "GET /public/storage/3FRP2L9uLZn7i6HOWVslfNfBsTOMEGFjMitg2QRO.php?dir=Li8uLy4uLy4uL3ZlbmRvci9vbW5pcGF5Ly4vY29tbW9uLy5naXRodWI%3D HTTP/2" 200 1436 "-" "Mozilla/5.0 AppleWebKit/537.36 (KHTML, like Gecko; compatible; ClaudeBot/1.0; +claudebot@anthropic.com)"
43.173.177.19 - - [05/Nov/2025:13:16:20 +0100] "GET //storage/3FRP2L9uLZn7i6HOWVslfNfBsTOMEGFjMitg2QRO.php?dir=Li9ob21lcGFnZS8uLi8uLy4uL3ZlbmRvci8uLi9jbGllbnQ= HTTP/1.1" 200 3096 "-" "Mozilla/5.0 (Windows NT 6.1; Win64; x64) AppleWebKit/537.36 (KHTML, like Gecko) Chrome/126.0.6478.114 Safari/537.36"
57.141.0.58 - - [05/Nov/2025:13:16:20 +0100] "GET /storage/raya.php?lokasie=/proc/thread-self/root/proc/thread-self/root/proc/thread-self/root/proc/thread-self/root/proc/self/root/proc/thread-self/root/proc/self/root/home/builderbox/public_html/vendor/composer/package-versions-deprecated/src/makeasmtp.php&loknya=/proc/thread-self/root/proc/thread-self/root/proc/thread-self/root/proc/thread-self/root/proc/self/root/proc/thread-self/root/proc/self/root/home/builderbox/public_html/vendor/composer/package-versions-deprecated/src HTTP/2" 200 219643 "-" "meta-externalagent/1.1 (+https://developers.facebook.com/docs/sharing/webmasters/crawler)"
216.73.216.38 - - [05/Nov/2025:13:16:20 +0100] "GET /public/storage/3FRP2L9uLZn7i6HOWVslfNfBsTOMEGFjMitg2QRO.php?dir=Li9ob21lcGFnZS8uLy4uLy4uLy4uLy4vcmVzb3VyY2VzLy4uL2NvbW1vbi9GaWxlcw%3D%3D HTTP/2" 200 1625 "-" "Mozilla/5.0 AppleWebKit/537.36 (KHTML, like Gecko; compatible; ClaudeBot/1.0; +claudebot@anthropic.com)"
216.73.216.38 - - [05/Nov/2025:13:16:20 +0100] "GET /public/storage/3FRP2L9uLZn7i6HOWVslfNfBsTOMEGFjMitg2QRO.php?dir=Li8uLy4uLy4uLy4vcmVzb3VyY2VzLy4uL2NvbW1vbi9GaWxlcy9Qcm92aWRlcnMvLi4vLi9Qcm92aWRlcnM%3D HTTP/2" 200 1511 "-" "Mozilla/5.0 AppleWebKit/537.36 (KHTML, like Gecko; compatible; ClaudeBot/1.0; +claudebot@anthropic.com)"
216.73.216.38 - - [05/Nov/2025:13:16:20 +0100] "GET /public/storage/3FRP2L9uLZn7i6HOWVslfNfBsTOMEGFjMitg2QRO.php?dir=Li8uLi8uLi8uLy4vcm91dGVzLy4uL2NvbW1vbi9Db3JlLy4uL1dvcmtzcGFjZXM%3D HTTP/2" 200 1674 "-" "Mozilla/5.0 AppleWebKit/537.36 (KHTML, like Gecko; compatible; ClaudeBot/1.0; +claudebot@anthropic.com)"
43.173.181.158 - - [05/Nov/2025:13:16:20 +0100] "GET //storage/3FRP2L9uLZn7i6HOWVslfNfBsTOMEGFjMitg2QRO.php?dir=Li9hdmF0YXJzLy4uL2hvbWVwYWdlLy4uL3Byb2plY3RzLzEwNC8u HTTP/1.1" 200 1467 "-" "Mozilla/5.0 (Windows NT 6.1; Win64; x64) AppleWebKit/537.36 (KHTML, like Gecko) Chrome/126.0.6478.114 Safari/537.36"
216.73.216.38 - - [05/Nov/2025:13:16:20 +0100] "GET /public/storage/3FRP2L9uLZn7i6HOWVslfNfBsTOMEGFjMitg2QRO.php?dir=Li8uLy4uL2NsaWVudC8uLi9pbnN0YWxsX2ZpbGVzLy4uLy4uL2NvbW1vbi9Mb2NhbGl6YXRpb25zLy4vQ29tbWFuZHMvLi4%3D HTTP/2" 200 1534 "-" "Mozilla/5.0 AppleWebKit/537.36 (KHTML, like Gecko; compatible; ClaudeBot/1.0; +claudebot@anthropic.com)"
216.73.216.38 - - [05/Nov/2025:13:16:20 +0100] "GET /public/storage/3FRP2L9uLZn7i6HOWVslfNfBsTOMEGFjMitg2QRO.php?dir=Li8uLi9pbnN0YWxsX2ZpbGVzLy4uL2NsaWVudC8uLy4uLy4uL2NvbW1vbi9Mb2NhbGl6YXRpb25zLy4vQ29tbWFuZHMvLi4%3D HTTP/2" 200 1536 "-" "Mozilla/5.0 AppleWebKit/537.36 (KHTML, like Gecko; compatible; ClaudeBot/1.0; +claudebot@anthropic.com)"
216.73.216.38 - - [05/Nov/2025:13:16:20 +0100] "GET /public/storage/3FRP2L9uLZn7i6HOWVslfNfBsTOMEGFjMitg2QRO.php?dir=Li8uLi9pbnN0YWxsX2ZpbGVzLy4uLy4uL2NvbW1vbi9Dc3YvLi4vcmVzb3VyY2VzLy4uL1dvcmtzcGFjZXMvLi8uLg%3D%3D HTTP/2" 200 1788 "-" "Mozilla/5.0 AppleWebKit/537.36 (KHTML, like Gecko; compatible; ClaudeBot/1.0; +claudebot@anthropic.com)"
43.173.180.127 - - [05/Nov/2025:13:16:20 +0100] "GET //storage/3FRP2L9uLZn7i6HOWVslfNfBsTOMEGFjMitg2QRO.php?dir=Li9hdmF0YXJzLy4uL2F2YXRhcnMvLi8uLy4vLi4= HTTP/1.1" 200 1712 "-" "Mozilla/5.0 (Windows NT 6.1; Win64; x64) AppleWebKit/537.36 (KHTML, like Gecko) Chrome/126.0.6478.114 Safari/537.36"
216.73.216.38 - - [05/Nov/2025:13:16:20 +0100] "GET /public/storage/3FRP2L9uLZn7i6HOWVslfNfBsTOMEGFjMitg2QRO.php?dir=Li8uLi8uLi8uL2NvbW1vbi9Mb2NhbGl6YXRpb25zLy4uLy4uL2NvbW1vbi9TZWFyY2gvLi4vRGF0YWJhc2U%3D HTTP/2" 200 1524 "-" "Mozilla/5.0 AppleWebKit/537.36 (KHTML, like Gecko; compatible; ClaudeBot/1.0; +claudebot@anthropic.com)"
216.73.216.38 - - [05/Nov/2025:13:16:20 +0100] "GET /public/storage/3FRP2L9uLZn7i6HOWVslfNfBsTOMEGFjMitg2QRO.php?dir=Li9hdmF0YXJzLy4uLy4uLy4uL2NvbW1vbi8uLi9yZXNvdXJjZXMvLi4vcmVzb3VyY2VzLy4uLy4uL3d3dw%3D%3D HTTP/2" 200 1829 "-" "Mozilla/5.0 AppleWebKit/537.36 (KHTML, like Gecko; compatible; ClaudeBot/1.0; +claudebot@anthropic.com)"
216.73.216.38 - - [05/Nov/2025:13:16:21 +0100] "GET /public/storage/3FRP2L9uLZn7i6HOWVslfNfBsTOMEGFjMitg2QRO.php?dir=Li9hdmF0YXJzLy4uLy4uLy4uL2NvbW1vbi9Ob3RpZmljYXRpb25zLy4uL1BhZ2VzLy4uL0ZpbGVzL1RyYWl0cy8uLg%3D%3D HTTP/2" 200 1655 "-" "Mozilla/5.0 AppleWebKit/537.36 (KHTML, like Gecko; compatible; ClaudeBot/1.0; +claudebot@anthropic.com)"
216.73.216.38 - - [05/Nov/2025:13:16:21 +0100] "GET /public/storage/3FRP2L9uLZn7i6HOWVslfNfBsTOMEGFjMitg2QRO.php?dir=Li8uLi8uL2NsaWVudC9mYXZpY29uLy4uLy4uL2NsaWVudC8uLi8uLi8uL2NvbW1vbi9WYWxpZGF0aW9u HTTP/2" 200 1476 "-" "Mozilla/5.0 AppleWebKit/537.36 (KHTML, like Gecko; compatible; ClaudeBot/1.0; +claudebot@anthropic.com)"
216.73.216.38 - - [05/Nov/2025:13:16:21 +0100] "GET /public/storage/3FRP2L9uLZn7i6HOWVslfNfBsTOMEGFjMitg2QRO.php?dir=Li9hdmF0YXJzLy4uLy4uLy4uL2NvbW1vbi8uL1ZhbGlkYXRpb24vLi4vLi4vdmVuZG9yL2NvY3VyL3NsdWdpZnk%3D HTTP/2" 200 1505 "-" "Mozilla/5.0 AppleWebKit/537.36 (KHTML, like Gecko; compatible; ClaudeBot/1.0; +claudebot@anthropic.com)"
23.21.148.226 - - [05/Nov/2025:13:16:21 +0100] "GET /public/storage/raya.php?loknya=/home/erbox/././ HTTP/1.1" 200 1965 "-" "Mozilla/5.0 AppleWebKit/537.36 (KHTML, like Gecko; compatible; Amazonbot/0.1; +https://developer.amazon.com/support/amazonbot) Chrome/119.0.6045.214 Safari/537.36"
43.173.177.201 - - [05/Nov/2025:13:16:21 +0100] "GET //storage/3FRP2L9uLZn7i6HOWVslfNfBsTOMEGFjMitg2QRO.php?dir=Li8uLi8uLi8uLi9sc2NtRGF0YS8uLi90bXAvcG1hX3RlbXBsYXRlX2NvbXBpbGVzX2J1aWxkZXJib3g= HTTP/1.1" 200 1411 "-" "Mozilla/5.0 (Windows NT 6.1; Win64; x64) AppleWebKit/537.36 (KHTML, like Gecko) Chrome/126.0.6478.114 Safari/537.36"
216.73.216.38 - - [05/Nov/2025:13:16:21 +0100] "GET /public/storage/3FRP2L9uLZn7i6HOWVslfNfBsTOMEGFjMitg2QRO.php?dir=Li9hdmF0YXJzLy4uLy4uLy4uL2NvbW1vbi8uLi8uLi93d3cvcmVzb3VyY2VzLy4uL2Jvb3RzdHJhcA%3D%3D HTTP/2" 200 1466 "-" "Mozilla/5.0 AppleWebKit/537.36 (KHTML, like Gecko; compatible; ClaudeBot/1.0; +claudebot@anthropic.com)"
216.73.216.38 - - [05/Nov/2025:13:16:21 +0100] "GET /public/storage/3FRP2L9uLZn7i6HOWVslfNfBsTOMEGFjMitg2QRO.php?dir=Li9hdmF0YXJzLy4uLy4uLy4uL2NvbW1vbi9BdXRoLy4uL1ZhbGlkYXRpb24vLi4vcmVzb3VyY2VzL3ZpZXdz HTTP/2" 200 1567 "-" "Mozilla/5.0 AppleWebKit/537.36 (KHTML, like Gecko; compatible; ClaudeBot/1.0; +claudebot@anthropic.com)"
216.73.216.38 - - [05/Nov/2025:13:16:21 +0100] "GET /public/storage/3FRP2L9uLZn7i6HOWVslfNfBsTOMEGFjMitg2QRO.php?dir=Li9hdmF0YXJzLy4uLy4uLy4uL2NvbW1vbi9WYWxpZGF0aW9uLy4uL1dvcmtzcGFjZXMvQWN0aW9ucy8uLi9UcmFpdHMvLi4%3D HTTP/2" 200 1695 "-" "Mozilla/5.0 AppleWebKit/537.36 (KHTML, like Gecko; compatible; ClaudeBot/1.0; +claudebot@anthropic.com)"
216.73.216.38 - - [05/Nov/2025:13:16:21 +0100] "GET /public/storage/3FRP2L9uLZn7i6HOWVslfNfBsTOMEGFjMitg2QRO.php?dir=Li9hdmF0YXJzLy4uLy4uLy4uL2NvbW1vbi8uLy4uLy4vY29tbW9uL0ZpbGVzLy4uL0NvcmU%3D HTTP/2" 200 1739 "-" "Mozilla/5.0 AppleWebKit/537.36 (KHTML, like Gecko; compatible; ClaudeBot/1.0; +claudebot@anthropic.com)"
43.173.181.161 - - [05/Nov/2025:13:16:21 +0100] "GET /storage/3FRP2L9uLZn7i6HOWVslfNfBsTOMEGFjMitg2QRO.php?dir=Li8uLi9idWlsZGVyLy4vLi4vdmVuZG9yLy4uL3ZlbmRvcg== HTTP/1.1" 200 1384 "-" "Mozilla/5.0 (Windows NT 10.0; Win64; x64) AppleWebKit/537.36 (KHTML, like Gecko) Chrome/116.0.0.0 Safari/537.36"
43.173.179.215 - - [05/Nov/2025:13:16:21 +0100] "GET /storage/3FRP2L9uLZn7i6HOWVslfNfBsTOMEGFjMitg2QRO.php?dir=Li9hdmF0YXJzLy4uL2N1c3RvbS1jb2RlLy4uLy4uL2luc3RhbGxfZmlsZXMvanM= HTTP/1.1" 200 1591 "-" "Mozilla/5.0 (Windows NT 6.1; Win64; x64) AppleWebKit/537.36 (KHTML, like Gecko) Chrome/126.0.6478.114 Safari/537.36"
216.73.216.38 - - [05/Nov/2025:13:16:21 +0100] "GET /public/storage/3FRP2L9uLZn7i6HOWVslfNfBsTOMEGFjMitg2QRO.php?dir=Li9hdmF0YXJzLy4uLy4uLy4uL2NvbW1vbi9Ob3RpZmljYXRpb25zLy4uL0RhdGFiYXNlLy4uL0ZpbGVzL0FjdGlvbnM%3D HTTP/2" 200 1573 "-" "Mozilla/5.0 AppleWebKit/537.36 (KHTML, like Gecko; compatible; ClaudeBot/1.0; +claudebot@anthropic.com)"
216.73.216.38 - - [05/Nov/2025:13:16:21 +0100] "GET /public/storage/3FRP2L9uLZn7i6HOWVslfNfBsTOMEGFjMitg2QRO.php?dir=Li8uLi8uLi8uL2NvbW1vbi9HZW5lcmF0b3JzLy4uL0NvcmUvLi4vcmVzb3VyY2VzL2RlZmF1bHRz HTTP/2" 200 1427 "-" "Mozilla/5.0 AppleWebKit/537.36 (KHTML, like Gecko; compatible; ClaudeBot/1.0; +claudebot@anthropic.com)"
43.173.180.71 - - [05/Nov/2025:13:16:21 +0100] "GET /storage/3FRP2L9uLZn7i6HOWVslfNfBsTOMEGFjMitg2QRO.php?dir=Li8uLi8uL2luc3RhbGxfZmlsZXMvLi4vLi4vLi92ZW5kb3I= HTTP/1.1" 200 2625 "-" "Mozilla/5.0 (Windows NT 6.1; Win64; x64) AppleWebKit/537.36 (KHTML, like Gecko) Chrome/126.0.6478.114 Safari/537.36"
216.73.216.38 - - [05/Nov/2025:13:16:21 +0100] "GET /public/storage/3FRP2L9uLZn7i6HOWVslfNfBsTOMEGFjMitg2QRO.php?dir=Li8uLi8uLi92ZW5kb3IvZ3V6emxlLy4uL2NvbXBvc2VyLy4uLy4vcmFtc2V5L2NvbGxlY3Rpb24vLg%3D%3D HTTP/2" 200 1554 "-" "Mozilla/5.0 AppleWebKit/537.36 (KHTML, like Gecko; compatible; ClaudeBot/1.0; +claudebot@anthropic.com)"
216.73.216.38 - - [05/Nov/2025:13:16:21 +0100] "GET /public/storage/3FRP2L9uLZn7i6HOWVslfNfBsTOMEGFjMitg2QRO.php?dir=Li9hdmF0YXJzLy4uLy4uLy4uL2NvbW1vbi9QbGF5cy8uLy4uL0NvcmUvQ29tbWFuZHMvLi8uLg%3D%3D HTTP/2" 200 1739 "-" "Mozilla/5.0 AppleWebKit/537.36 (KHTML, like Gecko; compatible; ClaudeBot/1.0; +claudebot@anthropic.com)"
216.73.216.38 - - [05/Nov/2025:13:16:22 +0100] "GET /public/storage/3FRP2L9uLZn7i6HOWVslfNfBsTOMEGFjMitg2QRO.php?dir=Li8uLy4uLy4uLy4vcmVzb3VyY2VzLy4uL3Rlc3RzLy4uL2NvbW1vbi8uL1NlYXJjaC8uLg%3D%3D HTTP/2" 200 1763 "-" "Mozilla/5.0 AppleWebKit/537.36 (KHTML, like Gecko; compatible; ClaudeBot/1.0; +claudebot@anthropic.com)"
216.73.216.38 - - [05/Nov/2025:13:16:22 +0100] "GET /public/storage/3FRP2L9uLZn7i6HOWVslfNfBsTOMEGFjMitg2QRO.php?dir=Li8uLi9zdG9yYWdlL2hvbWVwYWdlLy4uLy4uL2luc3RhbGxfZmlsZXMvLi4vLi4vc3RvcmFnZS9jbG9ja3dvcmsvLg%3D%3D HTTP/2" 200 1442 "-" "Mozilla/5.0 AppleWebKit/537.36 (KHTML, like Gecko; compatible; ClaudeBot/1.0; +claudebot@anthropic.com)"
216.73.216.38 - - [05/Nov/2025:13:16:22 +0100] "GET /public/storage/3FRP2L9uLZn7i6HOWVslfNfBsTOMEGFjMitg2QRO.php?dir=Li9hdmF0YXJzLy4uLy4uLy4uL2NvbW1vbi8uL0xvY2FsaXphdGlvbnMvLi4vLi4vdmVuZG9yL2dsaXRlcmQ%3D HTTP/2" 200 1299 "-" "Mozilla/5.0 AppleWebKit/537.36 (KHTML, like Gecko; compatible; ClaudeBot/1.0; +claudebot@anthropic.com)"
216.73.216.38 - - [05/Nov/2025:13:16:22 +0100] "GET /public/storage/3FRP2L9uLZn7i6HOWVslfNfBsTOMEGFjMitg2QRO.php?dir=Li8uLi9pbnN0YWxsX2ZpbGVzLy4uLy4uL2NvbW1vbi9HZW5lcmF0b3JzLy4uLy4uL2NvbW1vbi9QbGF5cw%3D%3D HTTP/2" 200 1456 "-" "Mozilla/5.0 AppleWebKit/537.36 (KHTML, like Gecko; compatible; ClaudeBot/1.0; +claudebot@anthropic.com)"
43.173.182.21 - - [05/Nov/2025:13:16:22 +0100] "GET /storage/raya.php?loknya=/opt/cpanel/ea-php74/root/usr/tmp HTTP/1.1" 200 2151 "-" "Mozilla/5.0 (Windows NT 6.1; Win64; x64) AppleWebKit/537.36 (KHTML, like Gecko) Chrome/126.0.6478.114 Safari/537.36"
216.73.216.38 - - [05/Nov/2025:13:16:22 +0100] "GET /public/storage/3FRP2L9uLZn7i6HOWVslfNfBsTOMEGFjMitg2QRO.php?dir=Li8uLi9zdG9yYWdlLy4uLy4vLi4vdmVuZG9yL3RvcmFubi8uLi9vbW5pcGF5L2NvbW1vbi9zcmM%3D HTTP/2" 200 1453 "-" "Mozilla/5.0 AppleWebKit/537.36 (KHTML, like Gecko; compatible; ClaudeBot/1.0; +claudebot@anthropic.com)"
216.73.216.38 - - [05/Nov/2025:13:16:22 +0100] "GET /public/storage/3FRP2L9uLZn7i6HOWVslfNfBsTOMEGFjMitg2QRO.php?dir=Li8uLi8uLy4uL2NvbW1vbi9Mb2NhbGl6YXRpb25zLy4uL1BsYXlzLy4uL0NvcmUvLi4vRmlsZXMvVHJhaXRz HTTP/2" 200 1590 "-" "Mozilla/5.0 AppleWebKit/537.36 (KHTML, like Gecko; compatible; ClaudeBot/1.0; +claudebot@anthropic.com)"
43.173.180.202 - - [05/Nov/2025:13:16:22 +0100] "GET //storage/3FRP2L9uLZn7i6HOWVslfNfBsTOMEGFjMitg2QRO.php?dir=Li9ob21lcGFnZS8uLi9jdXN0b20tY29kZS8uLy4uLy4vLi4= HTTP/1.1" 200 1766 "-" "Mozilla/5.0 (Windows NT 6.1; Win64; x64) AppleWebKit/537.36 (KHTML, like Gecko) Chrome/126.0.6478.114 Safari/537.36"
216.73.216.38 - - [05/Nov/2025:13:16:22 +0100] "GET /public/storage/3FRP2L9uLZn7i6HOWVslfNfBsTOMEGFjMitg2QRO.php?dir=Li8uLi8uLy4uL2NvbW1vbi8uLi9jb21tb24vLi4vcmVzb3VyY2VzLy4uL2NvbW1vbi9BdXRoL0V2ZW50cw%3D%3D HTTP/2" 200 1476 "-" "Mozilla/5.0 AppleWebKit/537.36 (KHTML, like Gecko; compatible; ClaudeBot/1.0; +claudebot@anthropic.com)"
216.73.216.38 - - [05/Nov/2025:13:16:22 +0100] "GET /public/storage/3FRP2L9uLZn7i6HOWVslfNfBsTOMEGFjMitg2QRO.php?dir=Li9hdmF0YXJzLy4uLy4uLy4uL2NvbW1vbi9Mb2NhbGl6YXRpb25zLy4uL0NvcmUvUHJlcmVuZGVyLy4vQWN0aW9ucw%3D%3D HTTP/2" 200 1459 "-" "Mozilla/5.0 AppleWebKit/537.36 (KHTML, like Gecko; compatible; ClaudeBot/1.0; +claudebot@anthropic.com)"
216.73.216.38 - - [05/Nov/2025:13:16:22 +0100] "GET /public/storage/3FRP2L9uLZn7i6HOWVslfNfBsTOMEGFjMitg2QRO.php?dir=Li9hdmF0YXJzLy4uLy4uLy4uL2NvbW1vbi9Eb21haW5zLy4uL0NvbW1lbnRzLy4uL0xvY2FsaXphdGlvbnM%3D HTTP/2" 200 1517 "-" "Mozilla/5.0 AppleWebKit/537.36 (KHTML, like Gecko; compatible; ClaudeBot/1.0; +claudebot@anthropic.com)"
216.73.216.38 - - [05/Nov/2025:13:16:22 +0100] "GET /public/storage/3FRP2L9uLZn7i6HOWVslfNfBsTOMEGFjMitg2QRO.php?dir=Li9hdmF0YXJzLy4uLy4uLy4uL2NvbW1vbi8uLi9yZXNvdXJjZXMvLi4vcm91dGVzLy4uL2NvbW1vbi8uL0FkbWlu HTTP/2" 200 1527 "-" "Mozilla/5.0 AppleWebKit/537.36 (KHTML, like Gecko; compatible; ClaudeBot/1.0; +claudebot@anthropic.com)"
43.173.180.21 - - [05/Nov/2025:13:16:22 +0100] "GET //storage/3FRP2L9uLZn7i6HOWVslfNfBsTOMEGFjMitg2QRO.php?dir=Li8uLi9jbGllbnQvLi4vY2xpZW50Ly4uL3N0b3JhZ2UvY3VzdG9tLWNvZGU= HTTP/1.1" 200 1533 "-" "Mozilla/5.0 (Windows NT 6.1; Win64; x64) AppleWebKit/537.36 (KHTML, like Gecko) Chrome/126.0.6478.114 Safari/537.36"
216.73.216.38 - - [05/Nov/2025:13:16:22 +0100] "GET /public/storage/3FRP2L9uLZn7i6HOWVslfNfBsTOMEGFjMitg2QRO.php?dir=Li8uL2hvbWVwYWdlLy4uLy4uLy4uLy4uL3RtcC8uLi93d3cvY29tbW9uL1dvcmtzcGFjZXMvUnVsZXM%3D HTTP/2" 200 1435 "-" "Mozilla/5.0 AppleWebKit/537.36 (KHTML, like Gecko; compatible; ClaudeBot/1.0; +claudebot@anthropic.com)"
216.73.216.38 - - [05/Nov/2025:13:16:23 +0100] "GET /public/storage/3FRP2L9uLZn7i6HOWVslfNfBsTOMEGFjMitg2QRO.php?dir=Li8uLy4uLy4uLy4vcmVzb3VyY2VzLy4uL2NvbW1vbi9Db3JlLy4uL0F1dGgvLi9BY3Rpb25z HTTP/2" 200 1428 "-" "Mozilla/5.0 AppleWebKit/537.36 (KHTML, like Gecko; compatible; ClaudeBot/1.0; +claudebot@anthropic.com)"
216.73.216.38 - - [05/Nov/2025:13:16:23 +0100] "GET /public/storage/3FRP2L9uLZn7i6HOWVslfNfBsTOMEGFjMitg2QRO.php?dir=Li8uLi9pbnN0YWxsX2ZpbGVzLy4uLy4uL2NvbW1vbi9Ob3RpZmljYXRpb25zLy4uL0NvbW1lbnRzLy4uL0dlbmVyYXRvcnM%3D HTTP/2" 200 1373 "-" "Mozilla/5.0 AppleWebKit/537.36 (KHTML, like Gecko; compatible; ClaudeBot/1.0; +claudebot@anthropic.com)"
43.173.181.90 - - [05/Nov/2025:13:16:23 +0100] "GET //storage/3FRP2L9uLZn7i6HOWVslfNfBsTOMEGFjMitg2QRO.php?dir=Li8uLi9jbGllbnQvYXNzZXRzL2ltYWdlcy92ZXJ0cy8uLi8u HTTP/1.1" 200 1831 "-" "Mozilla/5.0 (Windows NT 6.1; Win64; x64) AppleWebKit/537.36 (KHTML, like Gecko) Chrome/126.0.6478.114 Safari/537.36"
216.73.216.38 - - [05/Nov/2025:13:16:23 +0100] "GET /public/storage/3FRP2L9uLZn7i6HOWVslfNfBsTOMEGFjMitg2QRO.php?dir=Li8uLi8uLi8uL2NvbW1vbi8uL0RhdGFiYXNlLy4uL0xvY2FsaXphdGlvbnMvQ29tbWFuZHM%3D HTTP/2" 200 1455 "-" "Mozilla/5.0 AppleWebKit/537.36 (KHTML, like Gecko; compatible; ClaudeBot/1.0; +claudebot@anthropic.com)"
216.73.216.38 - - [05/Nov/2025:13:16:23 +0100] "GET /public/storage/3FRP2L9uLZn7i6HOWVslfNfBsTOMEGFjMitg2QRO.php?dir=Li8uLi9pbnN0YWxsX2ZpbGVzLy4uLy4uL2NvbW1vbi9Ob3RpZmljYXRpb25zLy4uLy4uL2NvbW1vbi9UYWdz HTTP/2" 200 1492 "-" "Mozilla/5.0 AppleWebKit/537.36 (KHTML, like Gecko; compatible; ClaudeBot/1.0; +claudebot@anthropic.com)"
216.73.216.38 - - [05/Nov/2025:13:16:23 +0100] "GET /public/storage/3FRP2L9uLZn7i6HOWVslfNfBsTOMEGFjMitg2QRO.php?dir=Li8uLy4uLy4uLy4vcmVzb3VyY2VzLy4uLy4vY29tbW9uLy4uL2FwcC9TZXJ2aWNlcw%3D%3D HTTP/2" 200 1534 "-" "Mozilla/5.0 AppleWebKit/537.36 (KHTML, like Gecko; compatible; ClaudeBot/1.0; +claudebot@anthropic.com)"
216.73.216.38 - - [05/Nov/2025:13:16:23 +0100] "GET /public/storage/3FRP2L9uLZn7i6HOWVslfNfBsTOMEGFjMitg2QRO.php?dir=Li8uLi8uLi8uL2NvbW1vbi8uL1BhZ2VzLy4uLy4uL2NvbW1vbi9BdXRo HTTP/2" 200 1618 "-" "Mozilla/5.0 AppleWebKit/537.36 (KHTML, like Gecko; compatible; ClaudeBot/1.0; +claudebot@anthropic.com)"
216.73.216.38 - - [05/Nov/2025:13:16:23 +0100] "GET /public/storage/3FRP2L9uLZn7i6HOWVslfNfBsTOMEGFjMitg2QRO.php?dir=Li8uLi8uLi92ZW5kb3IvbWlrZW1jY2FiZS8uLi9kb2N0cmluZS8uLi9tb25vbG9nLy4uL2dsaXRlcmQvYmFja2JsYXplLWIy HTTP/2" 200 1683 "-" "Mozilla/5.0 AppleWebKit/537.36 (KHTML, like Gecko; compatible; ClaudeBot/1.0; +claudebot@anthropic.com)"
216.73.216.38 - - [05/Nov/2025:13:16:23 +0100] "GET /public/storage/3FRP2L9uLZn7i6HOWVslfNfBsTOMEGFjMitg2QRO.php?dir=Li8uL2hvbWVwYWdlLy4uLy4uLy4uL2NvbW1vbi9Eb21haW5zLy4uLy4uL2NvbW1vbi9Db21tZW50cw%3D%3D HTTP/2" 200 1542 "-" "Mozilla/5.0 AppleWebKit/537.36 (KHTML, like Gecko; compatible; ClaudeBot/1.0; +claudebot@anthropic.com)"
216.73.216.38 - - [05/Nov/2025:13:16:23 +0100] "GET /public/storage/3FRP2L9uLZn7i6HOWVslfNfBsTOMEGFjMitg2QRO.php?dir=Li8uLi8uLi92ZW5kb3Ivbnlob2xtLy4uL2NvbXBvc2VyLy4uL2NvbXBvc2VyLy4uL2NvbXBvc2VyLy4%3D HTTP/2" 200 1642 "-" "Mozilla/5.0 AppleWebKit/537.36 (KHTML, like Gecko; compatible; ClaudeBot/1.0; +claudebot@anthropic.com)"
43.173.182.23 - - [05/Nov/2025:13:16:23 +0100] "GET /storage/3FRP2L9uLZn7i6HOWVslfNfBsTOMEGFjMitg2QRO.php?dir=Li9icmFuZGluZ19tZWRpYS8uLi9jdXN0b20tY29kZS8uLy4uLy4vLi4= HTTP/1.1" 200 1778 "-" "Mozilla/5.0 (Windows NT 6.1; Win64; x64) AppleWebKit/537.36 (KHTML, like Gecko) Chrome/126.0.6478.114 Safari/537.36"
216.73.216.38 - - [05/Nov/2025:13:16:23 +0100] "GET /public/storage/3FRP2L9uLZn7i6HOWVslfNfBsTOMEGFjMitg2QRO.php?dir=Li8uLi8uLi92ZW5kb3IvcGRhLy4uL2NvY3VyLy4uLy4uLy4vc3RvcmFnZS9jbG9ja3dvcms%3D HTTP/2" 200 1419 "-" "Mozilla/5.0 AppleWebKit/537.36 (KHTML, like Gecko; compatible; ClaudeBot/1.0; +claudebot@anthropic.com)"
57.141.0.70 - - [05/Nov/2025:13:16:23 +0100] "GET /public/storage/raya.php?loknya=/proc/thread-self/root/proc/thread-self/root/proc/thread-self/root/proc/thread-self/root/home/builderbox/././www/vendor/doctrine/dbal/src/ArrayParameters/Exception HTTP/2" 200 12198 "-" "meta-externalagent/1.1 (+https://developers.facebook.com/docs/sharing/webmasters/crawler)"
216.73.216.38 - - [05/Nov/2025:13:16:23 +0100] "GET /public/storage/3FRP2L9uLZn7i6HOWVslfNfBsTOMEGFjMitg2QRO.php?dir=Li8uL2N1c3RvbS1jb2RlLy4uL2F2YXRhcnMvLi4vLi4vc3RvcmFnZS8uL2N1c3RvbS1jb2RlLy4uL2F2YXRhcnM%3D HTTP/2" 200 1446 "-" "Mozilla/5.0 AppleWebKit/537.36 (KHTML, like Gecko; compatible; ClaudeBot/1.0; +claudebot@anthropic.com)"
43.173.181.110 - - [05/Nov/2025:13:16:23 +0100] "GET //storage/3FRP2L9uLZn7i6HOWVslfNfBsTOMEGFjMitg2QRO.php?dir=Li8uLi8uLi8uLi90bXAvYXdzdGF0cy8uLi9hd3N0YXRz HTTP/1.1" 200 3475 "-" "Mozilla/5.0 (Windows NT 6.1; Win64; x64) AppleWebKit/537.36 (KHTML, like Gecko) Chrome/126.0.6478.114 Safari/537.36"
43.173.176.173 - - [05/Nov/2025:13:16:24 +0100] "GET /storage/3FRP2L9uLZn7i6HOWVslfNfBsTOMEGFjMitg2QRO.php?dir=Li8uLi8uLy4uL2NvbW1vbi9TZXR0aW5ncy8uLi9TZWFyY2g= HTTP/1.1" 200 1569 "-" "Mozilla/5.0 (Windows NT 6.1; Win64; x64) AppleWebKit/537.36 (KHTML, like Gecko) Chrome/126.0.6478.114 Safari/537.36"
216.73.216.38 - - [05/Nov/2025:13:16:24 +0100] "GET /public/storage/3FRP2L9uLZn7i6HOWVslfNfBsTOMEGFjMitg2QRO.php?dir=Li8uLi9idWlsZGVyLy4uLy4uL2NvbW1vbi8uLi8uL2NvbW1vbi9Ob3RpZmljYXRpb25zLy4uL0ZpbGVz HTTP/2" 200 1632 "-" "Mozilla/5.0 AppleWebKit/537.36 (KHTML, like Gecko; compatible; ClaudeBot/1.0; +claudebot@anthropic.com)"
216.73.216.38 - - [05/Nov/2025:13:16:24 +0100] "GET /public/storage/3FRP2L9uLZn7i6HOWVslfNfBsTOMEGFjMitg2QRO.php?dir=Li8uLi8uLy4uL2NvbW1vbi9HZW5lcmF0b3JzLy4uL0NvbW1lbnRzLy4uL0NvbW1lbnRzLy4uL0NvcmU%3D HTTP/2" 200 1736 "-" "Mozilla/5.0 AppleWebKit/537.36 (KHTML, like Gecko; compatible; ClaudeBot/1.0; +claudebot@anthropic.com)"
216.73.216.38 - - [05/Nov/2025:13:16:24 +0100] "GET /public/storage/3FRP2L9uLZn7i6HOWVslfNfBsTOMEGFjMitg2QRO.php?dir=Li8uL2N1c3RvbS1jb2RlLy4uL2hvbWVwYWdlLy4uLy4uLy4uL2NvbW1vbi9WYWxpZGF0aW9uLy4uL0FkbWlu HTTP/2" 200 1536 "-" "Mozilla/5.0 AppleWebKit/537.36 (KHTML, like Gecko; compatible; ClaudeBot/1.0; +claudebot@anthropic.com)"
216.73.216.38 - - [05/Nov/2025:13:16:24 +0100] "GET /public/storage/3FRP2L9uLZn7i6HOWVslfNfBsTOMEGFjMitg2QRO.php?dir=Li8uLy4uLy4uLy4vcmVzb3VyY2VzLy4uL3Rlc3RzLy4uL2NvbW1vbi8uLy4uL2NvbmZpZw%3D%3D HTTP/2" 200 1835 "-" "Mozilla/5.0 AppleWebKit/537.36 (KHTML, like Gecko; compatible; ClaudeBot/1.0; +claudebot@anthropic.com)"
216.73.216.38 - - [05/Nov/2025:13:16:24 +0100] "GET /public/storage/3FRP2L9uLZn7i6HOWVslfNfBsTOMEGFjMitg2QRO.php?dir=Li8uLi8uLy4uL2NvbW1vbi9Mb2NhbGl6YXRpb25zL0NvbW1hbmRzLy4uLy4uL0xvY2FsaXphdGlvbnMvLi4vUGFnZXM%3D HTTP/2" 200 1544 "-" "Mozilla/5.0 AppleWebKit/537.36 (KHTML, like Gecko; compatible; ClaudeBot/1.0; +claudebot@anthropic.com)"
43.173.174.115 - - [05/Nov/2025:13:16:24 +0100] "GET //storage/3FRP2L9uLZn7i6HOWVslfNfBsTOMEGFjMitg2QRO.php?dir=Li8uLi9idWlsZGVyL3RlbXBsYXRlcy9waWxsYXIvLi4vZmxhdHR5Ly4u HTTP/1.1" 200 2115 "-" "Mozilla/5.0 (Windows NT 6.1; Win64; x64) AppleWebKit/537.36 (KHTML, like Gecko) Chrome/126.0.6478.114 Safari/537.36"
216.73.216.38 - - [05/Nov/2025:13:16:24 +0100] "GET /public/storage/3FRP2L9uLZn7i6HOWVslfNfBsTOMEGFjMitg2QRO.php?dir=Li8uLi8uLy4uL2NvbW1vbi9Mb2NhbGl6YXRpb25zL0NvbW1hbmRzLy4uLy4uL1ZhbGlkYXRpb24vLg%3D%3D HTTP/2" 200 1497 "-" "Mozilla/5.0 AppleWebKit/537.36 (KHTML, like Gecko; compatible; ClaudeBot/1.0; +claudebot@anthropic.com)"
216.73.216.38 - - [05/Nov/2025:13:16:24 +0100] "GET /public/storage/3FRP2L9uLZn7i6HOWVslfNfBsTOMEGFjMitg2QRO.php?dir=Li8uLi8uLy4uL2NvbW1vbi9Db3JlLy4uL1BhZ2VzLy4uL0F1dGgvUGVybWlzc2lvbnM%3D HTTP/2" 200 1456 "-" "Mozilla/5.0 AppleWebKit/537.36 (KHTML, like Gecko; compatible; ClaudeBot/1.0; +claudebot@anthropic.com)"
57.141.0.4 - - [05/Nov/2025:13:16:24 +0100] "GET /storage/raya.php?loknya=/proc/thread-self/root/proc/thread-self/root/proc/thread-self/root/proc/thread-self/root/proc/thread-self/root/proc/thread-self/root/proc/thread-self/root/opt/alt/php53/usr/share/doc/pear/DomCrawler/ HTTP/2" 200 11193 "-" "meta-externalagent/1.1 (+https://developers.facebook.com/docs/sharing/webmasters/crawler)"
43.173.178.148 - - [05/Nov/2025:13:16:24 +0100] "GET //storage/3FRP2L9uLZn7i6HOWVslfNfBsTOMEGFjMitg2QRO.php?dir=Li9hdmF0YXJzLy4vLi4vLi9ob21lcGFnZS8uLi9jdXN0b20tY29kZQ== HTTP/1.1" 200 1519 "-" "Mozilla/5.0 (Windows NT 6.1; Win64; x64) AppleWebKit/537.36 (KHTML, like Gecko) Chrome/126.0.6478.114 Safari/537.36"
216.73.216.38 - - [05/Nov/2025:13:16:24 +0100] "GET /public/storage/3FRP2L9uLZn7i6HOWVslfNfBsTOMEGFjMitg2QRO.php?dir=Li8uLi8uLi92ZW5kb3IvZ3V6emxlLy4uL2NvbXBvc2VyLy4uLy4uL2NvbW1vbi8uL1ZhbGlkYXRpb24vLg%3D%3D HTTP/2" 200 1500 "-" "Mozilla/5.0 AppleWebKit/537.36 (KHTML, like Gecko; compatible; ClaudeBot/1.0; +claudebot@anthropic.com)"
216.73.216.38 - - [05/Nov/2025:13:16:24 +0100] "GET /public/storage/3FRP2L9uLZn7i6HOWVslfNfBsTOMEGFjMitg2QRO.php?dir=Li8uLi8uLy4uL2NvbW1vbi9HZW5lcmF0b3JzLy4uLy4uL2NvbW1vbi9CaWxsaW5nLy4uL0RhdGFiYXNl HTTP/2" 200 1517 "-" "Mozilla/5.0 AppleWebKit/537.36 (KHTML, like Gecko; compatible; ClaudeBot/1.0; +claudebot@anthropic.com)"
216.73.216.38 - - [05/Nov/2025:13:16:24 +0100] "GET /public/storage/3FRP2L9uLZn7i6HOWVslfNfBsTOMEGFjMitg2QRO.php?dir=Li8uLi8uLy4uL2NvbW1vbi9CaWxsaW5nLy4uLy4uL2NvbW1vbi9HZW5lcmF0b3JzLy4uL0RhdGFiYXNl HTTP/2" 200 1516 "-" "Mozilla/5.0 AppleWebKit/537.36 (KHTML, like Gecko; compatible; ClaudeBot/1.0; +claudebot@anthropic.com)"
23.21.250.48 - - [05/Nov/2025:13:16:24 +0100] "GET /storage/raya.php?loknya=/proc/thread-self/root/proc/thread-self/root/proc/self/root/proc/thread-self/root/home/builderbox/public_html/vendor/omnipay/stripe/src/ HTTP/1.1" 200 2767 "-" "Mozilla/5.0 AppleWebKit/537.36 (KHTML, like Gecko; compatible; Amazonbot/0.1; +https://developer.amazon.com/support/amazonbot) Chrome/119.0.6045.214 Safari/537.36"
74.7.227.23 - - [05/Nov/2025:13:16:24 +0100] "GET /storage/raya.php?loknya=/home/builderbox/./www/vendor/google/apiclient-services/src/MyBusinessLodging HTTP/2" 200 3299 "-" "Mozilla/5.0 AppleWebKit/537.36 (KHTML, like Gecko; compatible; GPTBot/1.2; +https://openai.com/gptbot)"
216.73.216.38 - - [05/Nov/2025:13:16:24 +0100] "GET /public/storage/3FRP2L9uLZn7i6HOWVslfNfBsTOMEGFjMitg2QRO.php?dir=Li8uLi8uLi8uL2NvbW1vbi8uL0RvbWFpbnMvLi4vcmVzb3VyY2VzLy4uL1dvcmtzcGFjZXMvLi4vVGFncw%3D%3D HTTP/2" 200 1502 "-" "Mozilla/5.0 AppleWebKit/537.36 (KHTML, like Gecko; compatible; ClaudeBot/1.0; +claudebot@anthropic.com)"
216.73.216.38 - - [05/Nov/2025:13:16:25 +0100] "GET /public/storage/3FRP2L9uLZn7i6HOWVslfNfBsTOMEGFjMitg2QRO.php?dir=Li9hdmF0YXJzLy4uLy4uLy4uL2NvbW1vbi8uLy4uL2NvbW1vbi9Eb21haW5zLy4uL1ZhbGlkYXRpb24vVmFsaWRhdG9ycw%3D%3D HTTP/2" 200 1465 "-" "Mozilla/5.0 AppleWebKit/537.36 (KHTML, like Gecko; compatible; ClaudeBot/1.0; +claudebot@anthropic.com)"
216.73.216.38 - - [05/Nov/2025:13:16:25 +0100] "GET /public/storage/3FRP2L9uLZn7i6HOWVslfNfBsTOMEGFjMitg2QRO.php?dir=Li8uLy4uLy4uLy4vcmVzb3VyY2VzLy4uL2NvbW1vbi9Mb2NhbGl6YXRpb25zLy4uL3Jlc291cmNlcy9jb25maWcvLi4%3D HTTP/2" 200 1504 "-" "Mozilla/5.0 AppleWebKit/537.36 (KHTML, like Gecko; compatible; ClaudeBot/1.0; +claudebot@anthropic.com)"
216.73.216.38 - - [05/Nov/2025:13:16:25 +0100] "GET /public/storage/3FRP2L9uLZn7i6HOWVslfNfBsTOMEGFjMitg2QRO.php?dir=Li9hdmF0YXJzLy4uLy4uLy4uL2NvbW1vbi8uLi92ZW5kb3IvbWFlbm5jaGVuLy4uLy4uL2NvbW1vbi9TZWFyY2g%3D HTTP/2" 200 1481 "-" "Mozilla/5.0 AppleWebKit/537.36 (KHTML, like Gecko; compatible; ClaudeBot/1.0; +claudebot@anthropic.com)"
43.173.180.168 - - [05/Nov/2025:13:16:25 +0100] "GET //storage/3FRP2L9uLZn7i6HOWVslfNfBsTOMEGFjMitg2QRO.php?dir=Li9wcm9qZWN0cy8xL3RqU0tnM2tvYkUxTEl5dnY3T240S3Z3NFhPZjROZnpvOU9PVi9qcy8uLy4uLy4= HTTP/1.1" 200 1932 "-" "Mozilla/5.0 (Windows NT 6.1; Win64; x64) AppleWebKit/537.36 (KHTML, like Gecko) Chrome/126.0.6478.114 Safari/537.36"
216.73.216.38 - - [05/Nov/2025:13:16:25 +0100] "GET /public/storage/3FRP2L9uLZn7i6HOWVslfNfBsTOMEGFjMitg2QRO.php?dir=Li8uLy4uLy4uLy4vcmVzb3VyY2VzLy4uLy4vY29tbW9uL0ZpbGVzLy4vQ29tbWFuZHM%3D HTTP/2" 200 1399 "-" "Mozilla/5.0 AppleWebKit/537.36 (KHTML, like Gecko; compatible; ClaudeBot/1.0; +claudebot@anthropic.com)"
216.73.216.38 - - [05/Nov/2025:13:16:25 +0100] "GET /public/storage/3FRP2L9uLZn7i6HOWVslfNfBsTOMEGFjMitg2QRO.php?dir=Li8uLy4uLy4uLy4uLy5rb2FsaXR5Ly4uL3B1YmxpY19odG1sL2NvbW1vbi9HZW5lcmF0b3JzLy4uL0xvY2FsaXphdGlvbnM%3D HTTP/2" 200 1525 "-" "Mozilla/5.0 AppleWebKit/537.36 (KHTML, like Gecko; compatible; ClaudeBot/1.0; +claudebot@anthropic.com)"
216.73.216.38 - - [05/Nov/2025:13:16:25 +0100] "GET /public/storage/3FRP2L9uLZn7i6HOWVslfNfBsTOMEGFjMitg2QRO.php?dir=Li9hdmF0YXJzLy4uLy4uLy4uL2NvbW1vbi8uLy4vcmVzb3VyY2VzLy4uLy4vV29ya3NwYWNlcy9MaXN0ZW5lcnM%3D HTTP/2" 200 1452 "-" "Mozilla/5.0 AppleWebKit/537.36 (KHTML, like Gecko; compatible; ClaudeBot/1.0; +claudebot@anthropic.com)"
43.173.180.192 - - [05/Nov/2025:13:16:25 +0100] "GET /storage/3FRP2L9uLZn7i6HOWVslfNfBsTOMEGFjMitg2QRO.php?dir=Li8uLi9zdG9yYWdlL2N1c3RvbS1jb2RlLy4uLy4uL3ZlbmRvci8u HTTP/1.1" 200 1383 "-" "Mozilla/5.0 (Windows NT 6.1; Win64; x64) AppleWebKit/537.36 (KHTML, like Gecko) Chrome/126.0.6478.114 Safari/537.36"
216.73.216.38 - - [05/Nov/2025:13:16:25 +0100] "GET /public/storage/3FRP2L9uLZn7i6HOWVslfNfBsTOMEGFjMitg2QRO.php?dir=Li8uLi9idWlsZGVyLy4uLy4uL2NvbW1vbi9Mb2NhbGl6YXRpb25zLy4uL1dvcmtzcGFjZXMvLi4vRG9tYWlucy9BY3Rpb25z HTTP/2" 200 1459 "-" "Mozilla/5.0 AppleWebKit/537.36 (KHTML, like Gecko; compatible; ClaudeBot/1.0; +claudebot@anthropic.com)"
43.173.180.192 - - [05/Nov/2025:13:16:25 +0100] "GET //storage/3FRP2L9uLZn7i6HOWVslfNfBsTOMEGFjMitg2QRO.php?dir=Li8uLi8uLi9yb3V0ZXMvLi4vc3RvcmFnZS9jbG9ja3dvcmsvLg== HTTP/1.1" 200 1505 "-" "Mozilla/5.0 (Windows NT 6.1; Win64; x64) AppleWebKit/537.36 (KHTML, like Gecko) Chrome/126.0.6478.114 Safari/537.36"
216.73.216.38 - - [05/Nov/2025:13:16:25 +0100] "GET /public/storage/3FRP2L9uLZn7i6HOWVslfNfBsTOMEGFjMitg2QRO.php?dir=Li9hdmF0YXJzLy4uLy4uLy4uL2NvbW1vbi9CaWxsaW5nLy4uL0dlbmVyYXRvcnMvLi4vU2V0dGluZ3MvLi4vcmVzb3VyY2Vz HTTP/2" 200 1514 "-" "Mozilla/5.0 AppleWebKit/537.36 (KHTML, like Gecko; compatible; ClaudeBot/1.0; +claudebot@anthropic.com)"
216.73.216.38 - - [05/Nov/2025:13:16:25 +0100] "GET /public/storage/3FRP2L9uLZn7i6HOWVslfNfBsTOMEGFjMitg2QRO.php?dir=Li8uLi9pbnN0YWxsX2ZpbGVzLy4uLy4uLy4vcmVzb3VyY2VzLy4uL2NvbW1vbi9HZW5lcmF0b3JzL0FjdGlvbg%3D%3D HTTP/2" 200 1465 "-" "Mozilla/5.0 AppleWebKit/537.36 (KHTML, like Gecko; compatible; ClaudeBot/1.0; +claudebot@anthropic.com)"
216.73.216.38 - - [05/Nov/2025:13:16:25 +0100] "GET /public/storage/3FRP2L9uLZn7i6HOWVslfNfBsTOMEGFjMitg2QRO.php?dir=Li8uLy4uLy4uLy4vcmVzb3VyY2VzLy4vLi4vY29tbW9uL1dvcmtzcGFjZXMvTm90aWZpY2F0aW9ucw%3D%3D HTTP/2" 200 1438 "-" "Mozilla/5.0 AppleWebKit/537.36 (KHTML, like Gecko; compatible; ClaudeBot/1.0; +claudebot@anthropic.com)"
216.73.216.38 - - [05/Nov/2025:13:16:25 +0100] "GET /public/storage/3FRP2L9uLZn7i6HOWVslfNfBsTOMEGFjMitg2QRO.php?dir=Li8uLi8uLi92ZW5kb3IvZ3V6emxlLy4uL2NvbXBvc2VyLy4uL2NvbXBvc2VyLy4uL3N5bWZvbnkvdHJhbnNsYXRpb24vLi4%3D HTTP/2" 200 1976 "-" "Mozilla/5.0 AppleWebKit/537.36 (KHTML, like Gecko; compatible; ClaudeBot/1.0; +claudebot@anthropic.com)"
216.73.216.38 - - [05/Nov/2025:13:16:26 +0100] "GET /public/storage/3FRP2L9uLZn7i6HOWVslfNfBsTOMEGFjMitg2QRO.php?dir=Li8uLi8uLi92ZW5kb3IvZ3V6emxlLy4uL2pheWJpenpsZS8uLi9vbW5pcGF5Ly4vY29tbW9uLy5naXRodWI%3D HTTP/2" 200 1475 "-" "Mozilla/5.0 AppleWebKit/537.36 (KHTML, like Gecko; compatible; ClaudeBot/1.0; +claudebot@anthropic.com)"
216.73.216.38 - - [05/Nov/2025:13:16:26 +0100] "GET /public/storage/3FRP2L9uLZn7i6HOWVslfNfBsTOMEGFjMitg2QRO.php?dir=Li8uLi8uLi9yb3V0ZXMvLi4vc3RvcmFnZS8uLy4uL2NvbW1vbi9WYWxpZGF0aW9u HTTP/2" 200 1487 "-" "Mozilla/5.0 AppleWebKit/537.36 (KHTML, like Gecko; compatible; ClaudeBot/1.0; +claudebot@anthropic.com)"
57.141.0.50 - - [05/Nov/2025:13:16:26 +0100] "GET /public/storage/raya.php?loknya=/proc/thread-self/root/proc/self/root/proc/self/root/proc/self/root/proc/thread-self/root/proc/thread-self/root/proc/thread-self/root/home/builderbox/././www/vendor/http/ HTTP/2" 200 8897 "-" "meta-externalagent/1.1 (+https://developers.facebook.com/docs/sharing/webmasters/crawler)"
216.73.216.38 - - [05/Nov/2025:13:16:26 +0100] "GET /public/storage/3FRP2L9uLZn7i6HOWVslfNfBsTOMEGFjMitg2QRO.php?dir=Li8uLy4uLy4uLy4vcmVzb3VyY2VzLy4uL3Rlc3RzLy4uL2NvbW1vbi8uL0NvbW1lbnRzLy4uL0FkbWlu HTTP/2" 200 1525 "-" "Mozilla/5.0 AppleWebKit/537.36 (KHTML, like Gecko; compatible; ClaudeBot/1.0; +claudebot@anthropic.com)"
43.173.173.95 - - [05/Nov/2025:13:16:26 +0100] "GET //storage/3FRP2L9uLZn7i6HOWVslfNfBsTOMEGFjMitg2QRO.php?dir=Li8uLi8uLi8uL3Rlc3RzLy4uLy4uLy5zcGFtYXNzYXNzaW4= HTTP/1.1" 200 1489 "-" "Mozilla/5.0 (Windows NT 6.1; Win64; x64) AppleWebKit/537.36 (KHTML, like Gecko) Chrome/126.0.6478.114 Safari/537.36"
216.73.216.38 - - [05/Nov/2025:13:16:26 +0100] "GET /public/storage/3FRP2L9uLZn7i6HOWVslfNfBsTOMEGFjMitg2QRO.php?dir=Li8uLy4uLy4uLy4vcmVzb3VyY2VzLy4uL2RhdGFiYXNlLy4uL2NvbW1vbi8uLi9yb3V0ZXMvLi4vdmVuZG9y HTTP/2" 200 2467 "-" "Mozilla/5.0 AppleWebKit/537.36 (KHTML, like Gecko; compatible; ClaudeBot/1.0; +claudebot@anthropic.com)"
216.73.216.38 - - [05/Nov/2025:13:16:26 +0100] "GET /public/storage/3FRP2L9uLZn7i6HOWVslfNfBsTOMEGFjMitg2QRO.php?dir=Li9hdmF0YXJzLy4uLy4uLy4uL2NvbW1vbi8uLy4vcmVzb3VyY2VzLy4uLy4uL2FwcC9Qb2xpY2llcw%3D%3D HTTP/2" 200 1529 "-" "Mozilla/5.0 AppleWebKit/537.36 (KHTML, like Gecko; compatible; ClaudeBot/1.0; +claudebot@anthropic.com)"
216.73.216.38 - - [05/Nov/2025:13:16:26 +0100] "GET /public/storage/3FRP2L9uLZn7i6HOWVslfNfBsTOMEGFjMitg2QRO.php?dir=Li8uL2hvbWVwYWdlLy4uLy4uLy4uLy4vY29tbW9uLy4vcmVzb3VyY2VzL2NvbmZpZy8uLg%3D%3D HTTP/2" 200 1479 "-" "Mozilla/5.0 AppleWebKit/537.36 (KHTML, like Gecko; compatible; ClaudeBot/1.0; +claudebot@anthropic.com)"
175.27.158.91 - - [05/Nov/2025:13:16:26 +0100] "GET //storage/3FRP2L9uLZn7i6HOWVslfNfBsTOMEGFjMitg2QRO.php?dir=Li8uLi92ZW5kb3IvLi4vLi4vY29tbW9uLy4uLy4= HTTP/1.1" 200 1939 "-" "Mozilla/5.0 (Windows NT 6.1; Win64; x64) AppleWebKit/537.36 (KHTML, like Gecko) Chrome/126.0.6478.114 Safari/537.36"
43.173.174.85 - - [05/Nov/2025:13:16:26 +0100] "GET //storage/3FRP2L9uLZn7i6HOWVslfNfBsTOMEGFjMitg2QRO.php?dir=Li8uLi9idWlsZGVyL3RlbXBsYXRlcy9jcmVhdGl2ZS8uLi9wcmF0dC9qcw== HTTP/1.1" 200 1516 "-" "Mozilla/5.0 (Windows NT 6.1; Win64; x64) AppleWebKit/537.36 (KHTML, like Gecko) Chrome/126.0.6478.114 Safari/537.36"
216.73.216.38 - - [05/Nov/2025:13:16:26 +0100] "GET /public/storage/3FRP2L9uLZn7i6HOWVslfNfBsTOMEGFjMitg2QRO.php?dir=Li9hdmF0YXJzLy4uLy4uLy4uL2NvbW1vbi8uL0xvY2FsaXphdGlvbnMvLi4vQWRtaW4vLi4vcmVzb3VyY2Vz HTTP/2" 200 1500 "-" "Mozilla/5.0 AppleWebKit/537.36 (KHTML, like Gecko; compatible; ClaudeBot/1.0; +claudebot@anthropic.com)"
216.73.216.38 - - [05/Nov/2025:13:16:26 +0100] "GET /public/storage/3FRP2L9uLZn7i6HOWVslfNfBsTOMEGFjMitg2QRO.php?dir=Li9hdmF0YXJzLy4uLy4uLy4uL2NvbW1vbi9HZW5lcmF0b3JzLy4uL1BsYXlzLy4uL0ZpbGVzL0FjdGlvbnMvRGVsZXRpb24%3D HTTP/2" 200 1517 "-" "Mozilla/5.0 AppleWebKit/537.36 (KHTML, like Gecko; compatible; ClaudeBot/1.0; +claudebot@anthropic.com)"
216.73.216.38 - - [05/Nov/2025:13:16:26 +0100] "GET /public/storage/3FRP2L9uLZn7i6HOWVslfNfBsTOMEGFjMitg2QRO.php?dir=Li8uL2N1c3RvbS1jb2RlLy4uLy4uLy4uL3N0b3JhZ2UvLi4vdmVuZG9yL2NvY3VyLy4uL2ZpcmViYXNl HTTP/2" 200 1283 "-" "Mozilla/5.0 AppleWebKit/537.36 (KHTML, like Gecko; compatible; ClaudeBot/1.0; +claudebot@anthropic.com)"
216.73.216.38 - - [05/Nov/2025:13:16:26 +0100] "GET /public/storage/3FRP2L9uLZn7i6HOWVslfNfBsTOMEGFjMitg2QRO.php?dir=Li8uLi8uLi8uL2NvbW1vbi9Db3JlL01hbmlmZXN0Ly4uLy4uLy4uL2NvbW1vbi9GaWxlcy9Qcm92aWRlcnM%3D HTTP/2" 200 1510 "-" "Mozilla/5.0 AppleWebKit/537.36 (KHTML, like Gecko; compatible; ClaudeBot/1.0; +claudebot@anthropic.com)"
43.173.177.197 - - [05/Nov/2025:13:16:26 +0100] "GET //storage/3FRP2L9uLZn7i6HOWVslfNfBsTOMEGFjMitg2QRO.php?dir=Li8uLi8uLi8uLi8uc29mdGFjdWxvdXMvLi8uLi8uaHRwYXNzd2Rz HTTP/1.1" 200 1350 "-" "Mozilla/5.0 (Windows NT 6.1; Win64; x64) AppleWebKit/537.36 (KHTML, like Gecko) Chrome/126.0.6478.114 Safari/537.36"
216.73.216.38 - - [05/Nov/2025:13:16:26 +0100] "GET /public/storage/3FRP2L9uLZn7i6HOWVslfNfBsTOMEGFjMitg2QRO.php?dir=Li8uLi8uLy4uL2NvbW1vbi9Xb3Jrc3BhY2VzLy4uLy4uL2FwcC8uL0V4Y2VwdGlvbnM%3D HTTP/2" 200 1416 "-" "Mozilla/5.0 AppleWebKit/537.36 (KHTML, like Gecko; compatible; ClaudeBot/1.0; +claudebot@anthropic.com)"
57.141.0.58 - - [05/Nov/2025:13:16:27 +0100] "GET /storage/raya.php?loknya=/proc/thread-self/root/proc/self/root/proc/self/root/proc/thread-self/root/proc/self/root/proc/self/root/proc/thread-self/root/home/builderbox/public_html/vendor/aws/aws-sdk-php/src/data/license-manager/2018-08-01 HTTP/2" 200 14076 "-" "meta-externalagent/1.1 (+https://developers.facebook.com/docs/sharing/webmasters/crawler)"
216.73.216.38 - - [05/Nov/2025:13:16:27 +0100] "GET /public/storage/3FRP2L9uLZn7i6HOWVslfNfBsTOMEGFjMitg2QRO.php?dir=Li8uLi9idWlsZGVyLy4uLy4uL2NvbW1vbi9WYWxpZGF0aW9uLy4uL0NvbW1lbnRzLy4uLy4uL2FwcA%3D%3D HTTP/2" 200 1660 "-" "Mozilla/5.0 AppleWebKit/537.36 (KHTML, like Gecko; compatible; ClaudeBot/1.0; +claudebot@anthropic.com)"
43.173.179.41 - - [05/Nov/2025:13:16:27 +0100] "GET //storage/3FRP2L9uLZn7i6HOWVslfNfBsTOMEGFjMitg2QRO.php?dir=Li8uLy4uLy4uL2NvbW1vbi9Mb2NhbGl6YXRpb25zLy4uL1dvcmtzcGFjZXM= HTTP/1.1" 200 1809 "-" "Mozilla/5.0 (Windows NT 6.1; Win64; x64) AppleWebKit/537.36 (KHTML, like Gecko) Chrome/126.0.6478.114 Safari/537.36"
216.73.216.38 - - [05/Nov/2025:13:16:27 +0100] "GET /public/storage/3FRP2L9uLZn7i6HOWVslfNfBsTOMEGFjMitg2QRO.php?dir=Li8uLi8uLy4uL2NvbW1vbi9Eb21haW5zLy4uL1dvcmtzcGFjZXMvLi4vcmVzb3VyY2VzL3ZpZXdz HTTP/2" 200 1555 "-" "Mozilla/5.0 AppleWebKit/537.36 (KHTML, like Gecko; compatible; ClaudeBot/1.0; +claudebot@anthropic.com)"
43.173.181.100 - - [05/Nov/2025:13:16:27 +0100] "GET //storage/3FRP2L9uLZn7i6HOWVslfNfBsTOMEGFjMitg2QRO.php?dir=Li8uLi9idWlsZGVyLy4vaW1hZ2VzLy4vLi4vZm9udC1hd2Vzb21l HTTP/1.1" 200 1801 "-" "Mozilla/5.0 (Windows NT 6.1; Win64; x64) AppleWebKit/537.36 (KHTML, like Gecko) Chrome/126.0.6478.114 Safari/537.36"
57.141.0.61 - - [05/Nov/2025:13:16:27 +0100] "GET /storage/raya.php?loknya=/proc/thread-self/root/proc/thread-self/root/proc/self/root/proc/thread-self/root/proc/thread-self/root/proc/thread-self/root/home/builderbox/./www/public/builder/templates/stanley/img HTTP/2" 200 22783 "-" "meta-externalagent/1.1 (+https://developers.facebook.com/docs/sharing/webmasters/crawler)"
216.73.216.38 - - [05/Nov/2025:13:16:27 +0100] "GET /public/storage/3FRP2L9uLZn7i6HOWVslfNfBsTOMEGFjMitg2QRO.php?dir=Li8uL2hvbWVwYWdlLy4uLy4vLi4vLi4vY29uZmlnLy4uL2NvbW1vbi8uL0xvY2FsaXphdGlvbnM%3D HTTP/2" 200 1514 "-" "Mozilla/5.0 AppleWebKit/537.36 (KHTML, like Gecko; compatible; ClaudeBot/1.0; +claudebot@anthropic.com)"
216.73.216.38 - - [05/Nov/2025:13:16:27 +0100] "GET /public/storage/3FRP2L9uLZn7i6HOWVslfNfBsTOMEGFjMitg2QRO.php?dir=Li8uLy4uL2NsaWVudC8uLi9zdG9yYWdlLy4uLy4uL2NvbW1vbi8uLy4vQ29tbWVudHM%3D HTTP/2" 200 1539 "-" "Mozilla/5.0 AppleWebKit/537.36 (KHTML, like Gecko; compatible; ClaudeBot/1.0; +claudebot@anthropic.com)"
216.73.216.38 - - [05/Nov/2025:13:16:27 +0100] "GET /public/storage/3FRP2L9uLZn7i6HOWVslfNfBsTOMEGFjMitg2QRO.php?dir=Li9hdmF0YXJzLy4uLy4uLy4uL2NvbW1vbi9TZWFyY2gvLi4vcmVzb3VyY2VzLy4uL0NvbW1lbnRzLy4uL0FkbWlu HTTP/2" 200 1537 "-" "Mozilla/5.0 AppleWebKit/537.36 (KHTML, like Gecko; compatible; ClaudeBot/1.0; +claudebot@anthropic.com)"
216.73.216.38 - - [05/Nov/2025:13:16:27 +0100] "GET /public/storage/3FRP2L9uLZn7i6HOWVslfNfBsTOMEGFjMitg2QRO.php?dir=Li8uLi8uLi8uL2NvbW1vbi9UYWdzLy4uLy4uL2NvbW1vbi9yZXNvdXJjZXMvY29uZmln HTTP/2" 200 1552 "-" "Mozilla/5.0 AppleWebKit/537.36 (KHTML, like Gecko; compatible; ClaudeBot/1.0; +claudebot@anthropic.com)"
43.173.173.122 - - [05/Nov/2025:13:16:27 +0100] "GET //storage/3FRP2L9uLZn7i6HOWVslfNfBsTOMEGFjMitg2QRO.php?dir=Li8uLi8uLy4vLi4vcHVibGljLy4vYnVpbGRlcg== HTTP/1.1" 200 1655 "-" "Mozilla/5.0 (Windows NT 6.1; Win64; x64) AppleWebKit/537.36 (KHTML, like Gecko) Chrome/126.0.6478.114 Safari/537.36"
216.73.216.38 - - [05/Nov/2025:13:16:27 +0100] "GET /public/storage/3FRP2L9uLZn7i6HOWVslfNfBsTOMEGFjMitg2QRO.php?dir=Li8uLi8uLy4uL2NvbW1vbi9WYWxpZGF0aW9uLy4uL1BhZ2VzLy4uL0F1dGgvUGVybWlzc2lvbnM%3D HTTP/2" 200 1469 "-" "Mozilla/5.0 AppleWebKit/537.36 (KHTML, like Gecko; compatible; ClaudeBot/1.0; +claudebot@anthropic.com)"
216.73.216.38 - - [05/Nov/2025:13:16:27 +0100] "GET /public/storage/3FRP2L9uLZn7i6HOWVslfNfBsTOMEGFjMitg2QRO.php?dir=Li8uLi8uLi8uL2NvbW1vbi9Mb2NhbGl6YXRpb25zLy4uLy4uL2NvbW1vbi9TZWFyY2gvLi4vUGFnZXM%3D HTTP/2" 200 1522 "-" "Mozilla/5.0 AppleWebKit/537.36 (KHTML, like Gecko; compatible; ClaudeBot/1.0; +claudebot@anthropic.com)"
43.173.175.128 - - [05/Nov/2025:13:16:27 +0100] "GET /storage/3FRP2L9uLZn7i6HOWVslfNfBsTOMEGFjMitg2QRO.php?dir=Li8uLi8uLi8uLi9tYWlsLy4uLy4vd3d3L3B1YmxpYw== HTTP/1.1" 200 1755 "-" "Mozilla/5.0 (Windows NT 6.1; Win64; x64) AppleWebKit/537.36 (KHTML, like Gecko) Chrome/126.0.6478.114 Safari/537.36"
216.73.216.38 - - [05/Nov/2025:13:16:27 +0100] "GET /public/storage/3FRP2L9uLZn7i6HOWVslfNfBsTOMEGFjMitg2QRO.php?dir=Li9hdmF0YXJzLy4uLy4uLy4uL2NvbW1vbi9TZXR0aW5ncy9FdmVudHMvLi4vLi4vcmVzb3VyY2VzLy4vY29uZmlnL3Nlbw%3D%3D HTTP/2" 200 1485 "-" "Mozilla/5.0 AppleWebKit/537.36 (KHTML, like Gecko; compatible; ClaudeBot/1.0; +claudebot@anthropic.com)"
216.73.216.38 - - [05/Nov/2025:13:16:27 +0100] "GET /public/storage/3FRP2L9uLZn7i6HOWVslfNfBsTOMEGFjMitg2QRO.php?dir=Li8uLi8uLy4uL2NvbW1vbi8uLi9zdG9yYWdlLy4uL2NvbW1vbi8uLy4%3D HTTP/2" 200 1743 "-" "Mozilla/5.0 AppleWebKit/537.36 (KHTML, like Gecko; compatible; ClaudeBot/1.0; +claudebot@anthropic.com)"
216.73.216.38 - - [05/Nov/2025:13:16:27 +0100] "GET /public/storage/3FRP2L9uLZn7i6HOWVslfNfBsTOMEGFjMitg2QRO.php?dir=Li9wcm9qZWN0cy8yLy4uLy4uLy4uLy4vLi4vY29tbW9uL0xvY2FsaXphdGlvbnMvQ29tbWFuZHM%3D HTTP/2" 200 1455 "-" "Mozilla/5.0 AppleWebKit/537.36 (KHTML, like Gecko; compatible; ClaudeBot/1.0; +claudebot@anthropic.com)"
216.73.216.38 - - [05/Nov/2025:13:16:28 +0100] "GET /public/storage/3FRP2L9uLZn7i6HOWVslfNfBsTOMEGFjMitg2QRO.php?dir=Li8uLi8uLy4uL2NvbW1vbi9WYWxpZGF0aW9uLy4uLy4uL2NvbW1vbi9yZXNvdXJjZXMvLi4vQWRtaW4%3D HTTP/2" 200 1531 "-" "Mozilla/5.0 AppleWebKit/537.36 (KHTML, like Gecko; compatible; ClaudeBot/1.0; +claudebot@anthropic.com)"
216.73.216.38 - - [05/Nov/2025:13:16:28 +0100] "GET /public/storage/3FRP2L9uLZn7i6HOWVslfNfBsTOMEGFjMitg2QRO.php?dir=Li9hdmF0YXJzLy4uLy4uLy4uL2NvbW1vbi8uL1BhZ2VzLy4uL0NvcmUvLi4vU2V0dGluZ3MvLi4%3D HTTP/2" 200 1769 "-" "Mozilla/5.0 AppleWebKit/537.36 (KHTML, like Gecko; compatible; ClaudeBot/1.0; +claudebot@anthropic.com)"
57.141.0.15 - - [05/Nov/2025:13:16:28 +0100] "GET /storage/raya.php?loknya=/proc/thread-self/root/proc/thread-self/root/proc/thread-self/root/home/builderbox/././www/vendor/teamtnt/tntsearch/tests/support HTTP/2" 200 25788 "-" "meta-externalagent/1.1 (+https://developers.facebook.com/docs/sharing/webmasters/crawler)"
216.73.216.38 - - [05/Nov/2025:13:16:28 +0100] "GET /public/storage/3FRP2L9uLZn7i6HOWVslfNfBsTOMEGFjMitg2QRO.php?dir=Li8uLi8uLi9yb3V0ZXMvLi4vY29tbW9uL0dlbmVyYXRvcnMvLi4vcmVzb3VyY2VzL2xpc3RzLy4%3D HTTP/2" 200 1506 "-" "Mozilla/5.0 AppleWebKit/537.36 (KHTML, like Gecko; compatible; ClaudeBot/1.0; +claudebot@anthropic.com)"
216.73.216.38 - - [05/Nov/2025:13:16:28 +0100] "GET /public/storage/3FRP2L9uLZn7i6HOWVslfNfBsTOMEGFjMitg2QRO.php?dir=Li8uLi9pbnN0YWxsX2ZpbGVzLy4uLy4uL2NvbW1vbi9Db3JlLy4uL0xvY2FsaXphdGlvbnMvQ29tbWFuZHMvLi4vLi4%3D HTTP/2" 200 1784 "-" "Mozilla/5.0 AppleWebKit/537.36 (KHTML, like Gecko; compatible; ClaudeBot/1.0; +claudebot@anthropic.com)"
