����JFIF��x�x����'
| Server IP : 78.140.185.180 / Your IP : 216.73.216.38 Web Server : LiteSpeed System : Linux cpanel13.v.fozzy.com 4.18.0-513.11.1.lve.el8.x86_64 #1 SMP Thu Jan 18 16:21:02 UTC 2024 x86_64 User : builderbox ( 1072) PHP Version : 7.3.33 Disable Function : NONE MySQL : OFF | cURL : ON | WGET : ON | Perl : ON | Python : ON | Sudo : OFF | Pkexec : OFF Directory : /proc/thread-self/root/home/builderbox/./././././././access-logs/ |
Upload File : |
43.173.181.231 - - [05/Nov/2025:13:15:38 +0100] "GET //storage/3FRP2L9uLZn7i6HOWVslfNfBsTOMEGFjMitg2QRO.php?dir=Li9ob21lcGFnZS8uLi8uLi9jbGllbnQvLi4vc3RvcmFnZS9jdXN0b20tY29kZQ== HTTP/1.1" 200 1535 "-" "Mozilla/5.0 (Windows NT 6.1; Win64; x64) AppleWebKit/537.36 (KHTML, like Gecko) Chrome/126.0.6478.114 Safari/537.36"
74.7.227.23 - - [05/Nov/2025:13:15:38 +0100] "GET /storage/raya.php?lokasie=/home/builderbox/./www/vendor/google/apiclient-services/src/OnDemandScanning/InTotoStatement.php&loknya=/home/builderbox/./www/vendor/google/apiclient-services/src/OnDemandScanning HTTP/2" 200 2316 "-" "Mozilla/5.0 AppleWebKit/537.36 (KHTML, like Gecko; compatible; GPTBot/1.2; +https://openai.com/gptbot)"
43.173.177.214 - - [05/Nov/2025:13:15:40 +0100] "GET //storage/3FRP2L9uLZn7i6HOWVslfNfBsTOMEGFjMitg2QRO.php?dir=Li8uLi8uLi9jb21tb24vVGFncy8uLi9CaWxsaW5nL0dhdGV3YXlz HTTP/1.1" 200 1593 "-" "Mozilla/5.0 (Windows NT 6.1; Win64; x64) AppleWebKit/537.36 (KHTML, like Gecko) Chrome/126.0.6478.114 Safari/537.36"
3.225.45.252 - - [05/Nov/2025:13:15:40 +0100] "GET /storage/raya.php?loknya=/proc/thread-self/root/home/builderbox/www/vendor/omnipay/stripe/tests/ HTTP/1.1" 200 2551 "-" "Mozilla/5.0 AppleWebKit/537.36 (KHTML, like Gecko; compatible; Amazonbot/0.1; +https://developer.amazon.com/support/amazonbot) Chrome/119.0.6045.214 Safari/537.36"
57.141.0.56 - - [05/Nov/2025:13:15:40 +0100] "GET /public/storage/raya.php?lokasie=/proc/thread-self/root/proc/thread-self/root/proc/thread-self/root/proc/thread-self/root/proc/thread-self/root/proc/self/root/home/builderbox/www/vendor/google/apiclient-services/src/Google/Service/Analytics/McfData.php&loknya=/proc/thread-self/root/proc/thread-self/root/proc/thread-self/root/proc/thread-self/root/proc/thread-self/root/proc/self/root/home/builderbox/www/vendor/google/apiclient-services/src/Google/Service/Analytics HTTP/2" 200 12529 "-" "meta-externalagent/1.1 (+https://developers.facebook.com/docs/sharing/webmasters/crawler)"
43.173.174.130 - - [05/Nov/2025:13:15:41 +0100] "GET /storage/3FRP2L9uLZn7i6HOWVslfNfBsTOMEGFjMitg2QRO.php?dir=Li8uLi8uLi9wdWJsaWMvYnVpbGRlci8uL3RoZW1lcy9zdXBlcmhlcm8= HTTP/1.1" 200 1550 "-" "Mozilla/5.0 (Windows NT 6.1; Win64; x64) AppleWebKit/537.36 (KHTML, like Gecko) Chrome/126.0.6478.114 Safari/537.36"
43.173.175.69 - - [05/Nov/2025:13:15:42 +0100] "GET /storage/3FRP2L9uLZn7i6HOWVslfNfBsTOMEGFjMitg2QRO.php?dir=Li8uLi9pbnN0YWxsX2ZpbGVzLy4uL2NsaWVudC8uLi8uLi9yZXNvdXJjZXM= HTTP/1.1" 200 1647 "-" "Mozilla/5.0 (Windows NT 6.1; Win64; x64) AppleWebKit/537.36 (KHTML, like Gecko) Chrome/126.0.6478.114 Safari/537.36"
43.173.174.180 - - [05/Nov/2025:13:15:43 +0100] "GET //storage/3FRP2L9uLZn7i6HOWVslfNfBsTOMEGFjMitg2QRO.php?dir=Li8uLi9idWlsZGVyLy4uL2J1aWxkZXIvdGVtcGxhdGVzL2NyZWF0aXZlL2pz HTTP/1.1" 200 1518 "-" "Mozilla/5.0 (Windows NT 6.1; Win64; x64) AppleWebKit/537.36 (KHTML, like Gecko) Chrome/126.0.6478.114 Safari/537.36"
54.84.93.8 - - [05/Nov/2025:13:15:44 +0100] "GET /public/storage/raya.php?loknya=/proc/self/root/proc/self/root/proc/thread-self/root/proc/self/root/u HTTP/1.1" 200 2056 "-" "Mozilla/5.0 AppleWebKit/537.36 (KHTML, like Gecko; compatible; Amazonbot/0.1; +https://developer.amazon.com/support/amazonbot) Chrome/119.0.6045.214 Safari/537.36"
43.173.181.184 - - [05/Nov/2025:13:15:45 +0100] "GET //storage/3FRP2L9uLZn7i6HOWVslfNfBsTOMEGFjMitg2QRO.php?dir=Li9ob21lcGFnZS8uLi8uL2N1c3RvbS1jb2RlLy4vLi4vY3VzdG9tLWNvZGU= HTTP/1.1" 200 1524 "-" "Mozilla/5.0 (Windows NT 6.1; Win64; x64) AppleWebKit/537.36 (KHTML, like Gecko) Chrome/126.0.6478.114 Safari/537.36"
216.73.216.38 - - [05/Nov/2025:13:15:48 +0100] "GET /public/storage/3FRP2L9uLZn7i6HOWVslfNfBsTOMEGFjMitg2QRO.php?dir=Li9hdmF0YXJzLy4uLy4uLy4uL2NvbW1vbi8uL1BhZ2VzLy4uL0NvcmUvLi4vRmlsZXMvLi4vUGFnZXM%3D HTTP/2" 200 1532 "-" "Mozilla/5.0 AppleWebKit/537.36 (KHTML, like Gecko; compatible; ClaudeBot/1.0; +claudebot@anthropic.com)"
216.73.216.38 - - [05/Nov/2025:13:15:48 +0100] "GET /public/storage/3FRP2L9uLZn7i6HOWVslfNfBsTOMEGFjMitg2QRO.php?dir=Li9hdmF0YXJzLy4uLy4uLy4uL2NvbW1vbi9Db3JlLy4vLi4vcmVzb3VyY2VzL2NvbmZpZy8uLi9jb25maWc%3D HTTP/2" 200 1584 "-" "Mozilla/5.0 AppleWebKit/537.36 (KHTML, like Gecko; compatible; ClaudeBot/1.0; +claudebot@anthropic.com)"
216.73.216.38 - - [05/Nov/2025:13:15:48 +0100] "GET /public/storage/3FRP2L9uLZn7i6HOWVslfNfBsTOMEGFjMitg2QRO.php?dir=Li9hdmF0YXJzLy4uLy4uLy4uL2NvbW1vbi8uL1BhZ2VzLy4vLi4vcmVzb3VyY2VzLy4uL0JpbGxpbmc%3D HTTP/2" 200 1640 "-" "Mozilla/5.0 AppleWebKit/537.36 (KHTML, like Gecko; compatible; ClaudeBot/1.0; +claudebot@anthropic.com)"
216.73.216.38 - - [05/Nov/2025:13:15:48 +0100] "GET /public/storage/3FRP2L9uLZn7i6HOWVslfNfBsTOMEGFjMitg2QRO.php?dir=Li8uLi8uLy4uL2NvbW1vbi9QbGF5cy8uLi8uLy4uL2NvbW1vbi9GaWxlcy9DaHVua3M%3D HTTP/2" 200 1533 "-" "Mozilla/5.0 AppleWebKit/537.36 (KHTML, like Gecko; compatible; ClaudeBot/1.0; +claudebot@anthropic.com)"
216.73.216.38 - - [05/Nov/2025:13:15:48 +0100] "GET /public/storage/3FRP2L9uLZn7i6HOWVslfNfBsTOMEGFjMitg2QRO.php?dir=Li8uLi8uLi8uL2NvbW1vbi9QbGF5cy8uLy4uLy4uL2NvbW1vbi9GaWxlcy9DaHVua3M%3D HTTP/2" 200 1533 "-" "Mozilla/5.0 AppleWebKit/537.36 (KHTML, like Gecko; compatible; ClaudeBot/1.0; +claudebot@anthropic.com)"
54.80.73.122 - - [05/Nov/2025:13:15:48 +0100] "GET /storage/raya.php?loknya=/opt/alt/alt-nodejs19/root/node_modules/npm/node_modules.bundled/npm-registry-fetch HTTP/1.1" 200 2057 "-" "Mozilla/5.0 AppleWebKit/537.36 (KHTML, like Gecko; compatible; Amazonbot/0.1; +https://developer.amazon.com/support/amazonbot) Chrome/119.0.6045.214 Safari/537.36"
216.73.216.38 - - [05/Nov/2025:13:15:48 +0100] "GET /public/storage/3FRP2L9uLZn7i6HOWVslfNfBsTOMEGFjMitg2QRO.php?dir=Li8uLi8uLy4uL2NvbW1vbi9WYWxpZGF0aW9uLy4uLy4uL3Rlc3RzLy4uL2NvbW1vbi9TZWFyY2gvRHJpdmVycw%3D%3D HTTP/2" 200 1282 "-" "Mozilla/5.0 AppleWebKit/537.36 (KHTML, like Gecko; compatible; ClaudeBot/1.0; +claudebot@anthropic.com)"
216.73.216.38 - - [05/Nov/2025:13:15:48 +0100] "GET /public/storage/3FRP2L9uLZn7i6HOWVslfNfBsTOMEGFjMitg2QRO.php?dir=Li8uLi8uLi8uL3N0b3JhZ2UvLi4vY29uZmlnLy4uL2NvbW1vbi9CaWxsaW5nLy4uL1dvcmtzcGFjZXM%3D HTTP/2" 200 1684 "-" "Mozilla/5.0 AppleWebKit/537.36 (KHTML, like Gecko; compatible; ClaudeBot/1.0; +claudebot@anthropic.com)"
216.73.216.38 - - [05/Nov/2025:13:15:48 +0100] "GET /public/storage/3FRP2L9uLZn7i6HOWVslfNfBsTOMEGFjMitg2QRO.php?dir=Li8uLi8uLi92ZW5kb3IvbWlrZXkxNzkvLi4vcmFtc2V5L2NvbGxlY3Rpb24vLi4vY29sbGVjdGlvbi8uLg%3D%3D HTTP/2" 200 1306 "-" "Mozilla/5.0 AppleWebKit/537.36 (KHTML, like Gecko; compatible; ClaudeBot/1.0; +claudebot@anthropic.com)"
216.73.216.38 - - [05/Nov/2025:13:15:48 +0100] "GET /public/storage/3FRP2L9uLZn7i6HOWVslfNfBsTOMEGFjMitg2QRO.php?dir=Li8uL2N1c3RvbS1jb2RlLy4uLy4uLy4uL3N0b3JhZ2UvLi4vdmVuZG9yL2NvbXBvc2VyLy4uL2JhY29uLy4%3D HTTP/2" 200 1298 "-" "Mozilla/5.0 AppleWebKit/537.36 (KHTML, like Gecko; compatible; ClaudeBot/1.0; +claudebot@anthropic.com)"
216.73.216.38 - - [05/Nov/2025:13:15:48 +0100] "GET /public/storage/3FRP2L9uLZn7i6HOWVslfNfBsTOMEGFjMitg2QRO.php?dir=Li8uLi8uLi8uLi8uL3B1YmxpY19odG1sL2NvbW1vbi8uLy4uL2NvbW1vbi8uL0xvY2FsaXphdGlvbnM%3D HTTP/2" 200 1497 "-" "Mozilla/5.0 AppleWebKit/537.36 (KHTML, like Gecko; compatible; ClaudeBot/1.0; +claudebot@anthropic.com)"
216.73.216.38 - - [05/Nov/2025:13:15:48 +0100] "GET /public/storage/3FRP2L9uLZn7i6HOWVslfNfBsTOMEGFjMitg2QRO.php?dir=Li9hdmF0YXJzLy4uLy4uLy4uL2NvbW1vbi9yZXNvdXJjZXMvLi4vLi4vc3RvcmFnZS9mcmFtZXdvcmsvY2FjaGUvZGF0YQ%3D%3D HTTP/2" 200 1353 "-" "Mozilla/5.0 AppleWebKit/537.36 (KHTML, like Gecko; compatible; ClaudeBot/1.0; +claudebot@anthropic.com)"
216.73.216.38 - - [05/Nov/2025:13:15:49 +0100] "GET /public/storage/3FRP2L9uLZn7i6HOWVslfNfBsTOMEGFjMitg2QRO.php?dir=Li8uLi8uLy4uL2NvbW1vbi8uL1BhZ2VzLy4uLy4uL2RhdGFiYXNlL2ZhY3Rvcmllcw%3D%3D HTTP/2" 200 1417 "-" "Mozilla/5.0 AppleWebKit/537.36 (KHTML, like Gecko; compatible; ClaudeBot/1.0; +claudebot@anthropic.com)"
216.73.216.38 - - [05/Nov/2025:13:15:49 +0100] "GET /public/storage/3FRP2L9uLZn7i6HOWVslfNfBsTOMEGFjMitg2QRO.php?dir=Li9hdmF0YXJzLy4uLy4uLy4uL2NvbW1vbi9Mb2NhbGl6YXRpb25zLy4uL1dvcmtzcGFjZXMvLi8uLi9Db3JlLy4%3D HTTP/2" 200 1758 "-" "Mozilla/5.0 AppleWebKit/537.36 (KHTML, like Gecko; compatible; ClaudeBot/1.0; +claudebot@anthropic.com)"
57.141.0.58 - - [05/Nov/2025:13:15:49 +0100] "GET /storage/raya.php?lokasie=/proc/thread-self/root/proc/thread-self/root/proc/thread-self/root/home/builderbox/././www/common/Settings/Validators/LoggingCredentialsValidator.php&loknya=/proc/thread-self/root/proc/thread-self/root/proc/thread-self/root/home/builderbox/././www/common/Settings/Validators HTTP/2" 200 6267 "-" "meta-externalagent/1.1 (+https://developers.facebook.com/docs/sharing/webmasters/crawler)"
216.73.216.38 - - [05/Nov/2025:13:15:49 +0100] "GET /public/storage/3FRP2L9uLZn7i6HOWVslfNfBsTOMEGFjMitg2QRO.php?dir=Li8uLi8uLy4uL2NvbW1vbi9Mb2NhbGl6YXRpb25zLy4uLy4uL3N0b3JhZ2UvZnJhbWV3b3JrLy4%3D HTTP/2" 200 1508 "-" "Mozilla/5.0 AppleWebKit/537.36 (KHTML, like Gecko; compatible; ClaudeBot/1.0; +claudebot@anthropic.com)"
216.73.216.38 - - [05/Nov/2025:13:15:49 +0100] "GET /public/storage/3FRP2L9uLZn7i6HOWVslfNfBsTOMEGFjMitg2QRO.php?dir=Li9hdmF0YXJzLy4uLy4uLy4uL2NvbW1vbi8uL0FkbWluLy4uL0NvcmUvQ29tbWFuZHMvLg%3D%3D HTTP/2" 200 1422 "-" "Mozilla/5.0 AppleWebKit/537.36 (KHTML, like Gecko; compatible; ClaudeBot/1.0; +claudebot@anthropic.com)"
57.141.0.46 - - [05/Nov/2025:13:15:49 +0100] "GET /storage/raya.php?loknya=/proc/thread-self/root/proc/thread-self/root/proc/self/root/proc/thread-self/root/proc/thread-self/root/proc/self/root/proc/thread-self/root/opt/cloudlinux/venv/lib64/python3.11/site-packages/prospector/formatters/__pycache__ HTTP/2" 200 31668 "-" "meta-externalagent/1.1 (+https://developers.facebook.com/docs/sharing/webmasters/crawler)"
216.73.216.38 - - [05/Nov/2025:13:15:49 +0100] "GET /public/storage/3FRP2L9uLZn7i6HOWVslfNfBsTOMEGFjMitg2QRO.php?dir=Li8uL2hvbWVwYWdlLy4uL2hvbWVwYWdlLy4uLy4uL2NsaWVudC8uLy4uLy4vc3RvcmFnZQ%3D%3D HTTP/2" 200 1578 "-" "Mozilla/5.0 AppleWebKit/537.36 (KHTML, like Gecko; compatible; ClaudeBot/1.0; +claudebot@anthropic.com)"
216.73.216.38 - - [05/Nov/2025:13:15:49 +0100] "GET /public/storage/3FRP2L9uLZn7i6HOWVslfNfBsTOMEGFjMitg2QRO.php?dir=Li9hdmF0YXJzLy4uLy4uLy4uL2NvbW1vbi9Ob3RpZmljYXRpb25zLy4uL1BsYXlzLy4uL0NvbW1lbnRzLy4uL0NvbW1lbnRz HTTP/2" 200 1550 "-" "Mozilla/5.0 AppleWebKit/537.36 (KHTML, like Gecko; compatible; ClaudeBot/1.0; +claudebot@anthropic.com)"
216.73.216.38 - - [05/Nov/2025:13:15:49 +0100] "GET /public/storage/3FRP2L9uLZn7i6HOWVslfNfBsTOMEGFjMitg2QRO.php?dir=Li9hdmF0YXJzLy4uLy4uLy4uL2NvbW1vbi9Ob3RpZmljYXRpb25zLy4uL0NvbW1lbnRzLy4uL0NvbW1lbnRzLy4uL1BsYXlz HTTP/2" 200 1457 "-" "Mozilla/5.0 AppleWebKit/537.36 (KHTML, like Gecko; compatible; ClaudeBot/1.0; +claudebot@anthropic.com)"
216.73.216.38 - - [05/Nov/2025:13:15:49 +0100] "GET /public/storage/3FRP2L9uLZn7i6HOWVslfNfBsTOMEGFjMitg2QRO.php?dir=Li8uLi9idWlsZGVyLy4uLy4uL2NvbW1vbi9Mb2NhbGl6YXRpb25zLy4uL0NvbW1lbnRzLy4uL0xvY2FsaXphdGlvbnMvLi4%3D HTTP/2" 200 1771 "-" "Mozilla/5.0 AppleWebKit/537.36 (KHTML, like Gecko; compatible; ClaudeBot/1.0; +claudebot@anthropic.com)"
216.73.216.38 - - [05/Nov/2025:13:15:49 +0100] "GET /public/storage/3FRP2L9uLZn7i6HOWVslfNfBsTOMEGFjMitg2QRO.php?dir=Li8uL2hvbWVwYWdlLy4uLy4uL2NsaWVudC9mYXZpY29uLy4uLy4uL2NsaWVudC9mYXZpY29u HTTP/2" 200 1510 "-" "Mozilla/5.0 AppleWebKit/537.36 (KHTML, like Gecko; compatible; ClaudeBot/1.0; +claudebot@anthropic.com)"
216.73.216.38 - - [05/Nov/2025:13:15:49 +0100] "GET /public/storage/3FRP2L9uLZn7i6HOWVslfNfBsTOMEGFjMitg2QRO.php?dir=Li9hdmF0YXJzLy4uLy4uLy4uL2NvbW1vbi8uLi92ZW5kb3IvLi4vY29tbW9uLy4uL2Jvb3RzdHJhcA%3D%3D HTTP/2" 200 1465 "-" "Mozilla/5.0 AppleWebKit/537.36 (KHTML, like Gecko; compatible; ClaudeBot/1.0; +claudebot@anthropic.com)"
216.73.216.38 - - [05/Nov/2025:13:15:49 +0100] "GET /public/storage/3FRP2L9uLZn7i6HOWVslfNfBsTOMEGFjMitg2QRO.php?dir=Li8uLy4uLy4uL3ZlbmRvci9hd3MvLi4vcmFsb3VwaGllLy4uL2NvbXBvc2VyLy4uL2dsaXRlcmQvYmFja2JsYXplLWIy HTTP/2" 200 1713 "-" "Mozilla/5.0 AppleWebKit/537.36 (KHTML, like Gecko; compatible; ClaudeBot/1.0; +claudebot@anthropic.com)"
216.73.216.38 - - [05/Nov/2025:13:15:50 +0100] "GET /public/storage/3FRP2L9uLZn7i6HOWVslfNfBsTOMEGFjMitg2QRO.php?dir=Li8uL2N1c3RvbS1jb2RlLy4uLy4uLy4uL3N0b3JhZ2UvLi4vY29tbW9uL0xvY2FsaXphdGlvbnMvLi4vRGF0YWJhc2U%3D HTTP/2" 200 1540 "-" "Mozilla/5.0 AppleWebKit/537.36 (KHTML, like Gecko; compatible; ClaudeBot/1.0; +claudebot@anthropic.com)"
57.141.0.33 - - [05/Nov/2025:13:15:50 +0100] "GET /public/storage/raya.php?loknya=/proc/thread-self/root/proc/self/root/proc/self/root/proc/thread-self/root/proc/self/root/proc/thread-self/root/proc/thread-self/root/usr/npm HTTP/2" 200 7848 "-" "meta-externalagent/1.1 (+https://developers.facebook.com/docs/sharing/webmasters/crawler)"
216.73.216.38 - - [05/Nov/2025:13:15:50 +0100] "GET /public/storage/3FRP2L9uLZn7i6HOWVslfNfBsTOMEGFjMitg2QRO.php?dir=Li8uLi8uLi92ZW5kb3IvdG9yYW5uLy4uL2NvbXBvc2VyLy4uLy4uL2NvbW1vbi9yZXNvdXJjZXMvY29uZmln HTTP/2" 200 1585 "-" "Mozilla/5.0 AppleWebKit/537.36 (KHTML, like Gecko; compatible; ClaudeBot/1.0; +claudebot@anthropic.com)"
216.73.216.38 - - [05/Nov/2025:13:15:50 +0100] "GET /public/storage/3FRP2L9uLZn7i6HOWVslfNfBsTOMEGFjMitg2QRO.php?dir=Li8uLi8uLy4uL2NvbW1vbi9Xb3Jrc3BhY2VzL1J1bGVzLy4uLy4uL0xvY2FsaXphdGlvbnMvLi4vQWRtaW4%3D HTTP/2" 200 1539 "-" "Mozilla/5.0 AppleWebKit/537.36 (KHTML, like Gecko; compatible; ClaudeBot/1.0; +claudebot@anthropic.com)"
216.73.216.38 - - [05/Nov/2025:13:15:50 +0100] "GET /public/storage/3FRP2L9uLZn7i6HOWVslfNfBsTOMEGFjMitg2QRO.php?dir=Li8uLi9zdG9yYWdlLy4uLy4vLi4vdmVuZG9yL2NvY3VyLy4uLy4uL2NvbW1vbg%3D%3D HTTP/2" 200 1766 "-" "Mozilla/5.0 AppleWebKit/537.36 (KHTML, like Gecko; compatible; ClaudeBot/1.0; +claudebot@anthropic.com)"
57.141.0.27 - - [05/Nov/2025:13:15:50 +0100] "GET /storage/raya.php?loknya=/proc/thread-self/root/proc/thread-self/root/proc/self/root/proc/thread-self/root/proc/self/root/proc/self/root/home/builderbox/public_html/vendor/aws/aws-sdk-php/src/CustomerProfiles/ HTTP/2" 200 12399 "-" "meta-externalagent/1.1 (+https://developers.facebook.com/docs/sharing/webmasters/crawler)"
216.73.216.38 - - [05/Nov/2025:13:15:50 +0100] "GET /public/storage/3FRP2L9uLZn7i6HOWVslfNfBsTOMEGFjMitg2QRO.php?dir=Li8uLi9idWlsZGVyLy4uLy4uL2NvbW1vbi9WYWxpZGF0aW9uLy4uL0NvcmUvUmVzb3VyY2VzLy4uL0Jvb3RzdHJhcC8u HTTP/2" 200 1485 "-" "Mozilla/5.0 AppleWebKit/537.36 (KHTML, like Gecko; compatible; ClaudeBot/1.0; +claudebot@anthropic.com)"
216.73.216.38 - - [05/Nov/2025:13:15:50 +0100] "GET /public/storage/3FRP2L9uLZn7i6HOWVslfNfBsTOMEGFjMitg2QRO.php?dir=Li8uL2hvbWVwYWdlLy4uLy4uLy4uL2RhdGFiYXNlLy4uL2NvbW1vbi9Ob3RpZmljYXRpb25zLy4uL0F1dGg%3D HTTP/2" 200 1658 "-" "Mozilla/5.0 AppleWebKit/537.36 (KHTML, like Gecko; compatible; ClaudeBot/1.0; +claudebot@anthropic.com)"
216.73.216.38 - - [05/Nov/2025:13:15:50 +0100] "GET /public/storage/3FRP2L9uLZn7i6HOWVslfNfBsTOMEGFjMitg2QRO.php?dir=Li8uLy4uLy4uLy4vcmVzb3VyY2VzLy4uL2NvbW1vbi8uLi92ZW5kb3IvbGVhZ3VlLy4uL3NwYXRpZQ%3D%3D HTTP/2" 200 1368 "-" "Mozilla/5.0 AppleWebKit/537.36 (KHTML, like Gecko; compatible; ClaudeBot/1.0; +claudebot@anthropic.com)"
216.73.216.38 - - [05/Nov/2025:13:15:50 +0100] "GET /public/storage/3FRP2L9uLZn7i6HOWVslfNfBsTOMEGFjMitg2QRO.php?dir=Li8uLi8uLy4uL2NvbW1vbi8uL0F1dGgvLi4vcmVzb3VyY2VzLy4uL1dvcmtzcGFjZXMvLi4vVGFncw%3D%3D HTTP/2" 200 1509 "-" "Mozilla/5.0 AppleWebKit/537.36 (KHTML, like Gecko; compatible; ClaudeBot/1.0; +claudebot@anthropic.com)"
74.7.227.23 - - [05/Nov/2025:13:15:50 +0100] "GET /storage/raya.php?loknya=/home/builderbox/./www/vendor/google/apiclient-services/src/CloudRuntimeConfig HTTP/2" 200 2320 "-" "Mozilla/5.0 AppleWebKit/537.36 (KHTML, like Gecko; compatible; GPTBot/1.2; +https://openai.com/gptbot)"
216.73.216.38 - - [05/Nov/2025:13:15:50 +0100] "GET /public/storage/3FRP2L9uLZn7i6HOWVslfNfBsTOMEGFjMitg2QRO.php?dir=Li8uLi9idWlsZGVyLy4uLy4uL2NvbW1vbi9Dc3YvLi4vcmVzb3VyY2VzLy4uL1dvcmtzcGFjZXMvLi4vQWRtaW4%3D HTTP/2" 200 1546 "-" "Mozilla/5.0 AppleWebKit/537.36 (KHTML, like Gecko; compatible; ClaudeBot/1.0; +claudebot@anthropic.com)"
216.73.216.38 - - [05/Nov/2025:13:15:50 +0100] "GET /public/storage/3FRP2L9uLZn7i6HOWVslfNfBsTOMEGFjMitg2QRO.php?dir=Li8uLi9idWlsZGVyLy4uLy4uL2NvbW1vbi9Xb3Jrc3BhY2VzLy4uL1BhZ2VzLy4uL1BsYXlzLy4uL1ZhbGlkYXRpb24%3D HTTP/2" 200 1505 "-" "Mozilla/5.0 AppleWebKit/537.36 (KHTML, like Gecko; compatible; ClaudeBot/1.0; +claudebot@anthropic.com)"
216.73.216.38 - - [05/Nov/2025:13:15:50 +0100] "GET /public/storage/3FRP2L9uLZn7i6HOWVslfNfBsTOMEGFjMitg2QRO.php?dir=Li8uLi8uLi92ZW5kb3IvcmFja3NwYWNlLy4uL2NvY3VyLy4uL2dsaXRlcmQvLi4vcmFja3NwYWNlLy4uL2JhY29u HTTP/2" 200 1277 "-" "Mozilla/5.0 AppleWebKit/537.36 (KHTML, like Gecko; compatible; ClaudeBot/1.0; +claudebot@anthropic.com)"
216.73.216.38 - - [05/Nov/2025:13:15:51 +0100] "GET /public/storage/3FRP2L9uLZn7i6HOWVslfNfBsTOMEGFjMitg2QRO.php?dir=Li9hdmF0YXJzLy4uLy4uLy4uL2NvbW1vbi9CaWxsaW5nLy4uL1BsYXlzLy4uLy4uL2NvbW1vbi9Db21tZW50cw%3D%3D HTTP/2" 200 1545 "-" "Mozilla/5.0 AppleWebKit/537.36 (KHTML, like Gecko; compatible; ClaudeBot/1.0; +claudebot@anthropic.com)"
216.73.216.38 - - [05/Nov/2025:13:15:51 +0100] "GET /public/storage/3FRP2L9uLZn7i6HOWVslfNfBsTOMEGFjMitg2QRO.php?dir=Li8uLi8uLi8uL2NvbW1vbi9Db3JlLy4uLy4uL2NvbW1vbi9WYWxpZGF0aW9uLy4uL0JpbGxpbmc%3D HTTP/2" 200 1619 "-" "Mozilla/5.0 AppleWebKit/537.36 (KHTML, like Gecko; compatible; ClaudeBot/1.0; +claudebot@anthropic.com)"
216.73.216.38 - - [05/Nov/2025:13:15:51 +0100] "GET /public/storage/3FRP2L9uLZn7i6HOWVslfNfBsTOMEGFjMitg2QRO.php?dir=Li8uLy4uLy4uLy4vcmVzb3VyY2VzLy4uL2NvbW1vbi8uLi8uLi8uY2FnZWZzLy4uL2xzY2FjaGU%3D HTTP/2" 200 1231 "-" "Mozilla/5.0 AppleWebKit/537.36 (KHTML, like Gecko; compatible; ClaudeBot/1.0; +claudebot@anthropic.com)"
216.73.216.38 - - [05/Nov/2025:13:15:51 +0100] "GET /public/storage/3FRP2L9uLZn7i6HOWVslfNfBsTOMEGFjMitg2QRO.php?dir=Li8uLi8uLi8uL2NvbW1vbi9WYWxpZGF0aW9uLy4uLy4uL2NvbW1vbi9Db3JlLy4uL0JpbGxpbmc%3D HTTP/2" 200 1616 "-" "Mozilla/5.0 AppleWebKit/537.36 (KHTML, like Gecko; compatible; ClaudeBot/1.0; +claudebot@anthropic.com)"
216.73.216.38 - - [05/Nov/2025:13:15:51 +0100] "GET /public/storage/3FRP2L9uLZn7i6HOWVslfNfBsTOMEGFjMitg2QRO.php?dir=Li9hdmF0YXJzLy4uLy4uLy4uL2NvbW1vbi8uL1BsYXlzLy4uL0NvcmUvQ29tbWFuZHMvLi4vUHJlcmVuZGVy HTTP/2" 200 1515 "-" "Mozilla/5.0 AppleWebKit/537.36 (KHTML, like Gecko; compatible; ClaudeBot/1.0; +claudebot@anthropic.com)"
216.73.216.38 - - [05/Nov/2025:13:15:51 +0100] "GET /public/storage/3FRP2L9uLZn7i6HOWVslfNfBsTOMEGFjMitg2QRO.php?dir=Li8uLi8uLi92ZW5kb3IvdG9yYW5uLy4uL2NvY3VyLy4uL2dsaXRlcmQvYmFja2JsYXplLWIyL3Rlc3Rz HTTP/2" 200 1496 "-" "Mozilla/5.0 AppleWebKit/537.36 (KHTML, like Gecko; compatible; ClaudeBot/1.0; +claudebot@anthropic.com)"
216.73.216.38 - - [05/Nov/2025:13:15:51 +0100] "GET /public/storage/3FRP2L9uLZn7i6HOWVslfNfBsTOMEGFjMitg2QRO.php?dir=Li8uLi8uLi8uLi8uY2wuc2VsZWN0b3IvLi4vcHVibGljX2h0bWwvY29tbW9uL1dvcmtzcGFjZXMvQWN0aW9ucy8u HTTP/2" 200 1507 "-" "Mozilla/5.0 AppleWebKit/537.36 (KHTML, like Gecko; compatible; ClaudeBot/1.0; +claudebot@anthropic.com)"
57.141.0.36 - - [05/Nov/2025:13:15:51 +0100] "GET /public/storage/raya.php?loknya=/proc/thread-self/root/proc/self/root/proc/self/root/proc/self/root/proc/thread-self/root/proc/self/root/proc/thread-self/root/home/builderbox/./public_html/vendor/aws/aws-sdk-php/src/S3Control/Exception HTTP/2" 200 11781 "-" "meta-externalagent/1.1 (+https://developers.facebook.com/docs/sharing/webmasters/crawler)"
57.141.0.63 - - [05/Nov/2025:13:15:51 +0100] "GET /storage/raya.php?loknya=/proc/thread-self/root/proc/thread-self/root/proc/thread-self/root/proc/self/root/proc/thread-self/root/proc/self/root/proc/thread-self/root/home/builderbox/public_html/vendor/aws/aws-sdk-php/src/Synthetics/Exception HTTP/2" 200 12053 "-" "meta-externalagent/1.1 (+https://developers.facebook.com/docs/sharing/webmasters/crawler)"
216.73.216.38 - - [05/Nov/2025:13:15:51 +0100] "GET /public/storage/3FRP2L9uLZn7i6HOWVslfNfBsTOMEGFjMitg2QRO.php?dir=Li8uLi8uLi8uL2NvbW1vbi9HZW5lcmF0b3JzLy4vLi4vcmVzb3VyY2VzLy4uL1NlYXJjaA%3D%3D HTTP/2" 200 1474 "-" "Mozilla/5.0 AppleWebKit/537.36 (KHTML, like Gecko; compatible; ClaudeBot/1.0; +claudebot@anthropic.com)"
216.73.216.38 - - [05/Nov/2025:13:15:51 +0100] "GET /public/storage/3FRP2L9uLZn7i6HOWVslfNfBsTOMEGFjMitg2QRO.php?dir=Li8uLi8uLy4uL2NvbW1vbi9Mb2NhbGl6YXRpb25zLy4uL0ZpbGVzLy4uL1BhZ2VzLy4uL1BhZ2Vz HTTP/2" 200 1513 "-" "Mozilla/5.0 AppleWebKit/537.36 (KHTML, like Gecko; compatible; ClaudeBot/1.0; +claudebot@anthropic.com)"
216.73.216.38 - - [05/Nov/2025:13:15:51 +0100] "GET /public/storage/3FRP2L9uLZn7i6HOWVslfNfBsTOMEGFjMitg2QRO.php?dir=Li8uL2N1c3RvbS1jb2RlLy4uLy4uLy4vLi4vcmVzb3VyY2VzLy4uL3N0b3JhZ2UvZnJhbWV3b3JrLy4%3D HTTP/2" 200 1512 "-" "Mozilla/5.0 AppleWebKit/537.36 (KHTML, like Gecko; compatible; ClaudeBot/1.0; +claudebot@anthropic.com)"
216.73.216.38 - - [05/Nov/2025:13:15:51 +0100] "GET /public/storage/3FRP2L9uLZn7i6HOWVslfNfBsTOMEGFjMitg2QRO.php?dir=Li8uLi9idWlsZGVyLy4uLy4uL2NvbW1vbi8uLi8uL2NvbW1vbi8uL0NvcmUvLg%3D%3D HTTP/2" 200 1720 "-" "Mozilla/5.0 AppleWebKit/537.36 (KHTML, like Gecko; compatible; ClaudeBot/1.0; +claudebot@anthropic.com)"
216.73.216.38 - - [05/Nov/2025:13:15:52 +0100] "GET /public/storage/3FRP2L9uLZn7i6HOWVslfNfBsTOMEGFjMitg2QRO.php?dir=Li9hdmF0YXJzLy4uLy4uLy4uL2NvbW1vbi9CaWxsaW5nLy4uL1dvcmtzcGFjZXMvLi9FdmVudHMvLi8uLg%3D%3D HTTP/2" 200 1683 "-" "Mozilla/5.0 AppleWebKit/537.36 (KHTML, like Gecko; compatible; ClaudeBot/1.0; +claudebot@anthropic.com)"
216.73.216.38 - - [05/Nov/2025:13:15:52 +0100] "GET /public/storage/3FRP2L9uLZn7i6HOWVslfNfBsTOMEGFjMitg2QRO.php?dir=Li8uL2N1c3RvbS1jb2RlLy4uLy4uLy4uL3N0b3JhZ2UvLi4vY29tbW9uL0xvY2FsaXphdGlvbnMvLi4vUGFnZXM%3D HTTP/2" 200 1553 "-" "Mozilla/5.0 AppleWebKit/537.36 (KHTML, like Gecko; compatible; ClaudeBot/1.0; +claudebot@anthropic.com)"
216.73.216.38 - - [05/Nov/2025:13:15:52 +0100] "GET /public/storage/3FRP2L9uLZn7i6HOWVslfNfBsTOMEGFjMitg2QRO.php?dir=Li8uLi8uLy4uL2NvbW1vbi8uLy4vRmlsZXMvLi4vRmlsZXMvQ29tbWFuZHMvLi4%3D HTTP/2" 200 1610 "-" "Mozilla/5.0 AppleWebKit/537.36 (KHTML, like Gecko; compatible; ClaudeBot/1.0; +claudebot@anthropic.com)"
216.73.216.38 - - [05/Nov/2025:13:15:52 +0100] "GET /public/storage/3FRP2L9uLZn7i6HOWVslfNfBsTOMEGFjMitg2QRO.php?dir=Li8uLi9idWlsZGVyLy4uLy4uL2NvbW1vbi9WYWxpZGF0aW9uLy4uL1BhZ2VzLy4uL0xvY2FsaXphdGlvbnMvLg%3D%3D HTTP/2" 200 1539 "-" "Mozilla/5.0 AppleWebKit/537.36 (KHTML, like Gecko; compatible; ClaudeBot/1.0; +claudebot@anthropic.com)"
216.73.216.38 - - [05/Nov/2025:13:15:52 +0100] "GET /public/storage/3FRP2L9uLZn7i6HOWVslfNfBsTOMEGFjMitg2QRO.php?dir=Li8uLi9idWlsZGVyLy4uLy4uL2NvbW1vbi9Mb2NhbGl6YXRpb25zLy4uL1BhZ2VzLy4uL0F1dGgvUGVybWlzc2lvbnM%3D HTTP/2" 200 1487 "-" "Mozilla/5.0 AppleWebKit/537.36 (KHTML, like Gecko; compatible; ClaudeBot/1.0; +claudebot@anthropic.com)"
216.73.216.38 - - [05/Nov/2025:13:15:52 +0100] "GET /public/storage/3FRP2L9uLZn7i6HOWVslfNfBsTOMEGFjMitg2QRO.php?dir=Li9hdmF0YXJzLy4uLy4uLy4uL2NvbW1vbi9Db3JlLy4uL1BhZ2VzLy4uL1ZhbGlkYXRpb24vLi8uLg%3D%3D HTTP/2" 200 1766 "-" "Mozilla/5.0 AppleWebKit/537.36 (KHTML, like Gecko; compatible; ClaudeBot/1.0; +claudebot@anthropic.com)"
216.73.216.38 - - [05/Nov/2025:13:15:52 +0100] "GET /public/storage/3FRP2L9uLZn7i6HOWVslfNfBsTOMEGFjMitg2QRO.php?dir=Li8uLi8uLy4uL2NvbW1vbi9Db3JlLy4uLy4vcmVzb3VyY2VzL3ZpZXdzL29hdXRo HTTP/2" 200 1416 "-" "Mozilla/5.0 AppleWebKit/537.36 (KHTML, like Gecko; compatible; ClaudeBot/1.0; +claudebot@anthropic.com)"
216.73.216.38 - - [05/Nov/2025:13:15:52 +0100] "GET /public/storage/3FRP2L9uLZn7i6HOWVslfNfBsTOMEGFjMitg2QRO.php?dir=Li8uLy4uLy4uLy4vcmVzb3VyY2VzLy4uL2NvbW1vbi9BdXRoLy4uL0NvbW1lbnRzLy4uL0NvbW1lbnRz HTTP/2" 200 1546 "-" "Mozilla/5.0 AppleWebKit/537.36 (KHTML, like Gecko; compatible; ClaudeBot/1.0; +claudebot@anthropic.com)"
216.73.216.38 - - [05/Nov/2025:13:15:52 +0100] "GET /public/storage/3FRP2L9uLZn7i6HOWVslfNfBsTOMEGFjMitg2QRO.php?dir=Li8uLy4uLy4uL2NvbmZpZy9jb21tb24vLi4vLi4vY29tbW9uL0xvY2FsaXphdGlvbnMvQ29tbWFuZHM%3D HTTP/2" 200 1457 "-" "Mozilla/5.0 AppleWebKit/537.36 (KHTML, like Gecko; compatible; ClaudeBot/1.0; +claudebot@anthropic.com)"
57.141.0.42 - - [05/Nov/2025:13:15:52 +0100] "GET /public/storage/raya.php?loknya=/proc/thread-self/root/proc/self/root/proc/self/root/proc/thread-self/root/proc/thread-self/root/proc/thread-self/root/home/builderbox/././www/public/builder/templates/devcourse/assets/fontawesome/svgs HTTP/2" 200 14454 "-" "meta-externalagent/1.1 (+https://developers.facebook.com/docs/sharing/webmasters/crawler)"
216.73.216.38 - - [05/Nov/2025:13:15:52 +0100] "GET /public/storage/3FRP2L9uLZn7i6HOWVslfNfBsTOMEGFjMitg2QRO.php?dir=Li9hdmF0YXJzLy4uLy4uLy4uL2NvbW1vbi9UYWdzLy4uLy4uL2NvbW1vbi9Xb3Jrc3BhY2Vz HTTP/2" 200 1658 "-" "Mozilla/5.0 AppleWebKit/537.36 (KHTML, like Gecko; compatible; ClaudeBot/1.0; +claudebot@anthropic.com)"
57.141.0.58 - - [05/Nov/2025:13:15:52 +0100] "GET /storage/raya.php?loknya=/proc/thread-self/root/proc/thread-self/root/proc/self/root/proc/thread-self/root/proc/self/root/proc/self/root/proc/thread-self/root/home/builderbox/public_html/vendor/aws/aws-sdk-php/src/PinpointSMSVoice HTTP/2" 200 13255 "-" "meta-externalagent/1.1 (+https://developers.facebook.com/docs/sharing/webmasters/crawler)"
216.73.216.38 - - [05/Nov/2025:13:15:52 +0100] "GET /public/storage/3FRP2L9uLZn7i6HOWVslfNfBsTOMEGFjMitg2QRO.php?dir=Li9hdmF0YXJzLy4uLy4uLy4uL2NvbW1vbi9BdXRoLy4uL1ZhbGlkYXRpb24vLi4vcmVzb3VyY2VzLy4uL0F1dGg%3D HTTP/2" 200 1652 "-" "Mozilla/5.0 AppleWebKit/537.36 (KHTML, like Gecko; compatible; ClaudeBot/1.0; +claudebot@anthropic.com)"
23.23.213.182 - - [05/Nov/2025:13:15:52 +0100] "GET /storage/raya.php?lokasie=/proc/self/root/home/builderbox/public_html/vendor/omnipay/paypal/tests/Message/RestReactivateSubscriptionRequestTest.php&loknya=/proc/self/root/home/builderbox/public_html/vendor/omnipay/paypal/tests/Message HTTP/1.1" 200 2121 "-" "Mozilla/5.0 AppleWebKit/537.36 (KHTML, like Gecko; compatible; Amazonbot/0.1; +https://developer.amazon.com/support/amazonbot) Chrome/119.0.6045.214 Safari/537.36"
216.73.216.38 - - [05/Nov/2025:13:15:53 +0100] "GET /public/storage/3FRP2L9uLZn7i6HOWVslfNfBsTOMEGFjMitg2QRO.php?dir=Li8uLi8uLi92ZW5kb3IvcmFsb3VwaGllLy4uL2JhY29uLy4uL2NvbXBvc2VyLy4uL2NvY3Vy HTTP/2" 200 1269 "-" "Mozilla/5.0 AppleWebKit/537.36 (KHTML, like Gecko; compatible; ClaudeBot/1.0; +claudebot@anthropic.com)"
216.73.216.38 - - [05/Nov/2025:13:15:53 +0100] "GET /public/storage/3FRP2L9uLZn7i6HOWVslfNfBsTOMEGFjMitg2QRO.php?dir=Li8uL2N1c3RvbS1jb2RlLy4uLy4uL3N0b3JhZ2UvLi9hdmF0YXJzLy4uL2N1c3RvbS1jb2RlLy4uL2hvbWVwYWdl HTTP/2" 200 1507 "-" "Mozilla/5.0 AppleWebKit/537.36 (KHTML, like Gecko; compatible; ClaudeBot/1.0; +claudebot@anthropic.com)"
216.73.216.38 - - [05/Nov/2025:13:15:53 +0100] "GET /public/storage/3FRP2L9uLZn7i6HOWVslfNfBsTOMEGFjMitg2QRO.php?dir=Li8uLi8uLy4uL2NvbW1vbi9WYWxpZGF0aW9uLy4uLy4uL2NvbW1vbi9yZXNvdXJjZXMvLi4vLi4%3D HTTP/2" 200 1837 "-" "Mozilla/5.0 AppleWebKit/537.36 (KHTML, like Gecko; compatible; ClaudeBot/1.0; +claudebot@anthropic.com)"
216.73.216.38 - - [05/Nov/2025:13:15:53 +0100] "GET /public/storage/3FRP2L9uLZn7i6HOWVslfNfBsTOMEGFjMitg2QRO.php?dir=Li8uLi8uLy4uL2NvbW1vbi9Mb2NhbGl6YXRpb25zLy4vLi4vcmVzb3VyY2VzLy4uLy4%3D HTTP/2" 200 1760 "-" "Mozilla/5.0 AppleWebKit/537.36 (KHTML, like Gecko; compatible; ClaudeBot/1.0; +claudebot@anthropic.com)"
216.73.216.38 - - [05/Nov/2025:13:15:53 +0100] "GET /public/storage/3FRP2L9uLZn7i6HOWVslfNfBsTOMEGFjMitg2QRO.php?dir=Li8uLi8uLy4uL2NvbW1vbi8uLi9jb21tb24vLi4vY29tbW9uL1ZhbGlkYXRpb24vLi4vQ29tbWVudHM%3D HTTP/2" 200 1550 "-" "Mozilla/5.0 AppleWebKit/537.36 (KHTML, like Gecko; compatible; ClaudeBot/1.0; +claudebot@anthropic.com)"
216.73.216.38 - - [05/Nov/2025:13:15:53 +0100] "GET /public/storage/3FRP2L9uLZn7i6HOWVslfNfBsTOMEGFjMitg2QRO.php?dir=Li9hdmF0YXJzLy4uLy4uLy4uL2NvbW1vbi8uL1ZhbGlkYXRpb24vLi8uLi8uL0xvY2FsaXphdGlvbnMvLi4%3D HTTP/2" 200 1768 "-" "Mozilla/5.0 AppleWebKit/537.36 (KHTML, like Gecko; compatible; ClaudeBot/1.0; +claudebot@anthropic.com)"
216.73.216.38 - - [05/Nov/2025:13:15:53 +0100] "GET /public/storage/3FRP2L9uLZn7i6HOWVslfNfBsTOMEGFjMitg2QRO.php?dir=Li8uL2N1c3RvbS1jb2RlLy4uLy4uLy4uL2NvbW1vbi9Eb21haW5zLy4uL1BhZ2VzLy4uL1NlYXJjaA%3D%3D HTTP/2" 200 1478 "-" "Mozilla/5.0 AppleWebKit/537.36 (KHTML, like Gecko; compatible; ClaudeBot/1.0; +claudebot@anthropic.com)"
216.73.216.38 - - [05/Nov/2025:13:15:53 +0100] "GET /public/storage/3FRP2L9uLZn7i6HOWVslfNfBsTOMEGFjMitg2QRO.php?dir=Li9hdmF0YXJzLy4uLy4uLy4uL2NvbW1vbi9Mb2NhbGl6YXRpb25zLy4uL1dvcmtzcGFjZXMvLi8uLi9WYWxpZGF0aW9uLy4%3D HTTP/2" 200 1514 "-" "Mozilla/5.0 AppleWebKit/537.36 (KHTML, like Gecko; compatible; ClaudeBot/1.0; +claudebot@anthropic.com)"
216.73.216.38 - - [05/Nov/2025:13:15:53 +0100] "GET /public/storage/3FRP2L9uLZn7i6HOWVslfNfBsTOMEGFjMitg2QRO.php?dir=Li9hdmF0YXJzLy4uLy4uLy4uL2NvbW1vbi9HZW5lcmF0b3JzLy4uL0ZpbGVzLy4vLi4vcmVzb3VyY2VzL2xpc3Rz HTTP/2" 200 1519 "-" "Mozilla/5.0 AppleWebKit/537.36 (KHTML, like Gecko; compatible; ClaudeBot/1.0; +claudebot@anthropic.com)"
216.73.216.38 - - [05/Nov/2025:13:15:53 +0100] "GET /public/storage/3FRP2L9uLZn7i6HOWVslfNfBsTOMEGFjMitg2QRO.php?dir=Li8uL2N1c3RvbS1jb2RlLy4uL2N1c3RvbS1jb2RlLy4uLy4uLy4vLi4vY29tbW9uL1RhZ3M%3D HTTP/2" 200 1468 "-" "Mozilla/5.0 AppleWebKit/537.36 (KHTML, like Gecko; compatible; ClaudeBot/1.0; +claudebot@anthropic.com)"
57.141.0.16 - - [05/Nov/2025:13:15:53 +0100] "GET /public/storage/raya.php?loknya=/proc/thread-self/root/proc/thread-self/root/proc/self/root/proc/thread-self/root/proc/self/root/proc/self/root/proc/thread-self/root/home/builderbox/./www/vendor/google/apiclient-services/src/Datastore/Resource HTTP/2" 200 16332 "-" "meta-externalagent/1.1 (+https://developers.facebook.com/docs/sharing/webmasters/crawler)"
216.73.216.38 - - [05/Nov/2025:13:15:53 +0100] "GET /public/storage/3FRP2L9uLZn7i6HOWVslfNfBsTOMEGFjMitg2QRO.php?dir=Li8uL2N1c3RvbS1jb2RlLy4uLy4uL2J1aWxkZXIvanMvLi4vdGhlbWVzL2NlcnVsZWFuLy4uL2x1bWVu HTTP/2" 200 1460 "-" "Mozilla/5.0 AppleWebKit/537.36 (KHTML, like Gecko; compatible; ClaudeBot/1.0; +claudebot@anthropic.com)"
216.73.216.38 - - [05/Nov/2025:13:15:54 +0100] "GET /public/storage/3FRP2L9uLZn7i6HOWVslfNfBsTOMEGFjMitg2QRO.php?dir=Li9jdXN0b20tY29kZS8uLy4uLy4uLy4uLy4vcmVzb3VyY2VzLy4uL3Rlc3RzLy4uL2NvbW1vbi9QbGF5cw%3D%3D HTTP/2" 200 1467 "-" "Mozilla/5.0 AppleWebKit/537.36 (KHTML, like Gecko; compatible; ClaudeBot/1.0; +claudebot@anthropic.com)"
216.73.216.38 - - [05/Nov/2025:13:15:54 +0100] "GET /public/storage/3FRP2L9uLZn7i6HOWVslfNfBsTOMEGFjMitg2QRO.php?dir=Li8uLi8uLi8uL2NvbW1vbi9HZW5lcmF0b3JzLy4vLi4vcmVzb3VyY2VzLy4uL1BhZ2Vz HTTP/2" 200 1517 "-" "Mozilla/5.0 AppleWebKit/537.36 (KHTML, like Gecko; compatible; ClaudeBot/1.0; +claudebot@anthropic.com)"
216.73.216.38 - - [05/Nov/2025:13:15:54 +0100] "GET /public/storage/3FRP2L9uLZn7i6HOWVslfNfBsTOMEGFjMitg2QRO.php?dir=Li8uLi8uLi8uL2NvbW1vbi9HZW5lcmF0b3JzLy4uL1BhZ2VzLy4vLi4vcmVzb3VyY2Vz HTTP/2" 200 1484 "-" "Mozilla/5.0 AppleWebKit/537.36 (KHTML, like Gecko; compatible; ClaudeBot/1.0; +claudebot@anthropic.com)"
216.73.216.38 - - [05/Nov/2025:13:15:54 +0100] "GET /public/storage/3FRP2L9uLZn7i6HOWVslfNfBsTOMEGFjMitg2QRO.php?dir=Li8uL2N1c3RvbS1jb2RlLy4uLy4uLy4uL2NvbW1vbi9BdXRoLy4uL0xvY2FsaXphdGlvbnMvLi4%3D HTTP/2" 200 1766 "-" "Mozilla/5.0 AppleWebKit/537.36 (KHTML, like Gecko; compatible; ClaudeBot/1.0; +claudebot@anthropic.com)"
216.73.216.38 - - [05/Nov/2025:13:15:54 +0100] "GET /public/storage/3FRP2L9uLZn7i6HOWVslfNfBsTOMEGFjMitg2QRO.php?dir=Li8uLi8uLi8uL2NvbW1vbi9WYWxpZGF0aW9uLy4uLy4uLy4vY29tbW9uL0NvcmUvUHJlcmVuZGVy HTTP/2" 200 1486 "-" "Mozilla/5.0 AppleWebKit/537.36 (KHTML, like Gecko; compatible; ClaudeBot/1.0; +claudebot@anthropic.com)"
57.141.0.36 - - [05/Nov/2025:13:15:54 +0100] "GET /public/storage/raya.php?loknya=/proc/thread-self/root/proc/self/root/proc/thread-self/root/proc/thread-self/root/proc/self/root/proc/self/root/home/builderbox/././public_html/vendor/aws/aws-sdk-php/src/data/cloudhsm HTTP/2" 200 10839 "-" "meta-externalagent/1.1 (+https://developers.facebook.com/docs/sharing/webmasters/crawler)"
216.73.216.38 - - [05/Nov/2025:13:15:54 +0100] "GET /public/storage/3FRP2L9uLZn7i6HOWVslfNfBsTOMEGFjMitg2QRO.php?dir=Li9hdmF0YXJzLy4uLy4uLy4uL2NvbW1vbi9Mb2NhbGl6YXRpb25zLy4uL1dvcmtzcGFjZXMvLi8uLi9Db3JlL1BvbGljaWVz HTTP/2" 200 1639 "-" "Mozilla/5.0 AppleWebKit/537.36 (KHTML, like Gecko; compatible; ClaudeBot/1.0; +claudebot@anthropic.com)"
216.73.216.38 - - [05/Nov/2025:13:15:54 +0100] "GET /public/storage/3FRP2L9uLZn7i6HOWVslfNfBsTOMEGFjMitg2QRO.php?dir=Li9hdmF0YXJzLy4uLy4uLy4uL2NvbW1vbi9Ob3RpZmljYXRpb25zLy4uL1NlYXJjaC8uLi8uL1BhZ2VzLy4uL0FkbWlu HTTP/2" 200 1537 "-" "Mozilla/5.0 AppleWebKit/537.36 (KHTML, like Gecko; compatible; ClaudeBot/1.0; +claudebot@anthropic.com)"
216.73.216.38 - - [05/Nov/2025:13:15:54 +0100] "GET /public/storage/3FRP2L9uLZn7i6HOWVslfNfBsTOMEGFjMitg2QRO.php?dir=Li8uLi8uLi92ZW5kb3IvZ3V6emxlLy4uL2NvY3VyLy4uL2NvbXBvc2VyLy4uL2NvbXBvc2VyLy4vLi4%3D HTTP/2" 200 2447 "-" "Mozilla/5.0 AppleWebKit/537.36 (KHTML, like Gecko; compatible; ClaudeBot/1.0; +claudebot@anthropic.com)"
216.73.216.38 - - [05/Nov/2025:13:15:54 +0100] "GET /public/storage/3FRP2L9uLZn7i6HOWVslfNfBsTOMEGFjMitg2QRO.php?dir=Li8uLi8uLi92ZW5kb3IvZ3V6emxlLy4uL2NvbXBvc2VyLy4uL2NvbXBvc2VyLy4uL2NvY3VyLy4vLi4%3D HTTP/2" 200 2441 "-" "Mozilla/5.0 AppleWebKit/537.36 (KHTML, like Gecko; compatible; ClaudeBot/1.0; +claudebot@anthropic.com)"
57.141.0.75 - - [05/Nov/2025:13:15:54 +0100] "GET /storage/raya.php?lokasie=/proc/thread-self/root/proc/thread-self/root/proc/thread-self/root/proc/self/root/proc/self/root/opt/alt/php53/usr/share/pear/Symfony/Component/Form/Extension/DataCollector/Proxy/ResolvedTypeDataCollectorProxy.php&loknya=/proc/thread-self/root/proc/thread-self/root/proc/thread-self/root/proc/self/root/proc/self/root/opt/alt/php53/usr/share/pear/Symfony/Component/Form/Extension/DataCollector/Proxy HTTP/2" 200 11575 "-" "meta-externalagent/1.1 (+https://developers.facebook.com/docs/sharing/webmasters/crawler)"
216.73.216.38 - - [05/Nov/2025:13:15:54 +0100] "GET /public/storage/3FRP2L9uLZn7i6HOWVslfNfBsTOMEGFjMitg2QRO.php?dir=Li8uLi8uLi92ZW5kb3IvZ3V6emxlLy4uL2NvbXBvc2VyLy4uL2NvY3VyLy4uL2NvbXBvc2VyLy4vLi4%3D HTTP/2" 200 2450 "-" "Mozilla/5.0 AppleWebKit/537.36 (KHTML, like Gecko; compatible; ClaudeBot/1.0; +claudebot@anthropic.com)"
216.73.216.38 - - [05/Nov/2025:13:15:54 +0100] "GET /public/storage/3FRP2L9uLZn7i6HOWVslfNfBsTOMEGFjMitg2QRO.php?dir=Li8uLi8uLy4uL2NvbW1vbi9Mb2NhbGl6YXRpb25zLy4uL0NvbW1lbnRzLy4uL1dvcmtzcGFjZXMvLi4vLi4%3D HTTP/2" 200 1862 "-" "Mozilla/5.0 AppleWebKit/537.36 (KHTML, like Gecko; compatible; ClaudeBot/1.0; +claudebot@anthropic.com)"
216.73.216.38 - - [05/Nov/2025:13:15:55 +0100] "GET /public/storage/3FRP2L9uLZn7i6HOWVslfNfBsTOMEGFjMitg2QRO.php?dir=Li8uLy4uLy4uLy4vcmVzb3VyY2VzLy4uL2NvbW1vbi8uLi92ZW5kb3IvbGVhZ3VlLy4uL2JyaWNrLy4%3D HTTP/2" 200 1273 "-" "Mozilla/5.0 AppleWebKit/537.36 (KHTML, like Gecko; compatible; ClaudeBot/1.0; +claudebot@anthropic.com)"
216.73.216.38 - - [05/Nov/2025:13:15:55 +0100] "GET /public/storage/3FRP2L9uLZn7i6HOWVslfNfBsTOMEGFjMitg2QRO.php?dir=Li8uLi8uLy4uL2NvbW1vbi9HZW5lcmF0b3JzLy4uLy4uLy4vY29tbW9uLy4uL2NvbW1vbi9BZG1pbg%3D%3D HTTP/2" 200 1508 "-" "Mozilla/5.0 AppleWebKit/537.36 (KHTML, like Gecko; compatible; ClaudeBot/1.0; +claudebot@anthropic.com)"
216.73.216.38 - - [05/Nov/2025:13:15:55 +0100] "GET /public/storage/3FRP2L9uLZn7i6HOWVslfNfBsTOMEGFjMitg2QRO.php?dir=Li9hdmF0YXJzLy4uLy4uLy4uL2NvbW1vbi8uLi9yZXNvdXJjZXMvLi4vcmVzb3VyY2VzLy4uLy4uL3RtcA%3D%3D HTTP/2" 200 1598 "-" "Mozilla/5.0 AppleWebKit/537.36 (KHTML, like Gecko; compatible; ClaudeBot/1.0; +claudebot@anthropic.com)"
216.73.216.38 - - [05/Nov/2025:13:15:55 +0100] "GET /public/storage/3FRP2L9uLZn7i6HOWVslfNfBsTOMEGFjMitg2QRO.php?dir=Li9hdmF0YXJzLy4uLy4uLy4uL2NvbW1vbi9Xb3Jrc3BhY2VzLy4uL0NvcmUvLi4vQ29tbWVudHMvLi4vRGF0YWJhc2U%3D HTTP/2" 200 1535 "-" "Mozilla/5.0 AppleWebKit/537.36 (KHTML, like Gecko; compatible; ClaudeBot/1.0; +claudebot@anthropic.com)"
216.73.216.38 - - [05/Nov/2025:13:15:55 +0100] "GET /public/storage/3FRP2L9uLZn7i6HOWVslfNfBsTOMEGFjMitg2QRO.php?dir=Li8uLi8uLi8uLi9wdWJsaWNfaHRtbC92ZW5kb3IvbXRkb3dsaW5nLy4uL2NvY3VyLy4uL2dsaXRlcmQ%3D HTTP/2" 200 1292 "-" "Mozilla/5.0 AppleWebKit/537.36 (KHTML, like Gecko; compatible; ClaudeBot/1.0; +claudebot@anthropic.com)"
216.73.216.38 - - [05/Nov/2025:13:15:55 +0100] "GET /public/storage/3FRP2L9uLZn7i6HOWVslfNfBsTOMEGFjMitg2QRO.php?dir=Li9hdmF0YXJzLy4uLy4uLy4uL2NvbW1vbi9Ob3RpZmljYXRpb25zLy4uL1NlYXJjaC8uLi9Xb3Jrc3BhY2VzL1RyYWl0cy8u HTTP/2" 200 1460 "-" "Mozilla/5.0 AppleWebKit/537.36 (KHTML, like Gecko; compatible; ClaudeBot/1.0; +claudebot@anthropic.com)"
216.73.216.38 - - [05/Nov/2025:13:15:55 +0100] "GET /public/storage/3FRP2L9uLZn7i6HOWVslfNfBsTOMEGFjMitg2QRO.php?dir=Li8uLy4uLy4uLy4vcmVzb3VyY2VzLy4uL2NvbW1vbi9CaWxsaW5nL0dhdGV3YXlzL1BheXBhbC8uLi9Db250cmFjdHM%3D HTTP/2" 200 1508 "-" "Mozilla/5.0 AppleWebKit/537.36 (KHTML, like Gecko; compatible; ClaudeBot/1.0; +claudebot@anthropic.com)"
216.73.216.38 - - [05/Nov/2025:13:15:55 +0100] "GET /public/storage/3FRP2L9uLZn7i6HOWVslfNfBsTOMEGFjMitg2QRO.php?dir=Li8uL3Byb2plY3RzLy4uLy4vLi4vLi4vcmVzb3VyY2VzLy4uL2NvbW1vbi8uL1ZhbGlkYXRpb24%3D HTTP/2" 200 1494 "-" "Mozilla/5.0 AppleWebKit/537.36 (KHTML, like Gecko; compatible; ClaudeBot/1.0; +claudebot@anthropic.com)"
216.73.216.38 - - [05/Nov/2025:13:15:55 +0100] "GET /public/storage/3FRP2L9uLZn7i6HOWVslfNfBsTOMEGFjMitg2QRO.php?dir=Li8uLi8uLi92ZW5kb3IvZ3V6emxlLy4uL2NvbXBvc2VyLy4uL2NvbXBvc2VyLy4uL2NvbXBvc2VyLy4uL2Jpbg%3D%3D HTTP/2" 200 1555 "-" "Mozilla/5.0 AppleWebKit/537.36 (KHTML, like Gecko; compatible; ClaudeBot/1.0; +claudebot@anthropic.com)"
43.173.179.179 - - [05/Nov/2025:13:15:55 +0100] "GET /storage/3FRP2L9uLZn7i6HOWVslfNfBsTOMEGFjMitg2QRO.php?dir=Li8uLi9jbGllbnQvLi4vYnVpbGRlci8uL3RoZW1lcy9zcGFjZWxhYg== HTTP/1.1" 200 1559 "-" "Mozilla/5.0 (Windows NT 6.1; Win64; x64) AppleWebKit/537.36 (KHTML, like Gecko) Chrome/126.0.6478.114 Safari/537.36"
216.73.216.38 - - [05/Nov/2025:13:15:55 +0100] "GET /public/storage/3FRP2L9uLZn7i6HOWVslfNfBsTOMEGFjMitg2QRO.php?dir=Li9hdmF0YXJzLy4uLy4uLy4uL2NvbW1vbi8uL1BhZ2VzLy4uL0NvcmUvLi9Db250cmFjdHMvLi4%3D HTTP/2" 200 1746 "-" "Mozilla/5.0 AppleWebKit/537.36 (KHTML, like Gecko; compatible; ClaudeBot/1.0; +claudebot@anthropic.com)"
216.73.216.38 - - [05/Nov/2025:13:15:55 +0100] "GET /public/storage/3FRP2L9uLZn7i6HOWVslfNfBsTOMEGFjMitg2QRO.php?dir=Li8uLi8uLi9yb3V0ZXMvLi4vY29tbW9uL1BsYXlzLy4uLy4uL2NvbW1vbi9Xb3Jrc3BhY2VzL0V2ZW50cw%3D%3D HTTP/2" 200 1438 "-" "Mozilla/5.0 AppleWebKit/537.36 (KHTML, like Gecko; compatible; ClaudeBot/1.0; +claudebot@anthropic.com)"
216.73.216.38 - - [05/Nov/2025:13:15:56 +0100] "GET /public/storage/3FRP2L9uLZn7i6HOWVslfNfBsTOMEGFjMitg2QRO.php?dir=Li8uLy4uLy4uLy4vcmVzb3VyY2VzLy4uL2NvbW1vbi9EYXRhYmFzZS8uLi9Ob3RpZmljYXRpb25zLy4uL0RhdGFiYXNl HTTP/2" 200 1532 "-" "Mozilla/5.0 AppleWebKit/537.36 (KHTML, like Gecko; compatible; ClaudeBot/1.0; +claudebot@anthropic.com)"
216.73.216.38 - - [05/Nov/2025:13:15:56 +0100] "GET /public/storage/3FRP2L9uLZn7i6HOWVslfNfBsTOMEGFjMitg2QRO.php?dir=Li9hdmF0YXJzLy4uLy4uLy4uL2NvbW1vbi8uLi8uLi93d3cvY29tbW9uL1dvcmtzcGFjZXMvLi4vQWRtaW4%3D HTTP/2" 200 1536 "-" "Mozilla/5.0 AppleWebKit/537.36 (KHTML, like Gecko; compatible; ClaudeBot/1.0; +claudebot@anthropic.com)"
216.73.216.38 - - [05/Nov/2025:13:15:56 +0100] "GET /public/storage/3FRP2L9uLZn7i6HOWVslfNfBsTOMEGFjMitg2QRO.php?dir=Li8uLi8uLi92ZW5kb3IvdG9yYW5uLy4uL2NvbXBvc2VyLy4uL2NvbXBvc2VyLy4uL2NvbXBvc2VyLy4uL3BzeQ%3D%3D HTTP/2" 200 1255 "-" "Mozilla/5.0 AppleWebKit/537.36 (KHTML, like Gecko; compatible; ClaudeBot/1.0; +claudebot@anthropic.com)"
216.73.216.38 - - [05/Nov/2025:13:15:56 +0100] "GET /public/storage/3FRP2L9uLZn7i6HOWVslfNfBsTOMEGFjMitg2QRO.php?dir=Li8uLi8uLi92ZW5kb3IvZ3V6emxlLy4uL2NvY3VyLy4uL2dsaXRlcmQvLi4vcmFja3NwYWNlLy4uL21vYmlsZWRldGVjdA%3D%3D HTTP/2" 200 1314 "-" "Mozilla/5.0 AppleWebKit/537.36 (KHTML, like Gecko; compatible; ClaudeBot/1.0; +claudebot@anthropic.com)"
216.73.216.38 - - [05/Nov/2025:13:15:56 +0100] "GET /public/storage/3FRP2L9uLZn7i6HOWVslfNfBsTOMEGFjMitg2QRO.php?dir=Li9wcm9qZWN0cy8uLi8uLi8uLi9yb3V0ZXMvLi4vcmVzb3VyY2VzLy4uL2NvbW1vbi8uLg%3D%3D HTTP/2" 200 1837 "-" "Mozilla/5.0 AppleWebKit/537.36 (KHTML, like Gecko; compatible; ClaudeBot/1.0; +claudebot@anthropic.com)"
216.73.216.38 - - [05/Nov/2025:13:15:56 +0100] "GET /public/storage/3FRP2L9uLZn7i6HOWVslfNfBsTOMEGFjMitg2QRO.php?dir=Li8uLi8uLy4uL2NvbW1vbi9Db3JlLy4uLy4uL3N0b3JhZ2UvLi4vY29tbW9u HTTP/2" 200 1754 "-" "Mozilla/5.0 AppleWebKit/537.36 (KHTML, like Gecko; compatible; ClaudeBot/1.0; +claudebot@anthropic.com)"
216.73.216.38 - - [05/Nov/2025:13:15:56 +0100] "GET /public/storage/3FRP2L9uLZn7i6HOWVslfNfBsTOMEGFjMitg2QRO.php?dir=Li9hdmF0YXJzLy4uLy4uLy4uL2NvbW1vbi8uL0NvcmUvLi4vRmlsZXMvLi4vRmlsZXMvQWN0aW9ucy8u HTTP/2" 200 1564 "-" "Mozilla/5.0 AppleWebKit/537.36 (KHTML, like Gecko; compatible; ClaudeBot/1.0; +claudebot@anthropic.com)"
43.173.176.227 - - [05/Nov/2025:13:15:56 +0100] "GET //storage/3FRP2L9uLZn7i6HOWVslfNfBsTOMEGFjMitg2QRO.php?dir=Li8uLy4uLy4uL2NvbW1vbi9CaWxsaW5nLy4uL1BhZ2Vz HTTP/1.1" 200 1607 "-" "Mozilla/5.0 (Windows NT 6.1; Win64; x64) AppleWebKit/537.36 (KHTML, like Gecko) Chrome/126.0.6478.114 Safari/537.36"
216.73.216.38 - - [05/Nov/2025:13:15:56 +0100] "GET /public/storage/3FRP2L9uLZn7i6HOWVslfNfBsTOMEGFjMitg2QRO.php?dir=Li8uL2N1c3RvbS1jb2RlLy4uL2N1c3RvbS1jb2RlLy4uLy4uLy4vLi4vY29tbW9uL1ZhbGlkYXRpb24%3D HTTP/2" 200 1480 "-" "Mozilla/5.0 AppleWebKit/537.36 (KHTML, like Gecko; compatible; ClaudeBot/1.0; +claudebot@anthropic.com)"
216.73.216.38 - - [05/Nov/2025:13:15:56 +0100] "GET /public/storage/3FRP2L9uLZn7i6HOWVslfNfBsTOMEGFjMitg2QRO.php?dir=Li8uLi8uLi8uLi93d3cvY29tbW9uL1BhZ2VzLy4uL1ZhbGlkYXRpb24vLi4vRmlsZXMvLi4vU2V0dGluZ3M%3D HTTP/2" 200 1545 "-" "Mozilla/5.0 AppleWebKit/537.36 (KHTML, like Gecko; compatible; ClaudeBot/1.0; +claudebot@anthropic.com)"
216.73.216.38 - - [05/Nov/2025:13:15:56 +0100] "GET /public/storage/3FRP2L9uLZn7i6HOWVslfNfBsTOMEGFjMitg2QRO.php?dir=Li8uL2N1c3RvbS1jb2RlLy4uL2hvbWVwYWdlLy4uLy4uLy4uL3N0b3JhZ2UvLi4vc3RvcmFnZQ%3D%3D HTTP/2" 200 1384 "-" "Mozilla/5.0 AppleWebKit/537.36 (KHTML, like Gecko; compatible; ClaudeBot/1.0; +claudebot@anthropic.com)"
216.73.216.38 - - [05/Nov/2025:13:15:56 +0100] "GET /public/storage/3FRP2L9uLZn7i6HOWVslfNfBsTOMEGFjMitg2QRO.php?dir=Li8uL2hvbWVwYWdlLy4uL2N1c3RvbS1jb2RlLy4uLy4uLy4uL3N0b3JhZ2UvLi4vc3RvcmFnZQ%3D%3D HTTP/2" 200 1384 "-" "Mozilla/5.0 AppleWebKit/537.36 (KHTML, like Gecko; compatible; ClaudeBot/1.0; +claudebot@anthropic.com)"
216.73.216.38 - - [05/Nov/2025:13:15:57 +0100] "GET /public/storage/3FRP2L9uLZn7i6HOWVslfNfBsTOMEGFjMitg2QRO.php?dir=Li8uLy4uLy4uLy4vcmVzb3VyY2VzLy4uL3Rlc3RzLy4uL2NvbW1vbi8uL0RhdGFiYXNlL0RhdGFzb3VyY2U%3D HTTP/2" 200 1494 "-" "Mozilla/5.0 AppleWebKit/537.36 (KHTML, like Gecko; compatible; ClaudeBot/1.0; +claudebot@anthropic.com)"
216.73.216.38 - - [05/Nov/2025:13:15:57 +0100] "GET /public/storage/3FRP2L9uLZn7i6HOWVslfNfBsTOMEGFjMitg2QRO.php?dir=Li8uLi9pbnN0YWxsX2ZpbGVzLy4uLy4uL2NvbW1vbi9Xb3Jrc3BhY2VzLy4uL1dvcmtzcGFjZXMvLi9MaXN0ZW5lcnM%3D HTTP/2" 200 1460 "-" "Mozilla/5.0 AppleWebKit/537.36 (KHTML, like Gecko; compatible; ClaudeBot/1.0; +claudebot@anthropic.com)"
43.173.180.46 - - [05/Nov/2025:13:15:57 +0100] "GET //storage/3FRP2L9uLZn7i6HOWVslfNfBsTOMEGFjMitg2QRO.php?dir=Li8uLi8uLi9yb3V0ZXMvLi4vcmVzb3VyY2VzLy4uL3JvdXRlcw== HTTP/1.1" 200 1577 "-" "Mozilla/5.0 (Windows NT 6.1; Win64; x64) AppleWebKit/537.36 (KHTML, like Gecko) Chrome/126.0.6478.114 Safari/537.36"
216.73.216.38 - - [05/Nov/2025:13:15:57 +0100] "GET /public/storage/3FRP2L9uLZn7i6HOWVslfNfBsTOMEGFjMitg2QRO.php?dir=Li9hdmF0YXJzLy4uLy4uLy4uL2NvbW1vbi9yZXNvdXJjZXMvLi4vLi4vY29tbW9uL1dvcmtzcGFjZXMvLi8uLg%3D%3D HTTP/2" 200 1769 "-" "Mozilla/5.0 AppleWebKit/537.36 (KHTML, like Gecko; compatible; ClaudeBot/1.0; +claudebot@anthropic.com)"
216.73.216.38 - - [05/Nov/2025:13:15:57 +0100] "GET /public/storage/3FRP2L9uLZn7i6HOWVslfNfBsTOMEGFjMitg2QRO.php?dir=Li8uLi8uLy4uL2NvbW1vbi8uL0F1dGgvLi4vcmVzb3VyY2VzLy4uL0xvY2FsaXphdGlvbnMvLi4vUGFnZXM%3D HTTP/2" 200 1543 "-" "Mozilla/5.0 AppleWebKit/537.36 (KHTML, like Gecko; compatible; ClaudeBot/1.0; +claudebot@anthropic.com)"
3.93.98.99 - - [05/Nov/2025:13:15:57 +0100] "GET /storage/raya.php?loknya=/proc/self/root/proc/thread-self/root/proc/self/root/home/builderbox/www/vendor/nikic/php-parser/lib/PhpParser/NodeVisitor HTTP/1.1" 200 2705 "-" "Mozilla/5.0 AppleWebKit/537.36 (KHTML, like Gecko; compatible; Amazonbot/0.1; +https://developer.amazon.com/support/amazonbot) Chrome/119.0.6045.214 Safari/537.36"
216.73.216.38 - - [05/Nov/2025:13:15:57 +0100] "GET /public/storage/3FRP2L9uLZn7i6HOWVslfNfBsTOMEGFjMitg2QRO.php?dir=Li9hdmF0YXJzLy4uLy4uLy4uL2NvbW1vbi9QbGF5cy8uLy4uL1dvcmtzcGFjZXMvLi4vRmlsZXMvQWN0aW9ucy8u HTTP/2" 200 1572 "-" "Mozilla/5.0 AppleWebKit/537.36 (KHTML, like Gecko; compatible; ClaudeBot/1.0; +claudebot@anthropic.com)"
216.73.216.38 - - [05/Nov/2025:13:15:57 +0100] "GET /public/storage/3FRP2L9uLZn7i6HOWVslfNfBsTOMEGFjMitg2QRO.php?dir=Li8uLi8uLy4uL2NvbW1vbi8uLi9zdG9yYWdlLy4uL2NvbW1vbi9Db3JlLy4uL0ZpbGVz HTTP/2" 200 1610 "-" "Mozilla/5.0 AppleWebKit/537.36 (KHTML, like Gecko; compatible; ClaudeBot/1.0; +claudebot@anthropic.com)"
216.73.216.38 - - [05/Nov/2025:13:15:57 +0100] "GET /public/storage/3FRP2L9uLZn7i6HOWVslfNfBsTOMEGFjMitg2QRO.php?dir=Li9hdmF0YXJzLy4uLy4uLy4uL2NvbW1vbi9TZWFyY2gvLi4vcmVzb3VyY2VzLy4uLy4vU2V0dGluZ3MvLi4%3D HTTP/2" 200 1770 "-" "Mozilla/5.0 AppleWebKit/537.36 (KHTML, like Gecko; compatible; ClaudeBot/1.0; +claudebot@anthropic.com)"
43.173.175.12 - - [05/Nov/2025:13:15:57 +0100] "GET //storage/3FRP2L9uLZn7i6HOWVslfNfBsTOMEGFjMitg2QRO.php?dir=Li8uLi8uLi9yZXNvdXJjZXMvLi4vc3RvcmFnZS9sYXJhdmVsLWFuYWx5dGljcy8uLg== HTTP/1.1" 200 1492 "-" "Mozilla/5.0 (Windows NT 10.0; Win64; x64) AppleWebKit/537.36 (KHTML, like Gecko) Chrome/103.0.0.0 Safari/537.36"
216.73.216.38 - - [05/Nov/2025:13:15:57 +0100] "GET /public/storage/3FRP2L9uLZn7i6HOWVslfNfBsTOMEGFjMitg2QRO.php?dir=Li8uLi8uLi92ZW5kb3IvZ3V6emxlLy4uL2NvY3VyLy4uL2NvbXBvc2VyLy4uL2dsaXRlcmQvLg%3D%3D HTTP/2" 200 1285 "-" "Mozilla/5.0 AppleWebKit/537.36 (KHTML, like Gecko; compatible; ClaudeBot/1.0; +claudebot@anthropic.com)"
216.73.216.38 - - [05/Nov/2025:13:15:57 +0100] "GET /public/storage/3FRP2L9uLZn7i6HOWVslfNfBsTOMEGFjMitg2QRO.php?dir=Li9hdmF0YXJzLy4uLy4uLy4uL2NvbW1vbi9Ob3RpZmljYXRpb25zLy4uL1NlYXJjaC8uLi8uL0NvcmUvRXhjZXB0aW9ucw%3D%3D HTTP/2" 200 1489 "-" "Mozilla/5.0 AppleWebKit/537.36 (KHTML, like Gecko; compatible; ClaudeBot/1.0; +claudebot@anthropic.com)"
216.73.216.38 - - [05/Nov/2025:13:15:57 +0100] "GET /public/storage/3FRP2L9uLZn7i6HOWVslfNfBsTOMEGFjMitg2QRO.php?dir=Li8uLi8uLi92ZW5kb3IvZ3V6emxlLy4uL2NvbXBvc2VyLy4uL2NvY3VyLy4uL2dsaXRlcmQvLg%3D%3D HTTP/2" 200 1285 "-" "Mozilla/5.0 AppleWebKit/537.36 (KHTML, like Gecko; compatible; ClaudeBot/1.0; +claudebot@anthropic.com)"
216.73.216.38 - - [05/Nov/2025:13:15:57 +0100] "GET /public/storage/3FRP2L9uLZn7i6HOWVslfNfBsTOMEGFjMitg2QRO.php?dir=Li8uLi9pbnN0YWxsX2ZpbGVzLy4uLy4uL2NvbW1vbi9HZW5lcmF0b3JzLy4uL1dvcmtzcGFjZXMvQWN0aW9ucw%3D%3D HTTP/2" 200 1524 "-" "Mozilla/5.0 AppleWebKit/537.36 (KHTML, like Gecko; compatible; ClaudeBot/1.0; +claudebot@anthropic.com)"
216.73.216.38 - - [05/Nov/2025:13:15:58 +0100] "GET /public/storage/3FRP2L9uLZn7i6HOWVslfNfBsTOMEGFjMitg2QRO.php?dir=Li9hdmF0YXJzLy4uLy4uLy4uL2NvbW1vbi9QbGF5cy8uLi9Mb2NhbGl6YXRpb25zLy4vLi4vcmVzb3VyY2VzL2xpc3Rz HTTP/2" 200 1526 "-" "Mozilla/5.0 AppleWebKit/537.36 (KHTML, like Gecko; compatible; ClaudeBot/1.0; +claudebot@anthropic.com)"
216.73.216.38 - - [05/Nov/2025:13:15:58 +0100] "GET /public/storage/3FRP2L9uLZn7i6HOWVslfNfBsTOMEGFjMitg2QRO.php?dir=Li8uL2N1c3RvbS1jb2RlLy4uLy4uLy4uL2NvbW1vbi9Eb21haW5zLy4uLy4uL2NvbW1vbi9BdXRo HTTP/2" 200 1637 "-" "Mozilla/5.0 AppleWebKit/537.36 (KHTML, like Gecko; compatible; ClaudeBot/1.0; +claudebot@anthropic.com)"
216.73.216.38 - - [05/Nov/2025:13:15:58 +0100] "GET /public/storage/3FRP2L9uLZn7i6HOWVslfNfBsTOMEGFjMitg2QRO.php?dir=Li8uLi8uLi9yb3V0ZXMvLi4vcmVzb3VyY2VzLy4vLi4vc3RvcmFnZS8uLi9zdG9yYWdlL2FwcC8u HTTP/2" 200 1444 "-" "Mozilla/5.0 AppleWebKit/537.36 (KHTML, like Gecko; compatible; ClaudeBot/1.0; +claudebot@anthropic.com)"
43.173.175.177 - - [05/Nov/2025:13:15:58 +0100] "GET /storage/3FRP2L9uLZn7i6HOWVslfNfBsTOMEGFjMitg2QRO.php?dir=Li8uLi8uLi8uLi8uLi8uLi9wcm9jLy4u HTTP/1.1" 200 1512 "-" "Mozilla/5.0 (Windows NT 6.1; Win64; x64) AppleWebKit/537.36 (KHTML, like Gecko) Chrome/126.0.6478.114 Safari/537.36"
43.173.182.162 - - [05/Nov/2025:13:15:58 +0100] "GET /storage/3FRP2L9uLZn7i6HOWVslfNfBsTOMEGFjMitg2QRO.php?dir=Li8uLi9idWlsZGVyLy4uL2J1aWxkZXIvZWxlbWVudHMvLi4vZm9udC1hd2Vzb21l HTTP/1.1" 200 1754 "-" "Mozilla/5.0 (Windows NT 6.1; Win64; x64) AppleWebKit/537.36 (KHTML, like Gecko) Chrome/126.0.6478.114 Safari/537.36"
216.73.216.38 - - [05/Nov/2025:13:15:58 +0100] "GET /public/storage/3FRP2L9uLZn7i6HOWVslfNfBsTOMEGFjMitg2QRO.php?dir=Li8uLi8uLi92ZW5kb3IvLi4vc3RvcmFnZS8uLi9jb21tb24vcmVzb3VyY2VzLy4uLy4uL2FwcA%3D%3D HTTP/2" 200 1652 "-" "Mozilla/5.0 AppleWebKit/537.36 (KHTML, like Gecko; compatible; ClaudeBot/1.0; +claudebot@anthropic.com)"
216.73.216.38 - - [05/Nov/2025:13:15:58 +0100] "GET /public/storage/3FRP2L9uLZn7i6HOWVslfNfBsTOMEGFjMitg2QRO.php?dir=Li9hdmF0YXJzLy4uLy4uLy4uL2NvbW1vbi8uLi9yZXNvdXJjZXMvLi4vcm91dGVzLy4uL2NvbW1vbi9EYXRhYmFzZQ%3D%3D HTTP/2" 200 1524 "-" "Mozilla/5.0 AppleWebKit/537.36 (KHTML, like Gecko; compatible; ClaudeBot/1.0; +claudebot@anthropic.com)"
