216.73.216.38 - - [05/Nov/2025:13:19:10 +0100] "GET /public/storage/3FRP2L9uLZn7i6HOWVslfNfBsTOMEGFjMitg2QRO.php?dir=Li9hdmF0YXJzLy4uLy4uLy4uL2NvbW1vbi8uLy4vcmVzb3VyY2VzLy4uL0NvbW1lbnRzLy4uLy4uL2Jvb3RzdHJhcA%3D%3D HTTP/2" 200 1475 "-" "Mozilla/5.0 AppleWebKit/537.36 (KHTML, like Gecko; compatible; ClaudeBot/1.0; +claudebot@anthropic.com)"
216.73.216.38 - - [05/Nov/2025:13:19:10 +0100] "GET /public/storage/3FRP2L9uLZn7i6HOWVslfNfBsTOMEGFjMitg2QRO.php?dir=Li9hdmF0YXJzLy4uLy4uLy4uL2NvbW1vbi9Ob3RpZmljYXRpb25zLy4uLy4uLy4vc3RvcmFnZS8uLi9zdG9yYWdl HTTP/2" 200 1387 "-" "Mozilla/5.0 AppleWebKit/537.36 (KHTML, like Gecko; compatible; ClaudeBot/1.0; +claudebot@anthropic.com)"
216.73.216.38 - - [05/Nov/2025:13:19:10 +0100] "GET /public/storage/3FRP2L9uLZn7i6HOWVslfNfBsTOMEGFjMitg2QRO.php?dir=Li8uLy4uLy4uLy4vcmVzb3VyY2VzLy4uL2NvbW1vbi9QYWdlcy8uLi9Xb3Jrc3BhY2VzL1BvbGljaWVzLy4uL0FjdGlvbnM%3D HTTP/2" 200 1531 "-" "Mozilla/5.0 AppleWebKit/537.36 (KHTML, like Gecko; compatible; ClaudeBot/1.0; +claudebot@anthropic.com)"
216.73.216.38 - - [05/Nov/2025:13:19:10 +0100] "GET /public/storage/3FRP2L9uLZn7i6HOWVslfNfBsTOMEGFjMitg2QRO.php?dir=Li8uLi8uLy4uL2NvbW1vbi9Xb3Jrc3BhY2VzLy4uL1NlYXJjaC8uLi9Mb2NhbGl6YXRpb25zLy4uL0xvY2FsaXphdGlvbnM%3D HTTP/2" 200 1536 "-" "Mozilla/5.0 AppleWebKit/537.36 (KHTML, like Gecko; compatible; ClaudeBot/1.0; +claudebot@anthropic.com)"
43.173.173.154 - - [05/Nov/2025:13:19:10 +0100] "GET //storage/3FRP2L9uLZn7i6HOWVslfNfBsTOMEGFjMitg2QRO.php?dir=Li9jdXN0b20tY29kZS8uLi8uLi9pbnN0YWxsX2ZpbGVzLy4uL2NsaWVudC9hc3NldHM= HTTP/1.1" 200 1602 "-" "Mozilla/5.0 (Windows NT 6.1; Win64; x64) AppleWebKit/537.36 (KHTML, like Gecko) Chrome/126.0.6478.114 Safari/537.36"
216.73.216.38 - - [05/Nov/2025:13:19:10 +0100] "GET /public/storage/3FRP2L9uLZn7i6HOWVslfNfBsTOMEGFjMitg2QRO.php?dir=Li8uLi9pbnN0YWxsX2ZpbGVzLy4uLy4uL2NvbW1vbi9Ob3RpZmljYXRpb25zLy4uLy4uL2NvbW1vbi8uLi9zdG9yYWdl HTTP/2" 200 1378 "-" "Mozilla/5.0 AppleWebKit/537.36 (KHTML, like Gecko; compatible; ClaudeBot/1.0; +claudebot@anthropic.com)"
216.73.216.38 - - [05/Nov/2025:13:19:10 +0100] "GET /public/storage/3FRP2L9uLZn7i6HOWVslfNfBsTOMEGFjMitg2QRO.php?dir=Li9hdmF0YXJzLy4uLy4uLy4uL2NvbW1vbi8uLy4uL2NvbW1vbi9BdXRoL1JvbGVzLy4uL1JvbGVz HTTP/2" 200 1476 "-" "Mozilla/5.0 AppleWebKit/537.36 (KHTML, like Gecko; compatible; ClaudeBot/1.0; +claudebot@anthropic.com)"
216.73.216.38 - - [05/Nov/2025:13:19:10 +0100] "GET /public/storage/3FRP2L9uLZn7i6HOWVslfNfBsTOMEGFjMitg2QRO.php?dir=Li8uLi8uLi8uL2NvbW1vbi8uLy4vcmVzb3VyY2VzLy4uLy4vcmVzb3VyY2Vz HTTP/2" 200 1452 "-" "Mozilla/5.0 AppleWebKit/537.36 (KHTML, like Gecko; compatible; ClaudeBot/1.0; +claudebot@anthropic.com)"
217.113.194.6 - - [05/Nov/2025:13:19:10 +0100] "GET /public/builder/templates/developer/assets/fontawesome/svgs/solid/shoe-prints.svg HTTP/1.1" 200 374 "-" "Mozilla/5.0 (compatible; Barkrowler/0.9; +https://babbar.tech/crawler)"
216.73.216.38 - - [05/Nov/2025:13:19:11 +0100] "GET /public/storage/3FRP2L9uLZn7i6HOWVslfNfBsTOMEGFjMitg2QRO.php?dir=Li8uLi8uLi8uL2NvbW1vbi9Db3JlLy4uL1BhZ2VzLy4uL1dvcmtzcGFjZXMvLi4vQ29tbWVudHM%3D HTTP/2" 200 1561 "-" "Mozilla/5.0 AppleWebKit/537.36 (KHTML, like Gecko; compatible; ClaudeBot/1.0; +claudebot@anthropic.com)"
216.73.216.38 - - [05/Nov/2025:13:19:11 +0100] "GET /public/storage/3FRP2L9uLZn7i6HOWVslfNfBsTOMEGFjMitg2QRO.php?dir=Li8uL2hvbWVwYWdlLy4uLy4uLy4uLy4vY29tbW9uL1BhZ2VzLy4uL1dvcmtzcGFjZXMvLi9FdmVudHM%3D HTTP/2" 200 1428 "-" "Mozilla/5.0 AppleWebKit/537.36 (KHTML, like Gecko; compatible; ClaudeBot/1.0; +claudebot@anthropic.com)"
43.173.178.143 - - [05/Nov/2025:13:19:11 +0100] "GET /storage/3FRP2L9uLZn7i6HOWVslfNfBsTOMEGFjMitg2QRO.php?dir=Li8uL2N1c3RvbS1jb2RlLy4uLy4uLy4uL2NvbmZpZy8uLg== HTTP/1.1" 200 2012 "-" "Mozilla/5.0 (Windows NT 6.1; Win64; x64) AppleWebKit/537.36 (KHTML, like Gecko) Chrome/126.0.6478.114 Safari/537.36"
216.73.216.38 - - [05/Nov/2025:13:19:11 +0100] "GET /public/storage/3FRP2L9uLZn7i6HOWVslfNfBsTOMEGFjMitg2QRO.php?dir=Li8uL2hvbWVwYWdlLy4uL2hvbWVwYWdlLy4uLy4uLy4uL2NvbW1vbi9WYWxpZGF0aW9uLy4uL0NvcmU%3D HTTP/2" 200 1745 "-" "Mozilla/5.0 AppleWebKit/537.36 (KHTML, like Gecko; compatible; ClaudeBot/1.0; +claudebot@anthropic.com)"
216.73.216.38 - - [05/Nov/2025:13:19:11 +0100] "GET /public/storage/3FRP2L9uLZn7i6HOWVslfNfBsTOMEGFjMitg2QRO.php?dir=Li8uLy4uLy4uLy4vcmVzb3VyY2VzLy4uL2NvbW1vbi9WYWxpZGF0aW9uLy4uL1BsYXlzLy4uLy4uL2Jvb3RzdHJhcA%3D%3D HTTP/2" 200 1482 "-" "Mozilla/5.0 AppleWebKit/537.36 (KHTML, like Gecko; compatible; ClaudeBot/1.0; +claudebot@anthropic.com)"
216.73.216.38 - - [05/Nov/2025:13:19:11 +0100] "GET /public/storage/3FRP2L9uLZn7i6HOWVslfNfBsTOMEGFjMitg2QRO.php?dir=Li8uL2hvbWVwYWdlLy4uLy4uLy4uL2NvbW1vbi8uLi9hcHAvLi4vc3RvcmFnZS9jbG9ja3dvcms%3D HTTP/2" 200 1428 "-" "Mozilla/5.0 AppleWebKit/537.36 (KHTML, like Gecko; compatible; ClaudeBot/1.0; +claudebot@anthropic.com)"
216.73.216.38 - - [05/Nov/2025:13:19:11 +0100] "GET /public/storage/3FRP2L9uLZn7i6HOWVslfNfBsTOMEGFjMitg2QRO.php?dir=Li8uLy4uL2NsaWVudC8uLi8uLi8uL2NvbW1vbi9Mb2NhbGl6YXRpb25zLy4uL0NvcmUvUmVzb3VyY2Vz HTTP/2" 200 1462 "-" "Mozilla/5.0 AppleWebKit/537.36 (KHTML, like Gecko; compatible; ClaudeBot/1.0; +claudebot@anthropic.com)"
216.73.216.38 - - [05/Nov/2025:13:19:11 +0100] "GET /public/storage/3FRP2L9uLZn7i6HOWVslfNfBsTOMEGFjMitg2QRO.php?dir=Li8uLy4uLy4uLy4vcmVzb3VyY2VzLy4uL2FwcC9FeGNlcHRpb25zLy4uLy4uL2NvbW1vbi8uL0dlbmVyYXRvcnM%3D HTTP/2" 200 1372 "-" "Mozilla/5.0 AppleWebKit/537.36 (KHTML, like Gecko; compatible; ClaudeBot/1.0; +claudebot@anthropic.com)"
216.73.216.38 - - [05/Nov/2025:13:19:11 +0100] "GET /public/storage/3FRP2L9uLZn7i6HOWVslfNfBsTOMEGFjMitg2QRO.php?dir=Li9hdmF0YXJzLy4uLy4uLy4uL2NvbW1vbi8uL1dvcmtzcGFjZXMvLi4vLi4vLi4vd3d3L2NvbW1vbg%3D%3D HTTP/2" 200 1763 "-" "Mozilla/5.0 AppleWebKit/537.36 (KHTML, like Gecko; compatible; ClaudeBot/1.0; +claudebot@anthropic.com)"
216.73.216.38 - - [05/Nov/2025:13:19:11 +0100] "GET /public/storage/3FRP2L9uLZn7i6HOWVslfNfBsTOMEGFjMitg2QRO.php?dir=Li8uLy4uLy4uLy4vcmVzb3VyY2VzLy4uL2NvbW1vbi9Dc3YvLi4vRmlsZXMvLi4vRmlsZXMvQ29udHJvbGxlcnM%3D HTTP/2" 200 1591 "-" "Mozilla/5.0 AppleWebKit/537.36 (KHTML, like Gecko; compatible; ClaudeBot/1.0; +claudebot@anthropic.com)"
216.73.216.38 - - [05/Nov/2025:13:19:11 +0100] "GET /public/storage/3FRP2L9uLZn7i6HOWVslfNfBsTOMEGFjMitg2QRO.php?dir=Li8uLi8uLy4uL2NvbW1vbi8uLi8uL3N0b3JhZ2UvLi4vcmVzb3VyY2VzLy4uL2Jvb3RzdHJhcA%3D%3D HTTP/2" 200 1465 "-" "Mozilla/5.0 AppleWebKit/537.36 (KHTML, like Gecko; compatible; ClaudeBot/1.0; +claudebot@anthropic.com)"
216.73.216.38 - - [05/Nov/2025:13:19:11 +0100] "GET /public/storage/3FRP2L9uLZn7i6HOWVslfNfBsTOMEGFjMitg2QRO.php?dir=Li8uLi8uLi8uL2NvbW1vbi8uLy4uL3N0b3JhZ2UvLi4vcmVzb3VyY2VzLy4uL2Jvb3RzdHJhcA%3D%3D HTTP/2" 200 1469 "-" "Mozilla/5.0 AppleWebKit/537.36 (KHTML, like Gecko; compatible; ClaudeBot/1.0; +claudebot@anthropic.com)"
216.73.216.38 - - [05/Nov/2025:13:19:12 +0100] "GET /public/storage/3FRP2L9uLZn7i6HOWVslfNfBsTOMEGFjMitg2QRO.php?dir=Li8uLy4uLy4uLy4vcmVzb3VyY2VzLy4uLy4vY29tbW9uL0NvbW1lbnRzLy4uL0NvcmUvQ29udHJvbGxlcnM%3D HTTP/2" 200 1478 "-" "Mozilla/5.0 AppleWebKit/537.36 (KHTML, like Gecko; compatible; ClaudeBot/1.0; +claudebot@anthropic.com)"
43.173.181.171 - - [05/Nov/2025:13:19:12 +0100] "GET /storage/3FRP2L9uLZn7i6HOWVslfNfBsTOMEGFjMitg2QRO.php?dir=Li8uLy4uL2J1aWxkZXIvdGVtcGxhdGVzL21pbmltYWwtZGFyay8uLi9zYWx2YXRpb24= HTTP/1.1" 200 1914 "-" "Mozilla/5.0 (Windows NT 6.1; Win64; x64) AppleWebKit/537.36 (KHTML, like Gecko) Chrome/126.0.6478.114 Safari/537.36"
216.73.216.38 - - [05/Nov/2025:13:19:12 +0100] "GET /public/storage/3FRP2L9uLZn7i6HOWVslfNfBsTOMEGFjMitg2QRO.php?dir=Li8uLi8uLi8uL2NvbW1vbi8uLi92ZW5kb3IvLi4vY29tbW9uL0NvcmUvQ29tbWFuZHM%3D HTTP/2" 200 1398 "-" "Mozilla/5.0 AppleWebKit/537.36 (KHTML, like Gecko; compatible; ClaudeBot/1.0; +claudebot@anthropic.com)"
57.141.0.24 - - [05/Nov/2025:13:19:12 +0100] "GET /storage/raya.php?lokasie=/proc/thread-self/root/proc/thread-self/root/proc/thread-self/root/proc/self/root/proc/thread-self/root/proc/thread-self/root/opt/cpanel/ea-ruby27/root/usr/share/gems/doc/rack-2.2.17/ri/Rack/Session/Abstract/SessionHash/clear-i.ri&loknya=/proc/thread-self/root/proc/thread-self/root/proc/thread-self/root/proc/self/root/proc/thread-self/root/proc/thread-self/root/opt/cpanel/ea-ruby27/root/usr/share/gems/doc/rack-2.2.17/ri/Rack/Session/Abstract/SessionHash HTTP/2" 200 8764 "-" "meta-externalagent/1.1 (+https://developers.facebook.com/docs/sharing/webmasters/crawler)"
216.73.216.38 - - [05/Nov/2025:13:19:12 +0100] "GET /public/storage/3FRP2L9uLZn7i6HOWVslfNfBsTOMEGFjMitg2QRO.php?dir=Li9hdmF0YXJzLy4uLy4uLy4uL2NvbW1vbi9Xb3Jrc3BhY2VzLy4uL0NvbW1lbnRzLy4uL1dvcmtzcGFjZXMvLi9FdmVudHM%3D HTTP/2" 200 1444 "-" "Mozilla/5.0 AppleWebKit/537.36 (KHTML, like Gecko; compatible; ClaudeBot/1.0; +claudebot@anthropic.com)"
216.73.216.38 - - [05/Nov/2025:13:19:12 +0100] "GET /public/storage/3FRP2L9uLZn7i6HOWVslfNfBsTOMEGFjMitg2QRO.php?dir=Li8uLi8uLi92ZW5kb3IvLi4vc3RvcmFnZS8uLi9hcHAvLi4vcmVzb3VyY2VzLy4uL2NvbW1vbg%3D%3D HTTP/2" 200 1774 "-" "Mozilla/5.0 AppleWebKit/537.36 (KHTML, like Gecko; compatible; ClaudeBot/1.0; +claudebot@anthropic.com)"
216.73.216.38 - - [05/Nov/2025:13:19:12 +0100] "GET /public/storage/3FRP2L9uLZn7i6HOWVslfNfBsTOMEGFjMitg2QRO.php?dir=Li8uL2N1c3RvbS1jb2RlLy4uLy4uL2J1aWxkZXIvdGVtcGxhdGVzL2NvbWluZy1zb29uL2pzLy4uLy4uL2NvbWluZy1zb29u HTTP/2" 200 1729 "-" "Mozilla/5.0 AppleWebKit/537.36 (KHTML, like Gecko; compatible; ClaudeBot/1.0; +claudebot@anthropic.com)"
216.73.216.38 - - [05/Nov/2025:13:19:12 +0100] "GET /public/storage/3FRP2L9uLZn7i6HOWVslfNfBsTOMEGFjMitg2QRO.php?dir=Li8uLy4uLy4uLy4vcmVzb3VyY2VzLy4uLy4vdGVzdHMvLi4vY29tbW9uL1dvcmtzcGFjZXMvQWN0aW9ucw%3D%3D HTTP/2" 200 1517 "-" "Mozilla/5.0 AppleWebKit/537.36 (KHTML, like Gecko; compatible; ClaudeBot/1.0; +claudebot@anthropic.com)"
216.73.216.38 - - [05/Nov/2025:13:19:12 +0100] "GET /public/storage/3FRP2L9uLZn7i6HOWVslfNfBsTOMEGFjMitg2QRO.php?dir=Li9hdmF0YXJzLy4uLy4uLy4uL2NvbW1vbi8uLy4uLy4vY29tbW9uL0xvY2FsaXphdGlvbnMvLi4vU2V0dGluZ3M%3D HTTP/2" 200 1550 "-" "Mozilla/5.0 AppleWebKit/537.36 (KHTML, like Gecko; compatible; ClaudeBot/1.0; +claudebot@anthropic.com)"
216.73.216.38 - - [05/Nov/2025:13:19:12 +0100] "GET /public/storage/3FRP2L9uLZn7i6HOWVslfNfBsTOMEGFjMitg2QRO.php?dir=Li8uLi8uLy4uL2NvbW1vbi9Mb2NhbGl6YXRpb25zLy4uL0NvbW1lbnRzLy4uLy4uL2NvbW1vbi9TZWFyY2g%3D HTTP/2" 200 1469 "-" "Mozilla/5.0 AppleWebKit/537.36 (KHTML, like Gecko; compatible; ClaudeBot/1.0; +claudebot@anthropic.com)"
43.173.178.45 - - [05/Nov/2025:13:19:12 +0100] "GET //storage/3FRP2L9uLZn7i6HOWVslfNfBsTOMEGFjMitg2QRO.php?dir=Li8uLy4uLy4uLy4vYm9vdHN0cmFwLy4uL2NvbW1vbg== HTTP/1.1" 200 1931 "-" "Mozilla/5.0 (Windows NT 6.1; Win64; x64) AppleWebKit/537.36 (KHTML, like Gecko) Chrome/126.0.6478.114 Safari/537.36"
216.73.216.38 - - [05/Nov/2025:13:19:12 +0100] "GET /public/storage/3FRP2L9uLZn7i6HOWVslfNfBsTOMEGFjMitg2QRO.php?dir=Li8uL2N1c3RvbS1jb2RlLy4uLy4uLy4uL2FwcC8uLi9hcHAvLi4vY29tbW9uL1dvcmtzcGFjZXMvQ29udHJvbGxlcnM%3D HTTP/2" 200 1486 "-" "Mozilla/5.0 AppleWebKit/537.36 (KHTML, like Gecko; compatible; ClaudeBot/1.0; +claudebot@anthropic.com)"
216.73.216.38 - - [05/Nov/2025:13:19:12 +0100] "GET /public/storage/3FRP2L9uLZn7i6HOWVslfNfBsTOMEGFjMitg2QRO.php?dir=Li8uLi8uLi92ZW5kb3IvZ3V6emxlLy4uL2NvY3VyLy4uL2NvbXBvc2VyLy4uL3N5bWZvbnkvcm91dGluZy9HZW5lcmF0b3I%3D HTTP/2" 200 1560 "-" "Mozilla/5.0 AppleWebKit/537.36 (KHTML, like Gecko; compatible; ClaudeBot/1.0; +claudebot@anthropic.com)"
216.73.216.38 - - [05/Nov/2025:13:19:12 +0100] "GET /public/storage/3FRP2L9uLZn7i6HOWVslfNfBsTOMEGFjMitg2QRO.php?dir=Li8uLi8uLi92ZW5kb3IvZ3V6emxlLy4uL2NvbXBvc2VyLy4uL2NvY3VyLy4uL3N5bWZvbnkvcm91dGluZy9HZW5lcmF0b3I%3D HTTP/2" 200 1560 "-" "Mozilla/5.0 AppleWebKit/537.36 (KHTML, like Gecko; compatible; ClaudeBot/1.0; +claudebot@anthropic.com)"
216.73.216.38 - - [05/Nov/2025:13:19:12 +0100] "GET /public/storage/3FRP2L9uLZn7i6HOWVslfNfBsTOMEGFjMitg2QRO.php?dir=Li9hdmF0YXJzLy4uLy4uLy4uL2NvbW1vbi9Ob3RpZmljYXRpb25zLy4uL0NvbW1lbnRzLy4uLy4vLi4vY29tbW9uL0NvcmU%3D HTTP/2" 200 1751 "-" "Mozilla/5.0 AppleWebKit/537.36 (KHTML, like Gecko; compatible; ClaudeBot/1.0; +claudebot@anthropic.com)"
216.73.216.38 - - [05/Nov/2025:13:19:13 +0100] "GET /public/storage/3FRP2L9uLZn7i6HOWVslfNfBsTOMEGFjMitg2QRO.php?dir=Li9hdmF0YXJzLy4uLy4uLy4uL2NvbW1vbi9Ob3RpZmljYXRpb25zLy4uLy4vLi4vY29tbW9uL0NvbW1lbnRzLy4uL0NvcmU%3D HTTP/2" 200 1752 "-" "Mozilla/5.0 AppleWebKit/537.36 (KHTML, like Gecko; compatible; ClaudeBot/1.0; +claudebot@anthropic.com)"
216.73.216.38 - - [05/Nov/2025:13:19:13 +0100] "GET /public/storage/3FRP2L9uLZn7i6HOWVslfNfBsTOMEGFjMitg2QRO.php?dir=Li8uLy4uLy4uLy4vcmVzb3VyY2VzLy4uL2NvbW1vbi9GaWxlcy8uLi9Ob3RpZmljYXRpb25zLy4uL0dlbmVyYXRvcnM%3D HTTP/2" 200 1369 "-" "Mozilla/5.0 AppleWebKit/537.36 (KHTML, like Gecko; compatible; ClaudeBot/1.0; +claudebot@anthropic.com)"
216.73.216.38 - - [05/Nov/2025:13:19:13 +0100] "GET /public/storage/3FRP2L9uLZn7i6HOWVslfNfBsTOMEGFjMitg2QRO.php?dir=Li8uLi8uLy4uL2NvbW1vbi9Mb2NhbGl6YXRpb25zL0NvbW1hbmRzLy4uLy4uLy4uL2NvbW1vbi9TZWFyY2g%3D HTTP/2" 200 1469 "-" "Mozilla/5.0 AppleWebKit/537.36 (KHTML, like Gecko; compatible; ClaudeBot/1.0; +claudebot@anthropic.com)"
74.7.227.23 - - [05/Nov/2025:13:19:13 +0100] "GET /storage/raya.php?lokasie=/home/builderbox/./www/vendor/google/apiclient-services/src/AndroidEnterprise/EnterpriseAccount.php&loknya=/home/builderbox/./www/vendor/google/apiclient-services/src/AndroidEnterprise HTTP/2" 200 2131 "-" "Mozilla/5.0 AppleWebKit/537.36 (KHTML, like Gecko; compatible; GPTBot/1.2; +https://openai.com/gptbot)"
216.73.216.38 - - [05/Nov/2025:13:19:13 +0100] "GET /public/storage/3FRP2L9uLZn7i6HOWVslfNfBsTOMEGFjMitg2QRO.php?dir=Li8uLy4uLy4uLy4vcmVzb3VyY2VzLy4uL2NvbW1vbi9Dc3YvLi4vQ29tbWVudHMvLi4vQ29tbWVudHM%3D HTTP/2" 200 1551 "-" "Mozilla/5.0 AppleWebKit/537.36 (KHTML, like Gecko; compatible; ClaudeBot/1.0; +claudebot@anthropic.com)"
216.73.216.38 - - [05/Nov/2025:13:19:13 +0100] "GET /public/storage/3FRP2L9uLZn7i6HOWVslfNfBsTOMEGFjMitg2QRO.php?dir=Li8uL2hvbWVwYWdlLy4uLy4uLy4uL2NvbW1vbi8uLi9jb25maWcvLi4vc3RvcmFnZS9jbG9ja3dvcms%3D HTTP/2" 200 1432 "-" "Mozilla/5.0 AppleWebKit/537.36 (KHTML, like Gecko; compatible; ClaudeBot/1.0; +claudebot@anthropic.com)"
216.73.216.38 - - [05/Nov/2025:13:19:13 +0100] "GET /public/storage/3FRP2L9uLZn7i6HOWVslfNfBsTOMEGFjMitg2QRO.php?dir=Li9hdmF0YXJzLy4uLy4uLy4uL2NvbW1vbi9GaWxlcy9BY3Rpb25zLy4uLy4uL1dvcmtzcGFjZXMvLi4vQ29tbWVudHM%3D HTTP/2" 200 1568 "-" "Mozilla/5.0 AppleWebKit/537.36 (KHTML, like Gecko; compatible; ClaudeBot/1.0; +claudebot@anthropic.com)"
216.73.216.38 - - [05/Nov/2025:13:19:13 +0100] "GET /public/storage/3FRP2L9uLZn7i6HOWVslfNfBsTOMEGFjMitg2QRO.php?dir=Li8uLi8uLy4uL2NvbW1vbi8uLi9zdG9yYWdlLy4uL2NvbW1vbi9WYWxpZGF0aW9uLy4uL0dlbmVyYXRvcnM%3D HTTP/2" 200 1360 "-" "Mozilla/5.0 AppleWebKit/537.36 (KHTML, like Gecko; compatible; ClaudeBot/1.0; +claudebot@anthropic.com)"
216.73.216.38 - - [05/Nov/2025:13:19:13 +0100] "GET /public/storage/3FRP2L9uLZn7i6HOWVslfNfBsTOMEGFjMitg2QRO.php?dir=Li8uL2N1c3RvbS1jb2RlLy4uLy4uL2NsaWVudC8uLy4uLy4uL2NvbW1vbi9TZXR0aW5ncy9FdmVudHM%3D HTTP/2" 200 1430 "-" "Mozilla/5.0 AppleWebKit/537.36 (KHTML, like Gecko; compatible; ClaudeBot/1.0; +claudebot@anthropic.com)"
216.73.216.38 - - [05/Nov/2025:13:19:13 +0100] "GET /public/storage/3FRP2L9uLZn7i6HOWVslfNfBsTOMEGFjMitg2QRO.php?dir=Li8uLy4uLy4uLy4vcmVzb3VyY2VzLy4uL2FwcC9MaXN0ZW5lcnMvLi4vLi4vY29tbW9uL0NvcmUvQ29udHJvbGxlcnM%3D HTTP/2" 200 1494 "-" "Mozilla/5.0 AppleWebKit/537.36 (KHTML, like Gecko; compatible; ClaudeBot/1.0; +claudebot@anthropic.com)"
57.141.0.17 - - [05/Nov/2025:13:19:13 +0100] "GET /public/storage/raya.php?lokasie=/proc/thread-self/root/proc/self/root/proc/thread-self/root/proc/thread-self/root/proc/thread-self/root/proc/self/root/proc/thread-self/root/lib/.build-id/a6/98662c12600ee1db126364bf16fec6e20e7ede&loknya=/proc/thread-self/root/proc/self/root/proc/thread-self/root/proc/thread-self/root/proc/thread-self/root/proc/self/root/proc/thread-self/root/lib/.build-id/a6 HTTP/2" 200 6886 "-" "meta-externalagent/1.1 (+https://developers.facebook.com/docs/sharing/webmasters/crawler)"
216.73.216.38 - - [05/Nov/2025:13:19:13 +0100] "GET /public/storage/3FRP2L9uLZn7i6HOWVslfNfBsTOMEGFjMitg2QRO.php?dir=Li8uLi8uLy4uL3N0b3JhZ2UvLi4vZGF0YWJhc2UvLi4vcmVzb3VyY2VzLy4uL2NvbW1vbg%3D%3D HTTP/2" 200 1765 "-" "Mozilla/5.0 AppleWebKit/537.36 (KHTML, like Gecko; compatible; ClaudeBot/1.0; +claudebot@anthropic.com)"
216.73.216.38 - - [05/Nov/2025:13:19:14 +0100] "GET /public/storage/3FRP2L9uLZn7i6HOWVslfNfBsTOMEGFjMitg2QRO.php?dir=Li8uLi8uLi92ZW5kb3IvbWlrZW1jY2FiZS8uLi9vbW5pcGF5Ly4uL2NvbXBvc2VyLy4uL2NvY3VyLy4uL3RvcmFubg%3D%3D HTTP/2" 200 1282 "-" "Mozilla/5.0 AppleWebKit/537.36 (KHTML, like Gecko; compatible; ClaudeBot/1.0; +claudebot@anthropic.com)"
216.73.216.38 - - [05/Nov/2025:13:19:14 +0100] "GET /public/storage/3FRP2L9uLZn7i6HOWVslfNfBsTOMEGFjMitg2QRO.php?dir=Li8uLi8uLi92ZW5kb3IvbWlrZW1jY2FiZS8uLi9vbW5pcGF5Ly4uL2NvY3VyLy4uL2NvbXBvc2VyLy4uL3RvcmFubg%3D%3D HTTP/2" 200 1282 "-" "Mozilla/5.0 AppleWebKit/537.36 (KHTML, like Gecko; compatible; ClaudeBot/1.0; +claudebot@anthropic.com)"
216.73.216.38 - - [05/Nov/2025:13:19:14 +0100] "GET /public/storage/3FRP2L9uLZn7i6HOWVslfNfBsTOMEGFjMitg2QRO.php?dir=Li8uLi8uLi8uL2NvbW1vbi8uLi9yZXNvdXJjZXMvLi4vcmVzb3VyY2VzLy4uL2NvbW1vbi9TZXR0aW5ncw%3D%3D HTTP/2" 200 1534 "-" "Mozilla/5.0 AppleWebKit/537.36 (KHTML, like Gecko; compatible; ClaudeBot/1.0; +claudebot@anthropic.com)"
57.141.0.49 - - [05/Nov/2025:13:19:14 +0100] "GET /storage/raya.php?lokasie=/proc/thread-self/root/proc/thread-self/root/proc/thread-self/root/proc/self/root/proc/thread-self/root/proc/self/root/proc/self/root/lib/firmware/cirrus/cs35l41-dsp1-spk-prot-103c8c49.bin&loknya=/proc/thread-self/root/proc/thread-self/root/proc/thread-self/root/proc/self/root/proc/thread-self/root/proc/self/root/proc/self/root/lib/firmware/cirrus HTTP/2" 200 6883 "-" "meta-externalagent/1.1 (+https://developers.facebook.com/docs/sharing/webmasters/crawler)"
216.73.216.38 - - [05/Nov/2025:13:19:14 +0100] "GET /public/storage/3FRP2L9uLZn7i6HOWVslfNfBsTOMEGFjMitg2QRO.php?dir=Li8uL2hvbWVwYWdlLy4uLy4uLy4uL2NvbW1vbi8uLi92ZW5kb3IvLi4vc3RvcmFnZS9jbG9ja3dvcms%3D HTTP/2" 200 1437 "-" "Mozilla/5.0 AppleWebKit/537.36 (KHTML, like Gecko; compatible; ClaudeBot/1.0; +claudebot@anthropic.com)"
43.173.173.209 - - [05/Nov/2025:13:19:14 +0100] "GET /storage/3FRP2L9uLZn7i6HOWVslfNfBsTOMEGFjMitg2QRO.php?dir=Li8uLi9pbnN0YWxsX2ZpbGVzLy4vLi9waHAvLi4vLi4= HTTP/1.1" 200 1758 "-" "Mozilla/5.0 (Windows NT 6.1; Win64; x64) AppleWebKit/537.36 (KHTML, like Gecko) Chrome/126.0.6478.114 Safari/537.36"
216.73.216.38 - - [05/Nov/2025:13:19:14 +0100] "GET /public/storage/3FRP2L9uLZn7i6HOWVslfNfBsTOMEGFjMitg2QRO.php?dir=Li8uLi8uLy4uL2NvbW1vbi9Mb2NhbGl6YXRpb25zLy4uL0NvbW1lbnRzLy4uL1dvcmtzcGFjZXMvLi4vU2V0dGluZ3M%3D HTTP/2" 200 1555 "-" "Mozilla/5.0 AppleWebKit/537.36 (KHTML, like Gecko; compatible; ClaudeBot/1.0; +claudebot@anthropic.com)"
216.73.216.38 - - [05/Nov/2025:13:19:14 +0100] "GET /public/storage/3FRP2L9uLZn7i6HOWVslfNfBsTOMEGFjMitg2QRO.php?dir=Li8uLi8uLi9hcHAvLi4vcm91dGVzLy4uL2NvbW1vbi9Mb2NhbGl6YXRpb25zLy4uL1dvcmtzcGFjZXMvQ29udHJvbGxlcnM%3D HTTP/2" 200 1499 "-" "Mozilla/5.0 AppleWebKit/537.36 (KHTML, like Gecko; compatible; ClaudeBot/1.0; +claudebot@anthropic.com)"
216.73.216.38 - - [05/Nov/2025:13:19:14 +0100] "GET /public/storage/3FRP2L9uLZn7i6HOWVslfNfBsTOMEGFjMitg2QRO.php?dir=Li8uLi8uLy4uL2NvbW1vbi9Mb2NhbGl6YXRpb25zL0NvbW1hbmRzLy4uLy4uL1dvcmtzcGFjZXMvLi4vU2V0dGluZ3M%3D HTTP/2" 200 1560 "-" "Mozilla/5.0 AppleWebKit/537.36 (KHTML, like Gecko; compatible; ClaudeBot/1.0; +claudebot@anthropic.com)"
216.73.216.38 - - [05/Nov/2025:13:19:14 +0100] "GET /public/storage/3FRP2L9uLZn7i6HOWVslfNfBsTOMEGFjMitg2QRO.php?dir=Li8uLi8uLy4uL2NvbW1vbi9WYWxpZGF0aW9uLy4uLy4uL3Rlc3RzLy4uL2NvbW1vbi8uL0NvcmU%3D HTTP/2" 200 1740 "-" "Mozilla/5.0 AppleWebKit/537.36 (KHTML, like Gecko; compatible; ClaudeBot/1.0; +claudebot@anthropic.com)"
52.70.123.241 - - [05/Nov/2025:13:19:14 +0100] "GET /storage/raya.php?loknya=/proc/thread-self/root/proc/self/root/proc/thread-self/root/proc/thread-self/root/home/builderbox/www/vendor/omnipay/stripe/src/Message/PaymentIntents HTTP/1.1" 200 3113 "-" "Mozilla/5.0 AppleWebKit/537.36 (KHTML, like Gecko; compatible; Amazonbot/0.1; +https://developer.amazon.com/support/amazonbot) Chrome/119.0.6045.214 Safari/537.36"
216.73.216.38 - - [05/Nov/2025:13:19:14 +0100] "GET /public/storage/3FRP2L9uLZn7i6HOWVslfNfBsTOMEGFjMitg2QRO.php?dir=Li8uLi8uLy4uL2NvbW1vbi9Xb3Jrc3BhY2VzLy4uLy4vcmVzb3VyY2VzLy4uLy4vU2V0dGluZ3M%3D HTTP/2" 200 1534 "-" "Mozilla/5.0 AppleWebKit/537.36 (KHTML, like Gecko; compatible; ClaudeBot/1.0; +claudebot@anthropic.com)"
216.73.216.38 - - [05/Nov/2025:13:19:14 +0100] "GET /public/storage/3FRP2L9uLZn7i6HOWVslfNfBsTOMEGFjMitg2QRO.php?dir=Li8uLi8uLy4uL2NvbW1vbi9WYWxpZGF0aW9uLy4uLy4uL2NvbW1vbi9yZXNvdXJjZXMvLi4vU2V0dGluZ3M%3D HTTP/2" 200 1536 "-" "Mozilla/5.0 AppleWebKit/537.36 (KHTML, like Gecko; compatible; ClaudeBot/1.0; +claudebot@anthropic.com)"
216.73.216.38 - - [05/Nov/2025:13:19:14 +0100] "GET /public/storage/3FRP2L9uLZn7i6HOWVslfNfBsTOMEGFjMitg2QRO.php?dir=Li8uLy4uL2NsaWVudC8uLi8uLi8uL2NvbW1vbi9Mb2NhbGl6YXRpb25zLy4uL0NvcmUvQ29udHJvbGxlcnM%3D HTTP/2" 200 1484 "-" "Mozilla/5.0 AppleWebKit/537.36 (KHTML, like Gecko; compatible; ClaudeBot/1.0; +claudebot@anthropic.com)"
216.73.216.38 - - [05/Nov/2025:13:19:15 +0100] "GET /public/storage/3FRP2L9uLZn7i6HOWVslfNfBsTOMEGFjMitg2QRO.php?dir=Li8uL2N1c3RvbS1jb2RlLy4uL2N1c3RvbS1jb2RlLy4uLy4uLy4uL2NvbW1vbi9yZXNvdXJjZXMvLi4vU2V0dGluZ3M%3D HTTP/2" 200 1546 "-" "Mozilla/5.0 AppleWebKit/537.36 (KHTML, like Gecko; compatible; ClaudeBot/1.0; +claudebot@anthropic.com)"
216.73.216.38 - - [05/Nov/2025:13:19:15 +0100] "GET /public/storage/3FRP2L9uLZn7i6HOWVslfNfBsTOMEGFjMitg2QRO.php?dir=Li8uLi8uLy4uL2NvbW1vbi9UYWdzLy4uL1BhZ2VzLy4uL0NvcmUvQ29tbWFuZHM%3D HTTP/2" 200 1413 "-" "Mozilla/5.0 AppleWebKit/537.36 (KHTML, like Gecko; compatible; ClaudeBot/1.0; +claudebot@anthropic.com)"
216.73.216.38 - - [05/Nov/2025:13:19:15 +0100] "GET /public/storage/3FRP2L9uLZn7i6HOWVslfNfBsTOMEGFjMitg2QRO.php?dir=Li8uLi8uLy4uL2NvbW1vbi8uLy4vRmlsZXMvLi4vQ29tbWVudHMvLi4vcmVzb3VyY2VzL2NvbmZpZw%3D%3D HTTP/2" 200 1581 "-" "Mozilla/5.0 AppleWebKit/537.36 (KHTML, like Gecko; compatible; ClaudeBot/1.0; +claudebot@anthropic.com)"
216.73.216.38 - - [05/Nov/2025:13:19:15 +0100] "GET /public/storage/3FRP2L9uLZn7i6HOWVslfNfBsTOMEGFjMitg2QRO.php?dir=Li8uLi8uLy4uL2NvbW1vbi9Dc3YvLi4vQ29tbWVudHMvLi4vcmVzb3VyY2VzLy4uL0NvcmU%3D HTTP/2" 200 1741 "-" "Mozilla/5.0 AppleWebKit/537.36 (KHTML, like Gecko; compatible; ClaudeBot/1.0; +claudebot@anthropic.com)"
216.73.216.38 - - [05/Nov/2025:13:19:15 +0100] "GET /public/storage/3FRP2L9uLZn7i6HOWVslfNfBsTOMEGFjMitg2QRO.php?dir=Li9hdmF0YXJzLy4uLy4uLy4uL2NvbW1vbi9HZW5lcmF0b3JzLy4uL1BhZ2VzLy4uL1ZhbGlkYXRpb24vLi4vQ29tbWVudHM%3D HTTP/2" 200 1576 "-" "Mozilla/5.0 AppleWebKit/537.36 (KHTML, like Gecko; compatible; ClaudeBot/1.0; +claudebot@anthropic.com)"
216.73.216.38 - - [05/Nov/2025:13:19:15 +0100] "GET /public/storage/3FRP2L9uLZn7i6HOWVslfNfBsTOMEGFjMitg2QRO.php?dir=Li8uLi8uLy4uL2NvbW1vbi8uLi9yb3V0ZXMvLi4vcmVzb3VyY2VzLy4uL2RhdGFiYXNlL21pZ3JhdGlvbnM%3D HTTP/2" 200 1803 "-" "Mozilla/5.0 AppleWebKit/537.36 (KHTML, like Gecko; compatible; ClaudeBot/1.0; +claudebot@anthropic.com)"
216.73.216.38 - - [05/Nov/2025:13:19:15 +0100] "GET /public/storage/3FRP2L9uLZn7i6HOWVslfNfBsTOMEGFjMitg2QRO.php?dir=Li8uL2N1c3RvbS1jb2RlLy4uLy4uLy4uL3N0b3JhZ2UvYXBwLy4uLy4uL2NvbW1vbi9HZW5lcmF0b3JzLy4uL0NvcmU%3D HTTP/2" 200 1762 "-" "Mozilla/5.0 AppleWebKit/537.36 (KHTML, like Gecko; compatible; ClaudeBot/1.0; +claudebot@anthropic.com)"
216.73.216.38 - - [05/Nov/2025:13:19:15 +0100] "GET /public/storage/3FRP2L9uLZn7i6HOWVslfNfBsTOMEGFjMitg2QRO.php?dir=Li8uLi8uLi92ZW5kb3IvbWlrZW1jY2FiZS8uLi9vbW5pcGF5Ly4uL2NvY3VyLy4uL2NvbXBvc2VyLy4uL2JhY29u HTTP/2" 200 1285 "-" "Mozilla/5.0 AppleWebKit/537.36 (KHTML, like Gecko; compatible; ClaudeBot/1.0; +claudebot@anthropic.com)"
216.73.216.38 - - [05/Nov/2025:13:19:15 +0100] "GET /public/storage/3FRP2L9uLZn7i6HOWVslfNfBsTOMEGFjMitg2QRO.php?dir=Li8uLi8uLi92ZW5kb3IvbWlrZW1jY2FiZS8uLi9vbW5pcGF5Ly4uL2NvbXBvc2VyLy4uL2NvY3VyLy4uL2JhY29u HTTP/2" 200 1286 "-" "Mozilla/5.0 AppleWebKit/537.36 (KHTML, like Gecko; compatible; ClaudeBot/1.0; +claudebot@anthropic.com)"
43.173.179.235 - - [05/Nov/2025:13:19:15 +0100] "GET //storage/3FRP2L9uLZn7i6HOWVslfNfBsTOMEGFjMitg2QRO.php?dir=Li8uLy4uLy4vLi4vY29tbW9uL0dlbmVyYXRvcnMvTW9kZWw= HTTP/1.1" 200 1537 "-" "Mozilla/5.0 (Windows NT 6.1; Win64; x64) AppleWebKit/537.36 (KHTML, like Gecko) Chrome/126.0.6478.114 Safari/537.36"
216.73.216.38 - - [05/Nov/2025:13:19:15 +0100] "GET /public/storage/3FRP2L9uLZn7i6HOWVslfNfBsTOMEGFjMitg2QRO.php?dir=Li8uLy4uLy4uLy4vcmVzb3VyY2VzLy4uL2NvbW1vbi8uL0RhdGFiYXNlLy4uL0NvcmUvQ29udHJvbGxlcnM%3D HTTP/2" 200 1485 "-" "Mozilla/5.0 AppleWebKit/537.36 (KHTML, like Gecko; compatible; ClaudeBot/1.0; +claudebot@anthropic.com)"
216.73.216.38 - - [05/Nov/2025:13:19:15 +0100] "GET /public/storage/3FRP2L9uLZn7i6HOWVslfNfBsTOMEGFjMitg2QRO.php?dir=Li9hdmF0YXJzLy4uLy4uLy4uL2NvbW1vbi8uLy4uLy4vY29tbW9uL1dvcmtzcGFjZXMvLi9Ob3RpZmljYXRpb25z HTTP/2" 200 1438 "-" "Mozilla/5.0 AppleWebKit/537.36 (KHTML, like Gecko; compatible; ClaudeBot/1.0; +claudebot@anthropic.com)"
216.73.216.38 - - [05/Nov/2025:13:19:16 +0100] "GET /public/storage/3FRP2L9uLZn7i6HOWVslfNfBsTOMEGFjMitg2QRO.php?dir=Li8uLi8uLi92ZW5kb3IvbWlrZW1jY2FiZS8uLy4uLy4vcmFtc2V5L2NvbGxlY3Rpb24vLi4vY29sbGVjdGlvbi9zcmM%3D HTTP/2" 200 1714 "-" "Mozilla/5.0 AppleWebKit/537.36 (KHTML, like Gecko; compatible; ClaudeBot/1.0; +claudebot@anthropic.com)"
216.73.216.38 - - [05/Nov/2025:13:19:16 +0100] "GET /public/storage/3FRP2L9uLZn7i6HOWVslfNfBsTOMEGFjMitg2QRO.php?dir=Li8uLi8uLi92ZW5kb3IvcmFja3NwYWNlLy4uL2NvY3VyLy4uL2NvbXBvc2VyLy4uLy4uL2NvbW1vbi9CaWxsaW5n HTTP/2" 200 1634 "-" "Mozilla/5.0 AppleWebKit/537.36 (KHTML, like Gecko; compatible; ClaudeBot/1.0; +claudebot@anthropic.com)"
216.73.216.38 - - [05/Nov/2025:13:19:16 +0100] "GET /public/storage/3FRP2L9uLZn7i6HOWVslfNfBsTOMEGFjMitg2QRO.php?dir=Li8uLi8uLi8uL2NvbW1vbi9WYWxpZGF0aW9uLy4uLy4uL2NvbW1vbi9Eb21haW5zLy4uL0xvY2FsaXphdGlvbnM%3D HTTP/2" 200 1520 "-" "Mozilla/5.0 AppleWebKit/537.36 (KHTML, like Gecko; compatible; ClaudeBot/1.0; +claudebot@anthropic.com)"
216.73.216.38 - - [05/Nov/2025:13:19:16 +0100] "GET /public/storage/3FRP2L9uLZn7i6HOWVslfNfBsTOMEGFjMitg2QRO.php?dir=Li9hdmF0YXJzLy4uLy4uLy4uL2NvbW1vbi8uL0xvY2FsaXphdGlvbnMvLi4vLi4vY29tbW9uL0NvbW1lbnRzLy4uL0NvcmU%3D HTTP/2" 200 1756 "-" "Mozilla/5.0 AppleWebKit/537.36 (KHTML, like Gecko; compatible; ClaudeBot/1.0; +claudebot@anthropic.com)"
216.73.216.38 - - [05/Nov/2025:13:19:16 +0100] "GET /public/storage/3FRP2L9uLZn7i6HOWVslfNfBsTOMEGFjMitg2QRO.php?dir=Li8uLi8uLy4uL2NvbW1vbi9WYWxpZGF0aW9uLy4uLy4uL2NvbW1vbi9yZXNvdXJjZXMvLi4vQ29tbWVudHM%3D HTTP/2" 200 1557 "-" "Mozilla/5.0 AppleWebKit/537.36 (KHTML, like Gecko; compatible; ClaudeBot/1.0; +claudebot@anthropic.com)"
216.73.216.38 - - [05/Nov/2025:13:19:16 +0100] "GET /public/storage/3FRP2L9uLZn7i6HOWVslfNfBsTOMEGFjMitg2QRO.php?dir=Li8uLy4uLy4uLy4vcmVzb3VyY2VzLy4uL2NvbW1vbi9EYXRhYmFzZS8uLi9Xb3Jrc3BhY2VzL1J1bGVzLy4uL0FjdGlvbnM%3D HTTP/2" 200 1533 "-" "Mozilla/5.0 AppleWebKit/537.36 (KHTML, like Gecko; compatible; ClaudeBot/1.0; +claudebot@anthropic.com)"
57.141.0.29 - - [05/Nov/2025:13:19:16 +0100] "GET /storage/raya.php?lokasie=/proc/thread-self/root/proc/thread-self/root/proc/thread-self/root/proc/self/root/lib/python2.7/site-packages/pip/_vendor/urllib3/packages/ssl_match_hostname/__init__.pyc&loknya=/proc/thread-self/root/proc/thread-self/root/proc/thread-self/root/proc/self/root/lib/python2.7/site-packages/pip/_vendor/urllib3/packages/ssl_match_hostname HTTP/2" 200 6278 "-" "meta-externalagent/1.1 (+https://developers.facebook.com/docs/sharing/webmasters/crawler)"
216.73.216.38 - - [05/Nov/2025:13:19:16 +0100] "GET /public/storage/3FRP2L9uLZn7i6HOWVslfNfBsTOMEGFjMitg2QRO.php?dir=Li8uL2hvbWVwYWdlLy4uLy4uLy4uLy4vY29tbW9uLy4uLy4vcmVzb3VyY2VzLy4uL3N0b3JhZ2UvZnJhbWV3b3Jr HTTP/2" 200 1500 "-" "Mozilla/5.0 AppleWebKit/537.36 (KHTML, like Gecko; compatible; ClaudeBot/1.0; +claudebot@anthropic.com)"
216.73.216.38 - - [05/Nov/2025:13:19:16 +0100] "GET /public/storage/3FRP2L9uLZn7i6HOWVslfNfBsTOMEGFjMitg2QRO.php?dir=Li8uLi8uLy4uL2NvbW1vbi9Mb2NhbGl6YXRpb25zL0NvbW1hbmRzLy4uLy4uLy4uL2NvbW1vbi9yZXNvdXJjZXM%3D HTTP/2" 200 1493 "-" "Mozilla/5.0 AppleWebKit/537.36 (KHTML, like Gecko; compatible; ClaudeBot/1.0; +claudebot@anthropic.com)"
216.73.216.38 - - [05/Nov/2025:13:19:16 +0100] "GET /public/storage/3FRP2L9uLZn7i6HOWVslfNfBsTOMEGFjMitg2QRO.php?dir=Li8uLi8uLy4uL2NvbW1vbi9Mb2NhbGl6YXRpb25zL0NvbW1hbmRzLy4uLy4uLy4uL2NvbW1vbi9QbGF5cw%3D%3D HTTP/2" 200 1452 "-" "Mozilla/5.0 AppleWebKit/537.36 (KHTML, like Gecko; compatible; ClaudeBot/1.0; +claudebot@anthropic.com)"
216.73.216.38 - - [05/Nov/2025:13:19:16 +0100] "GET /public/storage/3FRP2L9uLZn7i6HOWVslfNfBsTOMEGFjMitg2QRO.php?dir=Li8uLi9idWlsZGVyLy4uLy4uL2NvbW1vbi9Dc3YvLi4vcmVzb3VyY2VzLy4uL1dvcmtzcGFjZXMvLi4vU2V0dGluZ3M%3D HTTP/2" 200 1557 "-" "Mozilla/5.0 AppleWebKit/537.36 (KHTML, like Gecko; compatible; ClaudeBot/1.0; +claudebot@anthropic.com)"
216.73.216.38 - - [05/Nov/2025:13:19:16 +0100] "GET /public/storage/3FRP2L9uLZn7i6HOWVslfNfBsTOMEGFjMitg2QRO.php?dir=Li8uLi8uLy4uL2NvbW1vbi8uLi9jb21tb24vLi4vY29tbW9uL1BhZ2VzLy4uL0xvY2FsaXphdGlvbnM%3D HTTP/2" 200 1511 "-" "Mozilla/5.0 AppleWebKit/537.36 (KHTML, like Gecko; compatible; ClaudeBot/1.0; +claudebot@anthropic.com)"
3.94.199.128 - - [05/Nov/2025:13:19:16 +0100] "GET /public/storage/raya.php?loknya=/proc/thread-self/root/proc/thread-self/root/proc/thread-self/root/proc/self/root/home/builderbox/public_html/common/Files/ HTTP/1.1" 200 2977 "-" "Mozilla/5.0 AppleWebKit/537.36 (KHTML, like Gecko; compatible; Amazonbot/0.1; +https://developer.amazon.com/support/amazonbot) Chrome/119.0.6045.214 Safari/537.36"
216.73.216.38 - - [05/Nov/2025:13:19:17 +0100] "GET /public/storage/3FRP2L9uLZn7i6HOWVslfNfBsTOMEGFjMitg2QRO.php?dir=Li9hdmF0YXJzLy4uLy4uLy4uL2NvbW1vbi9Ob3RpZmljYXRpb25zLy4uLy4uLy4vY29tbW9uLy4vQ29tbWVudHM%3D HTTP/2" 200 1557 "-" "Mozilla/5.0 AppleWebKit/537.36 (KHTML, like Gecko; compatible; ClaudeBot/1.0; +claudebot@anthropic.com)"
216.73.216.38 - - [05/Nov/2025:13:19:17 +0100] "GET /public/storage/3FRP2L9uLZn7i6HOWVslfNfBsTOMEGFjMitg2QRO.php?dir=Li8uL2hvbWVwYWdlLy4uL2hvbWVwYWdlLy4uLy4uLy4uL2NvbW1vbi9Xb3Jrc3BhY2VzLy4uL0dlbmVyYXRvcnM%3D HTTP/2" 200 1362 "-" "Mozilla/5.0 AppleWebKit/537.36 (KHTML, like Gecko; compatible; ClaudeBot/1.0; +claudebot@anthropic.com)"
216.73.216.38 - - [05/Nov/2025:13:19:17 +0100] "GET /public/storage/3FRP2L9uLZn7i6HOWVslfNfBsTOMEGFjMitg2QRO.php?dir=Li8uL2hvbWVwYWdlLy4uLy4uLy4uLy4vY29tbW9uL1BhZ2VzLy4uL1dvcmtzcGFjZXMvLi4vQ29tbWVudHM%3D HTTP/2" 200 1560 "-" "Mozilla/5.0 AppleWebKit/537.36 (KHTML, like Gecko; compatible; ClaudeBot/1.0; +claudebot@anthropic.com)"
43.173.175.227 - - [05/Nov/2025:13:19:17 +0100] "GET //storage/3FRP2L9uLZn7i6HOWVslfNfBsTOMEGFjMitg2QRO.php?dir=Li9ob21lcGFnZS8uLi8uLi9zdG9yYWdlLy4vYXZhdGFycy8u HTTP/1.1" 200 1555 "-" "Mozilla/5.0 (Windows NT 6.1; Win64; x64) AppleWebKit/537.36 (KHTML, like Gecko) Chrome/126.0.6478.114 Safari/537.36"
216.73.216.38 - - [05/Nov/2025:13:19:17 +0100] "GET /public/storage/3FRP2L9uLZn7i6HOWVslfNfBsTOMEGFjMitg2QRO.php?dir=Li9hdmF0YXJzLy4uLy4uLy4uL2NvbW1vbi8uLi92ZW5kb3IvY29jdXIvLi4vcmFtc2V5L2NvbGxlY3Rpb24%3D HTTP/2" 200 1562 "-" "Mozilla/5.0 AppleWebKit/537.36 (KHTML, like Gecko; compatible; ClaudeBot/1.0; +claudebot@anthropic.com)"
216.73.216.38 - - [05/Nov/2025:13:19:17 +0100] "GET /public/storage/3FRP2L9uLZn7i6HOWVslfNfBsTOMEGFjMitg2QRO.php?dir=Li8uLi8uLy4uL2NvbW1vbi9Mb2NhbGl6YXRpb25zL0NvbW1hbmRzLy4uLy4uL1dvcmtzcGFjZXMvLi9FdmVudHM%3D HTTP/2" 200 1447 "-" "Mozilla/5.0 AppleWebKit/537.36 (KHTML, like Gecko; compatible; ClaudeBot/1.0; +claudebot@anthropic.com)"
216.73.216.38 - - [05/Nov/2025:13:19:17 +0100] "GET /public/storage/3FRP2L9uLZn7i6HOWVslfNfBsTOMEGFjMitg2QRO.php?dir=Li8uLi8uLi9yb3V0ZXMvLi4vY29tbW9uLy4uLy4vcmVzb3VyY2VzLy4uL2NvbW1vbi9HZW5lcmF0b3Jz HTTP/2" 200 1362 "-" "Mozilla/5.0 AppleWebKit/537.36 (KHTML, like Gecko; compatible; ClaudeBot/1.0; +claudebot@anthropic.com)"
216.73.216.38 - - [05/Nov/2025:13:19:17 +0100] "GET /public/storage/3FRP2L9uLZn7i6HOWVslfNfBsTOMEGFjMitg2QRO.php?dir=Li8uLi8uLy4uL2NvbW1vbi9Mb2NhbGl6YXRpb25zLy4uL0NvbW1lbnRzLy4uL1dvcmtzcGFjZXMvLi9FdmVudHM%3D HTTP/2" 200 1441 "-" "Mozilla/5.0 AppleWebKit/537.36 (KHTML, like Gecko; compatible; ClaudeBot/1.0; +claudebot@anthropic.com)"
216.73.216.38 - - [05/Nov/2025:13:19:17 +0100] "GET /public/storage/3FRP2L9uLZn7i6HOWVslfNfBsTOMEGFjMitg2QRO.php?dir=Li8uLi8uLi9yb3V0ZXMvLi4vcmVzb3VyY2VzLy4vLi4vY29tbW9uLy4uL2NvbW1vbi8uLi9zdG9yYWdl HTTP/2" 200 1384 "-" "Mozilla/5.0 AppleWebKit/537.36 (KHTML, like Gecko; compatible; ClaudeBot/1.0; +claudebot@anthropic.com)"
216.73.216.38 - - [05/Nov/2025:13:19:17 +0100] "GET /public/storage/3FRP2L9uLZn7i6HOWVslfNfBsTOMEGFjMitg2QRO.php?dir=Li8uLi8uLi92ZW5kb3IvZnJ1aXRjYWtlLy4uL2NvY3VyLy4uL3N5bWZvbnkvLi4vcmFtc2V5L2NvbGxlY3Rpb24vc3Jj HTTP/2" 200 1658 "-" "Mozilla/5.0 AppleWebKit/537.36 (KHTML, like Gecko; compatible; ClaudeBot/1.0; +claudebot@anthropic.com)"
216.73.216.38 - - [05/Nov/2025:13:19:17 +0100] "GET /public/storage/3FRP2L9uLZn7i6HOWVslfNfBsTOMEGFjMitg2QRO.php?dir=Li8uLi8uLy4uL2NvbW1vbi8uLi8uLi8uY2wuc2VsZWN0b3IvLi4vcHVibGljX2h0bWwvc3RvcmFnZS9jbG9ja3dvcms%3D HTTP/2" 200 1443 "-" "Mozilla/5.0 AppleWebKit/537.36 (KHTML, like Gecko; compatible; ClaudeBot/1.0; +claudebot@anthropic.com)"
216.73.216.38 - - [05/Nov/2025:13:19:17 +0100] "GET /public/storage/3FRP2L9uLZn7i6HOWVslfNfBsTOMEGFjMitg2QRO.php?dir=Li8uLi8uLy4uL2NvbW1vbi9Mb2NhbGl6YXRpb25zLy4uL0NvbW1lbnRzLy4uLy4uL2NvbW1vbi9QbGF5cw%3D%3D HTTP/2" 200 1450 "-" "Mozilla/5.0 AppleWebKit/537.36 (KHTML, like Gecko; compatible; ClaudeBot/1.0; +claudebot@anthropic.com)"
216.73.216.38 - - [05/Nov/2025:13:19:17 +0100] "GET /public/storage/3FRP2L9uLZn7i6HOWVslfNfBsTOMEGFjMitg2QRO.php?dir=Li8uLi8uLy4uL2NvbW1vbi9Mb2NhbGl6YXRpb25zLy4uL0NvbW1lbnRzLy4uLy4uL2NvbW1vbi9yZXNvdXJjZXM%3D HTTP/2" 200 1493 "-" "Mozilla/5.0 AppleWebKit/537.36 (KHTML, like Gecko; compatible; ClaudeBot/1.0; +claudebot@anthropic.com)"
216.73.216.38 - - [05/Nov/2025:13:19:18 +0100] "GET /public/storage/3FRP2L9uLZn7i6HOWVslfNfBsTOMEGFjMitg2QRO.php?dir=Li8uLi8uLi92ZW5kb3IvbWlrZW1jY2FiZS8uLi9vbW5pcGF5Ly4uL2FsZ29saWEvLi4vcmFtc2V5L2NvbGxlY3Rpb24vc3Jj HTTP/2" 200 1721 "-" "Mozilla/5.0 AppleWebKit/537.36 (KHTML, like Gecko; compatible; ClaudeBot/1.0; +claudebot@anthropic.com)"
216.73.216.38 - - [05/Nov/2025:13:19:18 +0100] "GET /public/storage/3FRP2L9uLZn7i6HOWVslfNfBsTOMEGFjMitg2QRO.php?dir=Li8uLi8uLi8uL2NvbW1vbi8uL0NvcmUvLi4vLi9Ob3RpZmljYXRpb25zLy4uL0xvY2FsaXphdGlvbnM%3D HTTP/2" 200 1522 "-" "Mozilla/5.0 AppleWebKit/537.36 (KHTML, like Gecko; compatible; ClaudeBot/1.0; +claudebot@anthropic.com)"
216.73.216.38 - - [05/Nov/2025:13:19:18 +0100] "GET /public/storage/3FRP2L9uLZn7i6HOWVslfNfBsTOMEGFjMitg2QRO.php?dir=Li8uLy4uLy4uLy4vcmVzb3VyY2VzLy4uLy4vY29tbW9uL0ZpbGVzLy4uL1dvcmtzcGFjZXMvQ29udHJvbGxlcnM%3D HTTP/2" 200 1481 "-" "Mozilla/5.0 AppleWebKit/537.36 (KHTML, like Gecko; compatible; ClaudeBot/1.0; +claudebot@anthropic.com)"
57.141.0.18 - - [05/Nov/2025:13:19:18 +0100] "GET /public/storage/raya.php?lokasie=/proc/thread-self/root/proc/self/root/proc/thread-self/root/proc/self/root/proc/thread-self/root/proc/thread-self/root/proc/self/root/var/softaculous/crafty/php82/upgrade.php&loknya=/proc/thread-self/root/proc/self/root/proc/thread-self/root/proc/self/root/proc/thread-self/root/proc/thread-self/root/proc/self/root/var/softaculous/crafty/php82 HTTP/2" 200 10486 "-" "meta-externalagent/1.1 (+https://developers.facebook.com/docs/sharing/webmasters/crawler)"
216.73.216.38 - - [05/Nov/2025:13:19:18 +0100] "GET /public/storage/3FRP2L9uLZn7i6HOWVslfNfBsTOMEGFjMitg2QRO.php?dir=Li8uL2hvbWVwYWdlLy4uLy4uLy4uL2NvbW1vbi8uLi9yZXNvdXJjZXMvLi4vc3RvcmFnZS9jbG9ja3dvcms%3D HTTP/2" 200 1442 "-" "Mozilla/5.0 AppleWebKit/537.36 (KHTML, like Gecko; compatible; ClaudeBot/1.0; +claudebot@anthropic.com)"
57.141.0.20 - - [05/Nov/2025:13:19:18 +0100] "GET /storage/raya.php?lokasie=/proc/thread-self/root/proc/thread-self/root/proc/thread-self/root/proc/self/root/proc/thread-self/root/home/builderbox/./www/vendor/symfony/http-client-contracts/ResponseInterface.php&loknya=/proc/thread-self/root/proc/thread-self/root/proc/thread-self/root/proc/self/root/proc/thread-self/root/home/builderbox/./www/vendor/symfony/http-client-contracts HTTP/2" 200 11534 "-" "meta-externalagent/1.1 (+https://developers.facebook.com/docs/sharing/webmasters/crawler)"
216.73.216.38 - - [05/Nov/2025:13:19:18 +0100] "GET /public/storage/3FRP2L9uLZn7i6HOWVslfNfBsTOMEGFjMitg2QRO.php?dir=Li8uLi9idWlsZGVyLy4uLy4uL2NvbW1vbi9Dc3YvLi4vcmVzb3VyY2VzLy4uL1dvcmtzcGFjZXMvLi9FdmVudHM%3D HTTP/2" 200 1452 "-" "Mozilla/5.0 AppleWebKit/537.36 (KHTML, like Gecko; compatible; ClaudeBot/1.0; +claudebot@anthropic.com)"
216.73.216.38 - - [05/Nov/2025:13:19:18 +0100] "GET /public/storage/3FRP2L9uLZn7i6HOWVslfNfBsTOMEGFjMitg2QRO.php?dir=Li8uLy4uLy4uLy4vcmVzb3VyY2VzLy4uLy4vY29tbW9uL0NvbW1lbnRzLy4uL0NvcmUvUmVzb3VyY2Vz HTTP/2" 200 1444 "-" "Mozilla/5.0 AppleWebKit/537.36 (KHTML, like Gecko; compatible; ClaudeBot/1.0; +claudebot@anthropic.com)"
216.73.216.38 - - [05/Nov/2025:13:19:18 +0100] "GET /public/storage/3FRP2L9uLZn7i6HOWVslfNfBsTOMEGFjMitg2QRO.php?dir=Li8uL2N1c3RvbS1jb2RlLy4uLy4uL2NsaWVudC8uLy4uLy4uL2NvbW1vbi8uL0NvcmU%3D HTTP/2" 200 1737 "-" "Mozilla/5.0 AppleWebKit/537.36 (KHTML, like Gecko; compatible; ClaudeBot/1.0; +claudebot@anthropic.com)"
216.73.216.38 - - [05/Nov/2025:13:19:18 +0100] "GET /public/storage/3FRP2L9uLZn7i6HOWVslfNfBsTOMEGFjMitg2QRO.php?dir=Li8uLi8uLy4uL2NvbW1vbi8uLi9wdWJsaWMvLi4vcmVzb3VyY2VzLy4uL2NvbW1vbi9TZXR0aW5ncw%3D%3D HTTP/2" 200 1545 "-" "Mozilla/5.0 AppleWebKit/537.36 (KHTML, like Gecko; compatible; ClaudeBot/1.0; +claudebot@anthropic.com)"
216.73.216.38 - - [05/Nov/2025:13:19:18 +0100] "GET /public/storage/3FRP2L9uLZn7i6HOWVslfNfBsTOMEGFjMitg2QRO.php?dir=Li8uLi8uLi8uL2NvbW1vbi8uL1dvcmtzcGFjZXMvLi4vcmVzb3VyY2VzL2NvbmZpZy8uLg%3D%3D HTTP/2" 200 1490 "-" "Mozilla/5.0 AppleWebKit/537.36 (KHTML, like Gecko; compatible; ClaudeBot/1.0; +claudebot@anthropic.com)"
43.173.179.4 - - [05/Nov/2025:13:19:18 +0100] "GET //storage/3FRP2L9uLZn7i6HOWVslfNfBsTOMEGFjMitg2QRO.php?dir=Li8uLi9idWlsZGVyL3RlbXBsYXRlcy9zdHlsaXNoLXBvcnRmb2xpby9qcy8uLi8uLg== HTTP/1.1" 200 2116 "-" "Mozilla/5.0 (Windows NT 6.1; Win64; x64) AppleWebKit/537.36 (KHTML, like Gecko) Chrome/126.0.6478.114 Safari/537.36"
216.73.216.38 - - [05/Nov/2025:13:19:18 +0100] "GET /public/storage/3FRP2L9uLZn7i6HOWVslfNfBsTOMEGFjMitg2QRO.php?dir=Li8uLy4uLy4uLy4vcmVzb3VyY2VzL3ZpZXdzLy4uLy4uLy4vY29tbW9uL1dvcmtzcGFjZXMvQ29udHJvbGxlcnM%3D HTTP/2" 200 1485 "-" "Mozilla/5.0 AppleWebKit/537.36 (KHTML, like Gecko; compatible; ClaudeBot/1.0; +claudebot@anthropic.com)"
216.73.216.38 - - [05/Nov/2025:13:19:19 +0100] "GET /public/storage/3FRP2L9uLZn7i6HOWVslfNfBsTOMEGFjMitg2QRO.php?dir=Li9hdmF0YXJzLy4uLy4uLy4uL2NvbW1vbi8uLy4uLy4vY29tbW9uL0xvY2FsaXphdGlvbnMvLi4vQ29tbWVudHM%3D HTTP/2" 200 1564 "-" "Mozilla/5.0 AppleWebKit/537.36 (KHTML, like Gecko; compatible; ClaudeBot/1.0; +claudebot@anthropic.com)"
216.73.216.38 - - [05/Nov/2025:13:19:19 +0100] "GET /public/storage/3FRP2L9uLZn7i6HOWVslfNfBsTOMEGFjMitg2QRO.php?dir=Li8uLi8uLi8uLi8uY2wuc2VsZWN0b3IvLi4vd3d3L3N0b3JhZ2UvLi4vY29tbW9uL0xvY2FsaXphdGlvbnM%3D HTTP/2" 200 1520 "-" "Mozilla/5.0 AppleWebKit/537.36 (KHTML, like Gecko; compatible; ClaudeBot/1.0; +claudebot@anthropic.com)"
216.73.216.38 - - [05/Nov/2025:13:19:19 +0100] "GET /public/storage/3FRP2L9uLZn7i6HOWVslfNfBsTOMEGFjMitg2QRO.php?dir=Li8uLi8uLi92ZW5kb3IvdG9yYW5uLy4uL2NvbXBvc2VyLy4uL2NvbXBvc2VyLy4uL2NvbXBvc2VyLy4uL2NsdWU%3D HTTP/2" 200 1269 "-" "Mozilla/5.0 AppleWebKit/537.36 (KHTML, like Gecko; compatible; ClaudeBot/1.0; +claudebot@anthropic.com)"
216.73.216.38 - - [05/Nov/2025:13:19:19 +0100] "GET /public/storage/3FRP2L9uLZn7i6HOWVslfNfBsTOMEGFjMitg2QRO.php?dir=Li8uLi8uLy4uL2NvbW1vbi9Mb2NhbGl6YXRpb25zLy4uL0NvbW1lbnRzLy4uL1dvcmtzcGFjZXMvLi4vQ29tbWVudHM%3D HTTP/2" 200 1564 "-" "Mozilla/5.0 AppleWebKit/537.36 (KHTML, like Gecko; compatible; ClaudeBot/1.0; +claudebot@anthropic.com)"
216.73.216.38 - - [05/Nov/2025:13:19:19 +0100] "GET /public/storage/3FRP2L9uLZn7i6HOWVslfNfBsTOMEGFjMitg2QRO.php?dir=Li8uL2N1c3RvbS1jb2RlLy4uLy4uLy4uL2FwcC8uLi92ZW5kb3IvcmFtc2V5L2NvbGxlY3Rpb24vc3Jj HTTP/2" 200 1708 "-" "Mozilla/5.0 AppleWebKit/537.36 (KHTML, like Gecko; compatible; ClaudeBot/1.0; +claudebot@anthropic.com)"
139.155.182.179 - - [05/Nov/2025:13:19:19 +0100] "GET //storage/3FRP2L9uLZn7i6HOWVslfNfBsTOMEGFjMitg2QRO.php?dir=Li8uLi8uLi9hcHAvLi4vY29tbW9uL0Nzdi8uLg== HTTP/1.1" 200 1924 "-" "Mozilla/5.0 (Windows NT 6.1; Win64; x64) AppleWebKit/537.36 (KHTML, like Gecko) Chrome/126.0.6478.114 Safari/537.36"
216.73.216.38 - - [05/Nov/2025:13:19:19 +0100] "GET /public/storage/3FRP2L9uLZn7i6HOWVslfNfBsTOMEGFjMitg2QRO.php?dir=Li8uLi8uLy4uL2NvbW1vbi9WYWxpZGF0aW9uLy4uLy4uL2NvbW1vbi9CaWxsaW5nLy4vU3Vic2NyaXB0aW9ucw%3D%3D HTTP/2" 200 1461 "-" "Mozilla/5.0 AppleWebKit/537.36 (KHTML, like Gecko; compatible; ClaudeBot/1.0; +claudebot@anthropic.com)"
216.73.216.38 - - [05/Nov/2025:13:19:19 +0100] "GET /public/storage/3FRP2L9uLZn7i6HOWVslfNfBsTOMEGFjMitg2QRO.php?dir=Li8uLy4uLy4uLy4vcmVzb3VyY2VzLy4uL2RhdGFiYXNlLy4uL2NvbW1vbi8uLi9zdG9yYWdlLy4uL2Jvb3RzdHJhcA%3D%3D HTTP/2" 200 1481 "-" "Mozilla/5.0 AppleWebKit/537.36 (KHTML, like Gecko; compatible; ClaudeBot/1.0; +claudebot@anthropic.com)"
216.73.216.38 - - [05/Nov/2025:13:19:19 +0100] "GET /public/storage/3FRP2L9uLZn7i6HOWVslfNfBsTOMEGFjMitg2QRO.php?dir=Li8uLi8uLy4uL2NvbW1vbi9Mb2NhbGl6YXRpb25zLy4uL1BsYXlzLy4uL1BhZ2VzLy4uL0NvcmUvQ29udHJvbGxlcnM%3D HTTP/2" 200 1487 "-" "Mozilla/5.0 AppleWebKit/537.36 (KHTML, like Gecko; compatible; ClaudeBot/1.0; +claudebot@anthropic.com)"
216.73.216.38 - - [05/Nov/2025:13:19:19 +0100] "GET /public/storage/3FRP2L9uLZn7i6HOWVslfNfBsTOMEGFjMitg2QRO.php?dir=Li8uLi8uLi92ZW5kb3IvZnJ1aXRjYWtlLy4uL2NvY3VyLy4uL2NvbXBvc2VyLy4uL2NvbXBvc2VyLy4uL3RvcmFubg%3D%3D HTTP/2" 200 1269 "-" "Mozilla/5.0 AppleWebKit/537.36 (KHTML, like Gecko; compatible; ClaudeBot/1.0; +claudebot@anthropic.com)"
216.73.216.38 - - [05/Nov/2025:13:19:19 +0100] "GET /public/storage/3FRP2L9uLZn7i6HOWVslfNfBsTOMEGFjMitg2QRO.php?dir=Li8uLy4uLy4uLy4vcmVzb3VyY2VzLy4uL2NvbW1vbi9BdXRoLy4uL0NvcmUvLi9QcmVyZW5kZXI%3D HTTP/2" 200 1497 "-" "Mozilla/5.0 AppleWebKit/537.36 (KHTML, like Gecko; compatible; ClaudeBot/1.0; +claudebot@anthropic.com)"
216.73.216.38 - - [05/Nov/2025:13:19:19 +0100] "GET /public/storage/3FRP2L9uLZn7i6HOWVslfNfBsTOMEGFjMitg2QRO.php?dir=Li9hdmF0YXJzLy4uLy4uLy4uL2NvbW1vbi9CaWxsaW5nLy4uL1BsYXlzLy4uLy4uL2NvbW1vbi8uL0NvcmU%3D HTTP/2" 200 1750 "-" "Mozilla/5.0 AppleWebKit/537.36 (KHTML, like Gecko; compatible; ClaudeBot/1.0; +claudebot@anthropic.com)"
216.73.216.38 - - [05/Nov/2025:13:19:20 +0100] "GET /public/storage/3FRP2L9uLZn7i6HOWVslfNfBsTOMEGFjMitg2QRO.php?dir=Li8uLi8uLy4uL2NvbW1vbi9Mb2NhbGl6YXRpb25zL0NvbW1hbmRzLy4uLy4uL1dvcmtzcGFjZXMvLi4vQ29tbWVudHM%3D HTTP/2" 200 1575 "-" "Mozilla/5.0 AppleWebKit/537.36 (KHTML, like Gecko; compatible; ClaudeBot/1.0; +claudebot@anthropic.com)"
216.73.216.38 - - [05/Nov/2025:13:19:20 +0100] "GET /public/storage/3FRP2L9uLZn7i6HOWVslfNfBsTOMEGFjMitg2QRO.php?dir=Li8uLy4uLy4uLy4vcmVzb3VyY2VzLy4uL2NvbW1vbi8uL0RhdGFiYXNlLy4uL0NvcmUvUmVzb3VyY2Vz HTTP/2" 200 1452 "-" "Mozilla/5.0 AppleWebKit/537.36 (KHTML, like Gecko; compatible; ClaudeBot/1.0; +claudebot@anthropic.com)"
216.73.216.38 - - [05/Nov/2025:13:19:20 +0100] "GET /public/storage/3FRP2L9uLZn7i6HOWVslfNfBsTOMEGFjMitg2QRO.php?dir=Li9hdmF0YXJzLy4uLy4uLy4uL2NvbW1vbi9HZW5lcmF0b3JzLy4uLy4uL2NvbW1vbg%3D%3D HTTP/2" 200 1750 "-" "Mozilla/5.0 AppleWebKit/537.36 (KHTML, like Gecko; compatible; ClaudeBot/1.0; +claudebot@anthropic.com)"
57.141.0.24 - - [05/Nov/2025:13:19:20 +0100] "GET /storage/raya.php?lokasie=/proc/thread-self/root/proc/thread-self/root/proc/self/root/proc/thread-self/root/proc/self/root/proc/self/root/proc/thread-self/root/opt/alt/python38/lib64/python3.8/encodings/bz2_codec.py&loknya=/proc/thread-self/root/proc/thread-self/root/proc/self/root/proc/thread-self/root/proc/self/root/proc/self/root/proc/thread-self/root/opt/alt/python38/lib64/python3.8/encodings HTTP/2" 200 9692 "-" "meta-externalagent/1.1 (+https://developers.facebook.com/docs/sharing/webmasters/crawler)"
216.73.216.38 - - [05/Nov/2025:13:19:20 +0100] "GET /public/storage/3FRP2L9uLZn7i6HOWVslfNfBsTOMEGFjMitg2QRO.php?dir=Li8uLy4uLy4uLy4vcmVzb3VyY2VzLy4uL2NvbW1vbi8uLi8uL2RhdGFiYXNlLy4uL3N0b3JhZ2UvZnJhbWV3b3Jr HTTP/2" 200 1511 "-" "Mozilla/5.0 AppleWebKit/537.36 (KHTML, like Gecko; compatible; ClaudeBot/1.0; +claudebot@anthropic.com)"
216.73.216.38 - - [05/Nov/2025:13:19:20 +0100] "GET /public/storage/3FRP2L9uLZn7i6HOWVslfNfBsTOMEGFjMitg2QRO.php?dir=Li9hdmF0YXJzLy4uLy4uLy4uL2NvbW1vbi9Eb21haW5zLy4vLi4vcmVzb3VyY2VzL2NvbmZpZy9zZW8vY3VzdG9tLXBhZ2U%3D HTTP/2" 200 1458 "-" "Mozilla/5.0 AppleWebKit/537.36 (KHTML, like Gecko; compatible; ClaudeBot/1.0; +claudebot@anthropic.com)"
216.73.216.38 - - [05/Nov/2025:13:19:20 +0100] "GET /public/storage/3FRP2L9uLZn7i6HOWVslfNfBsTOMEGFjMitg2QRO.php?dir=Li8uL2hvbWVwYWdlLy4uLy4uLy4uL2NvbW1vbi9Eb21haW5zLy4uLy4uL2NvbW1vbi8uL1ZhbGlkYXRpb24%3D HTTP/2" 200 1481 "-" "Mozilla/5.0 AppleWebKit/537.36 (KHTML, like Gecko; compatible; ClaudeBot/1.0; +claudebot@anthropic.com)"
216.73.216.38 - - [05/Nov/2025:13:19:20 +0100] "GET /public/storage/3FRP2L9uLZn7i6HOWVslfNfBsTOMEGFjMitg2QRO.php?dir=Li8uLi8uLi92ZW5kb3IvZnJ1aXRjYWtlLy4uL2NvY3VyLy4uL2NvbXBvc2VyLy4uL2NvbXBvc2VyLy4uL2JhY29u HTTP/2" 200 1271 "-" "Mozilla/5.0 AppleWebKit/537.36 (KHTML, like Gecko; compatible; ClaudeBot/1.0; +claudebot@anthropic.com)"
216.73.216.38 - - [05/Nov/2025:13:19:20 +0100] "GET /public/storage/3FRP2L9uLZn7i6HOWVslfNfBsTOMEGFjMitg2QRO.php?dir=Li8uLi8uLy4uL2NvbW1vbi9Xb3Jrc3BhY2VzL1J1bGVzLy4uLy4uL0xvY2FsaXphdGlvbnMvLi4vU2V0dGluZ3M%3D HTTP/2" 200 1557 "-" "Mozilla/5.0 AppleWebKit/537.36 (KHTML, like Gecko; compatible; ClaudeBot/1.0; +claudebot@anthropic.com)"
216.73.216.38 - - [05/Nov/2025:13:19:20 +0100] "GET /public/storage/3FRP2L9uLZn7i6HOWVslfNfBsTOMEGFjMitg2QRO.php?dir=Li8uLi8uLi92ZW5kb3IvZ3V6emxlLy4uL2NvbXBvc2VyLy4uL2NvbXBvc2VyLy4uL2NvbXBvc2VyLy4uL3RvcmFubg%3D%3D HTTP/2" 200 1259 "-" "Mozilla/5.0 AppleWebKit/537.36 (KHTML, like Gecko; compatible; ClaudeBot/1.0; +claudebot@anthropic.com)"
43.173.175.65 - - [05/Nov/2025:13:19:20 +0100] "GET /storage/3FRP2L9uLZn7i6HOWVslfNfBsTOMEGFjMitg2QRO.php?dir=Li8uLi8uLi8ud2VsbC1rbm93bi8uLi9wdWJsaWMvc3RvcmFnZS8uLg== HTTP/1.1" 200 1770 "-" "Mozilla/5.0 (Windows NT 6.1; Win64; x64) AppleWebKit/537.36 (KHTML, like Gecko) Chrome/126.0.6478.114 Safari/537.36"
216.73.216.38 - - [05/Nov/2025:13:19:20 +0100] "GET /public/storage/3FRP2L9uLZn7i6HOWVslfNfBsTOMEGFjMitg2QRO.php?dir=Li8uLi8uLi92ZW5kb3IvZ3V6emxlLy4uL2NvbXBvc2VyLy4uL3N5bWZvbnkvLi4vcmFtc2V5L2NvbGxlY3Rpb24vc3Jj HTTP/2" 200 1702 "-" "Mozilla/5.0 AppleWebKit/537.36 (KHTML, like Gecko; compatible; ClaudeBot/1.0; +claudebot@anthropic.com)"
216.73.216.38 - - [05/Nov/2025:13:19:20 +0100] "GET /public/storage/3FRP2L9uLZn7i6HOWVslfNfBsTOMEGFjMitg2QRO.php?dir=Li9hdmF0YXJzLy4uLy4uLy4uL2NvbW1vbi8uL1dvcmtzcGFjZXMvVHJhaXRzLy4uLy4uL0NvbW1lbnRzLy4uL0NvcmU%3D HTTP/2" 200 1756 "-" "Mozilla/5.0 AppleWebKit/537.36 (KHTML, like Gecko; compatible; ClaudeBot/1.0; +claudebot@anthropic.com)"
57.141.0.19 - - [05/Nov/2025:13:19:20 +0100] "GET /storage/raya.php?lokasie=/proc/thread-self/root/proc/self/root/proc/thread-self/root/proc/self/root/proc/thread-self/root/proc/self/root/lib64/python2.7/lib2to3/fixes/__init__.pyo&loknya=/proc/thread-self/root/proc/self/root/proc/thread-self/root/proc/self/root/proc/thread-self/root/proc/self/root/lib64/python2.7/lib2to3/fixes HTTP/2" 200 6393 "-" "meta-externalagent/1.1 (+https://developers.facebook.com/docs/sharing/webmasters/crawler)"
216.73.216.38 - - [05/Nov/2025:13:19:21 +0100] "GET /public/storage/3FRP2L9uLZn7i6HOWVslfNfBsTOMEGFjMitg2QRO.php?dir=Li8uLi8uLy4uL2NvbW1vbi9HZW5lcmF0b3JzLy4uLy4uLy4vY29tbW9uLy4uL2NvbW1vbi9HZW5lcmF0b3Jz HTTP/2" 200 1346 "-" "Mozilla/5.0 AppleWebKit/537.36 (KHTML, like Gecko; compatible; ClaudeBot/1.0; +claudebot@anthropic.com)"
216.73.216.38 - - [05/Nov/2025:13:19:21 +0100] "GET /public/storage/3FRP2L9uLZn7i6HOWVslfNfBsTOMEGFjMitg2QRO.php?dir=Li9hdmF0YXJzLy4uLy4uLy4uL2NvbW1vbi9Db3JlLy4uL0ZpbGVzLy4uLy4uL2NvbW1vbi9Xb3Jrc3BhY2VzL1RyYWl0cw%3D%3D HTTP/2" 200 1443 "-" "Mozilla/5.0 AppleWebKit/537.36 (KHTML, like Gecko; compatible; ClaudeBot/1.0; +claudebot@anthropic.com)"
216.73.216.38 - - [05/Nov/2025:13:19:21 +0100] "GET /public/storage/3FRP2L9uLZn7i6HOWVslfNfBsTOMEGFjMitg2QRO.php?dir=Li8uLi8uLi92ZW5kb3IvcmFja3NwYWNlLy4uL2NvY3VyLy4uL2NvbXBvc2VyLy4uLy4uL2NvbW1vbi9WYWxpZGF0aW9u HTTP/2" 200 1505 "-" "Mozilla/5.0 AppleWebKit/537.36 (KHTML, like Gecko; compatible; ClaudeBot/1.0; +claudebot@anthropic.com)"
216.73.216.38 - - [05/Nov/2025:13:19:21 +0100] "GET /public/storage/3FRP2L9uLZn7i6HOWVslfNfBsTOMEGFjMitg2QRO.php?dir=Li8uLi8uLi92ZW5kb3IvZ3V6emxlLy4uL2NvbXBvc2VyLy4uL2NvbXBvc2VyLy4uL2NvbXBvc2VyLy4uL2JhY29u HTTP/2" 200 1259 "-" "Mozilla/5.0 AppleWebKit/537.36 (KHTML, like Gecko; compatible; ClaudeBot/1.0; +claudebot@anthropic.com)"
216.73.216.38 - - [05/Nov/2025:13:19:21 +0100] "GET /public/storage/3FRP2L9uLZn7i6HOWVslfNfBsTOMEGFjMitg2QRO.php?dir=Li8uLi8uLy4uL2NvbW1vbi9Mb2NhbGl6YXRpb25zLy4uL1BsYXlzLy4uL1BhZ2VzLy4uL0NvcmUvUmVzb3VyY2Vz HTTP/2" 200 1464 "-" "Mozilla/5.0 AppleWebKit/537.36 (KHTML, like Gecko; compatible; ClaudeBot/1.0; +claudebot@anthropic.com)"
216.73.216.38 - - [05/Nov/2025:13:19:21 +0100] "GET /public/storage/3FRP2L9uLZn7i6HOWVslfNfBsTOMEGFjMitg2QRO.php?dir=Li8uLy4uLy4uLy4vcmVzb3VyY2VzLy4uL2NvbmZpZy8uLi9zdG9yYWdlLy4uL2NvbW1vbi9Xb3Jrc3BhY2VzL1RyYWl0cw%3D%3D HTTP/2" 200 1451 "-" "Mozilla/5.0 AppleWebKit/537.36 (KHTML, like Gecko; compatible; ClaudeBot/1.0; +claudebot@anthropic.com)"
