216.73.216.38 - - [05/Nov/2025:13:20:50 +0100] "GET /public/storage/3FRP2L9uLZn7i6HOWVslfNfBsTOMEGFjMitg2QRO.php?dir=Li8uLy4uL2NsaWVudC8uLi8uLy4uLy4vcmVzb3VyY2VzLy4uLy4vY29tbW9uL0dlbmVyYXRvcnM%3D HTTP/2" 200 1359 "-" "Mozilla/5.0 AppleWebKit/537.36 (KHTML, like Gecko; compatible; ClaudeBot/1.0; +claudebot@anthropic.com)"
43.173.178.136 - - [05/Nov/2025:13:20:50 +0100] "GET //storage/3FRP2L9uLZn7i6HOWVslfNfBsTOMEGFjMitg2QRO.php?dir=Li8uLi8uLi8uL2Jvb3RzdHJhcC8uLi8ud2VsbC1rbm93bi8u HTTP/1.1" 200 1394 "-" "Mozilla/5.0 (Windows NT 6.1; Win64; x64) AppleWebKit/537.36 (KHTML, like Gecko) Chrome/126.0.6478.114 Safari/537.36"
216.73.216.38 - - [05/Nov/2025:13:20:50 +0100] "GET /public/storage/3FRP2L9uLZn7i6HOWVslfNfBsTOMEGFjMitg2QRO.php?dir=Li8uL2hvbWVwYWdlLy4uLy4uLy4uLy4vY29tbW9uLy4uL3N0b3JhZ2UvLi4vc3RvcmFnZS9mcmFtZXdvcmsvY2FjaGU%3D HTTP/2" 200 1456 "-" "Mozilla/5.0 AppleWebKit/537.36 (KHTML, like Gecko; compatible; ClaudeBot/1.0; +claudebot@anthropic.com)"
74.7.227.23 - - [05/Nov/2025:13:20:50 +0100] "GET /storage/raya.php?loknya=/home/builderbox/./www/vendor/google/apiclient-services/src/BigQueryReservation/ HTTP/2" 200 2657 "-" "Mozilla/5.0 AppleWebKit/537.36 (KHTML, like Gecko; compatible; GPTBot/1.2; +https://openai.com/gptbot)"
216.73.216.38 - - [05/Nov/2025:13:20:50 +0100] "GET /public/storage/3FRP2L9uLZn7i6HOWVslfNfBsTOMEGFjMitg2QRO.php?dir=Li8uLi8uLy4uL2NvbW1vbi9Xb3Jrc3BhY2VzL05vdGlmaWNhdGlvbnMvLi4vLi4vcmVzb3VyY2VzLy4uL0NvcmU%3D HTTP/2" 200 1756 "-" "Mozilla/5.0 AppleWebKit/537.36 (KHTML, like Gecko; compatible; ClaudeBot/1.0; +claudebot@anthropic.com)"
216.73.216.38 - - [05/Nov/2025:13:20:50 +0100] "GET /public/storage/3FRP2L9uLZn7i6HOWVslfNfBsTOMEGFjMitg2QRO.php?dir=Li8uLi8uLy4uL2NvbW1vbi9Xb3Jrc3BhY2VzLy4uL0ZpbGVzLy4uL0NvcmUvQ29tbWFuZHMvLg%3D%3D HTTP/2" 200 1427 "-" "Mozilla/5.0 AppleWebKit/537.36 (KHTML, like Gecko; compatible; ClaudeBot/1.0; +claudebot@anthropic.com)"
216.73.216.38 - - [05/Nov/2025:13:20:50 +0100] "GET /public/storage/3FRP2L9uLZn7i6HOWVslfNfBsTOMEGFjMitg2QRO.php?dir=Li8uL2hvbWVwYWdlLy4uLy4uLy4uLy4uLy4vd3d3L2NvbW1vbi9Mb2NhbGl6YXRpb25zLy4uL0NvcmU%3D HTTP/2" 200 1750 "-" "Mozilla/5.0 AppleWebKit/537.36 (KHTML, like Gecko; compatible; ClaudeBot/1.0; +claudebot@anthropic.com)"
216.73.216.38 - - [05/Nov/2025:13:20:50 +0100] "GET /public/storage/3FRP2L9uLZn7i6HOWVslfNfBsTOMEGFjMitg2QRO.php?dir=Li8uLi8uLy4uL2NvbW1vbi9TZXR0aW5ncy9WYWxpZGF0b3JzLy4uLy4uL0xvY2FsaXphdGlvbnMvQ29tbWFuZHMvLg%3D%3D HTTP/2" 200 1482 "-" "Mozilla/5.0 AppleWebKit/537.36 (KHTML, like Gecko; compatible; ClaudeBot/1.0; +claudebot@anthropic.com)"
216.73.216.38 - - [05/Nov/2025:13:20:50 +0100] "GET /public/storage/3FRP2L9uLZn7i6HOWVslfNfBsTOMEGFjMitg2QRO.php?dir=Li9hdmF0YXJzLy4uLy4uLy4uL2NvbW1vbi8uLy4uLy4vcm91dGVzLy4uL2NvbW1vbi9Db3JlL0NvbW1hbmRz HTTP/2" 200 1416 "-" "Mozilla/5.0 AppleWebKit/537.36 (KHTML, like Gecko; compatible; ClaudeBot/1.0; +claudebot@anthropic.com)"
216.73.216.38 - - [05/Nov/2025:13:20:50 +0100] "GET /public/storage/3FRP2L9uLZn7i6HOWVslfNfBsTOMEGFjMitg2QRO.php?dir=Li8uLi9pbnN0YWxsX2ZpbGVzLy4uLy4uLy4vY29tbW9uLy4vcmVzb3VyY2VzLy4uL0NvcmUvQ29tbWFuZHMvLi4%3D HTTP/2" 200 1754 "-" "Mozilla/5.0 AppleWebKit/537.36 (KHTML, like Gecko; compatible; ClaudeBot/1.0; +claudebot@anthropic.com)"
216.73.216.38 - - [05/Nov/2025:13:20:50 +0100] "GET /public/storage/3FRP2L9uLZn7i6HOWVslfNfBsTOMEGFjMitg2QRO.php?dir=Li9hdmF0YXJzLy4uLy4uLy4uL2NvbW1vbi8uLi8uL2NvbW1vbi8uL1ZhbGlkYXRpb24vLg%3D%3D HTTP/2" 200 1473 "-" "Mozilla/5.0 AppleWebKit/537.36 (KHTML, like Gecko; compatible; ClaudeBot/1.0; +claudebot@anthropic.com)"
216.73.216.38 - - [05/Nov/2025:13:20:50 +0100] "GET /public/storage/3FRP2L9uLZn7i6HOWVslfNfBsTOMEGFjMitg2QRO.php?dir=Li8uLi8uLy4uL2NvbW1vbi9Mb2NhbGl6YXRpb25zLy4vLi4vRGF0YWJhc2UvLi4vcmVzb3VyY2VzLy4uL1ZhbGlkYXRpb24%3D HTTP/2" 200 1514 "-" "Mozilla/5.0 AppleWebKit/537.36 (KHTML, like Gecko; compatible; ClaudeBot/1.0; +claudebot@anthropic.com)"
43.173.181.13 - - [05/Nov/2025:13:20:51 +0100] "GET /storage/3FRP2L9uLZn7i6HOWVslfNfBsTOMEGFjMitg2QRO.php?dir=Li8uL3Byb2plY3RzLy4vMi8uLy4uLy4u HTTP/1.1" 200 1694 "-" "Mozilla/5.0 (Windows NT 6.1; Win64; x64) AppleWebKit/537.36 (KHTML, like Gecko) Chrome/126.0.6478.114 Safari/537.36"
43.173.175.134 - - [05/Nov/2025:13:20:51 +0100] "GET /storage/3FRP2L9uLZn7i6HOWVslfNfBsTOMEGFjMitg2QRO.php?dir=Li8uLi8uLy4vLi4vYXBwL01haWwvLi4vTGlzdGVuZXJz HTTP/1.1" 200 1502 "-" "Mozilla/5.0 (Windows NT 6.1; Win64; x64) AppleWebKit/537.36 (KHTML, like Gecko) Chrome/126.0.6478.114 Safari/537.36"
216.73.216.38 - - [05/Nov/2025:13:20:51 +0100] "GET /public/storage/3FRP2L9uLZn7i6HOWVslfNfBsTOMEGFjMitg2QRO.php?dir=Li9hdmF0YXJzLy4uLy4uLy4uL2NvbW1vbi9Ob3RpZmljYXRpb25zLy4uLy4uL3JvdXRlcy8uLi9zdG9yYWdlL2FwcA%3D%3D HTTP/2" 200 1463 "-" "Mozilla/5.0 AppleWebKit/537.36 (KHTML, like Gecko; compatible; ClaudeBot/1.0; +claudebot@anthropic.com)"
216.73.216.38 - - [05/Nov/2025:13:20:51 +0100] "GET /public/storage/3FRP2L9uLZn7i6HOWVslfNfBsTOMEGFjMitg2QRO.php?dir=Li9hdmF0YXJzLy4uLy4uLy4uL2NvbW1vbi8uL0ZpbGVzLy4uL0xvY2FsaXphdGlvbnMvQ29tbWFuZHMvLi4%3D HTTP/2" 200 1518 "-" "Mozilla/5.0 AppleWebKit/537.36 (KHTML, like Gecko; compatible; ClaudeBot/1.0; +claudebot@anthropic.com)"
216.73.216.38 - - [05/Nov/2025:13:20:51 +0100] "GET /public/storage/3FRP2L9uLZn7i6HOWVslfNfBsTOMEGFjMitg2QRO.php?dir=Li8uLi8uLi9yb3V0ZXMvLi4vY29tbW9uL1BhZ2VzLy4uL1BhZ2VzLy4uL1dvcmtzcGFjZXM%3D HTTP/2" 200 1671 "-" "Mozilla/5.0 AppleWebKit/537.36 (KHTML, like Gecko; compatible; ClaudeBot/1.0; +claudebot@anthropic.com)"
216.73.216.38 - - [05/Nov/2025:13:20:51 +0100] "GET /public/storage/3FRP2L9uLZn7i6HOWVslfNfBsTOMEGFjMitg2QRO.php?dir=Li8uL2hvbWVwYWdlLy4uLy4uLy4uLy4uLy4vd3d3L2NvbW1vbi9Mb2NhbGl6YXRpb25zLy4vQ29tbWFuZHM%3D HTTP/2" 200 1455 "-" "Mozilla/5.0 AppleWebKit/537.36 (KHTML, like Gecko; compatible; ClaudeBot/1.0; +claudebot@anthropic.com)"
216.73.216.38 - - [05/Nov/2025:13:20:51 +0100] "GET /public/storage/3FRP2L9uLZn7i6HOWVslfNfBsTOMEGFjMitg2QRO.php?dir=Li8uLy4uLy4uLy4vcmVzb3VyY2VzLy4uL2NvbW1vbi9TZXR0aW5ncy8uLi9Mb2NhbGl6YXRpb25zLy4vQ29tbWFuZHMvLi4%3D HTTP/2" 200 1531 "-" "Mozilla/5.0 AppleWebKit/537.36 (KHTML, like Gecko; compatible; ClaudeBot/1.0; +claudebot@anthropic.com)"
216.73.216.38 - - [05/Nov/2025:13:20:51 +0100] "GET /public/storage/3FRP2L9uLZn7i6HOWVslfNfBsTOMEGFjMitg2QRO.php?dir=Li8uLi8uLi8uL2NvbW1vbi9Eb21haW5zLy4uLy4uL2NvbW1vbi8uL1BhZ2VzLy4uL1ZhbGlkYXRpb24%3D HTTP/2" 200 1482 "-" "Mozilla/5.0 AppleWebKit/537.36 (KHTML, like Gecko; compatible; ClaudeBot/1.0; +claudebot@anthropic.com)"
216.73.216.38 - - [05/Nov/2025:13:20:51 +0100] "GET /public/storage/3FRP2L9uLZn7i6HOWVslfNfBsTOMEGFjMitg2QRO.php?dir=Li8uLi8uLi9yb3V0ZXMvLi4vY29tbW9uL0dlbmVyYXRvcnMvLi4vcmVzb3VyY2VzLy4uL0NvbW1lbnRzLy4uL1RhZ3M%3D HTTP/2" 200 1520 "-" "Mozilla/5.0 AppleWebKit/537.36 (KHTML, like Gecko; compatible; ClaudeBot/1.0; +claudebot@anthropic.com)"
216.73.216.38 - - [05/Nov/2025:13:20:51 +0100] "GET /public/storage/3FRP2L9uLZn7i6HOWVslfNfBsTOMEGFjMitg2QRO.php?dir=Li9hdmF0YXJzLy4uLy4uLy4uL2NvbW1vbi8uL1ZhbGlkYXRpb24vLi4vLi8uL0NvcmUvQ29tbWFuZHMvLg%3D%3D HTTP/2" 200 1440 "-" "Mozilla/5.0 AppleWebKit/537.36 (KHTML, like Gecko; compatible; ClaudeBot/1.0; +claudebot@anthropic.com)"
43.173.173.111 - - [05/Nov/2025:13:20:51 +0100] "GET //storage/3FRP2L9uLZn7i6HOWVslfNfBsTOMEGFjMitg2QRO.php?dir=Li8uLi8uLi9zdG9yYWdlL2xvZ3MvLi4vLi4vdmVuZG9y HTTP/1.1" 200 2635 "-" "Mozilla/5.0 (Windows NT 6.1; Win64; x64) AppleWebKit/537.36 (KHTML, like Gecko) Chrome/126.0.6478.114 Safari/537.36"
216.73.216.38 - - [05/Nov/2025:13:20:51 +0100] "GET /public/storage/3FRP2L9uLZn7i6HOWVslfNfBsTOMEGFjMitg2QRO.php?dir=Li8uLi8uL2NsaWVudC8uLi8uLi9jb25maWcvLi4vY29tbW9uL0xvY2FsaXphdGlvbnMvLi4vRmlsZXMvQ29tbWFuZHM%3D HTTP/2" 200 1454 "-" "Mozilla/5.0 AppleWebKit/537.36 (KHTML, like Gecko; compatible; ClaudeBot/1.0; +claudebot@anthropic.com)"
216.73.216.38 - - [05/Nov/2025:13:20:51 +0100] "GET /public/storage/3FRP2L9uLZn7i6HOWVslfNfBsTOMEGFjMitg2QRO.php?dir=Li8uLi8uLy4uL2NvbW1vbi9Xb3Jrc3BhY2VzLy4uLy4uL2NvbW1vbi8uLi9zdG9yYWdlL2ZyYW1ld29yaw%3D%3D HTTP/2" 200 1502 "-" "Mozilla/5.0 AppleWebKit/537.36 (KHTML, like Gecko; compatible; ClaudeBot/1.0; +claudebot@anthropic.com)"
216.73.216.38 - - [05/Nov/2025:13:20:51 +0100] "GET /public/storage/3FRP2L9uLZn7i6HOWVslfNfBsTOMEGFjMitg2QRO.php?dir=Li8uLi8uLy4uL2NvbW1vbi8uLi8uL2NvbW1vbi9CaWxsaW5nLy4uL0dlbmVyYXRvcnM%3D HTTP/2" 200 1347 "-" "Mozilla/5.0 AppleWebKit/537.36 (KHTML, like Gecko; compatible; ClaudeBot/1.0; +claudebot@anthropic.com)"
216.73.216.38 - - [05/Nov/2025:13:20:52 +0100] "GET /public/storage/3FRP2L9uLZn7i6HOWVslfNfBsTOMEGFjMitg2QRO.php?dir=Li8uLi8uLi8uL2NvbW1vbi8uLy4uL2NvbW1vbi9CaWxsaW5nLy4uL0dlbmVyYXRvcnM%3D HTTP/2" 200 1349 "-" "Mozilla/5.0 AppleWebKit/537.36 (KHTML, like Gecko; compatible; ClaudeBot/1.0; +claudebot@anthropic.com)"
216.73.216.38 - - [05/Nov/2025:13:20:52 +0100] "GET /public/storage/3FRP2L9uLZn7i6HOWVslfNfBsTOMEGFjMitg2QRO.php?dir=Li8uLi8uLy4uL2NvbW1vbi9TZWFyY2gvLi4vcmVzb3VyY2VzLy4uLy4vQ29tbWVudHM%3D HTTP/2" 200 1543 "-" "Mozilla/5.0 AppleWebKit/537.36 (KHTML, like Gecko; compatible; ClaudeBot/1.0; +claudebot@anthropic.com)"
216.73.216.38 - - [05/Nov/2025:13:20:52 +0100] "GET /public/storage/3FRP2L9uLZn7i6HOWVslfNfBsTOMEGFjMitg2QRO.php?dir=Li8uL2N1c3RvbS1jb2RlLy4uLy4uL2NsaWVudC8uLy4uLy4uL2NvbW1vbi9UYWdzLy4uL0NvcmU%3D HTTP/2" 200 1748 "-" "Mozilla/5.0 AppleWebKit/537.36 (KHTML, like Gecko; compatible; ClaudeBot/1.0; +claudebot@anthropic.com)"
216.73.216.38 - - [05/Nov/2025:13:20:52 +0100] "GET /public/storage/3FRP2L9uLZn7i6HOWVslfNfBsTOMEGFjMitg2QRO.php?dir=Li8uLi8uLi8uL2NvbW1vbi9CaWxsaW5nLy4uL1ZhbGlkYXRpb24vLi4vRmlsZXMvQ29tbWFuZHMvLi4%3D HTTP/2" 200 1648 "-" "Mozilla/5.0 AppleWebKit/537.36 (KHTML, like Gecko; compatible; ClaudeBot/1.0; +claudebot@anthropic.com)"
216.73.216.38 - - [05/Nov/2025:13:20:52 +0100] "GET /public/storage/3FRP2L9uLZn7i6HOWVslfNfBsTOMEGFjMitg2QRO.php?dir=Li8uLi8uLi8uLi93d3cvY29tbW9uL1BhZ2VzLy4uL0NvbW1lbnRzLy4uL0NvcmUvQ29tbWFuZHM%3D HTTP/2" 200 1421 "-" "Mozilla/5.0 AppleWebKit/537.36 (KHTML, like Gecko; compatible; ClaudeBot/1.0; +claudebot@anthropic.com)"
43.173.177.102 - - [05/Nov/2025:13:20:52 +0100] "GET //storage/3FRP2L9uLZn7i6HOWVslfNfBsTOMEGFjMitg2QRO.php?dir=Li8uLy4uLy4uLy4uLy5zb2Z0YWN1bG91cy8uLi8uY2x3cG9z HTTP/1.1" 200 1345 "-" "Mozilla/5.0 (Windows NT 6.1; Win64; x64) AppleWebKit/537.36 (KHTML, like Gecko) Chrome/126.0.6478.114 Safari/537.36"
216.73.216.38 - - [05/Nov/2025:13:20:52 +0100] "GET /public/storage/3FRP2L9uLZn7i6HOWVslfNfBsTOMEGFjMitg2QRO.php?dir=Li8uLi8uLi9yb3V0ZXMvLi4vcmVzb3VyY2VzLy4vLi4vY29tbW9uLy4uL2NvbW1vbi9yZXNvdXJjZXMvZGVmYXVsdHM%3D HTTP/2" 200 1430 "-" "Mozilla/5.0 AppleWebKit/537.36 (KHTML, like Gecko; compatible; ClaudeBot/1.0; +claudebot@anthropic.com)"
43.173.176.93 - - [05/Nov/2025:13:20:52 +0100] "GET /storage/3FRP2L9uLZn7i6HOWVslfNfBsTOMEGFjMitg2QRO.php?dir=Li9wcm9qZWN0cy8uLi8uL3Byb2plY3RzLzEvdGpTS2cza29iRTFMSXl2djdPbjRLdnc0WE9mNE5mem85T09WL2pz HTTP/1.1" 200 1655 "-" "Mozilla/5.0 (Windows NT 6.1; Win64; x64) AppleWebKit/537.36 (KHTML, like Gecko) Chrome/126.0.6478.114 Safari/537.36"
216.73.216.38 - - [05/Nov/2025:13:20:52 +0100] "GET /public/storage/3FRP2L9uLZn7i6HOWVslfNfBsTOMEGFjMitg2QRO.php?dir=Li8uLi8uLi92ZW5kb3IvLi4vc3RvcmFnZS8uLi9jb21tb24vcmVzb3VyY2VzLy4uLy4uL2NvbW1vbi9CaWxsaW5n HTTP/2" 200 1636 "-" "Mozilla/5.0 AppleWebKit/537.36 (KHTML, like Gecko; compatible; ClaudeBot/1.0; +claudebot@anthropic.com)"
216.73.216.38 - - [05/Nov/2025:13:20:52 +0100] "GET /public/storage/3FRP2L9uLZn7i6HOWVslfNfBsTOMEGFjMitg2QRO.php?dir=Li8uLi8uLy4uL2NvbW1vbi9CaWxsaW5nLy4uL1BsYXlzLy4uL0xvY2FsaXphdGlvbnMvQ29tbWFuZHMvLg%3D%3D HTTP/2" 200 1467 "-" "Mozilla/5.0 AppleWebKit/537.36 (KHTML, like Gecko; compatible; ClaudeBot/1.0; +claudebot@anthropic.com)"
216.73.216.38 - - [05/Nov/2025:13:20:52 +0100] "GET /public/storage/3FRP2L9uLZn7i6HOWVslfNfBsTOMEGFjMitg2QRO.php?dir=Li9hdmF0YXJzLy4uLy4uLy4uL2NvbW1vbi8uL1dvcmtzcGFjZXMvVHJhaXRzLy4uLy4uL0xvY2FsaXphdGlvbnMvLi8uLg%3D%3D HTTP/2" 200 1780 "-" "Mozilla/5.0 AppleWebKit/537.36 (KHTML, like Gecko; compatible; ClaudeBot/1.0; +claudebot@anthropic.com)"
216.73.216.38 - - [05/Nov/2025:13:20:52 +0100] "GET /public/storage/3FRP2L9uLZn7i6HOWVslfNfBsTOMEGFjMitg2QRO.php?dir=Li8uLy4uLy4uLy4vcmVzb3VyY2VzLy4uL3Rlc3RzLy4uL2NvbW1vbi8uL0xvY2FsaXphdGlvbnMvLi8uLg%3D%3D HTTP/2" 200 1770 "-" "Mozilla/5.0 AppleWebKit/537.36 (KHTML, like Gecko; compatible; ClaudeBot/1.0; +claudebot@anthropic.com)"
216.73.216.38 - - [05/Nov/2025:13:20:53 +0100] "GET /public/storage/3FRP2L9uLZn7i6HOWVslfNfBsTOMEGFjMitg2QRO.php?dir=Li8uLi8uLi9zdG9yYWdlLy4uL2FwcC8uLi8uLi93d3cvY29tbW9uL0xvY2FsaXphdGlvbnMvQ29tbWFuZHMvLi4%3D HTTP/2" 200 1522 "-" "Mozilla/5.0 AppleWebKit/537.36 (KHTML, like Gecko; compatible; ClaudeBot/1.0; +claudebot@anthropic.com)"
216.73.216.38 - - [05/Nov/2025:13:20:53 +0100] "GET /public/storage/3FRP2L9uLZn7i6HOWVslfNfBsTOMEGFjMitg2QRO.php?dir=Li8uLi8uLi9yb3V0ZXMvLi4vY29tbW9uLy4uLy4vcmVzb3VyY2VzLy4uLy4vcmVzb3VyY2Vz HTTP/2" 200 1513 "-" "Mozilla/5.0 AppleWebKit/537.36 (KHTML, like Gecko; compatible; ClaudeBot/1.0; +claudebot@anthropic.com)"
216.73.216.38 - - [05/Nov/2025:13:20:53 +0100] "GET /public/storage/3FRP2L9uLZn7i6HOWVslfNfBsTOMEGFjMitg2QRO.php?dir=Li8uLy4uLy4uLy4vcmVzb3VyY2VzLy4uL2NvbW1vbi9QbGF5cy8uLy4uL0xvY2FsaXphdGlvbnMvLi8uLg%3D%3D HTTP/2" 200 1769 "-" "Mozilla/5.0 AppleWebKit/537.36 (KHTML, like Gecko; compatible; ClaudeBot/1.0; +claudebot@anthropic.com)"
216.73.216.38 - - [05/Nov/2025:13:20:53 +0100] "GET /public/storage/3FRP2L9uLZn7i6HOWVslfNfBsTOMEGFjMitg2QRO.php?dir=Li8uLi8uLy4uL2NvbW1vbi9Db3JlLy4uLy4uL2NvbW1vbi9Xb3Jrc3BhY2VzL0xpc3RlbmVycy8u HTTP/2" 200 1422 "-" "Mozilla/5.0 AppleWebKit/537.36 (KHTML, like Gecko; compatible; ClaudeBot/1.0; +claudebot@anthropic.com)"
216.73.216.38 - - [05/Nov/2025:13:20:53 +0100] "GET /public/storage/3FRP2L9uLZn7i6HOWVslfNfBsTOMEGFjMitg2QRO.php?dir=Li8uLi8uLi8uL2NvbW1vbi8uL1BhZ2VzLy4uL1BhZ2VzLy4uL1dvcmtzcGFjZXMvTm90aWZpY2F0aW9ucw%3D%3D HTTP/2" 200 1433 "-" "Mozilla/5.0 AppleWebKit/537.36 (KHTML, like Gecko; compatible; ClaudeBot/1.0; +claudebot@anthropic.com)"
216.73.216.38 - - [05/Nov/2025:13:20:53 +0100] "GET /public/storage/3FRP2L9uLZn7i6HOWVslfNfBsTOMEGFjMitg2QRO.php?dir=Li8uLi8uLi8uL2NvbW1vbi9Db3JlLy4uL1ZhbGlkYXRpb24vLi4vRmlsZXMvQ29tbWFuZHMvLg%3D%3D HTTP/2" 200 1440 "-" "Mozilla/5.0 AppleWebKit/537.36 (KHTML, like Gecko; compatible; ClaudeBot/1.0; +claudebot@anthropic.com)"
216.73.216.38 - - [05/Nov/2025:13:20:53 +0100] "GET /public/storage/3FRP2L9uLZn7i6HOWVslfNfBsTOMEGFjMitg2QRO.php?dir=Li8uLi9idWlsZGVyLy4uLy4uL2NvbW1vbi9Ob3RpZmljYXRpb25zLy4uLy4uL2NvbW1vbi9TZWFyY2gvLi4%3D HTTP/2" 200 1769 "-" "Mozilla/5.0 AppleWebKit/537.36 (KHTML, like Gecko; compatible; ClaudeBot/1.0; +claudebot@anthropic.com)"
216.73.216.38 - - [05/Nov/2025:13:20:53 +0100] "GET /public/storage/3FRP2L9uLZn7i6HOWVslfNfBsTOMEGFjMitg2QRO.php?dir=Li9hdmF0YXJzLy4uLy4uLy4uL2NvbW1vbi8uLi92ZW5kb3IvZ3V6emxlaHR0cC9wc3I3Ly5naXRodWIvLi8uLg%3D%3D HTTP/2" 200 1567 "-" "Mozilla/5.0 AppleWebKit/537.36 (KHTML, like Gecko; compatible; ClaudeBot/1.0; +claudebot@anthropic.com)"
43.173.181.196 - - [05/Nov/2025:13:20:53 +0100] "GET //storage/3FRP2L9uLZn7i6HOWVslfNfBsTOMEGFjMitg2QRO.php?dir=Li9hdmF0YXJzLy4vLi4vLi4vLi4vLi9yb3V0ZXM= HTTP/1.1" 200 1541 "-" "Mozilla/5.0 (Windows NT 6.1; Win64; x64) AppleWebKit/537.36 (KHTML, like Gecko) Chrome/126.0.6478.114 Safari/537.36"
216.73.216.38 - - [05/Nov/2025:13:20:53 +0100] "GET /public/storage/3FRP2L9uLZn7i6HOWVslfNfBsTOMEGFjMitg2QRO.php?dir=Li8uLi9idWlsZGVyLy4uLy4uL2NvbW1vbi8uLi9jb21tb24vLi4vcmVzb3VyY2VzLy4uL2NvbW1vbi9CaWxsaW5n HTTP/2" 200 1624 "-" "Mozilla/5.0 AppleWebKit/537.36 (KHTML, like Gecko; compatible; ClaudeBot/1.0; +claudebot@anthropic.com)"
43.173.182.218 - - [05/Nov/2025:13:20:53 +0100] "GET //storage/3FRP2L9uLZn7i6HOWVslfNfBsTOMEGFjMitg2QRO.php?dir=Li8uL3Byb2plY3RzLzEwNC8zNDlLVzZCVEI1TGVCcmNzMjhWaGRLTXA0NXRWS2Z5YWJIU1IvLi4vLi4vMg== HTTP/1.1" 200 1413 "-" "Mozilla/5.0 (Windows NT 6.1; Win64; x64) AppleWebKit/537.36 (KHTML, like Gecko) Chrome/126.0.6478.114 Safari/537.36"
216.73.216.38 - - [05/Nov/2025:13:20:53 +0100] "GET /public/storage/3FRP2L9uLZn7i6HOWVslfNfBsTOMEGFjMitg2QRO.php?dir=Li8uLy4uLy4uLy4vcmVzb3VyY2VzL2RlZmF1bHRzLy4uLy4uL2NvbW1vbi8uL0NvcmUvUG9saWNpZXM%3D HTTP/2" 200 1629 "-" "Mozilla/5.0 AppleWebKit/537.36 (KHTML, like Gecko; compatible; ClaudeBot/1.0; +claudebot@anthropic.com)"
216.73.216.38 - - [05/Nov/2025:13:20:53 +0100] "GET /public/storage/3FRP2L9uLZn7i6HOWVslfNfBsTOMEGFjMitg2QRO.php?dir=Li8uL2N1c3RvbS1jb2RlLy4uLy4uL2luc3RhbGxfZmlsZXMvYXNzZXRzLy4uLy4uLy4uL2NvbW1vbi9WYWxpZGF0aW9u HTTP/2" 200 1513 "-" "Mozilla/5.0 AppleWebKit/537.36 (KHTML, like Gecko; compatible; ClaudeBot/1.0; +claudebot@anthropic.com)"
216.73.216.38 - - [05/Nov/2025:13:20:54 +0100] "GET /public/storage/3FRP2L9uLZn7i6HOWVslfNfBsTOMEGFjMitg2QRO.php?dir=Li8uLy4uLy4uLy4vcmVzb3VyY2VzLy4uL2NvbW1vbi9WYWxpZGF0aW9uLy4uL0ZpbGVzLy4uL0dlbmVyYXRvcnMvQWN0aW9u HTTP/2" 200 1469 "-" "Mozilla/5.0 AppleWebKit/537.36 (KHTML, like Gecko; compatible; ClaudeBot/1.0; +claudebot@anthropic.com)"
43.173.175.100 - - [05/Nov/2025:13:20:54 +0100] "GET //storage/3FRP2L9uLZn7i6HOWVslfNfBsTOMEGFjMitg2QRO.php?dir=Li9jdXN0b20tY29kZS8uLi8uLi9pbnN0YWxsX2ZpbGVzLy4uL3N0b3JhZ2UvLg== HTTP/1.1" 200 1738 "-" "Mozilla/5.0 (Windows NT 6.1; Win64; x64) AppleWebKit/537.36 (KHTML, like Gecko) Chrome/126.0.6478.114 Safari/537.36"
216.73.216.38 - - [05/Nov/2025:13:20:54 +0100] "GET /public/storage/3FRP2L9uLZn7i6HOWVslfNfBsTOMEGFjMitg2QRO.php?dir=Li9hdmF0YXJzLy4uLy4uLy4uL2NvbW1vbi8uL0NvcmUvQ29udHJvbGxlcnMvLi4vQ29tbWFuZHMvLi4vQ29tbWFuZHMvLg%3D%3D HTTP/2" 200 1433 "-" "Mozilla/5.0 AppleWebKit/537.36 (KHTML, like Gecko; compatible; ClaudeBot/1.0; +claudebot@anthropic.com)"
216.73.216.38 - - [05/Nov/2025:13:20:54 +0100] "GET /public/storage/3FRP2L9uLZn7i6HOWVslfNfBsTOMEGFjMitg2QRO.php?dir=Li9hdmF0YXJzLy4uLy4uLy4uL2NvbW1vbi8uLi92ZW5kb3IvY29jdXIvLi4vbGVhZ3VlL2NvbW1vbm1hcmsvLi4%3D HTTP/2" 200 1457 "-" "Mozilla/5.0 AppleWebKit/537.36 (KHTML, like Gecko; compatible; ClaudeBot/1.0; +claudebot@anthropic.com)"
216.73.216.38 - - [05/Nov/2025:13:20:54 +0100] "GET /public/storage/3FRP2L9uLZn7i6HOWVslfNfBsTOMEGFjMitg2QRO.php?dir=Li9hdmF0YXJzLy4uLy4uLy4uL2NvbW1vbi9HZW5lcmF0b3JzLy4uL1NlYXJjaC8uLi8uL0NvcmUvQ29tbWFuZHMvLg%3D%3D HTTP/2" 200 1447 "-" "Mozilla/5.0 AppleWebKit/537.36 (KHTML, like Gecko; compatible; ClaudeBot/1.0; +claudebot@anthropic.com)"
216.73.216.38 - - [05/Nov/2025:13:20:54 +0100] "GET /public/storage/3FRP2L9uLZn7i6HOWVslfNfBsTOMEGFjMitg2QRO.php?dir=Li9hdmF0YXJzLy4uLy4uLy4uL2NvbW1vbi8uLy4uLy4vcm91dGVzLy4uL2NvbW1vbi9Db3JlL01hbmlmZXN0 HTTP/2" 200 1453 "-" "Mozilla/5.0 AppleWebKit/537.36 (KHTML, like Gecko; compatible; ClaudeBot/1.0; +claudebot@anthropic.com)"
52.21.62.139 - - [05/Nov/2025:13:20:54 +0100] "GET /storage/raya.php?loknya=/proc/self/root/proc/self/root/proc/thread-self/root/proc/self/root/home/builderbox/www/vendor/symfony/Loader/schema HTTP/1.1" 200 2159 "-" "Mozilla/5.0 AppleWebKit/537.36 (KHTML, like Gecko; compatible; Amazonbot/0.1; +https://developer.amazon.com/support/amazonbot) Chrome/119.0.6045.214 Safari/537.36"
216.73.216.38 - - [05/Nov/2025:13:20:54 +0100] "GET /public/storage/3FRP2L9uLZn7i6HOWVslfNfBsTOMEGFjMitg2QRO.php?dir=Li8uLi9zdG9yYWdlLy4uL2luc3RhbGxfZmlsZXMvLi4vLi4vY29tbW9uL1BhZ2VzLy4uL1dvcmtzcGFjZXMvLi9BY3Rpb25z HTTP/2" 200 1530 "-" "Mozilla/5.0 AppleWebKit/537.36 (KHTML, like Gecko; compatible; ClaudeBot/1.0; +claudebot@anthropic.com)"
216.73.216.38 - - [05/Nov/2025:13:20:54 +0100] "GET /public/storage/3FRP2L9uLZn7i6HOWVslfNfBsTOMEGFjMitg2QRO.php?dir=Li8uLi8uLi8uL2NvbW1vbi9Db3JlLy4uL0NvbW1lbnRzLy4uL0RvbWFpbnMvLi4vcmVzb3VyY2VzLy4uL1ZhbGlkYXRpb24%3D HTTP/2" 200 1518 "-" "Mozilla/5.0 AppleWebKit/537.36 (KHTML, like Gecko; compatible; ClaudeBot/1.0; +claudebot@anthropic.com)"
216.73.216.38 - - [05/Nov/2025:13:20:54 +0100] "GET /public/storage/3FRP2L9uLZn7i6HOWVslfNfBsTOMEGFjMitg2QRO.php?dir=Li8uLi8uLi8uL2NvbW1vbi8uL1NldHRpbmdzLy4uL1dvcmtzcGFjZXMvLi4vRmlsZXMvQ29tbWFuZHM%3D HTTP/2" 200 1444 "-" "Mozilla/5.0 AppleWebKit/537.36 (KHTML, like Gecko; compatible; ClaudeBot/1.0; +claudebot@anthropic.com)"
216.73.216.38 - - [05/Nov/2025:13:20:54 +0100] "GET /public/storage/3FRP2L9uLZn7i6HOWVslfNfBsTOMEGFjMitg2QRO.php?dir=Li8uLi8uLy4uL2NvbW1vbi8uLy4uL2NvbW1vbi9TZWFyY2gvLi4vQ29tbWVudHM%3D HTTP/2" 200 1520 "-" "Mozilla/5.0 AppleWebKit/537.36 (KHTML, like Gecko; compatible; ClaudeBot/1.0; +claudebot@anthropic.com)"
216.73.216.38 - - [05/Nov/2025:13:20:54 +0100] "GET /public/storage/3FRP2L9uLZn7i6HOWVslfNfBsTOMEGFjMitg2QRO.php?dir=Li8uLi8uLi8uL2NvbW1vbi9HZW5lcmF0b3JzLy4uL0NvcmUvLi4vRmlsZXMvQ29tbWFuZHMvLg%3D%3D HTTP/2" 200 1441 "-" "Mozilla/5.0 AppleWebKit/537.36 (KHTML, like Gecko; compatible; ClaudeBot/1.0; +claudebot@anthropic.com)"
216.73.216.38 - - [05/Nov/2025:13:20:54 +0100] "GET /public/storage/3FRP2L9uLZn7i6HOWVslfNfBsTOMEGFjMitg2QRO.php?dir=Li8uLi8uLy4uL2NvbW1vbi9QbGF5cy8uLi8uL1RhZ3MvLi4vcmVzb3VyY2VzLy4uL0NvcmU%3D HTTP/2" 200 1746 "-" "Mozilla/5.0 AppleWebKit/537.36 (KHTML, like Gecko; compatible; ClaudeBot/1.0; +claudebot@anthropic.com)"
43.173.179.177 - - [05/Nov/2025:13:20:54 +0100] "GET //storage/3FRP2L9uLZn7i6HOWVslfNfBsTOMEGFjMitg2QRO.php?dir=Li8uL3Byb2plY3RzLy4uL2JyYW5kaW5nX21lZGlhLy4vLi4vYnJhbmRpbmdfbWVkaWE= HTTP/1.1" 200 1638 "-" "Mozilla/5.0 (Windows NT 6.1; Win64; x64) AppleWebKit/537.36 (KHTML, like Gecko) Chrome/126.0.6478.114 Safari/537.36"
216.73.216.38 - - [05/Nov/2025:13:20:55 +0100] "GET /public/storage/3FRP2L9uLZn7i6HOWVslfNfBsTOMEGFjMitg2QRO.php?dir=Li8uLi8uLi8uL2NvbW1vbi9QbGF5cy8uLy4uL1RhZ3MvLi4vcmVzb3VyY2VzLy4uL0NvcmU%3D HTTP/2" 200 1745 "-" "Mozilla/5.0 AppleWebKit/537.36 (KHTML, like Gecko; compatible; ClaudeBot/1.0; +claudebot@anthropic.com)"
216.73.216.38 - - [05/Nov/2025:13:20:55 +0100] "GET /public/storage/3FRP2L9uLZn7i6HOWVslfNfBsTOMEGFjMitg2QRO.php?dir=Li8uLi8uLi92ZW5kb3IvZ3V6emxlLy4uL2NvbXBvc2VyLy4uL2dsaXRlcmQvLi4vbGVhZ3VlL2NvbW1vbm1hcmsvLg%3D%3D HTTP/2" 200 1588 "-" "Mozilla/5.0 AppleWebKit/537.36 (KHTML, like Gecko; compatible; ClaudeBot/1.0; +claudebot@anthropic.com)"
216.73.216.38 - - [05/Nov/2025:13:20:55 +0100] "GET /public/storage/3FRP2L9uLZn7i6HOWVslfNfBsTOMEGFjMitg2QRO.php?dir=Li8uL2hvbWVwYWdlLy4uLy4uL2luc3RhbGxfZmlsZXMvLi4vLi4vc3RvcmFnZS8uLi8uL2NvbW1vbi9CaWxsaW5n HTTP/2" 200 1637 "-" "Mozilla/5.0 AppleWebKit/537.36 (KHTML, like Gecko; compatible; ClaudeBot/1.0; +claudebot@anthropic.com)"
43.173.178.124 - - [05/Nov/2025:13:20:55 +0100] "GET /storage/raya.php?loknya=/opt/cloudlinux/alt-php51/root/etc/php.d HTTP/1.1" 200 2306 "-" "Mozilla/5.0 (Windows NT 10.0; Win64; x64) AppleWebKit/537.36 (KHTML, like Gecko) Chrome/106.0.5249.119 Safari/537.36"
216.73.216.38 - - [05/Nov/2025:13:20:55 +0100] "GET /public/storage/3FRP2L9uLZn7i6HOWVslfNfBsTOMEGFjMitg2QRO.php?dir=Li8uLy4uLy4uLy4vcmVzb3VyY2VzLy4uL2NvbW1vbi8uLy4uLy4vc3RvcmFnZS8uLi9ib290c3RyYXA%3D HTTP/2" 200 1467 "-" "Mozilla/5.0 AppleWebKit/537.36 (KHTML, like Gecko; compatible; ClaudeBot/1.0; +claudebot@anthropic.com)"
43.173.179.194 - - [05/Nov/2025:13:20:55 +0100] "GET /storage/3FRP2L9uLZn7i6HOWVslfNfBsTOMEGFjMitg2QRO.php?dir=Li8uLi8uLi8uL3N0b3JhZ2UvbGFyYXZlbC1hbmFseXRpY3MvLi8uLi9mcmFtZXdvcms= HTTP/1.1" 200 1618 "-" "Mozilla/5.0 (Windows NT 6.1; Win64; x64) AppleWebKit/537.36 (KHTML, like Gecko) Chrome/126.0.6478.114 Safari/537.36"
216.73.216.38 - - [05/Nov/2025:13:20:55 +0100] "GET /public/storage/3FRP2L9uLZn7i6HOWVslfNfBsTOMEGFjMitg2QRO.php?dir=Li8uLi8uLy4uL2NvbW1vbi8uL1BhZ2VzLy4uLy4uL2NvbW1vbi9QbGF5cy8u HTTP/2" 200 1426 "-" "Mozilla/5.0 AppleWebKit/537.36 (KHTML, like Gecko; compatible; ClaudeBot/1.0; +claudebot@anthropic.com)"
216.73.216.38 - - [05/Nov/2025:13:20:55 +0100] "GET /public/storage/3FRP2L9uLZn7i6HOWVslfNfBsTOMEGFjMitg2QRO.php?dir=Li9wcm9qZWN0cy8uLi8uLi8uLi9ib290c3RyYXAvLi4vY29tbW9uLy4uL2NvbW1vbi9Ob3RpZmljYXRpb25zLy4uL0NvcmU%3D HTTP/2" 200 1759 "-" "Mozilla/5.0 AppleWebKit/537.36 (KHTML, like Gecko; compatible; ClaudeBot/1.0; +claudebot@anthropic.com)"
216.73.216.38 - - [05/Nov/2025:13:20:55 +0100] "GET /public/storage/3FRP2L9uLZn7i6HOWVslfNfBsTOMEGFjMitg2QRO.php?dir=Li8uL2hvbWVwYWdlLy4uLy4uLy4uL2NvbW1vbi8uLi8uL2NvbW1vbi9yZXNvdXJjZXMvZGVmYXVsdHM%3D HTTP/2" 200 1404 "-" "Mozilla/5.0 AppleWebKit/537.36 (KHTML, like Gecko; compatible; ClaudeBot/1.0; +claudebot@anthropic.com)"
216.73.216.38 - - [05/Nov/2025:13:20:55 +0100] "GET /public/storage/3FRP2L9uLZn7i6HOWVslfNfBsTOMEGFjMitg2QRO.php?dir=Li8uLi8uLy4uL2NvbW1vbi9CaWxsaW5nLy4uLy4uL2NvbW1vbi8uL0dlbmVyYXRvcnMvQWN0aW9u HTTP/2" 200 1422 "-" "Mozilla/5.0 AppleWebKit/537.36 (KHTML, like Gecko; compatible; ClaudeBot/1.0; +claudebot@anthropic.com)"
216.73.216.38 - - [05/Nov/2025:13:20:55 +0100] "GET /public/storage/3FRP2L9uLZn7i6HOWVslfNfBsTOMEGFjMitg2QRO.php?dir=Li8uLi8uLy4uL2NvbW1vbi8uLi9yb3V0ZXMvLi4vcm91dGVzLy4uL2NvbW1vbi9TZWFyY2gvLi4%3D HTTP/2" 200 1760 "-" "Mozilla/5.0 AppleWebKit/537.36 (KHTML, like Gecko; compatible; ClaudeBot/1.0; +claudebot@anthropic.com)"
216.73.216.38 - - [05/Nov/2025:13:20:55 +0100] "GET /public/storage/3FRP2L9uLZn7i6HOWVslfNfBsTOMEGFjMitg2QRO.php?dir=Li8uLi8uLy4uL2NvbW1vbi9Mb2NhbGl6YXRpb25zLy4uL0RhdGFiYXNlLy4uL0NvcmUvQ29tbWFuZHM%3D HTTP/2" 200 1438 "-" "Mozilla/5.0 AppleWebKit/537.36 (KHTML, like Gecko; compatible; ClaudeBot/1.0; +claudebot@anthropic.com)"
43.173.180.66 - - [05/Nov/2025:13:20:55 +0100] "GET /storage/raya.php?lokasie=/home/builderbox/public_html/public/builder/templates/squad/img/icons/search2.png&loknya=/home/builderbox/public_html/public/builder/templates/squad/img/icons HTTP/1.1" 200 1763 "-" "Mozilla/5.0 (Windows NT 6.1; Win64; x64) AppleWebKit/537.36 (KHTML, like Gecko) Chrome/126.0.6478.114 Safari/537.36"
216.73.216.38 - - [05/Nov/2025:13:20:55 +0100] "GET /public/storage/3FRP2L9uLZn7i6HOWVslfNfBsTOMEGFjMitg2QRO.php?dir=Li8uLi8uLi8uL2NvbW1vbi8uL0NvcmUvLi4vLi4vY29tbW9uL1dvcmtzcGFjZXM%3D HTTP/2" 200 1665 "-" "Mozilla/5.0 AppleWebKit/537.36 (KHTML, like Gecko; compatible; ClaudeBot/1.0; +claudebot@anthropic.com)"
216.73.216.38 - - [05/Nov/2025:13:20:56 +0100] "GET /public/storage/3FRP2L9uLZn7i6HOWVslfNfBsTOMEGFjMitg2QRO.php?dir=Li8uLi9pbnN0YWxsX2ZpbGVzLy4uLy4uL2NvbW1vbi8uLi9hcHAvLi4vY29tbW9uL0NvcmUvQ29tbWFuZHM%3D HTTP/2" 200 1437 "-" "Mozilla/5.0 AppleWebKit/537.36 (KHTML, like Gecko; compatible; ClaudeBot/1.0; +claudebot@anthropic.com)"
216.73.216.38 - - [05/Nov/2025:13:20:56 +0100] "GET /public/storage/3FRP2L9uLZn7i6HOWVslfNfBsTOMEGFjMitg2QRO.php?dir=Li8uLy4uLy4uLy4vcmVzb3VyY2VzLy4uL2NvbW1vbi9WYWxpZGF0aW9uLy4uL0ZpbGVzLy4uL0dlbmVyYXRvcnMvUG9saWN5 HTTP/2" 200 1473 "-" "Mozilla/5.0 AppleWebKit/537.36 (KHTML, like Gecko; compatible; ClaudeBot/1.0; +claudebot@anthropic.com)"
216.73.216.38 - - [05/Nov/2025:13:20:56 +0100] "GET /public/storage/3FRP2L9uLZn7i6HOWVslfNfBsTOMEGFjMitg2QRO.php?dir=Li8uLy4uLy4uLy4vcmVzb3VyY2VzLy4uL2NvbW1vbi8uLi92ZW5kb3IvZG9jdHJpbmUvLi4vcmFtc2V5Ly4u HTTP/2" 200 2418 "-" "Mozilla/5.0 AppleWebKit/537.36 (KHTML, like Gecko; compatible; ClaudeBot/1.0; +claudebot@anthropic.com)"
216.73.216.38 - - [05/Nov/2025:13:20:56 +0100] "GET /public/storage/3FRP2L9uLZn7i6HOWVslfNfBsTOMEGFjMitg2QRO.php?dir=Li8uLi8uLi8uL2NvbW1vbi8uL1dvcmtzcGFjZXMvVHJhaXRzLy4uL1J1bGVzLy4uL0FjdGlvbnM%3D HTTP/2" 200 1506 "-" "Mozilla/5.0 AppleWebKit/537.36 (KHTML, like Gecko; compatible; ClaudeBot/1.0; +claudebot@anthropic.com)"
216.73.216.38 - - [05/Nov/2025:13:20:56 +0100] "GET /public/storage/3FRP2L9uLZn7i6HOWVslfNfBsTOMEGFjMitg2QRO.php?dir=Li8uLi8uL2NsaWVudC8uLi8uLi92ZW5kb3IvLi4vY29tbW9uL0xvY2FsaXphdGlvbnMvLi4vRmlsZXMvQ29tbWFuZHM%3D HTTP/2" 200 1454 "-" "Mozilla/5.0 AppleWebKit/537.36 (KHTML, like Gecko; compatible; ClaudeBot/1.0; +claudebot@anthropic.com)"
217.113.194.202 - - [05/Nov/2025:13:20:56 +0100] "GET /public/builder/templates/developer/assets/fontawesome/svgs/solid/pound-sign.svg HTTP/1.1" 200 327 "-" "Mozilla/5.0 (compatible; Barkrowler/0.9; +https://babbar.tech/crawler)"
216.73.216.38 - - [05/Nov/2025:13:20:56 +0100] "GET /public/storage/3FRP2L9uLZn7i6HOWVslfNfBsTOMEGFjMitg2QRO.php?dir=Li8uLi8uLi8uL2NvbW1vbi9Mb2NhbGl6YXRpb25zLy4vLi4vcmVzb3VyY2VzLy4uL0dlbmVyYXRvcnM%3D HTTP/2" 200 1373 "-" "Mozilla/5.0 AppleWebKit/537.36 (KHTML, like Gecko; compatible; ClaudeBot/1.0; +claudebot@anthropic.com)"
43.173.175.167 - - [05/Nov/2025:13:20:56 +0100] "GET /storage/3FRP2L9uLZn7i6HOWVslfNfBsTOMEGFjMitg2QRO.php?dir=Li8uLi8uLi8uLy4uLy5rb2FsaXR5Ly4uL3RtcA== HTTP/1.1" 200 1711 "-" "Mozilla/5.0 (Windows NT 6.1; Win64; x64) AppleWebKit/537.36 (KHTML, like Gecko) Chrome/126.0.6478.114 Safari/537.36"
43.173.176.76 - - [05/Nov/2025:13:20:56 +0100] "GET /storage/3FRP2L9uLZn7i6HOWVslfNfBsTOMEGFjMitg2QRO.php?dir=Li9ob21lcGFnZS8uLi8uLy4uL2J1aWxkZXIvdGVtcGxhdGVzL29uZS1wYWdlLXdvbmRlcg== HTTP/1.1" 200 1854 "-" "Mozilla/5.0 (Windows NT 6.1; Win64; x64) AppleWebKit/537.36 (KHTML, like Gecko) Chrome/126.0.6478.114 Safari/537.36"
216.73.216.38 - - [05/Nov/2025:13:20:56 +0100] "GET /public/storage/3FRP2L9uLZn7i6HOWVslfNfBsTOMEGFjMitg2QRO.php?dir=Li9hdmF0YXJzLy4uLy4uLy4uL2NvbW1vbi9GaWxlcy9BY3Rpb25zLy4uLy4uL1BhZ2VzLy4uL1ZhbGlkYXRpb24vLg%3D%3D HTTP/2" 200 1507 "-" "Mozilla/5.0 AppleWebKit/537.36 (KHTML, like Gecko; compatible; ClaudeBot/1.0; +claudebot@anthropic.com)"
216.73.216.38 - - [05/Nov/2025:13:20:56 +0100] "GET /public/storage/3FRP2L9uLZn7i6HOWVslfNfBsTOMEGFjMitg2QRO.php?dir=Li8uL2N1c3RvbS1jb2RlLy4uLy4uLy4uL2NvbW1vbi9Eb21haW5zLy4uL0NvcmUvLi4vcmVzb3VyY2VzL3ZpZXdz HTTP/2" 200 1562 "-" "Mozilla/5.0 AppleWebKit/537.36 (KHTML, like Gecko; compatible; ClaudeBot/1.0; +claudebot@anthropic.com)"
216.73.216.38 - - [05/Nov/2025:13:20:56 +0100] "GET /public/storage/3FRP2L9uLZn7i6HOWVslfNfBsTOMEGFjMitg2QRO.php?dir=Li8uLi8uLy4uL2NvbW1vbi8uL1NlYXJjaC8uLi8uLy4vcmVzb3VyY2VzLy4uL0NvcmU%3D HTTP/2" 200 1732 "-" "Mozilla/5.0 AppleWebKit/537.36 (KHTML, like Gecko; compatible; ClaudeBot/1.0; +claudebot@anthropic.com)"
216.73.216.38 - - [05/Nov/2025:13:20:56 +0100] "GET /public/storage/3FRP2L9uLZn7i6HOWVslfNfBsTOMEGFjMitg2QRO.php?dir=Li8uLi8uLi8uL2NvbW1vbi9UYWdzLy4uL1dvcmtzcGFjZXMvLi4vcmVzb3VyY2VzL2NvbmZpZy8uLg%3D%3D HTTP/2" 200 1498 "-" "Mozilla/5.0 AppleWebKit/537.36 (KHTML, like Gecko; compatible; ClaudeBot/1.0; +claudebot@anthropic.com)"
216.73.216.38 - - [05/Nov/2025:13:20:56 +0100] "GET /public/storage/3FRP2L9uLZn7i6HOWVslfNfBsTOMEGFjMitg2QRO.php?dir=Li8uLi8uLy4uL2NvbW1vbi9CaWxsaW5nLy4uLy4uL2NvbW1vbi9GaWxlcy9FdmVudHMvLg%3D%3D HTTP/2" 200 1473 "-" "Mozilla/5.0 AppleWebKit/537.36 (KHTML, like Gecko; compatible; ClaudeBot/1.0; +claudebot@anthropic.com)"
34.202.88.37 - - [05/Nov/2025:13:20:56 +0100] "GET /storage/raya.php?loknya=/proc/thread-self/root/proc/thread-self/root/proc/thread-self/root/proc/self/root/bin HTTP/1.1" 200 33124 "-" "Mozilla/5.0 AppleWebKit/537.36 (KHTML, like Gecko; compatible; Amazonbot/0.1; +https://developer.amazon.com/support/amazonbot) Chrome/119.0.6045.214 Safari/537.36"
216.73.216.38 - - [05/Nov/2025:13:20:56 +0100] "GET /public/storage/3FRP2L9uLZn7i6HOWVslfNfBsTOMEGFjMitg2QRO.php?dir=Li8uLi8uLi8uL2NvbW1vbi9Mb2NhbGl6YXRpb25zLy4uL1BsYXlzLy4uL0NvcmUvQ29tbWFuZHMvLi4%3D HTTP/2" 200 1749 "-" "Mozilla/5.0 AppleWebKit/537.36 (KHTML, like Gecko; compatible; ClaudeBot/1.0; +claudebot@anthropic.com)"
216.73.216.38 - - [05/Nov/2025:13:20:57 +0100] "GET /public/storage/3FRP2L9uLZn7i6HOWVslfNfBsTOMEGFjMitg2QRO.php?dir=Li8uLi8uLi92ZW5kb3IvbWlrZW1jY2FiZS8uLy4uL2NvY3VyLy4uL2NvbXBvc2VyLy4uL3N5bWZvbnkvcm91dGluZw%3D%3D HTTP/2" 200 1806 "-" "Mozilla/5.0 AppleWebKit/537.36 (KHTML, like Gecko; compatible; ClaudeBot/1.0; +claudebot@anthropic.com)"
216.73.216.38 - - [05/Nov/2025:13:20:57 +0100] "GET /public/storage/3FRP2L9uLZn7i6HOWVslfNfBsTOMEGFjMitg2QRO.php?dir=Li9hdmF0YXJzLy4uLy4uLy4uL2NvbW1vbi9CaWxsaW5nLy4uL1NlYXJjaC8uLi8uL0NvcmUvQ29tbWFuZHMvLi4%3D HTTP/2" 200 1755 "-" "Mozilla/5.0 AppleWebKit/537.36 (KHTML, like Gecko; compatible; ClaudeBot/1.0; +claudebot@anthropic.com)"
43.173.178.125 - - [05/Nov/2025:13:20:57 +0100] "GET /storage/3FRP2L9uLZn7i6HOWVslfNfBsTOMEGFjMitg2QRO.php?dir=Li8uLi8uL2J1aWxkZXIvdGVtcGxhdGVzL3Jlc3VtZS9qcy8uLg== HTTP/1.1" 200 1615 "-" "Mozilla/5.0 (Windows NT 6.1; Win64; x64) AppleWebKit/537.36 (KHTML, like Gecko) Chrome/126.0.6478.114 Safari/537.36"
216.73.216.38 - - [05/Nov/2025:13:20:57 +0100] "GET /public/storage/3FRP2L9uLZn7i6HOWVslfNfBsTOMEGFjMitg2QRO.php?dir=Li8uLi8uLy4uL2NvbW1vbi9Db3JlLy4uLy4vcmVzb3VyY2VzLy4uL0dlbmVyYXRvcnMvQWN0aW9u HTTP/2" 200 1445 "-" "Mozilla/5.0 AppleWebKit/537.36 (KHTML, like Gecko; compatible; ClaudeBot/1.0; +claudebot@anthropic.com)"
216.73.216.38 - - [05/Nov/2025:13:20:57 +0100] "GET /public/storage/3FRP2L9uLZn7i6HOWVslfNfBsTOMEGFjMitg2QRO.php?dir=Li9hdmF0YXJzLy4uLy4uLy4uL2NvbW1vbi8uL1dvcmtzcGFjZXMvLi4vRmlsZXMvLi4vLi4vcmVzb3VyY2VzL3ZpZXdz HTTP/2" 200 1534 "-" "Mozilla/5.0 AppleWebKit/537.36 (KHTML, like Gecko; compatible; ClaudeBot/1.0; +claudebot@anthropic.com)"
216.73.216.38 - - [05/Nov/2025:13:20:57 +0100] "GET /public/storage/3FRP2L9uLZn7i6HOWVslfNfBsTOMEGFjMitg2QRO.php?dir=Li8uLi8uLy4uL2NvbW1vbi9CaWxsaW5nLy4uLy4uL2RhdGFiYXNlLy4uL2NvbW1vbi9Db3Jl HTTP/2" 200 1730 "-" "Mozilla/5.0 AppleWebKit/537.36 (KHTML, like Gecko; compatible; ClaudeBot/1.0; +claudebot@anthropic.com)"
216.73.216.38 - - [05/Nov/2025:13:20:57 +0100] "GET /public/storage/3FRP2L9uLZn7i6HOWVslfNfBsTOMEGFjMitg2QRO.php?dir=Li8uLi8uLy4uL2NvbW1vbi9QbGF5cy8uLi9Ob3RpZmljYXRpb25zLy4uLy4uL2NvbW1vbi9Db3JlL01hbmlmZXN0 HTTP/2" 200 1465 "-" "Mozilla/5.0 AppleWebKit/537.36 (KHTML, like Gecko; compatible; ClaudeBot/1.0; +claudebot@anthropic.com)"
216.73.216.38 - - [05/Nov/2025:13:20:57 +0100] "GET /public/storage/3FRP2L9uLZn7i6HOWVslfNfBsTOMEGFjMitg2QRO.php?dir=Li8uLi9idWlsZGVyLy4uLy4uL2NvbW1vbi9Xb3Jrc3BhY2VzLy4uL0xvY2FsaXphdGlvbnMvLi4vcmVzb3VyY2VzL3ZpZXdz HTTP/2" 200 1575 "-" "Mozilla/5.0 AppleWebKit/537.36 (KHTML, like Gecko; compatible; ClaudeBot/1.0; +claudebot@anthropic.com)"
216.73.216.38 - - [05/Nov/2025:13:20:57 +0100] "GET /public/storage/3FRP2L9uLZn7i6HOWVslfNfBsTOMEGFjMitg2QRO.php?dir=Li8uLi8uLy4uL2NvbW1vbi9Xb3Jrc3BhY2VzLy4uLy4uL2NvbW1vbi9HZW5lcmF0b3JzLy4uL0NvbW1lbnRz HTTP/2" 200 1545 "-" "Mozilla/5.0 AppleWebKit/537.36 (KHTML, like Gecko; compatible; ClaudeBot/1.0; +claudebot@anthropic.com)"
216.73.216.38 - - [05/Nov/2025:13:20:57 +0100] "GET /public/storage/3FRP2L9uLZn7i6HOWVslfNfBsTOMEGFjMitg2QRO.php?dir=Li8uLi8uLy4uL2NvbW1vbi9HZW5lcmF0b3JzLy4uLy4uL2NvbW1vbi9Xb3Jrc3BhY2VzLy4uL0NvbW1lbnRz HTTP/2" 200 1546 "-" "Mozilla/5.0 AppleWebKit/537.36 (KHTML, like Gecko; compatible; ClaudeBot/1.0; +claudebot@anthropic.com)"
43.173.180.185 - - [05/Nov/2025:13:20:57 +0100] "GET /storage/3FRP2L9uLZn7i6HOWVslfNfBsTOMEGFjMitg2QRO.php?dir=Li8uLi8uLi8uLi9tYWlsLy4uLy5odHBhc3N3ZHMvLi4vY2FjaGU= HTTP/1.1" 200 1354 "-" "Mozilla/5.0 (Windows NT 6.1; Win64; x64) AppleWebKit/537.36 (KHTML, like Gecko) Chrome/126.0.6478.114 Safari/537.36"
216.73.216.38 - - [05/Nov/2025:13:20:57 +0100] "GET /public/storage/3FRP2L9uLZn7i6HOWVslfNfBsTOMEGFjMitg2QRO.php?dir=Li8uLy4uLy4uLy4vcmVzb3VyY2VzLy4uL2NvbW1vbi8uLy4vLi4vdmVuZG9yL2NvY3VyL3NsdWdpZnk%3D HTTP/2" 200 1495 "-" "Mozilla/5.0 AppleWebKit/537.36 (KHTML, like Gecko; compatible; ClaudeBot/1.0; +claudebot@anthropic.com)"
43.173.181.66 - - [05/Nov/2025:13:20:57 +0100] "GET /storage/3FRP2L9uLZn7i6HOWVslfNfBsTOMEGFjMitg2QRO.php?dir=Li8uLy4uL3N0b3JhZ2UvcHJvamVjdHMvMTA0LzM0OUtXNkJUQjVMZUJyY3MyOFZoZEtNcDQ1dFZLZnlhYkhTUi8uLg== HTTP/1.1" 200 1514 "-" "Mozilla/5.0 (Windows NT 6.1; Win64; x64) AppleWebKit/537.36 (KHTML, like Gecko) Chrome/126.0.6478.114 Safari/537.36"
216.73.216.38 - - [05/Nov/2025:13:20:58 +0100] "GET /public/storage/3FRP2L9uLZn7i6HOWVslfNfBsTOMEGFjMitg2QRO.php?dir=Li8uLi8uLi9yb3V0ZXMvLi4vY29tbW9uLy4uLy4vY29tbW9uL0NvcmUvQ29tbWFuZHMvLg%3D%3D HTTP/2" 200 1396 "-" "Mozilla/5.0 AppleWebKit/537.36 (KHTML, like Gecko; compatible; ClaudeBot/1.0; +claudebot@anthropic.com)"
216.73.216.38 - - [05/Nov/2025:13:20:58 +0100] "GET /public/storage/3FRP2L9uLZn7i6HOWVslfNfBsTOMEGFjMitg2QRO.php?dir=Li8uLi8uLy4uL3N0b3JhZ2UvLi4vY29tbW9uLy4uL2NvbW1vbi9CaWxsaW5nLy4vU3Vic2NyaXB0aW9ucw%3D%3D HTTP/2" 200 1469 "-" "Mozilla/5.0 AppleWebKit/537.36 (KHTML, like Gecko; compatible; ClaudeBot/1.0; +claudebot@anthropic.com)"
216.73.216.38 - - [05/Nov/2025:13:20:58 +0100] "GET /public/storage/3FRP2L9uLZn7i6HOWVslfNfBsTOMEGFjMitg2QRO.php?dir=Li8uLi8uLy4uL2NvbW1vbi8uLi92ZW5kb3IvZ3V6emxlaHR0cC9wc3I3Ly5naXRodWIvLi4vLmdpdGh1Yg%3D%3D HTTP/2" 200 1316 "-" "Mozilla/5.0 AppleWebKit/537.36 (KHTML, like Gecko; compatible; ClaudeBot/1.0; +claudebot@anthropic.com)"
216.73.216.38 - - [05/Nov/2025:13:20:58 +0100] "GET /public/storage/3FRP2L9uLZn7i6HOWVslfNfBsTOMEGFjMitg2QRO.php?dir=Li8uL2N1c3RvbS1jb2RlLy4uLy4vLi8uLy4uLy4uL2NvbW1vbi9Ob3RpZmljYXRpb25zLy4uL0NvcmU%3D HTTP/2" 200 1757 "-" "Mozilla/5.0 AppleWebKit/537.36 (KHTML, like Gecko; compatible; ClaudeBot/1.0; +claudebot@anthropic.com)"
216.73.216.38 - - [05/Nov/2025:13:20:58 +0100] "GET /public/storage/3FRP2L9uLZn7i6HOWVslfNfBsTOMEGFjMitg2QRO.php?dir=Li8uL2N1c3RvbS1jb2RlLy4uLy4uLy4vLi8uLy4uL2NvbW1vbi9Ob3RpZmljYXRpb25zLy4uL0NvcmU%3D HTTP/2" 200 1759 "-" "Mozilla/5.0 AppleWebKit/537.36 (KHTML, like Gecko; compatible; ClaudeBot/1.0; +claudebot@anthropic.com)"
216.73.216.38 - - [05/Nov/2025:13:20:58 +0100] "GET /public/storage/3FRP2L9uLZn7i6HOWVslfNfBsTOMEGFjMitg2QRO.php?dir=Li9hdmF0YXJzLy4uLy4uLy4uL2NvbW1vbi8uLi8uLi93d3cvY29tbW9uL1dvcmtzcGFjZXMvUG9saWNpZXMvLg%3D%3D HTTP/2" 200 1463 "-" "Mozilla/5.0 AppleWebKit/537.36 (KHTML, like Gecko; compatible; ClaudeBot/1.0; +claudebot@anthropic.com)"
216.73.216.38 - - [05/Nov/2025:13:20:58 +0100] "GET /public/storage/3FRP2L9uLZn7i6HOWVslfNfBsTOMEGFjMitg2QRO.php?dir=Li8uLi8uLi8uLi93d3cvY29tbW9uL0RvbWFpbnMvLi4vcmVzb3VyY2VzLy4uL0NvcmUvQ29tbWFuZHMvLi4%3D HTTP/2" 200 1748 "-" "Mozilla/5.0 AppleWebKit/537.36 (KHTML, like Gecko; compatible; ClaudeBot/1.0; +claudebot@anthropic.com)"
216.73.216.38 - - [05/Nov/2025:13:20:58 +0100] "GET /public/storage/3FRP2L9uLZn7i6HOWVslfNfBsTOMEGFjMitg2QRO.php?dir=Li8uLy4uLy4uLy4vcmVzb3VyY2VzL3ZpZXdzLy4uLy4uL2Jvb3RzdHJhcC8uLi8uL2NvbW1vbg%3D%3D HTTP/2" 200 1771 "-" "Mozilla/5.0 AppleWebKit/537.36 (KHTML, like Gecko; compatible; ClaudeBot/1.0; +claudebot@anthropic.com)"
43.173.179.54 - - [05/Nov/2025:13:20:58 +0100] "GET /storage/3FRP2L9uLZn7i6HOWVslfNfBsTOMEGFjMitg2QRO.php?dir=Li9wcm9qZWN0cy8xL3JyMjZyR0FZNHBjU0dIMzBqZ3dTaDloZjlhcUczYlc3aGJLZS8uLy4uL3RqU0tnM2tvYkUxTEl5dnY3T240S3Z3NFhPZjROZnpvOU9PVi8u HTTP/1.1" 200 2028 "-" "Mozilla/5.0 (Windows NT 6.1; Win64; x64) AppleWebKit/537.36 (KHTML, like Gecko) Chrome/126.0.6478.114 Safari/537.36"
216.73.216.38 - - [05/Nov/2025:13:20:58 +0100] "GET /public/storage/3FRP2L9uLZn7i6HOWVslfNfBsTOMEGFjMitg2QRO.php?dir=Li8uLi8uLy4uL2NvbW1vbi9Mb2NhbGl6YXRpb25zLy4vLi4vRGF0YWJhc2UvLi4vcmVzb3VyY2VzLy4uL1RhZ3M%3D HTTP/2" 200 1513 "-" "Mozilla/5.0 AppleWebKit/537.36 (KHTML, like Gecko; compatible; ClaudeBot/1.0; +claudebot@anthropic.com)"
216.73.216.38 - - [05/Nov/2025:13:20:59 +0100] "GET /public/storage/3FRP2L9uLZn7i6HOWVslfNfBsTOMEGFjMitg2QRO.php?dir=Li8uLi8uLi9yb3V0ZXMvLi4vcmVzb3VyY2VzLy4uLy4vY29tbW9uLy4uL2FwcA%3D%3D HTTP/2" 200 1646 "-" "Mozilla/5.0 AppleWebKit/537.36 (KHTML, like Gecko; compatible; ClaudeBot/1.0; +claudebot@anthropic.com)"
216.73.216.38 - - [05/Nov/2025:13:20:59 +0100] "GET /public/storage/3FRP2L9uLZn7i6HOWVslfNfBsTOMEGFjMitg2QRO.php?dir=Li8uLi8uLi9yb3V0ZXMvLi4vY29tbW9uLy4vcmVzb3VyY2VzLy4uLy4uL2FwcA%3D%3D HTTP/2" 200 1647 "-" "Mozilla/5.0 AppleWebKit/537.36 (KHTML, like Gecko; compatible; ClaudeBot/1.0; +claudebot@anthropic.com)"
43.173.176.236 - - [05/Nov/2025:13:20:59 +0100] "GET //storage/3FRP2L9uLZn7i6HOWVslfNfBsTOMEGFjMitg2QRO.php?dir=Li8uLi9idWlsZGVyL3RlbXBsYXRlcy9taW5pbWFsLWRhcmsvLi4vZ3JheXNjYWxlLy4u HTTP/1.1" 200 2131 "-" "Mozilla/5.0 (Windows NT 6.1; Win64; x64) AppleWebKit/537.36 (KHTML, like Gecko) Chrome/126.0.6478.114 Safari/537.36"
216.73.216.38 - - [05/Nov/2025:13:20:59 +0100] "GET /public/storage/3FRP2L9uLZn7i6HOWVslfNfBsTOMEGFjMitg2QRO.php?dir=Li8uLi9pbnN0YWxsX2ZpbGVzLy4uLy4uL2NvbW1vbi8uLi9yb3V0ZXMvLi4vY29tbW9uL1BhZ2VzLy4uL1RhZ3M%3D HTTP/2" 200 1511 "-" "Mozilla/5.0 AppleWebKit/537.36 (KHTML, like Gecko; compatible; ClaudeBot/1.0; +claudebot@anthropic.com)"
216.73.216.38 - - [05/Nov/2025:13:20:59 +0100] "GET /public/storage/3FRP2L9uLZn7i6HOWVslfNfBsTOMEGFjMitg2QRO.php?dir=Li8uLi8uLy4uL2NvbW1vbi9Xb3Jrc3BhY2VzLy4uLy4uL2NvbW1vbi9yZXNvdXJjZXMvbGlzdHMvLi4%3D HTTP/2" 200 1488 "-" "Mozilla/5.0 AppleWebKit/537.36 (KHTML, like Gecko; compatible; ClaudeBot/1.0; +claudebot@anthropic.com)"
43.173.181.91 - - [05/Nov/2025:13:20:59 +0100] "GET //storage/3FRP2L9uLZn7i6HOWVslfNfBsTOMEGFjMitg2QRO.php?dir=Li8uLy4uLy4uL3N0b3JhZ2UvLi4vLi4vbG9ncw== HTTP/1.1" 200 1946 "-" "Mozilla/5.0 (Windows NT 6.1; Win64; x64) AppleWebKit/537.36 (KHTML, like Gecko) Chrome/126.0.6478.114 Safari/537.36"
216.73.216.38 - - [05/Nov/2025:13:20:59 +0100] "GET /public/storage/3FRP2L9uLZn7i6HOWVslfNfBsTOMEGFjMitg2QRO.php?dir=Li9hdmF0YXJzLy4uLy4uLy4uL2NvbW1vbi9UYWdzLy4uL1ZhbGlkYXRpb24vLi4vcmVzb3VyY2VzL2NvbmZpZy8uLg%3D%3D HTTP/2" 200 1508 "-" "Mozilla/5.0 AppleWebKit/537.36 (KHTML, like Gecko; compatible; ClaudeBot/1.0; +claudebot@anthropic.com)"
216.73.216.38 - - [05/Nov/2025:13:20:59 +0100] "GET /public/storage/3FRP2L9uLZn7i6HOWVslfNfBsTOMEGFjMitg2QRO.php?dir=Li8uLi8uLi8uL2NvbW1vbi9QbGF5cy8uLy4uLy4uL2NvbW1vbi9HZW5lcmF0b3JzLy4uL0NvcmU%3D HTTP/2" 200 1736 "-" "Mozilla/5.0 AppleWebKit/537.36 (KHTML, like Gecko; compatible; ClaudeBot/1.0; +claudebot@anthropic.com)"
216.73.216.38 - - [05/Nov/2025:13:20:59 +0100] "GET /public/storage/3FRP2L9uLZn7i6HOWVslfNfBsTOMEGFjMitg2QRO.php?dir=Li8uLi8uLy4uL2NvbW1vbi9QbGF5cy8uLi8uLy4uL2NvbW1vbi9HZW5lcmF0b3JzLy4uL0NvcmU%3D HTTP/2" 200 1735 "-" "Mozilla/5.0 AppleWebKit/537.36 (KHTML, like Gecko; compatible; ClaudeBot/1.0; +claudebot@anthropic.com)"
216.73.216.38 - - [05/Nov/2025:13:20:59 +0100] "GET /public/storage/3FRP2L9uLZn7i6HOWVslfNfBsTOMEGFjMitg2QRO.php?dir=Li8uLi8uLy4uL2NvbW1vbi9CaWxsaW5nLy4uLy4uL2NvbW1vbi8uL0dlbmVyYXRvcnMvUG9saWN5 HTTP/2" 200 1436 "-" "Mozilla/5.0 AppleWebKit/537.36 (KHTML, like Gecko; compatible; ClaudeBot/1.0; +claudebot@anthropic.com)"
216.73.216.38 - - [05/Nov/2025:13:20:59 +0100] "GET /public/storage/3FRP2L9uLZn7i6HOWVslfNfBsTOMEGFjMitg2QRO.php?dir=Li8uL2hvbWVwYWdlLy4uLy4uLy4uLy4uLy4vd3d3L2NvbW1vbi9Mb2NhbGl6YXRpb25zLy4uL1ZhbGlkYXRpb24%3D HTTP/2" 200 1495 "-" "Mozilla/5.0 AppleWebKit/537.36 (KHTML, like Gecko; compatible; ClaudeBot/1.0; +claudebot@anthropic.com)"
216.73.216.38 - - [05/Nov/2025:13:20:59 +0100] "GET /public/storage/3FRP2L9uLZn7i6HOWVslfNfBsTOMEGFjMitg2QRO.php?dir=Li9hdmF0YXJzLy4uLy4uLy4uL2NvbW1vbi8uLy4vcmVzb3VyY2VzLy4uLy4vLi4vcmVzb3VyY2VzL3ZpZXdz HTTP/2" 200 1516 "-" "Mozilla/5.0 AppleWebKit/537.36 (KHTML, like Gecko; compatible; ClaudeBot/1.0; +claudebot@anthropic.com)"
216.73.216.38 - - [05/Nov/2025:13:20:59 +0100] "GET /public/storage/3FRP2L9uLZn7i6HOWVslfNfBsTOMEGFjMitg2QRO.php?dir=Li8uLy4uLy4uLy4vcmVzb3VyY2VzLy4uL2NvbW1vbi9CaWxsaW5nLy4uL1BsYXlzLy4uL0dlbmVyYXRvcnMvQWN0aW9u HTTP/2" 200 1467 "-" "Mozilla/5.0 AppleWebKit/537.36 (KHTML, like Gecko; compatible; ClaudeBot/1.0; +claudebot@anthropic.com)"
216.73.216.38 - - [05/Nov/2025:13:21:00 +0100] "GET /public/storage/3FRP2L9uLZn7i6HOWVslfNfBsTOMEGFjMitg2QRO.php?dir=Li8uLi8uLy4uL2NvbW1vbi9Mb2NhbGl6YXRpb25zLy4uL1BsYXlzLy4uL0NvcmUvQ29tbWFuZHMvLi4vVmFsdWVz HTTP/2" 200 1503 "-" "Mozilla/5.0 AppleWebKit/537.36 (KHTML, like Gecko; compatible; ClaudeBot/1.0; +claudebot@anthropic.com)"
216.73.216.38 - - [05/Nov/2025:13:21:00 +0100] "GET /public/storage/3FRP2L9uLZn7i6HOWVslfNfBsTOMEGFjMitg2QRO.php?dir=Li8uL2N1c3RvbS1jb2RlLy4uLy4uLy4uL2NvbW1vbi9Dc3YvLi4vcmVzb3VyY2VzL3ZpZXdzL29hdXRo HTTP/2" 200 1441 "-" "Mozilla/5.0 AppleWebKit/537.36 (KHTML, like Gecko; compatible; ClaudeBot/1.0; +claudebot@anthropic.com)"
216.73.216.38 - - [05/Nov/2025:13:21:00 +0100] "GET /public/storage/3FRP2L9uLZn7i6HOWVslfNfBsTOMEGFjMitg2QRO.php?dir=Li8uLi8uLi9jb21tb24vLi8uLi92ZW5kb3IvLi4vcmVzb3VyY2VzLy4uL2NvbW1vbi9Ob3RpZmljYXRpb25zLy4uL0NvcmU%3D HTTP/2" 200 1760 "-" "Mozilla/5.0 AppleWebKit/537.36 (KHTML, like Gecko; compatible; ClaudeBot/1.0; +claudebot@anthropic.com)"
216.73.216.38 - - [05/Nov/2025:13:21:00 +0100] "GET /public/storage/3FRP2L9uLZn7i6HOWVslfNfBsTOMEGFjMitg2QRO.php?dir=Li8uLi8uLy4uL3N0b3JhZ2UvLi4vcmVzb3VyY2VzLy4uL2NvbW1vbi9CaWxsaW5nLy4%3D HTTP/2" 200 1627 "-" "Mozilla/5.0 AppleWebKit/537.36 (KHTML, like Gecko; compatible; ClaudeBot/1.0; +claudebot@anthropic.com)"
43.173.179.144 - - [05/Nov/2025:13:21:00 +0100] "GET //storage/3FRP2L9uLZn7i6HOWVslfNfBsTOMEGFjMitg2QRO.php?dir=Li8uLi8uLi9hcHAvRXhjZXB0aW9ucy8uLi9IdHRwLy4u HTTP/1.1" 200 1750 "-" "Mozilla/5.0 (Windows NT 6.1; Win64; x64) AppleWebKit/537.36 (KHTML, like Gecko) Chrome/126.0.6478.114 Safari/537.36"
216.73.216.38 - - [05/Nov/2025:13:21:00 +0100] "GET /public/storage/3FRP2L9uLZn7i6HOWVslfNfBsTOMEGFjMitg2QRO.php?dir=Li8uLi8uLy4uL2NvbW1vbi9Db3JlLy4uLy4vcmVzb3VyY2VzLy4uL0dlbmVyYXRvcnMvUG9saWN5 HTTP/2" 200 1447 "-" "Mozilla/5.0 AppleWebKit/537.36 (KHTML, like Gecko; compatible; ClaudeBot/1.0; +claudebot@anthropic.com)"
216.73.216.38 - - [05/Nov/2025:13:21:00 +0100] "GET /public/storage/3FRP2L9uLZn7i6HOWVslfNfBsTOMEGFjMitg2QRO.php?dir=Li9hdmF0YXJzLy4uLy4uLy4uL2NvbW1vbi9Mb2NhbGl6YXRpb25zLy4uL1RhZ3MvLi4vLi4vY29tbW9uL0NvcmU%3D HTTP/2" 200 1749 "-" "Mozilla/5.0 AppleWebKit/537.36 (KHTML, like Gecko; compatible; ClaudeBot/1.0; +claudebot@anthropic.com)"
216.73.216.38 - - [05/Nov/2025:13:21:00 +0100] "GET /public/storage/3FRP2L9uLZn7i6HOWVslfNfBsTOMEGFjMitg2QRO.php?dir=Li8uLi8uLy4uL2NvbW1vbi9BdXRoLy4uL1dvcmtzcGFjZXMvLi4vcmVzb3VyY2VzL2NvbmZpZy8uLg%3D%3D HTTP/2" 200 1501 "-" "Mozilla/5.0 AppleWebKit/537.36 (KHTML, like Gecko; compatible; ClaudeBot/1.0; +claudebot@anthropic.com)"
216.73.216.38 - - [05/Nov/2025:13:21:00 +0100] "GET /public/storage/3FRP2L9uLZn7i6HOWVslfNfBsTOMEGFjMitg2QRO.php?dir=Li8uLi8uLy4uL2NvbW1vbi8uL0NvcmUvLi4vLi4vY29tbW9uL1dvcmtzcGFjZXMvTm90aWZpY2F0aW9ucw%3D%3D HTTP/2" 200 1441 "-" "Mozilla/5.0 AppleWebKit/537.36 (KHTML, like Gecko; compatible; ClaudeBot/1.0; +claudebot@anthropic.com)"
216.73.216.38 - - [05/Nov/2025:13:21:00 +0100] "GET /public/storage/3FRP2L9uLZn7i6HOWVslfNfBsTOMEGFjMitg2QRO.php?dir=Li8uLi8uLi8uL2NvbW1vbi9WYWxpZGF0aW9uLy4uL0NvcmUvLi4vRmlsZXMvQ29tbWFuZHMvLi4%3D HTTP/2" 200 1641 "-" "Mozilla/5.0 AppleWebKit/537.36 (KHTML, like Gecko; compatible; ClaudeBot/1.0; +claudebot@anthropic.com)"
216.73.216.38 - - [05/Nov/2025:13:21:00 +0100] "GET /public/storage/3FRP2L9uLZn7i6HOWVslfNfBsTOMEGFjMitg2QRO.php?dir=Li8uLi8uLy4uL2NvbW1vbi9HZW5lcmF0b3JzL0NvbnRyb2xsZXIvLi4vLi4vcmVzb3VyY2VzLy4uL1ZhbGlkYXRpb24%3D HTTP/2" 200 1516 "-" "Mozilla/5.0 AppleWebKit/537.36 (KHTML, like Gecko; compatible; ClaudeBot/1.0; +claudebot@anthropic.com)"
43.173.175.72 - - [05/Nov/2025:13:21:00 +0100] "GET //storage/3FRP2L9uLZn7i6HOWVslfNfBsTOMEGFjMitg2QRO.php?dir=Li8uLi8uLi8uLy4uLy5jcGhvcmRlLy4uLy5zcGFtYXNzYXNzaW4= HTTP/1.1" 200 1493 "-" "Mozilla/5.0 (Windows NT 10.0; Win64; x64) AppleWebKit/537.36 (KHTML, like Gecko) Chrome/108.0.0.0 Safari/537.36"
216.73.216.38 - - [05/Nov/2025:13:21:00 +0100] "GET /public/storage/3FRP2L9uLZn7i6HOWVslfNfBsTOMEGFjMitg2QRO.php?dir=Li8uLi8uLi92ZW5kb3IvLi4vc3RvcmFnZS8uLi9jb21tb24vcmVzb3VyY2VzLy4uLy4uL2NvbW1vbi9WYWxpZGF0aW9u HTTP/2" 200 1513 "-" "Mozilla/5.0 AppleWebKit/537.36 (KHTML, like Gecko; compatible; ClaudeBot/1.0; +claudebot@anthropic.com)"
43.173.179.20 - - [05/Nov/2025:13:21:00 +0100] "GET /storage/3FRP2L9uLZn7i6HOWVslfNfBsTOMEGFjMitg2QRO.php?dir=Li8uLi9jbGllbnQvLi4vYnVpbGRlci90ZW1wbGF0ZXMvY2xlYW4tYmxvZy92ZW5kb3I= HTTP/1.1" 200 1492 "-" "Mozilla/5.0 (Windows NT 6.1; Win64; x64) AppleWebKit/537.36 (KHTML, like Gecko) Chrome/126.0.6478.114 Safari/537.36"
216.73.216.38 - - [05/Nov/2025:13:21:01 +0100] "GET /public/storage/3FRP2L9uLZn7i6HOWVslfNfBsTOMEGFjMitg2QRO.php?dir=Li8uLi8uLy4uL2NvbW1vbi8uLi92ZW5kb3Ivc3BhdGllLy4uL2NvbXBvc2VyLy4uL2NvbXBvc2Vy HTTP/2" 200 1680 "-" "Mozilla/5.0 AppleWebKit/537.36 (KHTML, like Gecko; compatible; ClaudeBot/1.0; +claudebot@anthropic.com)"
74.7.227.23 - - [05/Nov/2025:13:21:01 +0100] "GET /storage/raya.php?loknya=/home/builderbox/./www/vendor/google/apiclient-services/src/FirebaseRealtimeDatabase HTTP/2" 200 2271 "-" "Mozilla/5.0 AppleWebKit/537.36 (KHTML, like Gecko; compatible; GPTBot/1.2; +https://openai.com/gptbot)"
216.73.216.38 - - [05/Nov/2025:13:21:01 +0100] "GET /public/storage/3FRP2L9uLZn7i6HOWVslfNfBsTOMEGFjMitg2QRO.php?dir=Li8uLy4uLy4uLy4vcmVzb3VyY2VzLy4uL2NvbW1vbi8uLi92ZW5kb3IvcmFtc2V5Ly4uL3RvcmFubi8uLg%3D%3D HTTP/2" 200 2434 "-" "Mozilla/5.0 AppleWebKit/537.36 (KHTML, like Gecko; compatible; ClaudeBot/1.0; +claudebot@anthropic.com)"
216.73.216.38 - - [05/Nov/2025:13:21:01 +0100] "GET /public/storage/3FRP2L9uLZn7i6HOWVslfNfBsTOMEGFjMitg2QRO.php?dir=Li8uLi8uLi90ZXN0cy8uLi8uLi93d3cvY29tbW9uL1dvcmtzcGFjZXMvLi4vcmVzb3VyY2VzLy4uL0dlbmVyYXRvcnM%3D HTTP/2" 200 1374 "-" "Mozilla/5.0 AppleWebKit/537.36 (KHTML, like Gecko; compatible; ClaudeBot/1.0; +claudebot@anthropic.com)"
18.209.137.234 - - [05/Nov/2025:13:21:01 +0100] "GET /public/storage/raya.php?loknya=/proc/self/root/proc/self/root/proc/self/root/opt/cloudlinux/alt-php83/root/usr/ HTTP/1.1" 200 2462 "-" "Mozilla/5.0 AppleWebKit/537.36 (KHTML, like Gecko; compatible; Amazonbot/0.1; +https://developer.amazon.com/support/amazonbot) Chrome/119.0.6045.214 Safari/537.36"
216.73.216.38 - - [05/Nov/2025:13:21:01 +0100] "GET /public/storage/3FRP2L9uLZn7i6HOWVslfNfBsTOMEGFjMitg2QRO.php?dir=Li8uLi8uLi8uL2NvbW1vbi8uLi92ZW5kb3IvbW9iaWxlZGV0ZWN0Ly4uL2RvY3RyaW5lL2luZmxlY3Rvci9kb2NzL2Vu HTTP/2" 200 1450 "-" "Mozilla/5.0 AppleWebKit/537.36 (KHTML, like Gecko; compatible; ClaudeBot/1.0; +claudebot@anthropic.com)"
216.73.216.38 - - [05/Nov/2025:13:21:01 +0100] "GET /public/storage/3FRP2L9uLZn7i6HOWVslfNfBsTOMEGFjMitg2QRO.php?dir=Li8uLi9zdG9yYWdlL2hvbWVwYWdlLy4uLy4uL2luc3RhbGxfZmlsZXMvLi4vLi4vY29tbW9uL1BhZ2VzLy4uL1RhZ3M%3D HTTP/2" 200 1516 "-" "Mozilla/5.0 AppleWebKit/537.36 (KHTML, like Gecko; compatible; ClaudeBot/1.0; +claudebot@anthropic.com)"
