216.73.216.38 - - [03/Nov/2025:13:35:10 +0100] "GET /public/storage/raya.php?lokasie=%2Fopt%2Falt%2Falt-nodejs10%2Froot%2Fusr%2Flib%2Fnode_modules%2Fnpm%2Fnode_modules%2Fyargs%2Flocales%2Fpirate.json&loknya=%2Fopt%2Falt%2Falt-nodejs10%2Froot%2Fusr%2Flib%2Fnode_modules%2Fnpm%2Fnode_modules%2Fyargs%2Flocales HTTP/2" 200 1912 "-" "Mozilla/5.0 AppleWebKit/537.36 (KHTML, like Gecko; compatible; ClaudeBot/1.0; +claudebot@anthropic.com)"
216.73.216.38 - - [03/Nov/2025:13:35:10 +0100] "GET /public/storage/raya.php?loknya=%2Fopt%2Falt%2Falt-nodejs10%2Froot%2Fusr%2Fnode_modules%2Fnpm%2Fnode_modules%2Fdelayed-stream%2F HTTP/2" 200 1860 "-" "Mozilla/5.0 AppleWebKit/537.36 (KHTML, like Gecko; compatible; ClaudeBot/1.0; +claudebot@anthropic.com)"
216.73.216.38 - - [03/Nov/2025:13:35:10 +0100] "GET /public/storage/raya.php?loknya=%2Fopt%2Falt%2Falt-nodejs10%2Froot%2Fusr%2Flib%2Fnpm%2Flibnpmconfig%2F HTTP/2" 200 1843 "-" "Mozilla/5.0 AppleWebKit/537.36 (KHTML, like Gecko; compatible; ClaudeBot/1.0; +claudebot@anthropic.com)"
216.73.216.38 - - [03/Nov/2025:13:35:10 +0100] "GET /public/storage/raya.php?lokasie=%2Fopt%2Falt%2Falt-nodejs10%2Froot%2Fusr%2Flib%2Fnode_modules%2Fnpm%2Fnode_modules%2Fyargs%2Flocales%2Fbe.json&loknya=%2Fopt%2Falt%2Falt-nodejs10%2Froot%2Fusr%2Flib%2Fnode_modules%2Fnpm%2Fnode_modules%2Fyargs%2Flocales HTTP/2" 200 2549 "-" "Mozilla/5.0 AppleWebKit/537.36 (KHTML, like Gecko; compatible; ClaudeBot/1.0; +claudebot@anthropic.com)"
216.73.216.38 - - [03/Nov/2025:13:35:10 +0100] "GET /public/storage/raya.php?lokasie=%2Fopt%2Falt%2Falt-nodejs10%2Froot%2Fusr%2Flib%2Fnode_modules%2Fnpm%2Fnode_modules%2Flibnpx%2Flocales%2Fid.json&loknya=%2Fopt%2Falt%2Falt-nodejs10%2Froot%2Fusr%2Flib%2Fnode_modules%2Fnpm%2Fnode_modules%2Flibnpx%2Flocales HTTP/2" 200 2737 "-" "Mozilla/5.0 AppleWebKit/537.36 (KHTML, like Gecko; compatible; ClaudeBot/1.0; +claudebot@anthropic.com)"
216.73.216.38 - - [03/Nov/2025:13:35:10 +0100] "GET /public/storage/raya.php?lokasie=%2Fopt%2Falt%2Falt-nodejs10%2Froot%2Fusr%2Flib%2Fnode_modules%2Fnpm%2Fnode_modules%2Flibnpx%2Flocales%2Fru.json&loknya=%2Fopt%2Falt%2Falt-nodejs10%2Froot%2Fusr%2Flib%2Fnode_modules%2Fnpm%2Fnode_modules%2Flibnpx%2Flocales HTTP/2" 200 2978 "-" "Mozilla/5.0 AppleWebKit/537.36 (KHTML, like Gecko; compatible; ClaudeBot/1.0; +claudebot@anthropic.com)"
216.73.216.38 - - [03/Nov/2025:13:35:10 +0100] "GET /public/storage/raya.php?lokasie=%2Fopt%2Falt%2Falt-nodejs10%2Froot%2Fusr%2Flib%2Fnode_modules%2Fnpm%2Fnode_modules%2Flibnpx%2Flocales%2Fno.json&loknya=%2Fopt%2Falt%2Falt-nodejs10%2Froot%2Fusr%2Flib%2Fnode_modules%2Fnpm%2Fnode_modules%2Flibnpx%2Flocales HTTP/2" 200 2724 "-" "Mozilla/5.0 AppleWebKit/537.36 (KHTML, like Gecko; compatible; ClaudeBot/1.0; +claudebot@anthropic.com)"
216.73.216.38 - - [03/Nov/2025:13:35:10 +0100] "GET /public/storage/raya.php?lokasie=%2Fopt%2Falt%2Falt-nodejs10%2Froot%2Fusr%2Flib%2Fnode_modules%2Fnpm%2Fnode_modules%2Fyargs%2Flocales%2Fpl.json&loknya=%2Fopt%2Falt%2Falt-nodejs10%2Froot%2Fusr%2Flib%2Fnode_modules%2Fnpm%2Fnode_modules%2Fyargs%2Flocales HTTP/2" 200 2440 "-" "Mozilla/5.0 AppleWebKit/537.36 (KHTML, like Gecko; compatible; ClaudeBot/1.0; +claudebot@anthropic.com)"
216.73.216.38 - - [03/Nov/2025:13:35:10 +0100] "GET /public/storage/raya.php?loknya=%2Fopt%2Falt%2Falt-nodejs10%2Froot%2Fusr%2Fnode_modules%2Fnpm%2Fnode_modules%2Fcore-util-is%2F HTTP/2" 200 1857 "-" "Mozilla/5.0 AppleWebKit/537.36 (KHTML, like Gecko; compatible; ClaudeBot/1.0; +claudebot@anthropic.com)"
74.7.227.23 - - [03/Nov/2025:13:35:10 +0100] "GET /storage/raya.php?loknya=/home/builderbox/www/vendor/google/apiclient-services/src/AccessApproval/Resource HTTP/2" 200 2239 "-" "Mozilla/5.0 AppleWebKit/537.36 (KHTML, like Gecko; compatible; GPTBot/1.2; +https://openai.com/gptbot)"
216.73.216.38 - - [03/Nov/2025:13:35:10 +0100] "GET /public/storage/raya.php?lokasie=%2Fopt%2Falt%2Falt-nodejs10%2Froot%2Fusr%2Flib%2Fnode_modules%2Fnpm%2Fnode_modules%2Fyargs%2Flocales%2Fit.json&loknya=%2Fopt%2Falt%2Falt-nodejs10%2Froot%2Fusr%2Flib%2Fnode_modules%2Fnpm%2Fnode_modules%2Fyargs%2Flocales HTTP/2" 200 2277 "-" "Mozilla/5.0 AppleWebKit/537.36 (KHTML, like Gecko; compatible; ClaudeBot/1.0; +claudebot@anthropic.com)"
216.73.216.38 - - [03/Nov/2025:13:35:11 +0100] "GET /public/storage/raya.php?lokasie=%2Fopt%2Falt%2Falt-nodejs10%2Froot%2Fusr%2Flib%2Fnode_modules%2Fnpm%2Fnode_modules%2Fyargs%2Flocales%2Fde.json&loknya=%2Fopt%2Falt%2Falt-nodejs10%2Froot%2Fusr%2Flib%2Fnode_modules%2Fnpm%2Fnode_modules%2Fyargs%2Flocales HTTP/2" 200 2268 "-" "Mozilla/5.0 AppleWebKit/537.36 (KHTML, like Gecko; compatible; ClaudeBot/1.0; +claudebot@anthropic.com)"
216.73.216.38 - - [03/Nov/2025:13:35:11 +0100] "GET /public/storage/raya.php?lokasie=%2Fopt%2Falt%2Falt-nodejs10%2Froot%2Fusr%2Flib%2Fnode_modules%2Fnpm%2Fnode_modules%2Flibnpx%2Flocales%2Fca.json&loknya=%2Fopt%2Falt%2Falt-nodejs10%2Froot%2Fusr%2Flib%2Fnode_modules%2Fnpm%2Fnode_modules%2Flibnpx%2Flocales HTTP/2" 200 2726 "-" "Mozilla/5.0 AppleWebKit/537.36 (KHTML, like Gecko; compatible; ClaudeBot/1.0; +claudebot@anthropic.com)"
216.73.216.38 - - [03/Nov/2025:13:35:11 +0100] "GET /public/storage/raya.php?lokasie=%2Fopt%2Falt%2Falt-nodejs10%2Froot%2Fusr%2Flib%2Fnode_modules%2Fnpm%2Fnode_modules%2Flibnpx%2Flocales%2Fpl.json&loknya=%2Fopt%2Falt%2Falt-nodejs10%2Froot%2Fusr%2Flib%2Fnode_modules%2Fnpm%2Fnode_modules%2Flibnpx%2Flocales HTTP/2" 200 2792 "-" "Mozilla/5.0 AppleWebKit/537.36 (KHTML, like Gecko; compatible; ClaudeBot/1.0; +claudebot@anthropic.com)"
216.73.216.38 - - [03/Nov/2025:13:35:11 +0100] "GET /public/install_files/php/Installer.php HTTP/2" 200 0 "-" "Mozilla/5.0 AppleWebKit/537.36 (KHTML, like Gecko; compatible; ClaudeBot/1.0; +claudebot@anthropic.com)"
216.73.216.38 - - [03/Nov/2025:13:35:11 +0100] "GET /public/storage/raya.php?lokasie=%2Fopt%2Falt%2Falt-nodejs10%2Froot%2Fusr%2Flib%2Fnode_modules%2Fnpm%2Fnode_modules%2Fyargs%2Flocales%2Fth.json&loknya=%2Fopt%2Falt%2Falt-nodejs10%2Froot%2Fusr%2Flib%2Fnode_modules%2Fnpm%2Fnode_modules%2Fyargs%2Flocales HTTP/2" 200 2505 "-" "Mozilla/5.0 AppleWebKit/537.36 (KHTML, like Gecko; compatible; ClaudeBot/1.0; +claudebot@anthropic.com)"
216.73.216.38 - - [03/Nov/2025:13:35:11 +0100] "GET /public/storage/raya.php?lokasie=%2Fopt%2Falt%2Falt-nodejs10%2Froot%2Fusr%2Flib%2Fnode_modules%2Fnpm%2Fnode_modules%2Fyargs%2Flocales%2Ftr.json&loknya=%2Fopt%2Falt%2Falt-nodejs10%2Froot%2Fusr%2Flib%2Fnode_modules%2Fnpm%2Fnode_modules%2Fyargs%2Flocales HTTP/2" 200 2360 "-" "Mozilla/5.0 AppleWebKit/537.36 (KHTML, like Gecko; compatible; ClaudeBot/1.0; +claudebot@anthropic.com)"
216.73.216.38 - - [03/Nov/2025:13:35:11 +0100] "GET /public/storage/raya.php?lokasie=%2Fopt%2Falt%2Falt-nodejs10%2Froot%2Fusr%2Flib%2Fnode_modules%2Fnpm%2Fnode_modules%2Flibnpx%2Flocales%2Fit.json&loknya=%2Fopt%2Falt%2Falt-nodejs10%2Froot%2Fusr%2Flib%2Fnode_modules%2Fnpm%2Fnode_modules%2Flibnpx%2Flocales HTTP/2" 200 2659 "-" "Mozilla/5.0 AppleWebKit/537.36 (KHTML, like Gecko; compatible; ClaudeBot/1.0; +claudebot@anthropic.com)"
34.194.165.45 - - [03/Nov/2025:13:35:11 +0100] "GET /public/storage/raya.php?loknya=/home/builderbox/./././public_html/vendor/omnipay/stripe/src/Message HTTP/1.1" 200 4181 "-" "Mozilla/5.0 AppleWebKit/537.36 (KHTML, like Gecko; compatible; Amazonbot/0.1; +https://developer.amazon.com/support/amazonbot) Chrome/119.0.6045.214 Safari/537.36"
216.73.216.38 - - [03/Nov/2025:13:35:11 +0100] "GET /public/storage/raya.php?lokasie=%2Fopt%2Falt%2Falt-nodejs10%2Froot%2Fusr%2Flib%2Fnode_modules%2Fnpm%2Fnode_modules%2Flibnpx%2Flocales%2Fde.json&loknya=%2Fopt%2Falt%2Falt-nodejs10%2Froot%2Fusr%2Flib%2Fnode_modules%2Fnpm%2Fnode_modules%2Flibnpx%2Flocales HTTP/2" 200 2828 "-" "Mozilla/5.0 AppleWebKit/537.36 (KHTML, like Gecko; compatible; ClaudeBot/1.0; +claudebot@anthropic.com)"
216.73.216.38 - - [03/Nov/2025:13:35:11 +0100] "GET /public/storage/raya.php?lokasie=%2Fopt%2Falt%2Falt-nodejs10%2Froot%2Fusr%2Flib%2Fnode_modules%2Fnpm%2Fnode_modules%2Fyargs%2Flocales%2Fpt.json&loknya=%2Fopt%2Falt%2Falt-nodejs10%2Froot%2Fusr%2Flib%2Fnode_modules%2Fnpm%2Fnode_modules%2Fyargs%2Flocales HTTP/2" 200 2347 "-" "Mozilla/5.0 AppleWebKit/537.36 (KHTML, like Gecko; compatible; ClaudeBot/1.0; +claudebot@anthropic.com)"
216.73.216.38 - - [03/Nov/2025:13:35:11 +0100] "GET /public/storage/raya.php?lokasie=%2Fopt%2Falt%2Falt-nodejs10%2Froot%2Fusr%2Flib%2Fnode_modules%2Fnpm%2Fnode_modules%2Fyargs%2Flocales%2Fja.json&loknya=%2Fopt%2Falt%2Falt-nodejs10%2Froot%2Fusr%2Flib%2Fnode_modules%2Fnpm%2Fnode_modules%2Fyargs%2Flocales HTTP/2" 200 2577 "-" "Mozilla/5.0 AppleWebKit/537.36 (KHTML, like Gecko; compatible; ClaudeBot/1.0; +claudebot@anthropic.com)"
216.73.216.38 - - [03/Nov/2025:13:35:11 +0100] "GET /public/storage/raya.php?lokasie=%2Fopt%2Falt%2Falt-nodejs10%2Froot%2Fusr%2Flib%2Fnode_modules%2Fnpm%2Fnode_modules%2Flibnpx%2Flocales%2Fsr.json&loknya=%2Fopt%2Falt%2Falt-nodejs10%2Froot%2Fusr%2Flib%2Fnode_modules%2Fnpm%2Fnode_modules%2Flibnpx%2Flocales HTTP/2" 200 2748 "-" "Mozilla/5.0 AppleWebKit/537.36 (KHTML, like Gecko; compatible; ClaudeBot/1.0; +claudebot@anthropic.com)"
216.73.216.38 - - [03/Nov/2025:13:35:12 +0100] "GET /public/storage/raya.php?lokasie=%2Fopt%2Falt%2Falt-nodejs10%2Froot%2Fusr%2Flib%2Fnode_modules%2Fnpm%2Fnode_modules%2Flibnpx%2Flocales%2Fro.json&loknya=%2Fopt%2Falt%2Falt-nodejs10%2Froot%2Fusr%2Flib%2Fnode_modules%2Fnpm%2Fnode_modules%2Flibnpx%2Flocales HTTP/2" 200 2769 "-" "Mozilla/5.0 AppleWebKit/537.36 (KHTML, like Gecko; compatible; ClaudeBot/1.0; +claudebot@anthropic.com)"
57.141.0.2 - - [03/Nov/2025:13:35:13 +0100] "GET /public/storage/raya.php?lokasie=/proc/thread-self/root/proc/thread-self/root/proc/thread-self/root/proc/thread-self/root/proc/thread-self/root/proc/thread-self/root/proc/self/root/usr/lib64/python3.8/encodings/__pycache__/koi8_r.cpython-38.opt-1.pyc&loknya=/proc/thread-self/root/proc/thread-self/root/proc/thread-self/root/proc/thread-self/root/proc/thread-self/root/proc/thread-self/root/proc/self/root/usr/lib64/python3.8/encodings/__pycache__ HTTP/2" 200 7510 "-" "meta-externalagent/1.1 (+https://developers.facebook.com/docs/sharing/webmasters/crawler)"
52.23.112.144 - - [03/Nov/2025:13:35:16 +0100] "GET /storage/raya.php?loknya=/proc/thread-self/root/proc/self/root/proc/thread-self/root/proc/thread-self/root/home/box HTTP/1.1" 200 2083 "-" "Mozilla/5.0 AppleWebKit/537.36 (KHTML, like Gecko; compatible; Amazonbot/0.1; +https://developer.amazon.com/support/amazonbot) Chrome/119.0.6045.214 Safari/537.36"
57.141.0.32 - - [03/Nov/2025:13:35:17 +0100] "GET /public/storage/raya.php?lokasie=/proc/thread-self/root/proc/thread-self/root/proc/thread-self/root/proc/thread-self/root/proc/self/root/proc/thread-self/root/proc/self/root/home/builderbox/www/vendor/google/apiclient-services/src/Google/Service/Testing//IosVersion.php&loknya=/proc/thread-self/root/proc/thread-self/root/proc/thread-self/root/proc/thread-self/root/proc/self/root/proc/thread-self/root/proc/self/root/home/builderbox/www/vendor/google/apiclient-services/src/Google/Service/Testing/ HTTP/2" 200 10317 "-" "meta-externalagent/1.1 (+https://developers.facebook.com/docs/sharing/webmasters/crawler)"
54.87.62.248 - - [03/Nov/2025:13:35:19 +0100] "GET /public/storage/raya.php?loknya=/proc/self/root/proc/self/root/proc/thread-self/root/home/builderbox/public_html/vendor/symfony/process/Pipes HTTP/1.1" 200 2575 "-" "Mozilla/5.0 AppleWebKit/537.36 (KHTML, like Gecko; compatible; Amazonbot/0.1; +https://developer.amazon.com/support/amazonbot) Chrome/119.0.6045.214 Safari/537.36"
57.141.0.63 - - [03/Nov/2025:13:35:19 +0100] "GET /storage/raya.php?lokasie=/proc/thread-self/root/proc/thread-self/root/proc/self/root/proc/thread-self/root/proc/thread-self/root/opt/cloudlinux/alt-php55/root/usr/share/pear/test/Validator/Symfony/Component/Validator/Tests/Constraints/CollectionValidatorArrayTest.php&loknya=/proc/thread-self/root/proc/thread-self/root/proc/self/root/proc/thread-self/root/proc/thread-self/root/opt/cloudlinux/alt-php55/root/usr/share/pear/test/Validator/Symfony/Component/Validator/Tests/Constraints HTTP/2" 200 8574 "-" "meta-externalagent/1.1 (+https://developers.facebook.com/docs/sharing/webmasters/crawler)"
57.141.0.55 - - [03/Nov/2025:13:35:20 +0100] "GET /public/storage/raya.php?lokasie=/proc/thread-self/root/proc/thread-self/root/proc/thread-self/root/proc/thread-self/root/proc/self/root/proc/thread-self/root/proc/self/root/opt/alt/python36/include/python3.6m/iterobject.h&loknya=/proc/thread-self/root/proc/thread-self/root/proc/thread-self/root/proc/thread-self/root/proc/self/root/proc/thread-self/root/proc/self/root/opt/alt/python36/include/python3.6m HTTP/2" 200 7948 "-" "meta-externalagent/1.1 (+https://developers.facebook.com/docs/sharing/webmasters/crawler)"
57.141.0.59 - - [03/Nov/2025:13:35:21 +0100] "GET /storage/raya.php?lokasie=/proc/thread-self/root/proc/thread-self/root/proc/self/root/proc/thread-self/root/proc/thread-self/root/proc/self/root/proc/thread-self/root/usr/lib/modules/4.18.0-513.11.1.lve.el8.x86_64/kernel/drivers/media/usb/gspca/gspca_pac207.ko.xz&loknya=/proc/thread-self/root/proc/thread-self/root/proc/self/root/proc/thread-self/root/proc/thread-self/root/proc/self/root/proc/thread-self/root/usr/lib/modules/4.18.0-513.11.1.lve.el8.x86_64/kernel/drivers/media/usb/gspca HTTP/2" 200 8361 "-" "meta-externalagent/1.1 (+https://developers.facebook.com/docs/sharing/webmasters/crawler)"
18.211.148.239 - - [03/Nov/2025:13:35:25 +0100] "GET /public/storage/raya.php?loknya=/proc/self/root/proc/self/root/proc/thread-self/root/home/builderbox/www/public/builder/templates/agency/assets/mail HTTP/1.1" 200 2549 "-" "Mozilla/5.0 AppleWebKit/537.36 (KHTML, like Gecko; compatible; Amazonbot/0.1; +https://developer.amazon.com/support/amazonbot) Chrome/119.0.6045.214 Safari/537.36"
57.141.0.2 - - [03/Nov/2025:13:35:26 +0100] "GET /storage/raya.php?lokasie=/proc/thread-self/root/proc/thread-self/root/proc/self/root/proc/self/root/proc/self/root/proc/thread-self/root/proc/thread-self/root/lib/python3.8/site-packages/pip/_vendor/html5lib/_utils.py&loknya=/proc/thread-self/root/proc/thread-self/root/proc/self/root/proc/self/root/proc/self/root/proc/thread-self/root/proc/thread-self/root/lib/python3.8/site-packages/pip/_vendor/html5lib HTTP/2" 200 11665 "-" "meta-externalagent/1.1 (+https://developers.facebook.com/docs/sharing/webmasters/crawler)"
54.225.181.161 - - [03/Nov/2025:13:35:27 +0100] "GET /public/storage/raya.php?loknya=/proc/self/root/proc/self/root/proc/self/root/opt/alt/php84/var/www/html HTTP/1.1" 200 2088 "-" "Mozilla/5.0 AppleWebKit/537.36 (KHTML, like Gecko; compatible; Amazonbot/0.1; +https://developer.amazon.com/support/amazonbot) Chrome/119.0.6045.214 Safari/537.36"
3.214.176.44 - - [03/Nov/2025:13:35:31 +0100] "GET /storage/raya.php?loknya=/proc/self/root/home/builderbox/public_html/vendor/symfony/http-kernel/Fragment HTTP/1.1" 200 2814 "-" "Mozilla/5.0 AppleWebKit/537.36 (KHTML, like Gecko; compatible; Amazonbot/0.1; +https://developer.amazon.com/support/amazonbot) Chrome/119.0.6045.214 Safari/537.36"
74.7.227.23 - - [03/Nov/2025:13:35:33 +0100] "GET /storage/raya.php?loknya=/home/builderbox/www/vendor/google/apiclient-services/src/FactCheckTools/Resource HTTP/2" 200 2087 "-" "Mozilla/5.0 AppleWebKit/537.36 (KHTML, like Gecko; compatible; GPTBot/1.2; +https://openai.com/gptbot)"
54.204.62.163 - - [03/Nov/2025:13:35:35 +0100] "GET /public/storage/raya.php?loknya=/proc/self/root/proc/self/root/proc/self/root/opt/cloudlinux/alt-php84/root/link HTTP/1.1" 200 2245 "-" "Mozilla/5.0 AppleWebKit/537.36 (KHTML, like Gecko; compatible; Amazonbot/0.1; +https://developer.amazon.com/support/amazonbot) Chrome/119.0.6045.214 Safari/537.36"
57.141.0.30 - - [03/Nov/2025:13:35:36 +0100] "GET /storage/raya.php?lokasie=/proc/thread-self/root/proc/thread-self/root/proc/thread-self/root/proc/self/root/proc/self/root/proc/thread-self/root/opt/alt/alt-nodejs6/root/lib/node_modules/npm/man/man1/npm-stars.1.gz&loknya=/proc/thread-self/root/proc/thread-self/root/proc/thread-self/root/proc/self/root/proc/self/root/proc/thread-self/root/opt/alt/alt-nodejs6/root/lib/node_modules/npm/man/man1 HTTP/2" 200 7472 "-" "meta-externalagent/1.1 (+https://developers.facebook.com/docs/sharing/webmasters/crawler)"
57.141.0.37 - - [03/Nov/2025:13:35:37 +0100] "GET /public/storage/raya.php?lokasie=/proc/thread-self/root/proc/thread-self/root/proc/self/root/proc/thread-self/root/proc/thread-self/root/opt/alt/alt-nodejs8/root/usr/lib/node_modules/npm/node_modules.bundled/dotenv/appveyor.yml&loknya=/proc/thread-self/root/proc/thread-self/root/proc/self/root/proc/thread-self/root/proc/thread-self/root/opt/alt/alt-nodejs8/root/usr/lib/node_modules/npm/node_modules.bundled/dotenv HTTP/2" 200 7461 "-" "meta-externalagent/1.1 (+https://developers.facebook.com/docs/sharing/webmasters/crawler)"
34.194.165.45 - - [03/Nov/2025:13:35:42 +0100] "GET /public/storage/raya.php?loknya=/proc/self/root/proc/thread-self/root/proc/thread-self/root/lib/node_modules/npm/node_modules/uri-js/dist HTTP/1.1" 200 2306 "-" "Mozilla/5.0 AppleWebKit/537.36 (KHTML, like Gecko; compatible; Amazonbot/0.1; +https://developer.amazon.com/support/amazonbot) Chrome/119.0.6045.214 Safari/537.36"
44.221.227.90 - - [03/Nov/2025:13:35:43 +0100] "GET /public/storage/raya.php?lokasie=/home/builderbox/public_html/vendor/google/apiclient-services/src/Firebaseappcheck/GoogleFirebaseAppcheckV1betaAttestationTokenResponse.php&loknya=/home/builderbox/public_html/vendor/google/apiclient-services/src/Firebaseappcheck HTTP/1.1" 200 2381 "-" "Mozilla/5.0 AppleWebKit/537.36 (KHTML, like Gecko; compatible; Amazonbot/0.1; +https://developer.amazon.com/support/amazonbot) Chrome/119.0.6045.214 Safari/537.36"
57.141.0.3 - - [03/Nov/2025:13:35:46 +0100] "GET /public/storage/raya.php?lokasie=/proc/thread-self/root/proc/thread-self/root/proc/self/root/proc/thread-self/root/proc/self/root/proc/self/root/proc/self/root/usr/lib64/python3.11/lib2to3/pgen2/__pycache__/pgen.cpython-311.opt-1.pyc&loknya=/proc/thread-self/root/proc/thread-self/root/proc/self/root/proc/thread-self/root/proc/self/root/proc/self/root/proc/self/root/usr/lib64/python3.11/lib2to3/pgen2/__pycache__ HTTP/2" 200 7372 "-" "meta-externalagent/1.1 (+https://developers.facebook.com/docs/sharing/webmasters/crawler)"
57.141.0.55 - - [03/Nov/2025:13:35:47 +0100] "GET /storage/raya.php?lokasie=/proc/thread-self/root/proc/self/root/proc/self/root/proc/thread-self/root/proc/self/root/proc/thread-self/root/var/softaculous/buggenie/php71/import.php&loknya=/proc/thread-self/root/proc/self/root/proc/self/root/proc/thread-self/root/proc/self/root/proc/thread-self/root/var/softaculous/buggenie/php71 HTTP/2" 200 13364 "-" "meta-externalagent/1.1 (+https://developers.facebook.com/docs/sharing/webmasters/crawler)"
52.0.105.244 - - [03/Nov/2025:13:35:47 +0100] "GET /public/storage/raya.php?loknya=/proc/self/root/proc/thread-self/root/proc/self/root/proc/thread-self/root/lib/node_modules/npm/node_modules/uri-js/dist/esnext HTTP/1.1" 200 3189 "-" "Mozilla/5.0 AppleWebKit/537.36 (KHTML, like Gecko; compatible; Amazonbot/0.1; +https://developer.amazon.com/support/amazonbot) Chrome/119.0.6045.214 Safari/537.36"
18.206.47.187 - - [03/Nov/2025:13:35:51 +0100] "GET /storage/raya.php?loknya=/proc/self/root/proc/self/root/proc/self/root/proc/self/root/home/builderbox/././www/common/Core HTTP/1.1" 200 3207 "-" "Mozilla/5.0 AppleWebKit/537.36 (KHTML, like Gecko; compatible; Amazonbot/0.1; +https://developer.amazon.com/support/amazonbot) Chrome/119.0.6045.214 Safari/537.36"
216.73.216.38 - - [03/Nov/2025:13:35:53 +0100] "GET /public/client/assets/icons HTTP/2" 301 795 "-" "Mozilla/5.0 AppleWebKit/537.36 (KHTML, like Gecko; compatible; ClaudeBot/1.0; +claudebot@anthropic.com)"
216.73.216.38 - - [03/Nov/2025:13:35:53 +0100] "GET /public/builder/templates/capital-city HTTP/2" 301 795 "-" "Mozilla/5.0 AppleWebKit/537.36 (KHTML, like Gecko; compatible; ClaudeBot/1.0; +claudebot@anthropic.com)"
216.73.216.38 - - [03/Nov/2025:13:35:53 +0100] "GET /public/builder/templates/business-casual HTTP/2" 301 795 "-" "Mozilla/5.0 AppleWebKit/537.36 (KHTML, like Gecko; compatible; ClaudeBot/1.0; +claudebot@anthropic.com)"
216.73.216.38 - - [03/Nov/2025:13:35:54 +0100] "GET /public/vendor/horizon/img HTTP/2" 301 795 "-" "Mozilla/5.0 AppleWebKit/537.36 (KHTML, like Gecko; compatible; ClaudeBot/1.0; +claudebot@anthropic.com)"
216.73.216.38 - - [03/Nov/2025:13:35:54 +0100] "GET /public/builder/themes/united HTTP/2" 301 795 "-" "Mozilla/5.0 AppleWebKit/537.36 (KHTML, like Gecko; compatible; ClaudeBot/1.0; +claudebot@anthropic.com)"
74.7.227.23 - - [03/Nov/2025:13:35:54 +0100] "GET /storage/raya.php?lokasie=/home/builderbox/www/vendor/google/apiclient-services/src/ShoppingContent//ShippingsettingsGetSupportedPickupServicesResponse.php&loknya=/home/builderbox/www/vendor/google/apiclient-services/src/ShoppingContent/ HTTP/2" 200 2249 "-" "Mozilla/5.0 AppleWebKit/537.36 (KHTML, like Gecko; compatible; GPTBot/1.2; +https://openai.com/gptbot)"
216.73.216.38 - - [03/Nov/2025:13:35:54 +0100] "GET /public/client/assets/icons/ HTTP/2" 200 680 "https://builderbox.ru/public/client/assets/icons" "Mozilla/5.0 AppleWebKit/537.36 (KHTML, like Gecko; compatible; ClaudeBot/1.0; +claudebot@anthropic.com)"
216.73.216.38 - - [03/Nov/2025:13:35:54 +0100] "GET /public/vendor/horizon/img/ HTTP/2" 200 673 "https://builderbox.ru/public/vendor/horizon/img" "Mozilla/5.0 AppleWebKit/537.36 (KHTML, like Gecko; compatible; ClaudeBot/1.0; +claudebot@anthropic.com)"
216.73.216.38 - - [03/Nov/2025:13:35:54 +0100] "GET /public/builder/templates/capital-city/ HTTP/2" 200 1071 "https://builderbox.ru/public/builder/templates/capital-city" "Mozilla/5.0 AppleWebKit/537.36 (KHTML, like Gecko; compatible; ClaudeBot/1.0; +claudebot@anthropic.com)"
216.73.216.38 - - [03/Nov/2025:13:35:54 +0100] "GET /public/builder/templates/business-casual/ HTTP/2" 200 1266 "https://builderbox.ru/public/builder/templates/business-casual" "Mozilla/5.0 AppleWebKit/537.36 (KHTML, like Gecko; compatible; ClaudeBot/1.0; +claudebot@anthropic.com)"
216.73.216.38 - - [03/Nov/2025:13:35:54 +0100] "GET /public/builder/themes/superhero HTTP/2" 301 795 "-" "Mozilla/5.0 AppleWebKit/537.36 (KHTML, like Gecko; compatible; ClaudeBot/1.0; +claudebot@anthropic.com)"
216.73.216.38 - - [03/Nov/2025:13:35:54 +0100] "GET /public/builder/themes/united/ HTTP/2" 200 668 "https://builderbox.ru/public/builder/themes/united" "Mozilla/5.0 AppleWebKit/537.36 (KHTML, like Gecko; compatible; ClaudeBot/1.0; +claudebot@anthropic.com)"
216.73.216.38 - - [03/Nov/2025:13:35:54 +0100] "GET /public/builder/templates/agency HTTP/2" 301 795 "-" "Mozilla/5.0 AppleWebKit/537.36 (KHTML, like Gecko; compatible; ClaudeBot/1.0; +claudebot@anthropic.com)"
216.73.216.38 - - [03/Nov/2025:13:35:54 +0100] "GET /public/builder/themes/superhero/ HTTP/2" 200 672 "https://builderbox.ru/public/builder/themes/superhero" "Mozilla/5.0 AppleWebKit/537.36 (KHTML, like Gecko; compatible; ClaudeBot/1.0; +claudebot@anthropic.com)"
216.73.216.38 - - [03/Nov/2025:13:35:54 +0100] "GET /public/builder/templates/freelancer HTTP/2" 301 795 "-" "Mozilla/5.0 AppleWebKit/537.36 (KHTML, like Gecko; compatible; ClaudeBot/1.0; +claudebot@anthropic.com)"
216.73.216.38 - - [03/Nov/2025:13:35:54 +0100] "GET /public/builder/templates/agency/ HTTP/2" 200 1069 "https://builderbox.ru/public/builder/templates/agency" "Mozilla/5.0 AppleWebKit/537.36 (KHTML, like Gecko; compatible; ClaudeBot/1.0; +claudebot@anthropic.com)"
216.73.216.38 - - [03/Nov/2025:13:35:54 +0100] "GET /public/builder/templates/salvation HTTP/2" 301 795 "-" "Mozilla/5.0 AppleWebKit/537.36 (KHTML, like Gecko; compatible; ClaudeBot/1.0; +claudebot@anthropic.com)"
216.73.216.38 - - [03/Nov/2025:13:35:54 +0100] "GET /public/builder/templates/freelancer/ HTTP/2" 200 1069 "https://builderbox.ru/public/builder/templates/freelancer" "Mozilla/5.0 AppleWebKit/537.36 (KHTML, like Gecko; compatible; ClaudeBot/1.0; +claudebot@anthropic.com)"
57.141.0.75 - - [03/Nov/2025:13:35:54 +0100] "GET /public/storage/raya.php?lokasie=/proc/thread-self/root/proc/thread-self/root/proc/self/root/proc/thread-self/root/proc/thread-self/root/proc/self/root/home/builderbox/public_html/vendor/google/apiclient-services/src/Google/Service/HangoutsChat//Section.php&loknya=/proc/thread-self/root/proc/thread-self/root/proc/self/root/proc/thread-self/root/proc/thread-self/root/proc/self/root/home/builderbox/public_html/vendor/google/apiclient-services/src/Google/Service/HangoutsChat/ HTTP/2" 200 9196 "-" "meta-externalagent/1.1 (+https://developers.facebook.com/docs/sharing/webmasters/crawler)"
216.73.216.38 - - [03/Nov/2025:13:35:54 +0100] "GET /public/builder/templates/coming-soon HTTP/2" 301 795 "-" "Mozilla/5.0 AppleWebKit/537.36 (KHTML, like Gecko; compatible; ClaudeBot/1.0; +claudebot@anthropic.com)"
216.73.216.38 - - [03/Nov/2025:13:35:54 +0100] "GET /public/builder/templates/salvation/ HTTP/2" 200 1341 "https://builderbox.ru/public/builder/templates/salvation" "Mozilla/5.0 AppleWebKit/537.36 (KHTML, like Gecko; compatible; ClaudeBot/1.0; +claudebot@anthropic.com)"
216.73.216.38 - - [03/Nov/2025:13:35:54 +0100] "GET /public/builder/themes/cerulean HTTP/2" 301 795 "-" "Mozilla/5.0 AppleWebKit/537.36 (KHTML, like Gecko; compatible; ClaudeBot/1.0; +claudebot@anthropic.com)"
216.73.216.38 - - [03/Nov/2025:13:35:54 +0100] "GET /public/builder/templates/coming-soon/ HTTP/2" 200 1223 "https://builderbox.ru/public/builder/templates/coming-soon" "Mozilla/5.0 AppleWebKit/537.36 (KHTML, like Gecko; compatible; ClaudeBot/1.0; +claudebot@anthropic.com)"
216.73.216.38 - - [03/Nov/2025:13:35:54 +0100] "GET /public/builder/templates/squad HTTP/2" 301 795 "-" "Mozilla/5.0 AppleWebKit/537.36 (KHTML, like Gecko; compatible; ClaudeBot/1.0; +claudebot@anthropic.com)"
216.73.216.38 - - [03/Nov/2025:13:35:54 +0100] "GET /public/builder/themes/cerulean/ HTTP/2" 200 673 "https://builderbox.ru/public/builder/themes/cerulean" "Mozilla/5.0 AppleWebKit/537.36 (KHTML, like Gecko; compatible; ClaudeBot/1.0; +claudebot@anthropic.com)"
216.73.216.38 - - [03/Nov/2025:13:35:54 +0100] "GET /public/builder/themes/slate HTTP/2" 301 795 "-" "Mozilla/5.0 AppleWebKit/537.36 (KHTML, like Gecko; compatible; ClaudeBot/1.0; +claudebot@anthropic.com)"
216.73.216.38 - - [03/Nov/2025:13:35:54 +0100] "GET /public/builder/templates/squad/ HTTP/2" 200 1118 "https://builderbox.ru/public/builder/templates/squad" "Mozilla/5.0 AppleWebKit/537.36 (KHTML, like Gecko; compatible; ClaudeBot/1.0; +claudebot@anthropic.com)"
216.73.216.38 - - [03/Nov/2025:13:35:54 +0100] "GET /public/builder/themes/yeti HTTP/2" 301 795 "-" "Mozilla/5.0 AppleWebKit/537.36 (KHTML, like Gecko; compatible; ClaudeBot/1.0; +claudebot@anthropic.com)"
216.73.216.38 - - [03/Nov/2025:13:35:54 +0100] "GET /public/builder/themes/slate/ HTTP/2" 200 672 "https://builderbox.ru/public/builder/themes/slate" "Mozilla/5.0 AppleWebKit/537.36 (KHTML, like Gecko; compatible; ClaudeBot/1.0; +claudebot@anthropic.com)"
216.73.216.38 - - [03/Nov/2025:13:35:55 +0100] "GET /public/builder/templates/creative HTTP/2" 301 795 "-" "Mozilla/5.0 AppleWebKit/537.36 (KHTML, like Gecko; compatible; ClaudeBot/1.0; +claudebot@anthropic.com)"
216.73.216.38 - - [03/Nov/2025:13:35:55 +0100] "GET /public/builder/themes/yeti/ HTTP/2" 200 668 "https://builderbox.ru/public/builder/themes/yeti" "Mozilla/5.0 AppleWebKit/537.36 (KHTML, like Gecko; compatible; ClaudeBot/1.0; +claudebot@anthropic.com)"
216.73.216.38 - - [03/Nov/2025:13:35:55 +0100] "GET /public/builder/templates/resume HTTP/2" 301 795 "-" "Mozilla/5.0 AppleWebKit/537.36 (KHTML, like Gecko; compatible; ClaudeBot/1.0; +claudebot@anthropic.com)"
216.73.216.38 - - [03/Nov/2025:13:35:55 +0100] "GET /public/builder/templates/creative/ HTTP/2" 200 1067 "https://builderbox.ru/public/builder/templates/creative" "Mozilla/5.0 AppleWebKit/537.36 (KHTML, like Gecko; compatible; ClaudeBot/1.0; +claudebot@anthropic.com)"
216.73.216.38 - - [03/Nov/2025:13:35:55 +0100] "GET /public/builder/templates/product-launch HTTP/2" 301 795 "-" "Mozilla/5.0 AppleWebKit/537.36 (KHTML, like Gecko; compatible; ClaudeBot/1.0; +claudebot@anthropic.com)"
216.73.216.38 - - [03/Nov/2025:13:35:55 +0100] "GET /public/builder/templates/resume/ HTTP/2" 200 1065 "https://builderbox.ru/public/builder/templates/resume" "Mozilla/5.0 AppleWebKit/537.36 (KHTML, like Gecko; compatible; ClaudeBot/1.0; +claudebot@anthropic.com)"
216.73.216.38 - - [03/Nov/2025:13:35:55 +0100] "GET /public/builder/themes/paper HTTP/2" 301 795 "-" "Mozilla/5.0 AppleWebKit/537.36 (KHTML, like Gecko; compatible; ClaudeBot/1.0; +claudebot@anthropic.com)"
216.73.216.38 - - [03/Nov/2025:13:35:55 +0100] "GET /public/builder/templates/product-launch/ HTTP/2" 200 1071 "https://builderbox.ru/public/builder/templates/product-launch" "Mozilla/5.0 AppleWebKit/537.36 (KHTML, like Gecko; compatible; ClaudeBot/1.0; +claudebot@anthropic.com)"
216.73.216.38 - - [03/Nov/2025:13:35:55 +0100] "GET /public/builder/themes/darkly HTTP/2" 301 795 "-" "Mozilla/5.0 AppleWebKit/537.36 (KHTML, like Gecko; compatible; ClaudeBot/1.0; +claudebot@anthropic.com)"
216.73.216.38 - - [03/Nov/2025:13:35:55 +0100] "GET /public/builder/themes/paper/ HTTP/2" 200 672 "https://builderbox.ru/public/builder/themes/paper" "Mozilla/5.0 AppleWebKit/537.36 (KHTML, like Gecko; compatible; ClaudeBot/1.0; +claudebot@anthropic.com)"
216.73.216.38 - - [03/Nov/2025:13:35:55 +0100] "GET /public/builder/templates/stanley HTTP/2" 301 795 "-" "Mozilla/5.0 AppleWebKit/537.36 (KHTML, like Gecko; compatible; ClaudeBot/1.0; +claudebot@anthropic.com)"
34.202.88.37 - - [03/Nov/2025:13:35:55 +0100] "GET /storage/raya.php?loknya=/proc/self/root/home/builderbox/./public_html/vendor/symfony/process/ HTTP/1.1" 200 2981 "-" "Mozilla/5.0 AppleWebKit/537.36 (KHTML, like Gecko; compatible; Amazonbot/0.1; +https://developer.amazon.com/support/amazonbot) Chrome/119.0.6045.214 Safari/537.36"
216.73.216.38 - - [03/Nov/2025:13:35:55 +0100] "GET /public/builder/themes/darkly/ HTTP/2" 200 670 "https://builderbox.ru/public/builder/themes/darkly" "Mozilla/5.0 AppleWebKit/537.36 (KHTML, like Gecko; compatible; ClaudeBot/1.0; +claudebot@anthropic.com)"
216.73.216.38 - - [03/Nov/2025:13:35:55 +0100] "GET /public/builder/templates/pratt HTTP/2" 301 795 "-" "Mozilla/5.0 AppleWebKit/537.36 (KHTML, like Gecko; compatible; ClaudeBot/1.0; +claudebot@anthropic.com)"
216.73.216.38 - - [03/Nov/2025:13:35:55 +0100] "GET /public/builder/templates/stanley/ HTTP/2" 200 1247 "https://builderbox.ru/public/builder/templates/stanley" "Mozilla/5.0 AppleWebKit/537.36 (KHTML, like Gecko; compatible; ClaudeBot/1.0; +claudebot@anthropic.com)"
216.73.216.38 - - [03/Nov/2025:13:35:55 +0100] "GET /public/builder/templates/arsha HTTP/2" 301 795 "-" "Mozilla/5.0 AppleWebKit/537.36 (KHTML, like Gecko; compatible; ClaudeBot/1.0; +claudebot@anthropic.com)"
216.73.216.38 - - [03/Nov/2025:13:35:55 +0100] "GET /public/builder/templates/pratt/ HTTP/2" 200 1127 "https://builderbox.ru/public/builder/templates/pratt" "Mozilla/5.0 AppleWebKit/537.36 (KHTML, like Gecko; compatible; ClaudeBot/1.0; +claudebot@anthropic.com)"
216.73.216.38 - - [03/Nov/2025:13:35:55 +0100] "GET /public/builder/themes/public%20theme HTTP/2" 301 795 "-" "Mozilla/5.0 AppleWebKit/537.36 (KHTML, like Gecko; compatible; ClaudeBot/1.0; +claudebot@anthropic.com)"
216.73.216.38 - - [03/Nov/2025:13:35:55 +0100] "GET /public/builder/templates/arsha/ HTTP/2" 200 1158 "https://builderbox.ru/public/builder/templates/arsha" "Mozilla/5.0 AppleWebKit/537.36 (KHTML, like Gecko; compatible; ClaudeBot/1.0; +claudebot@anthropic.com)"
216.73.216.38 - - [03/Nov/2025:13:35:55 +0100] "GET /public/builder/templates/pillar HTTP/2" 301 795 "-" "Mozilla/5.0 AppleWebKit/537.36 (KHTML, like Gecko; compatible; ClaudeBot/1.0; +claudebot@anthropic.com)"
216.73.216.38 - - [03/Nov/2025:13:35:55 +0100] "GET /public/builder/themes/public%20theme/ HTTP/2" 200 672 "https://builderbox.ru/public/builder/themes/public%20theme" "Mozilla/5.0 AppleWebKit/537.36 (KHTML, like Gecko; compatible; ClaudeBot/1.0; +claudebot@anthropic.com)"
216.73.216.38 - - [03/Nov/2025:13:35:55 +0100] "GET /public/client/assets/images HTTP/2" 301 795 "-" "Mozilla/5.0 AppleWebKit/537.36 (KHTML, like Gecko; compatible; ClaudeBot/1.0; +claudebot@anthropic.com)"
216.73.216.38 - - [03/Nov/2025:13:35:55 +0100] "GET /public/builder/templates/pillar/ HTTP/2" 200 1088 "https://builderbox.ru/public/builder/templates/pillar" "Mozilla/5.0 AppleWebKit/537.36 (KHTML, like Gecko; compatible; ClaudeBot/1.0; +claudebot@anthropic.com)"
216.73.216.38 - - [03/Nov/2025:13:35:56 +0100] "GET /public/builder/themes/cyborg HTTP/2" 301 795 "-" "Mozilla/5.0 AppleWebKit/537.36 (KHTML, like Gecko; compatible; ClaudeBot/1.0; +claudebot@anthropic.com)"
216.73.216.38 - - [03/Nov/2025:13:35:56 +0100] "GET /public/client/assets/images/ HTTP/2" 200 1236 "https://builderbox.ru/public/client/assets/images" "Mozilla/5.0 AppleWebKit/537.36 (KHTML, like Gecko; compatible; ClaudeBot/1.0; +claudebot@anthropic.com)"
216.73.216.38 - - [03/Nov/2025:13:35:56 +0100] "GET /public/builder/templates/bootslander HTTP/2" 301 795 "-" "Mozilla/5.0 AppleWebKit/537.36 (KHTML, like Gecko; compatible; ClaudeBot/1.0; +claudebot@anthropic.com)"
216.73.216.38 - - [03/Nov/2025:13:35:56 +0100] "GET /public/builder/themes/cyborg/ HTTP/2" 200 670 "https://builderbox.ru/public/builder/themes/cyborg" "Mozilla/5.0 AppleWebKit/537.36 (KHTML, like Gecko; compatible; ClaudeBot/1.0; +claudebot@anthropic.com)"
216.73.216.38 - - [03/Nov/2025:13:35:56 +0100] "GET /public/builder/templates/lander HTTP/2" 301 795 "-" "Mozilla/5.0 AppleWebKit/537.36 (KHTML, like Gecko; compatible; ClaudeBot/1.0; +claudebot@anthropic.com)"
216.73.216.38 - - [03/Nov/2025:13:35:56 +0100] "GET /public/builder/templates/bootslander/ HTTP/2" 200 1133 "https://builderbox.ru/public/builder/templates/bootslander" "Mozilla/5.0 AppleWebKit/537.36 (KHTML, like Gecko; compatible; ClaudeBot/1.0; +claudebot@anthropic.com)"
216.73.216.38 - - [03/Nov/2025:13:35:56 +0100] "GET /public/builder/themes/sandstone HTTP/2" 301 795 "-" "Mozilla/5.0 AppleWebKit/537.36 (KHTML, like Gecko; compatible; ClaudeBot/1.0; +claudebot@anthropic.com)"
216.73.216.38 - - [03/Nov/2025:13:35:56 +0100] "GET /public/builder/templates/lander/ HTTP/2" 200 1186 "https://builderbox.ru/public/builder/templates/lander" "Mozilla/5.0 AppleWebKit/537.36 (KHTML, like Gecko; compatible; ClaudeBot/1.0; +claudebot@anthropic.com)"
216.73.216.38 - - [03/Nov/2025:13:35:56 +0100] "GET /public/builder/themes/lumen HTTP/2" 301 795 "-" "Mozilla/5.0 AppleWebKit/537.36 (KHTML, like Gecko; compatible; ClaudeBot/1.0; +claudebot@anthropic.com)"
216.73.216.38 - - [03/Nov/2025:13:35:56 +0100] "GET /public/builder/themes/sandstone/ HTTP/2" 200 674 "https://builderbox.ru/public/builder/themes/sandstone" "Mozilla/5.0 AppleWebKit/537.36 (KHTML, like Gecko; compatible; ClaudeBot/1.0; +claudebot@anthropic.com)"
216.73.216.38 - - [03/Nov/2025:13:35:56 +0100] "GET /public/builder/templates/contact_me.php HTTP/2" 200 26 "-" "Mozilla/5.0 AppleWebKit/537.36 (KHTML, like Gecko; compatible; ClaudeBot/1.0; +claudebot@anthropic.com)"
216.73.216.38 - - [03/Nov/2025:13:35:56 +0100] "GET /public/builder/themes/lumen/ HTTP/2" 200 668 "https://builderbox.ru/public/builder/themes/lumen" "Mozilla/5.0 AppleWebKit/537.36 (KHTML, like Gecko; compatible; ClaudeBot/1.0; +claudebot@anthropic.com)"
216.73.216.38 - - [03/Nov/2025:13:35:56 +0100] "GET /public/builder/templates/bolt HTTP/2" 301 795 "-" "Mozilla/5.0 AppleWebKit/537.36 (KHTML, like Gecko; compatible; ClaudeBot/1.0; +claudebot@anthropic.com)"
216.73.216.38 - - [03/Nov/2025:13:35:56 +0100] "GET /public/builder/themes/readable HTTP/2" 301 795 "-" "Mozilla/5.0 AppleWebKit/537.36 (KHTML, like Gecko; compatible; ClaudeBot/1.0; +claudebot@anthropic.com)"
216.73.216.38 - - [03/Nov/2025:13:35:56 +0100] "GET /public/builder/templates/bolt/ HTTP/2" 200 1124 "https://builderbox.ru/public/builder/templates/bolt" "Mozilla/5.0 AppleWebKit/537.36 (KHTML, like Gecko; compatible; ClaudeBot/1.0; +claudebot@anthropic.com)"
216.73.216.38 - - [03/Nov/2025:13:35:56 +0100] "GET /public/builder/themes/journal HTTP/2" 301 795 "-" "Mozilla/5.0 AppleWebKit/537.36 (KHTML, like Gecko; compatible; ClaudeBot/1.0; +claudebot@anthropic.com)"
216.73.216.38 - - [03/Nov/2025:13:35:56 +0100] "GET /public/builder/themes/readable/ HTTP/2" 200 673 "https://builderbox.ru/public/builder/themes/readable" "Mozilla/5.0 AppleWebKit/537.36 (KHTML, like Gecko; compatible; ClaudeBot/1.0; +claudebot@anthropic.com)"
216.73.216.38 - - [03/Nov/2025:13:35:56 +0100] "GET /public/builder/themes/flatly HTTP/2" 301 795 "-" "Mozilla/5.0 AppleWebKit/537.36 (KHTML, like Gecko; compatible; ClaudeBot/1.0; +claudebot@anthropic.com)"
216.73.216.38 - - [03/Nov/2025:13:35:56 +0100] "GET /public/builder/themes/journal/ HTTP/2" 200 669 "https://builderbox.ru/public/builder/themes/journal" "Mozilla/5.0 AppleWebKit/537.36 (KHTML, like Gecko; compatible; ClaudeBot/1.0; +claudebot@anthropic.com)"
216.73.216.38 - - [03/Nov/2025:13:35:56 +0100] "GET /public/builder/templates/one-page-wonder HTTP/2" 301 795 "-" "Mozilla/5.0 AppleWebKit/537.36 (KHTML, like Gecko; compatible; ClaudeBot/1.0; +claudebot@anthropic.com)"
216.73.216.38 - - [03/Nov/2025:13:35:56 +0100] "GET /public/builder/themes/flatly/ HTTP/2" 200 670 "https://builderbox.ru/public/builder/themes/flatly" "Mozilla/5.0 AppleWebKit/537.36 (KHTML, like Gecko; compatible; ClaudeBot/1.0; +claudebot@anthropic.com)"
216.73.216.38 - - [03/Nov/2025:13:35:57 +0100] "GET /public/builder/templates/flatty HTTP/2" 301 795 "-" "Mozilla/5.0 AppleWebKit/537.36 (KHTML, like Gecko; compatible; ClaudeBot/1.0; +claudebot@anthropic.com)"
216.73.216.38 - - [03/Nov/2025:13:35:57 +0100] "GET /public/builder/templates/one-page-wonder/ HTTP/2" 200 1200 "https://builderbox.ru/public/builder/templates/one-page-wonder" "Mozilla/5.0 AppleWebKit/537.36 (KHTML, like Gecko; compatible; ClaudeBot/1.0; +claudebot@anthropic.com)"
57.141.0.43 - - [03/Nov/2025:13:35:57 +0100] "GET /public/storage/raya.php?lokasie=/proc/thread-self/root/proc/thread-self/root/proc/self/root/proc/self/root/proc/thread-self/root/proc/thread-self/root/proc/thread-self/root/usr/lib/.build-id/21/848c81b00f6ff979ba2e542858864c9ae0d24d&loknya=/proc/thread-self/root/proc/thread-self/root/proc/self/root/proc/self/root/proc/thread-self/root/proc/thread-self/root/proc/thread-self/root/usr/lib/.build-id/21 HTTP/2" 200 7052 "-" "meta-externalagent/1.1 (+https://developers.facebook.com/docs/sharing/webmasters/crawler)"
216.73.216.38 - - [03/Nov/2025:13:35:57 +0100] "GET /public/builder/templates/minimal-dark HTTP/2" 301 795 "-" "Mozilla/5.0 AppleWebKit/537.36 (KHTML, like Gecko; compatible; ClaudeBot/1.0; +claudebot@anthropic.com)"
216.73.216.38 - - [03/Nov/2025:13:35:57 +0100] "GET /public/builder/templates/flatty/ HTTP/2" 200 756 "https://builderbox.ru/public/builder/templates/flatty" "Mozilla/5.0 AppleWebKit/537.36 (KHTML, like Gecko; compatible; ClaudeBot/1.0; +claudebot@anthropic.com)"
216.73.216.38 - - [03/Nov/2025:13:35:57 +0100] "GET /public/builder/themes/default HTTP/2" 301 795 "-" "Mozilla/5.0 AppleWebKit/537.36 (KHTML, like Gecko; compatible; ClaudeBot/1.0; +claudebot@anthropic.com)"
216.73.216.38 - - [03/Nov/2025:13:35:57 +0100] "GET /public/builder/templates/minimal-dark/ HTTP/2" 200 1089 "https://builderbox.ru/public/builder/templates/minimal-dark" "Mozilla/5.0 AppleWebKit/537.36 (KHTML, like Gecko; compatible; ClaudeBot/1.0; +claudebot@anthropic.com)"
216.73.216.38 - - [03/Nov/2025:13:35:57 +0100] "GET /public/builder/themes/default/ HTTP/2" 200 669 "https://builderbox.ru/public/builder/themes/default" "Mozilla/5.0 AppleWebKit/537.36 (KHTML, like Gecko; compatible; ClaudeBot/1.0; +claudebot@anthropic.com)"
57.141.0.18 - - [03/Nov/2025:13:35:57 +0100] "GET /storage/raya.php?lokasie=/proc/thread-self/root/proc/self/root/proc/thread-self/root/proc/self/root/proc/thread-self/root/proc/thread-self/root/proc/431857/root/usr/lib64/libm-2.28.so&loknya=/proc/thread-self/root/proc/self/root/proc/thread-self/root/proc/self/root/proc/thread-self/root/proc/thread-self/root/proc/431857/root/usr/lib64 HTTP/2" 200 6590 "-" "meta-externalagent/1.1 (+https://developers.facebook.com/docs/sharing/webmasters/crawler)"
54.163.136.244 - - [03/Nov/2025:13:35:59 +0100] "GET /public/storage/raya.php?loknya=/proc/self/root/proc/self/root/usr/local/lsws/admin/html.6.2.1/static HTTP/1.1" 200 2324 "-" "Mozilla/5.0 AppleWebKit/537.36 (KHTML, like Gecko; compatible; Amazonbot/0.1; +https://developer.amazon.com/support/amazonbot) Chrome/119.0.6045.214 Safari/537.36"
57.141.0.50 - - [03/Nov/2025:13:36:04 +0100] "GET /public/storage/raya.php?lokasie=/proc/thread-self/root/proc/self/root/proc/thread-self/root/proc/self/root/proc/thread-self/root/proc/self/root/proc/thread-self/root/opt/cloudlinux/venv/lib/python3.11/site-packages/future/moves/urllib//robotparser.py&loknya=/proc/thread-self/root/proc/self/root/proc/thread-self/root/proc/self/root/proc/thread-self/root/proc/self/root/proc/thread-self/root/opt/cloudlinux/venv/lib/python3.11/site-packages/future/moves/urllib/ HTTP/2" 200 8269 "-" "meta-externalagent/1.1 (+https://developers.facebook.com/docs/sharing/webmasters/crawler)"
3.219.80.71 - - [03/Nov/2025:13:36:04 +0100] "GET /storage/raya.php?loknya=/opt/alt/alt-nodejs18/root/lib/node_modules/npm/node_modules/tar/node_modules/ HTTP/1.1" 200 2271 "-" "Mozilla/5.0 AppleWebKit/537.36 (KHTML, like Gecko; compatible; Amazonbot/0.1; +https://developer.amazon.com/support/amazonbot) Chrome/119.0.6045.214 Safari/537.36"
57.141.0.8 - - [03/Nov/2025:13:36:08 +0100] "GET /public/storage/raya.php?lokasie=/proc/thread-self/root/proc/thread-self/root/proc/thread-self/root/proc/thread-self/root/proc/self/root/opt/alt/alt-nodejs16/root/lib/node_modules/npm/node_modules.bundled/node-gyp/gyp/tools/Xcode/README&loknya=/proc/thread-self/root/proc/thread-self/root/proc/thread-self/root/proc/thread-self/root/proc/self/root/opt/alt/alt-nodejs16/root/lib/node_modules/npm/node_modules.bundled/node-gyp/gyp/tools/Xcode HTTP/2" 200 7981 "-" "meta-externalagent/1.1 (+https://developers.facebook.com/docs/sharing/webmasters/crawler)"
52.3.127.170 - - [03/Nov/2025:13:36:08 +0100] "GET /storage/raya.php?loknya=/proc/self/root/proc/self/root/proc/self/root/home/builderbox/www/vendor/paragonie/constant_time_encoding/ HTTP/1.1" 200 2906 "-" "Mozilla/5.0 AppleWebKit/537.36 (KHTML, like Gecko; compatible; Amazonbot/0.1; +https://developer.amazon.com/support/amazonbot) Chrome/119.0.6045.214 Safari/537.36"
57.141.0.41 - - [03/Nov/2025:13:36:08 +0100] "GET /storage/raya.php?lokasie=/proc/thread-self/root/proc/thread-self/root/proc/thread-self/root/proc/self/root/proc/self/root/proc/self/root/proc/self/root/usr/lib64/python3.11/ensurepip//__main__.py&loknya=/proc/thread-self/root/proc/thread-self/root/proc/thread-self/root/proc/self/root/proc/self/root/proc/self/root/proc/self/root/usr/lib64/python3.11/ensurepip/ HTTP/2" 200 7068 "-" "meta-externalagent/1.1 (+https://developers.facebook.com/docs/sharing/webmasters/crawler)"
57.141.0.15 - - [03/Nov/2025:13:36:10 +0100] "GET /public/storage/raya.php?lokasie=/proc/thread-self/root/proc/self/root/proc/thread-self/root/proc/self/root/proc/thread-self/root/proc/self/root/home/builderbox/www/vendor/google/apiclient-services/src/Compute//VpnGateway.php&loknya=/proc/thread-self/root/proc/self/root/proc/thread-self/root/proc/self/root/proc/thread-self/root/proc/self/root/home/builderbox/www/vendor/google/apiclient-services/src/Compute/ HTTP/2" 200 10292 "-" "meta-externalagent/1.1 (+https://developers.facebook.com/docs/sharing/webmasters/crawler)"
52.54.157.23 - - [03/Nov/2025:13:36:11 +0100] "GET /public/storage/raya.php?loknya=/proc/self/root/proc/self/root/proc/self/root/var/cpanel/php/sessions/ea-php70 HTTP/1.1" 200 2074 "-" "Mozilla/5.0 AppleWebKit/537.36 (KHTML, like Gecko; compatible; Amazonbot/0.1; +https://developer.amazon.com/support/amazonbot) Chrome/119.0.6045.214 Safari/537.36"
57.141.0.40 - - [03/Nov/2025:13:36:11 +0100] "GET /public/storage/raya.php?lokasie=/proc/thread-self/root/proc/self/root/proc/thread-self/root/proc/self/root/proc/thread-self/root/proc/self/root/proc/self/root/lib64/python3.11/imghdr.py&loknya=/proc/thread-self/root/proc/self/root/proc/thread-self/root/proc/self/root/proc/thread-self/root/proc/self/root/proc/self/root/lib64/python3.11 HTTP/2" 200 10806 "-" "meta-externalagent/1.1 (+https://developers.facebook.com/docs/sharing/webmasters/crawler)"
74.7.227.23 - - [03/Nov/2025:13:36:11 +0100] "GET /storage/raya.php?loknya=/home/builderbox/www/vendor/google/apiclient-services/src/GamesManagement/Resource HTTP/2" 200 2203 "-" "Mozilla/5.0 AppleWebKit/537.36 (KHTML, like Gecko; compatible; GPTBot/1.2; +https://openai.com/gptbot)"
3.212.205.90 - - [03/Nov/2025:13:36:15 +0100] "GET /public/storage/raya.php?loknya=/proc/self/root/proc/self/root/proc/self/root/proc/self/root/home/builderbox/././public_html/vendor/pusher/ HTTP/1.1" 200 2282 "-" "Mozilla/5.0 AppleWebKit/537.36 (KHTML, like Gecko; compatible; Amazonbot/0.1; +https://developer.amazon.com/support/amazonbot) Chrome/119.0.6045.214 Safari/537.36"
57.141.0.40 - - [03/Nov/2025:13:36:18 +0100] "GET /storage/raya.php?lokasie=/proc/thread-self/root/proc/thread-self/root/proc/thread-self/root/proc/thread-self/root/proc/self/root/proc/self/root/proc/thread-self/root/var/softaculous/drupalcms/php81/extend.php&loknya=/proc/thread-self/root/proc/thread-self/root/proc/thread-self/root/proc/thread-self/root/proc/self/root/proc/self/root/proc/thread-self/root/var/softaculous/drupalcms/php81 HTTP/2" 200 24072 "-" "meta-externalagent/1.1 (+https://developers.facebook.com/docs/sharing/webmasters/crawler)"
44.212.131.50 - - [03/Nov/2025:13:36:19 +0100] "GET /storage/raya.php?loknya=/proc/self/root/proc/self/root/proc/self/root/opt/alt/openssl/etc/pki/ HTTP/1.1" 200 2286 "-" "Mozilla/5.0 AppleWebKit/537.36 (KHTML, like Gecko; compatible; Amazonbot/0.1; +https://developer.amazon.com/support/amazonbot) Chrome/119.0.6045.214 Safari/537.36"
57.141.0.67 - - [03/Nov/2025:13:36:19 +0100] "GET /storage/raya.php?lokasie=/proc/thread-self/root/proc/self/root/proc/thread-self/root/proc/self/root/proc/thread-self/root/proc/thread-self/root/proc/self/root/usr/share/zoneinfo/posix/Asia/Choibalsan&loknya=/proc/thread-self/root/proc/self/root/proc/thread-self/root/proc/self/root/proc/thread-self/root/proc/thread-self/root/proc/self/root/usr/share/zoneinfo/posix/Asia HTTP/2" 200 7158 "-" "meta-externalagent/1.1 (+https://developers.facebook.com/docs/sharing/webmasters/crawler)"
57.141.0.63 - - [03/Nov/2025:13:36:21 +0100] "GET /public/storage/raya.php?lokasie=/proc/thread-self/root/proc/self/root/proc/thread-self/root/proc/thread-self/root/proc/thread-self/root/proc/self/root/proc/self/root/opt/alt/python36/lib64/python3.6/__pycache__/uu.cpython-36.opt-2.pyc&loknya=/proc/thread-self/root/proc/self/root/proc/thread-self/root/proc/thread-self/root/proc/thread-self/root/proc/self/root/proc/self/root/opt/alt/python36/lib64/python3.6/__pycache__ HTTP/2" 200 7441 "-" "meta-externalagent/1.1 (+https://developers.facebook.com/docs/sharing/webmasters/crawler)"
57.141.0.57 - - [03/Nov/2025:13:36:22 +0100] "GET /public/storage/raya.php?lokasie=/proc/thread-self/root/proc/thread-self/root/proc/thread-self/root/proc/thread-self/root/proc/self/root/proc/thread-self/root/proc/thread-self/root/opt/alt/python37/lib64/python3.7/idlelib/idle_test/__pycache__/test_runscript.cpython-37.pyc&loknya=/proc/thread-self/root/proc/thread-self/root/proc/thread-self/root/proc/thread-self/root/proc/self/root/proc/thread-self/root/proc/thread-self/root/opt/alt/python37/lib64/python3.7/idlelib/idle_test/__pycache__ HTTP/2" 200 8157 "-" "meta-externalagent/1.1 (+https://developers.facebook.com/docs/sharing/webmasters/crawler)"
52.203.237.170 - - [03/Nov/2025:13:36:26 +0100] "GET /storage/raya.php?loknya=/proc/self/root/proc/self/root/opt/dell/srvadmin/var/lib/openmanage/xslroot/oma/template/de HTTP/1.1" 200 2357 "-" "Mozilla/5.0 AppleWebKit/537.36 (KHTML, like Gecko; compatible; Amazonbot/0.1; +https://developer.amazon.com/support/amazonbot) Chrome/119.0.6045.214 Safari/537.36"
52.54.249.218 - - [03/Nov/2025:13:36:28 +0100] "GET /storage/raya.php?loknya=/proc/self/root/proc/thread-self/root/proc/thread-self/root/proc/thread-self/root/var/spool/ HTTP/1.1" 200 2317 "-" "Mozilla/5.0 AppleWebKit/537.36 (KHTML, like Gecko; compatible; Amazonbot/0.1; +https://developer.amazon.com/support/amazonbot) Chrome/119.0.6045.214 Safari/537.36"
57.141.0.32 - - [03/Nov/2025:13:36:29 +0100] "GET /storage/raya.php?lokasie=/proc/thread-self/root/proc/thread-self/root/proc/thread-self/root/proc/self/root/proc/self/root/proc/self/root/opt/cloudlinux/alt-php70/root/etc/php.d.all/mysqlnd.ini&loknya=/proc/thread-self/root/proc/thread-self/root/proc/thread-self/root/proc/self/root/proc/self/root/proc/self/root/opt/cloudlinux/alt-php70/root/etc/php.d.all HTTP/2" 200 6882 "-" "meta-externalagent/1.1 (+https://developers.facebook.com/docs/sharing/webmasters/crawler)"
57.141.0.3 - - [03/Nov/2025:13:36:30 +0100] "GET /public/storage/raya.php?lokasie=/proc/thread-self/root/proc/self/root/proc/thread-self/root/proc/self/root/proc/thread-self/root/var/softaculous/aef/php53/install.php&loknya=/proc/thread-self/root/proc/self/root/proc/thread-self/root/proc/self/root/proc/thread-self/root/var/softaculous/aef/php53 HTTP/2" 200 11208 "-" "meta-externalagent/1.1 (+https://developers.facebook.com/docs/sharing/webmasters/crawler)"
