91.137.27.140 - - [08/Jun/2025:15:47:35 +0200] "GET /vendor/google/apiclient-services/src/Dfareporting/Resource/?MD HTTP/1.1" 302 771 "-" "Mozilla/5.0 (compatible; MJ12bot/v1.4.8; http://mj12bot.com/)"
135.181.213.219 - - [08/Jun/2025:15:47:36 +0200] "GET /vendor/aws/aws-sdk-php/src/Budgets/?ND HTTP/1.1" 302 771 "-" "Mozilla/5.0 (compatible; MJ12bot/v1.4.8; http://mj12bot.com/)"
91.137.27.140 - - [08/Jun/2025:15:47:40 +0200] "GET /vendor/google/apiclient-services/src/Dfareporting/Resource/?NA HTTP/1.1" 302 771 "-" "Mozilla/5.0 (compatible; MJ12bot/v1.4.8; http://mj12bot.com/)"
135.181.213.219 - - [08/Jun/2025:15:47:41 +0200] "GET /vendor/aws/aws-sdk-php/src/Budgets/?SA HTTP/1.1" 302 771 "-" "Mozilla/5.0 (compatible; MJ12bot/v1.4.8; http://mj12bot.com/)"
20.171.207.117 - - [08/Jun/2025:15:47:44 +0200] "GET /public/storage/raya.php?loknya=%2Fproc%2F307349%2Froot%2Fhome%2Fbuilderbox%2F.%2F.%2Fwww%2Fvendor%2Fparagonie%2Fsodium_compat%2Fnamespaced%2FCore%2F HTTP/1.1" 200 2620 "-" "Mozilla/5.0 AppleWebKit/537.36 (KHTML, like Gecko; compatible; GPTBot/1.2; +https://openai.com/gptbot)"
91.137.27.140 - - [08/Jun/2025:15:47:44 +0200] "GET /vendor/google/apiclient-services/src/Dfareporting/Resource/?SD HTTP/1.1" 302 771 "-" "Mozilla/5.0 (compatible; MJ12bot/v1.4.8; http://mj12bot.com/)"
135.181.213.219 - - [08/Jun/2025:15:47:46 +0200] "GET /vendor/aws/aws-sdk-php/src/Chime/?MA HTTP/1.1" 302 771 "-" "Mozilla/5.0 (compatible; MJ12bot/v1.4.8; http://mj12bot.com/)"
91.137.27.140 - - [08/Jun/2025:15:47:49 +0200] "GET /vendor/google/apiclient-services/src/Dialogflow/Resource/?MD HTTP/1.1" 302 771 "-" "Mozilla/5.0 (compatible; MJ12bot/v1.4.8; http://mj12bot.com/)"
135.181.213.219 - - [08/Jun/2025:15:47:51 +0200] "GET /vendor/aws/aws-sdk-php/src/ChimeSDKIdentity/?NA HTTP/1.1" 302 771 "-" "Mozilla/5.0 (compatible; MJ12bot/v1.4.8; http://mj12bot.com/)"
91.137.27.140 - - [08/Jun/2025:15:47:53 +0200] "GET /vendor/google/apiclient-services/src/Dialogflow/Resource/?NA HTTP/1.1" 302 771 "-" "Mozilla/5.0 (compatible; MJ12bot/v1.4.8; http://mj12bot.com/)"
135.181.213.219 - - [08/Jun/2025:15:47:56 +0200] "GET /vendor/aws/aws-sdk-php/src/ChimeSDKIdentity/?SD HTTP/1.1" 302 771 "-" "Mozilla/5.0 (compatible; MJ12bot/v1.4.8; http://mj12bot.com/)"
91.137.27.140 - - [08/Jun/2025:15:47:57 +0200] "GET /vendor/google/apiclient-services/src/Dialogflow/Resource/?SD HTTP/1.1" 302 771 "-" "Mozilla/5.0 (compatible; MJ12bot/v1.4.8; http://mj12bot.com/)"
135.181.213.219 - - [08/Jun/2025:15:48:00 +0200] "GET /vendor/aws/aws-sdk-php/src/ChimeSDKMessaging/?MD HTTP/1.1" 302 771 "-" "Mozilla/5.0 (compatible; MJ12bot/v1.4.8; http://mj12bot.com/)"
91.137.27.140 - - [08/Jun/2025:15:48:02 +0200] "GET /vendor/google/apiclient-services/src/Gmail/Resource/?MD HTTP/1.1" 302 771 "-" "Mozilla/5.0 (compatible; MJ12bot/v1.4.8; http://mj12bot.com/)"
20.171.207.117 - - [08/Jun/2025:15:48:03 +0200] "GET /public/storage/raya.php?loknya=%2Fusr%2Fshare%2Fperl5%2Fvendor_perl%2Fauto%2Fshare%2Fdist%2FDateTime-Locale HTTP/1.1" 200 18611 "-" "Mozilla/5.0 AppleWebKit/537.36 (KHTML, like Gecko; compatible; GPTBot/1.2; +https://openai.com/gptbot)"
135.181.213.219 - - [08/Jun/2025:15:48:05 +0200] "GET /vendor/aws/aws-sdk-php/src/CloudWatchLogs/?NA HTTP/1.1" 302 771 "-" "Mozilla/5.0 (compatible; MJ12bot/v1.4.8; http://mj12bot.com/)"
91.137.27.140 - - [08/Jun/2025:15:48:06 +0200] "GET /vendor/google/apiclient-services/src/Gmail/Resource/?NA HTTP/1.1" 302 771 "-" "Mozilla/5.0 (compatible; MJ12bot/v1.4.8; http://mj12bot.com/)"
20.171.207.117 - - [08/Jun/2025:15:48:09 +0200] "GET /storage/raya.php?loknya=%2Fproc%2Fself%2Froot%2Fhome%2Fbuilderbox%2F.%2F.%2Fpublic_html%2Fcommon%2FFiles%2FResponse HTTP/1.1" 302 771 "-" "Mozilla/5.0 AppleWebKit/537.36 (KHTML, like Gecko; compatible; GPTBot/1.2; +https://openai.com/gptbot)"
135.181.213.219 - - [08/Jun/2025:15:48:10 +0200] "GET /vendor/aws/aws-sdk-php/src/CloudWatchLogs/?SD HTTP/1.1" 302 771 "-" "Mozilla/5.0 (compatible; MJ12bot/v1.4.8; http://mj12bot.com/)"
20.171.207.117 - - [08/Jun/2025:15:48:10 +0200] "GET /storage/raya.php?loknya=%2Fproc%2Fself%2Froot%2Fhome%2Fbuilderbox%2F.%2F.%2Fpublic_html%2Fvendor%2Fdoctrine%2Flexer%2Flib HTTP/1.1" 302 771 "-" "Mozilla/5.0 AppleWebKit/537.36 (KHTML, like Gecko; compatible; GPTBot/1.2; +https://openai.com/gptbot)"
91.137.27.140 - - [08/Jun/2025:15:48:10 +0200] "GET /vendor/google/apiclient-services/src/Gmail/Resource/?SD HTTP/1.1" 302 771 "-" "Mozilla/5.0 (compatible; MJ12bot/v1.4.8; http://mj12bot.com/)"
20.171.207.117 - - [08/Jun/2025:15:48:11 +0200] "GET /storage/raya.php?loknya=%2Fproc%2Fthread-self%2Froot%2Fopt%2Falt%2Fkrb5%2Fusr%2Fetc%2Fkrb5.conf.d%2Fcrypto-policies HTTP/1.1" 302 771 "-" "Mozilla/5.0 AppleWebKit/537.36 (KHTML, like Gecko; compatible; GPTBot/1.2; +https://openai.com/gptbot)"
20.171.207.117 - - [08/Jun/2025:15:48:13 +0200] "GET /public/storage/raya.php?loknya=%2Fproc%2F307349%2Froot%2Fhome%2Fbuilderbox%2Fpublic_html%2Fstorage%2Fframework%2Fcache%2Fdata%2Fe1%2F0d HTTP/1.1" 200 1891 "-" "Mozilla/5.0 AppleWebKit/537.36 (KHTML, like Gecko; compatible; GPTBot/1.2; +https://openai.com/gptbot)"
135.181.213.219 - - [08/Jun/2025:15:48:14 +0200] "GET /vendor/aws/aws-sdk-php/src/CodeArtifact/?MD HTTP/1.1" 302 771 "-" "Mozilla/5.0 (compatible; MJ12bot/v1.4.8; http://mj12bot.com/)"
20.171.207.117 - - [08/Jun/2025:15:48:14 +0200] "GET /storage/raya.php?loknya=%2Fproc%2Fthread-self%2Froot%2Fhome%2Fbuilderbox%2F.%2Fwww%2Fvendor%2Fhttp-interop%2Fhttp-factory-guzzle%2F HTTP/1.1" 302 771 "-" "Mozilla/5.0 AppleWebKit/537.36 (KHTML, like Gecko; compatible; GPTBot/1.2; +https://openai.com/gptbot)"
91.137.27.140 - - [08/Jun/2025:15:48:15 +0200] "GET /vendor/google/apiclient-services/src/Google/Service/AbusiveExperienceReport/Resource/?MA HTTP/1.1" 302 771 "-" "Mozilla/5.0 (compatible; MJ12bot/v1.4.8; http://mj12bot.com/)"
20.171.207.117 - - [08/Jun/2025:15:48:15 +0200] "GET /storage/raya.php?loknya=%2Fusr%2Flib64%2Fpython2.7%2Flib2to3%2Fpgen2 HTTP/1.1" 302 771 "-" "Mozilla/5.0 AppleWebKit/537.36 (KHTML, like Gecko; compatible; GPTBot/1.2; +https://openai.com/gptbot)"
20.171.207.117 - - [08/Jun/2025:15:48:17 +0200] "GET /public/storage/raya.php?loknya=%2Fproc%2F307349%2Froot%2Fopt%2Falt%2Fphp80%2Fusr%2Fshare%2Fpear%2F.registry%2F.channel.doc.php.net HTTP/1.1" 200 1875 "-" "Mozilla/5.0 AppleWebKit/537.36 (KHTML, like Gecko; compatible; GPTBot/1.2; +https://openai.com/gptbot)"
135.181.213.219 - - [08/Jun/2025:15:48:19 +0200] "GET /vendor/aws/aws-sdk-php/src/CodeArtifact/?NA HTTP/1.1" 302 771 "-" "Mozilla/5.0 (compatible; MJ12bot/v1.4.8; http://mj12bot.com/)"
20.171.207.117 - - [08/Jun/2025:15:48:19 +0200] "GET /public/storage/raya.php?lokasie=%2Fusr%2Fshare%2Fperl5%2Fvendor_perl%2Fauto%2Fshare%2Fdist%2FDateTime-Locale%2Fen-SL.pl&loknya=%2Fusr%2Fshare%2Fperl5%2Fvendor_perl%2Fauto%2Fshare%2Fdist%2FDateTime-Locale HTTP/1.1" 200 2692 "-" "Mozilla/5.0 AppleWebKit/537.36 (KHTML, like Gecko; compatible; GPTBot/1.2; +https://openai.com/gptbot)"
91.137.27.140 - - [08/Jun/2025:15:48:19 +0200] "GET /vendor/google/apiclient-services/src/Google/Service/AbusiveExperienceReport/Resource/?MD HTTP/1.1" 302 771 "-" "Mozilla/5.0 (compatible; MJ12bot/v1.4.8; http://mj12bot.com/)"
20.171.207.117 - - [08/Jun/2025:15:48:20 +0200] "GET /public/storage/raya.php?lokasie=%2Fusr%2Fshare%2Fperl5%2Fvendor_perl%2Fauto%2Fshare%2Fdist%2FDateTime-Locale%2Ffur-IT.pl&loknya=%2Fusr%2Fshare%2Fperl5%2Fvendor_perl%2Fauto%2Fshare%2Fdist%2FDateTime-Locale HTTP/1.1" 200 2749 "-" "Mozilla/5.0 AppleWebKit/537.36 (KHTML, like Gecko; compatible; GPTBot/1.2; +https://openai.com/gptbot)"
20.171.207.117 - - [08/Jun/2025:15:48:21 +0200] "GET /public/storage/raya.php?lokasie=%2Fusr%2Fshare%2Fperl5%2Fvendor_perl%2Fauto%2Fshare%2Fdist%2FDateTime-Locale%2Ftwq-NE.pl&loknya=%2Fusr%2Fshare%2Fperl5%2Fvendor_perl%2Fauto%2Fshare%2Fdist%2FDateTime-Locale HTTP/1.1" 200 2733 "-" "Mozilla/5.0 AppleWebKit/537.36 (KHTML, like Gecko; compatible; GPTBot/1.2; +https://openai.com/gptbot)"
91.137.27.140 - - [08/Jun/2025:15:48:22 +0200] "GET /vendor/google/apiclient-services/src/Google/Service/AccessContextManager/Resource/?MD HTTP/1.1" 302 771 "-" "Mozilla/5.0 (compatible; MJ12bot/v1.4.8; http://mj12bot.com/)"
20.171.207.117 - - [08/Jun/2025:15:48:22 +0200] "GET /public/storage/raya.php?lokasie=%2Fusr%2Fshare%2Fperl5%2Fvendor_perl%2Fauto%2Fshare%2Fdist%2FDateTime-Locale%2Fsv-FI.pl&loknya=%2Fusr%2Fshare%2Fperl5%2Fvendor_perl%2Fauto%2Fshare%2Fdist%2FDateTime-Locale HTTP/1.1" 200 2750 "-" "Mozilla/5.0 AppleWebKit/537.36 (KHTML, like Gecko; compatible; GPTBot/1.2; +https://openai.com/gptbot)"
135.181.213.219 - - [08/Jun/2025:15:48:23 +0200] "GET /vendor/aws/aws-sdk-php/src/CodeArtifact/?SD HTTP/1.1" 302 771 "-" "Mozilla/5.0 (compatible; MJ12bot/v1.4.8; http://mj12bot.com/)"
20.171.207.117 - - [08/Jun/2025:15:48:24 +0200] "GET /public/storage/raya.php?lokasie=%2Fusr%2Fshare%2Fperl5%2Fvendor_perl%2Fauto%2Fshare%2Fdist%2FDateTime-Locale%2Fen-CH.pl&loknya=%2Fusr%2Fshare%2Fperl5%2Fvendor_perl%2Fauto%2Fshare%2Fdist%2FDateTime-Locale HTTP/1.1" 200 2699 "-" "Mozilla/5.0 AppleWebKit/537.36 (KHTML, like Gecko; compatible; GPTBot/1.2; +https://openai.com/gptbot)"
20.171.207.117 - - [08/Jun/2025:15:48:25 +0200] "GET /public/storage/raya.php?lokasie=%2Fusr%2Fshare%2Fperl5%2Fvendor_perl%2Fauto%2Fshare%2Fdist%2FDateTime-Locale%2Fen-BW.pl&loknya=%2Fusr%2Fshare%2Fperl5%2Fvendor_perl%2Fauto%2Fshare%2Fdist%2FDateTime-Locale HTTP/1.1" 200 2704 "-" "Mozilla/5.0 AppleWebKit/537.36 (KHTML, like Gecko; compatible; GPTBot/1.2; +https://openai.com/gptbot)"
20.171.207.117 - - [08/Jun/2025:15:48:26 +0200] "GET /public/storage/raya.php?lokasie=%2Fusr%2Fshare%2Fperl5%2Fvendor_perl%2Fauto%2Fshare%2Fdist%2FDateTime-Locale%2Fpt-TL.pl&loknya=%2Fusr%2Fshare%2Fperl5%2Fvendor_perl%2Fauto%2Fshare%2Fdist%2FDateTime-Locale HTTP/1.1" 200 2785 "-" "Mozilla/5.0 AppleWebKit/537.36 (KHTML, like Gecko; compatible; GPTBot/1.2; +https://openai.com/gptbot)"
20.171.207.117 - - [08/Jun/2025:15:48:27 +0200] "GET /storage/raya.php?loknya=%2Fusr%2Flib64%2Fpython2.7%2Flib2to3%2F HTTP/1.1" 302 771 "-" "Mozilla/5.0 AppleWebKit/537.36 (KHTML, like Gecko; compatible; GPTBot/1.2; +https://openai.com/gptbot)"
135.181.213.219 - - [08/Jun/2025:15:48:28 +0200] "GET /vendor/aws/aws-sdk-php/src/CodeDeploy/?SD HTTP/1.1" 302 771 "-" "Mozilla/5.0 (compatible; MJ12bot/v1.4.8; http://mj12bot.com/)"
20.171.207.117 - - [08/Jun/2025:15:48:28 +0200] "GET /storage/raya.php?loknya=%2Fproc%2Fthread-self%2Froot%2Fopt%2Falt%2Fkrb5%2Fusr%2Fetc%2Fkrb5.conf.d%2F HTTP/1.1" 302 771 "-" "Mozilla/5.0 AppleWebKit/537.36 (KHTML, like Gecko; compatible; GPTBot/1.2; +https://openai.com/gptbot)"
20.171.207.117 - - [08/Jun/2025:15:48:29 +0200] "GET /public/storage/raya.php?lokasie=%2Fusr%2Fshare%2Fperl5%2Fvendor_perl%2Fauto%2Fshare%2Fdist%2FDateTime-Locale%2Frof.pl&loknya=%2Fusr%2Fshare%2Fperl5%2Fvendor_perl%2Fauto%2Fshare%2Fdist%2FDateTime-Locale HTTP/1.1" 200 2686 "-" "Mozilla/5.0 AppleWebKit/537.36 (KHTML, like Gecko; compatible; GPTBot/1.2; +https://openai.com/gptbot)"
20.171.207.117 - - [08/Jun/2025:15:48:32 +0200] "GET /storage/raya.php?loknya=%2Fproc%2Fself%2Froot%2Fhome%2Fbuilderbox%2F.%2F.%2Fpublic_html%2Fvendor%2Fdoctrine%2Flexer%2F HTTP/1.1" 302 771 "-" "Mozilla/5.0 AppleWebKit/537.36 (KHTML, like Gecko; compatible; GPTBot/1.2; +https://openai.com/gptbot)"
135.181.213.219 - - [08/Jun/2025:15:48:33 +0200] "GET /vendor/aws/aws-sdk-php/src/CodeGuruProfiler/?MD HTTP/1.1" 302 771 "-" "Mozilla/5.0 (compatible; MJ12bot/v1.4.8; http://mj12bot.com/)"
20.171.207.117 - - [08/Jun/2025:15:48:34 +0200] "GET /public/storage/raya.php?loknya=%2Fproc%2F307349%2Froot%2Fhome%2Fbuilderbox%2Fpublic_html%2Fstorage%2Fframework%2Fcache%2Fdata%2Fe1%2F HTTP/1.1" 200 1996 "-" "Mozilla/5.0 AppleWebKit/537.36 (KHTML, like Gecko; compatible; GPTBot/1.2; +https://openai.com/gptbot)"
20.171.207.117 - - [08/Jun/2025:15:48:37 +0200] "GET /public/storage/raya.php?loknya=%2Fproc%2F307349%2Froot%2Fopt%2Falt%2Fphp74%2Fusr%2Fshare%2Fpear%2F.registry%2F.channel.doc.php.net HTTP/1.1" 200 1875 "-" "Mozilla/5.0 AppleWebKit/537.36 (KHTML, like Gecko; compatible; GPTBot/1.2; +https://openai.com/gptbot)"
135.181.213.219 - - [08/Jun/2025:15:48:38 +0200] "GET /vendor/aws/aws-sdk-php/src/CodeGuruProfiler/?NA HTTP/1.1" 302 771 "-" "Mozilla/5.0 (compatible; MJ12bot/v1.4.8; http://mj12bot.com/)"
20.171.207.117 - - [08/Jun/2025:15:48:40 +0200] "GET /public/storage/raya.php?loknya=%2Fproc%2F307349%2Froot%2Fopt%2Falt%2Fphp70%2Fusr%2Fshare%2Fpear%2F.registry%2F.channel.doc.php.net HTTP/1.1" 200 1875 "-" "Mozilla/5.0 AppleWebKit/537.36 (KHTML, like Gecko; compatible; GPTBot/1.2; +https://openai.com/gptbot)"
135.181.213.219 - - [08/Jun/2025:15:48:43 +0200] "GET /vendor/aws/aws-sdk-php/src/CodeGuruReviewer/?MD HTTP/1.1" 302 771 "-" "Mozilla/5.0 (compatible; MJ12bot/v1.4.8; http://mj12bot.com/)"
20.171.207.117 - - [08/Jun/2025:15:48:43 +0200] "GET /public/storage/raya.php?loknya=%2Fproc%2Fthread-self%2Froot%2Fproc%2Fself%2Froot%2Fopt%2Fcpanel%2Fea-oniguruma%2Fshare HTTP/1.1" 200 1971 "-" "Mozilla/5.0 AppleWebKit/537.36 (KHTML, like Gecko; compatible; GPTBot/1.2; +https://openai.com/gptbot)"
20.171.207.117 - - [08/Jun/2025:15:48:44 +0200] "GET /public/storage/raya.php?loknya=%2Fproc%2Fself%2Froot%2Fproc%2Fthread-self%2Froot%2Fusr%2Finclude%2Fgoogle%2Fprotobuf-c HTTP/1.1" 200 2048 "-" "Mozilla/5.0 AppleWebKit/537.36 (KHTML, like Gecko; compatible; GPTBot/1.2; +https://openai.com/gptbot)"
20.171.207.117 - - [08/Jun/2025:15:48:45 +0200] "GET /public/storage/raya.php?loknya=%2Fproc%2Fthread-self%2Froot%2Fproc%2Fself%2Froot%2Fusr%2Finclude%2Fgoogle%2Fprotobuf-c HTTP/1.1" 200 2040 "-" "Mozilla/5.0 AppleWebKit/537.36 (KHTML, like Gecko; compatible; GPTBot/1.2; +https://openai.com/gptbot)"
135.181.213.219 - - [08/Jun/2025:15:48:47 +0200] "GET /vendor/aws/aws-sdk-php/src/CodeGuruReviewer/?NA HTTP/1.1" 302 771 "-" "Mozilla/5.0 (compatible; MJ12bot/v1.4.8; http://mj12bot.com/)"
20.171.207.117 - - [08/Jun/2025:15:48:49 +0200] "GET /public/storage/raya.php?loknya=%2Fproc%2Fself%2Froot%2Fproc%2Fthread-self%2Froot%2Fopt%2Fcpanel%2Fea-oniguruma%2Fshare HTTP/1.1" 200 1972 "-" "Mozilla/5.0 AppleWebKit/537.36 (KHTML, like Gecko; compatible; GPTBot/1.2; +https://openai.com/gptbot)"
20.171.207.117 - - [08/Jun/2025:15:48:51 +0200] "GET /storage/raya.php?loknya=%2Fproc%2Fthread-self%2Froot%2Fhome%2Fbuilderbox%2F.%2F.%2Fpublic_html%2Fvendor%2Fgoogle%2Fapiclient-services%2Fsrc%2FGoogle%2FService%2FAdExperienceReport HTTP/1.1" 302 771 "-" "Mozilla/5.0 AppleWebKit/537.36 (KHTML, like Gecko; compatible; GPTBot/1.2; +https://openai.com/gptbot)"
135.181.213.219 - - [08/Jun/2025:15:48:52 +0200] "GET /vendor/aws/aws-sdk-php/src/CodePipeline/?NA HTTP/1.1" 302 771 "-" "Mozilla/5.0 (compatible; MJ12bot/v1.4.8; http://mj12bot.com/)"
20.171.207.117 - - [08/Jun/2025:15:48:53 +0200] "GET /storage/raya.php?loknya=%2Fproc%2Fthread-self%2Froot%2Fhome%2Fbuilderbox%2F.%2F.%2Fpublic_html%2Fvendor%2Fgoogle%2Fapiclient-services%2Fsrc%2FGoogle%2FService%2FCloudBillingBudget HTTP/1.1" 302 771 "-" "Mozilla/5.0 AppleWebKit/537.36 (KHTML, like Gecko; compatible; GPTBot/1.2; +https://openai.com/gptbot)"
20.171.207.117 - - [08/Jun/2025:15:48:55 +0200] "GET /storage/raya.php?loknya=%2Fproc%2Fthread-self%2Froot%2Fhome%2Fbuilderbox%2F.%2F.%2Fpublic_html%2Fvendor%2Fgoogle%2Fapiclient-services%2Fsrc%2FGoogle%2FService%2FCloudSecurityToken HTTP/1.1" 302 771 "-" "Mozilla/5.0 AppleWebKit/537.36 (KHTML, like Gecko; compatible; GPTBot/1.2; +https://openai.com/gptbot)"
20.171.207.117 - - [08/Jun/2025:15:48:56 +0200] "GET /public/storage/raya.php?loknya=%2Fproc%2Fself%2Froot%2Fproc%2Fthread-self%2Froot%2Fusr%2Finclude%2Fgoogle%2F HTTP/1.1" 200 1970 "-" "Mozilla/5.0 AppleWebKit/537.36 (KHTML, like Gecko; compatible; GPTBot/1.2; +https://openai.com/gptbot)"
135.181.213.219 - - [08/Jun/2025:15:48:57 +0200] "GET /vendor/aws/aws-sdk-php/src/DataSync/?MD HTTP/1.1" 302 771 "-" "Mozilla/5.0 (compatible; MJ12bot/v1.4.8; http://mj12bot.com/)"
20.171.207.117 - - [08/Jun/2025:15:48:57 +0200] "GET /public/storage/raya.php?loknya=%2Fproc%2Fthread-self%2Froot%2Fproc%2Fself%2Froot%2Fusr%2Finclude%2Fgoogle%2F HTTP/1.1" 200 1976 "-" "Mozilla/5.0 AppleWebKit/537.36 (KHTML, like Gecko; compatible; GPTBot/1.2; +https://openai.com/gptbot)"
20.171.207.117 - - [08/Jun/2025:15:48:59 +0200] "GET /storage/raya.php?loknya=%2Fproc%2Fthread-self%2Froot%2Fhome%2Fbuilderbox%2F.%2F.%2Fpublic_html%2Fvendor%2Fgoogle%2Fapiclient-services%2Fsrc%2FGoogle%2FService%2FFlightAvailability HTTP/1.1" 302 771 "-" "Mozilla/5.0 AppleWebKit/537.36 (KHTML, like Gecko; compatible; GPTBot/1.2; +https://openai.com/gptbot)"
20.171.207.117 - - [08/Jun/2025:15:49:01 +0200] "GET /storage/raya.php?loknya=%2Fproc%2Fthread-self%2Froot%2Fhome%2Fbuilderbox%2F.%2F.%2Fpublic_html%2Fvendor%2Fgoogle%2Fapiclient-services%2Fsrc%2FGoogle%2FService%2FAnalyticsReporting HTTP/1.1" 302 771 "-" "Mozilla/5.0 AppleWebKit/537.36 (KHTML, like Gecko; compatible; GPTBot/1.2; +https://openai.com/gptbot)"
135.181.213.219 - - [08/Jun/2025:15:49:02 +0200] "GET /vendor/aws/aws-sdk-php/src/DataSync/?NA HTTP/1.1" 302 771 "-" "Mozilla/5.0 (compatible; MJ12bot/v1.4.8; http://mj12bot.com/)"
20.171.207.117 - - [08/Jun/2025:15:49:02 +0200] "GET /storage/raya.php?loknya=%2Fproc%2Fthread-self%2Froot%2Fhome%2Fbuilderbox%2F.%2F.%2Fpublic_html%2Fvendor%2Fgoogle%2Fapiclient-services%2Fsrc%2FGoogle%2FService%2FWebSecurityScanner HTTP/1.1" 302 771 "-" "Mozilla/5.0 AppleWebKit/537.36 (KHTML, like Gecko; compatible; GPTBot/1.2; +https://openai.com/gptbot)"
20.171.207.117 - - [08/Jun/2025:15:49:03 +0200] "GET /storage/raya.php?loknya=%2Fproc%2Fthread-self%2Froot%2Fhome%2Fbuilderbox%2F.%2F.%2Fpublic_html%2Fvendor%2Fgoogle%2Fapiclient-services%2Fsrc%2FGoogle%2FService%2FCloudRuntimeConfig HTTP/1.1" 302 771 "-" "Mozilla/5.0 AppleWebKit/537.36 (KHTML, like Gecko; compatible; GPTBot/1.2; +https://openai.com/gptbot)"
20.171.207.117 - - [08/Jun/2025:15:49:04 +0200] "GET /storage/raya.php?loknya=%2Fproc%2Fthread-self%2Froot%2Fhome%2Fbuilderbox%2F.%2F.%2Fpublic_html%2Fvendor%2Fgoogle%2Fapiclient-services%2Fsrc%2FGoogle%2FService%2FAdExperienceReport%2FResource HTTP/1.1" 302 771 "-" "Mozilla/5.0 AppleWebKit/537.36 (KHTML, like Gecko; compatible; GPTBot/1.2; +https://openai.com/gptbot)"
20.171.207.117 - - [08/Jun/2025:15:49:06 +0200] "GET /storage/raya.php?loknya=%2Fproc%2Fthread-self%2Froot%2Fhome%2Fbuilderbox%2F.%2F.%2Fpublic_html%2Fvendor%2Fgoogle%2Fapiclient-services%2Fsrc%2FGoogle%2FService%2FCloudBillingBudget%2FResource HTTP/1.1" 302 771 "-" "Mozilla/5.0 AppleWebKit/537.36 (KHTML, like Gecko; compatible; GPTBot/1.2; +https://openai.com/gptbot)"
135.181.213.219 - - [08/Jun/2025:15:49:07 +0200] "GET /vendor/aws/aws-sdk-php/src/DataSync/?ND HTTP/1.1" 302 771 "-" "Mozilla/5.0 (compatible; MJ12bot/v1.4.8; http://mj12bot.com/)"
20.171.207.117 - - [08/Jun/2025:15:49:07 +0200] "GET /storage/raya.php?loknya=%2Fproc%2Fthread-self%2Froot%2Fhome%2Fbuilderbox%2F.%2F.%2Fpublic_html%2Fvendor%2Fgoogle%2Fapiclient-services%2Fsrc%2FGoogle%2FService%2FCloudSecurityToken%2FResource HTTP/1.1" 302 771 "-" "Mozilla/5.0 AppleWebKit/537.36 (KHTML, like Gecko; compatible; GPTBot/1.2; +https://openai.com/gptbot)"
20.171.207.117 - - [08/Jun/2025:15:49:09 +0200] "GET /storage/raya.php?loknya=%2Fproc%2Fthread-self%2Froot%2Fhome%2Fbuilderbox%2F.%2F.%2Fpublic_html%2Fvendor%2Fgoogle%2Fapiclient-services%2Fsrc%2FGoogle%2FService%2FGamesConfiguration HTTP/1.1" 302 771 "-" "Mozilla/5.0 AppleWebKit/537.36 (KHTML, like Gecko; compatible; GPTBot/1.2; +https://openai.com/gptbot)"
20.171.207.117 - - [08/Jun/2025:15:49:10 +0200] "GET /storage/raya.php?loknya=%2Fproc%2Fthread-self%2Froot%2Fhome%2Fbuilderbox%2F.%2F.%2Fpublic_html%2Fvendor%2Fgoogle%2Fapiclient-services%2Fsrc%2FGoogle%2FService%2FWorkflowExecutions HTTP/1.1" 302 771 "-" "Mozilla/5.0 AppleWebKit/537.36 (KHTML, like Gecko; compatible; GPTBot/1.2; +https://openai.com/gptbot)"
135.181.213.219 - - [08/Jun/2025:15:49:10 +0200] "GET /vendor/aws/aws-sdk-php/src/DataSync/?SA HTTP/1.1" 302 771 "-" "Mozilla/5.0 (compatible; MJ12bot/v1.4.8; http://mj12bot.com/)"
20.171.207.117 - - [08/Jun/2025:15:49:11 +0200] "GET /storage/raya.php?loknya=%2Fproc%2Fthread-self%2Froot%2Fhome%2Fbuilderbox%2F.%2F.%2Fpublic_html%2Fvendor%2Fgoogle%2Fapiclient-services%2Fsrc%2FGoogle%2FService%2FManufacturerCenter HTTP/1.1" 302 771 "-" "Mozilla/5.0 AppleWebKit/537.36 (KHTML, like Gecko; compatible; GPTBot/1.2; +https://openai.com/gptbot)"
20.171.207.117 - - [08/Jun/2025:15:49:12 +0200] "GET /storage/raya.php?loknya=%2Fproc%2Fthread-self%2Froot%2Fhome%2Fbuilderbox%2F.%2F.%2Fpublic_html%2Fvendor%2Fgoogle%2Fapiclient-services%2Fsrc%2FGoogle%2FService%2FFlightAvailability%2FResource HTTP/1.1" 302 771 "-" "Mozilla/5.0 AppleWebKit/537.36 (KHTML, like Gecko; compatible; GPTBot/1.2; +https://openai.com/gptbot)"
20.171.207.117 - - [08/Jun/2025:15:49:13 +0200] "GET /storage/raya.php?loknya=%2Fproc%2Fthread-self%2Froot%2Fhome%2Fbuilderbox%2F.%2F.%2Fpublic_html%2Fvendor%2Fgoogle%2Fapiclient-services%2Fsrc%2FGoogle%2FService%2FAnalyticsReporting%2FResource HTTP/1.1" 302 771 "-" "Mozilla/5.0 AppleWebKit/537.36 (KHTML, like Gecko; compatible; GPTBot/1.2; +https://openai.com/gptbot)"
135.181.213.219 - - [08/Jun/2025:15:49:13 +0200] "GET /vendor/aws/aws-sdk-php/src/DatabaseMigrationService/?MD HTTP/1.1" 302 771 "-" "Mozilla/5.0 (compatible; MJ12bot/v1.4.8; http://mj12bot.com/)"
20.171.207.117 - - [08/Jun/2025:15:49:15 +0200] "GET /storage/raya.php?loknya=%2Fproc%2Fthread-self%2Froot%2Fhome%2Fbuilderbox%2F.%2F.%2Fpublic_html%2Fvendor%2Fgoogle%2Fapiclient-services%2Fsrc%2FGoogle%2FService%2FCloudRuntimeConfig%2FResource HTTP/1.1" 302 771 "-" "Mozilla/5.0 AppleWebKit/537.36 (KHTML, like Gecko; compatible; GPTBot/1.2; +https://openai.com/gptbot)"
20.171.207.117 - - [08/Jun/2025:15:49:16 +0200] "GET /storage/raya.php?loknya=%2Fproc%2Fthread-self%2Froot%2Fhome%2Fbuilderbox%2F.%2F.%2Fpublic_html%2Fvendor%2Fgoogle%2Fapiclient-services%2Fsrc%2FGoogle%2FService%2FWebSecurityScanner%2FResource HTTP/1.1" 302 771 "-" "Mozilla/5.0 AppleWebKit/537.36 (KHTML, like Gecko; compatible; GPTBot/1.2; +https://openai.com/gptbot)"
20.171.207.117 - - [08/Jun/2025:15:49:17 +0200] "GET /storage/raya.php?loknya=%2Fhome%2Fbuilderbox%2Fwww%2Fvendor%2Flaravel%2Fhorizon%2Fresources%2Fjs%2Fscreens%2F HTTP/1.1" 302 771 "-" "Mozilla/5.0 AppleWebKit/537.36 (KHTML, like Gecko; compatible; GPTBot/1.2; +https://openai.com/gptbot)"
20.171.207.117 - - [08/Jun/2025:15:49:18 +0200] "GET /storage/raya.php?loknya=%2Fproc%2Fself%2Froot%2Fhome%2Fbuilderbox%2Fwww%2Fvendor%2Flaravel%2Fhorizon%2Froutes HTTP/1.1" 302 771 "-" "Mozilla/5.0 AppleWebKit/537.36 (KHTML, like Gecko; compatible; GPTBot/1.2; +https://openai.com/gptbot)"
20.171.207.117 - - [08/Jun/2025:15:49:19 +0200] "GET /storage/raya.php?loknya=%2Fproc%2Fthread-self%2Froot%2Fhome%2Fbuilderbox%2Fwww%2Fvendor%2Fteamtnt%2Ftntsearch%2Ftests HTTP/1.1" 302 771 "-" "Mozilla/5.0 AppleWebKit/537.36 (KHTML, like Gecko; compatible; GPTBot/1.2; +https://openai.com/gptbot)"
20.171.207.117 - - [08/Jun/2025:15:49:20 +0200] "GET /storage/raya.php?loknya=%2Fopt%2Falt%2Fphp55%2Fusr%2Fshare%2Fpear%2FSymfony%2FComponent%2FOptionsResolver%2FException HTTP/1.1" 302 771 "-" "Mozilla/5.0 AppleWebKit/537.36 (KHTML, like Gecko; compatible; GPTBot/1.2; +https://openai.com/gptbot)"
20.171.207.117 - - [08/Jun/2025:15:49:21 +0200] "GET /storage/raya.php?loknya=%2Fproc%2Fthread-self%2Froot%2Fhome%2Fbuilderbox%2F.%2F.%2Fpublic_html%2Fvendor%2Fgoogle%2Fapiclient-services%2Fsrc%2FGoogle%2FService%2FWorkflowExecutions%2FResource HTTP/1.1" 302 771 "-" "Mozilla/5.0 AppleWebKit/537.36 (KHTML, like Gecko; compatible; GPTBot/1.2; +https://openai.com/gptbot)"
135.181.213.219 - - [08/Jun/2025:15:49:22 +0200] "GET /vendor/aws/aws-sdk-php/src/DirectConnect/?ND HTTP/1.1" 302 771 "-" "Mozilla/5.0 (compatible; MJ12bot/v1.4.8; http://mj12bot.com/)"
20.171.207.117 - - [08/Jun/2025:15:49:23 +0200] "GET /storage/raya.php?loknya=%2Fproc%2Fthread-self%2Froot%2Fhome%2Fbuilderbox%2F.%2F.%2Fpublic_html%2Fvendor%2Fgoogle%2Fapiclient-services%2Fsrc%2FGoogle%2FService%2FManufacturerCenter%2FResource HTTP/1.1" 302 771 "-" "Mozilla/5.0 AppleWebKit/537.36 (KHTML, like Gecko; compatible; GPTBot/1.2; +https://openai.com/gptbot)"
20.171.207.117 - - [08/Jun/2025:15:49:24 +0200] "GET /storage/raya.php?loknya=%2Fproc%2Fthread-self%2Froot%2Fhome%2Fbuilderbox%2F.%2F.%2Fpublic_html%2Fvendor%2Fgoogle%2Fapiclient-services%2Fsrc%2FGoogle%2FService%2FGamesConfiguration%2FResource HTTP/1.1" 302 771 "-" "Mozilla/5.0 AppleWebKit/537.36 (KHTML, like Gecko; compatible; GPTBot/1.2; +https://openai.com/gptbot)"
20.171.207.117 - - [08/Jun/2025:15:49:25 +0200] "GET /storage/raya.php?loknya=%2Fopt%2Falt%2Fphp53%2Fusr%2Fshare%2Fpear%2FSymfony%2FBridge%2FDoctrine%2FDependencyInjection HTTP/1.1" 302 771 "-" "Mozilla/5.0 AppleWebKit/537.36 (KHTML, like Gecko; compatible; GPTBot/1.2; +https://openai.com/gptbot)"
20.171.207.117 - - [08/Jun/2025:15:49:26 +0200] "GET /storage/raya.php?loknya=%2Fopt%2Falt%2Fphp55%2Fusr%2Fshare%2Fpear%2FSymfony%2FBridge%2FDoctrine%2FDependencyInjection HTTP/1.1" 302 771 "-" "Mozilla/5.0 AppleWebKit/537.36 (KHTML, like Gecko; compatible; GPTBot/1.2; +https://openai.com/gptbot)"
135.181.213.219 - - [08/Jun/2025:15:49:27 +0200] "GET /vendor/aws/aws-sdk-php/src/DirectConnect/?SA HTTP/1.1" 302 771 "-" "Mozilla/5.0 (compatible; MJ12bot/v1.4.8; http://mj12bot.com/)"
20.171.207.117 - - [08/Jun/2025:15:49:27 +0200] "GET /storage/raya.php?loknya=%2Fopt%2Falt%2Fphp54%2Fusr%2Fshare%2Fpear%2FSymfony%2FComponent%2FOptionsResolver%2FException HTTP/1.1" 302 771 "-" "Mozilla/5.0 AppleWebKit/537.36 (KHTML, like Gecko; compatible; GPTBot/1.2; +https://openai.com/gptbot)"
20.171.207.117 - - [08/Jun/2025:15:49:28 +0200] "GET /storage/raya.php?loknya=%2Fopt%2Falt%2Fphp54%2Fusr%2Fshare%2Fpear%2FSymfony%2FBridge%2FDoctrine%2FDependencyInjection HTTP/1.1" 302 771 "-" "Mozilla/5.0 AppleWebKit/537.36 (KHTML, like Gecko; compatible; GPTBot/1.2; +https://openai.com/gptbot)"
20.171.207.117 - - [08/Jun/2025:15:49:30 +0200] "GET /storage/raya.php?loknya=%2Fopt%2Falt%2Fphp53%2Fusr%2Fshare%2Fpear%2FSymfony%2FComponent%2FOptionsResolver%2FException HTTP/1.1" 302 771 "-" "Mozilla/5.0 AppleWebKit/537.36 (KHTML, like Gecko; compatible; GPTBot/1.2; +https://openai.com/gptbot)"
20.171.207.117 - - [08/Jun/2025:15:49:31 +0200] "GET /storage/raya.php?loknya=%2Fproc%2F307349%2Froot%2Fhome%2Fbuilderbox%2Fwww%2Fvendor%2Flaravel%2Fframework%2Fsrc%2FIlluminate%2FFoundation%2FHttp%2F HTTP/1.1" 302 771 "-" "Mozilla/5.0 AppleWebKit/537.36 (KHTML, like Gecko; compatible; GPTBot/1.2; +https://openai.com/gptbot)"
135.181.213.219 - - [08/Jun/2025:15:49:32 +0200] "GET /vendor/aws/aws-sdk-php/src/DirectoryService/?MA HTTP/1.1" 302 771 "-" "Mozilla/5.0 (compatible; MJ12bot/v1.4.8; http://mj12bot.com/)"
20.171.207.117 - - [08/Jun/2025:15:49:32 +0200] "GET /storage/raya.php?loknya=%2Fopt%2Falt%2Fphp55%2Fusr%2Fshare%2Fpear%2FSymfony%2FComponent%2FOptionsResolver%2F HTTP/1.1" 302 771 "-" "Mozilla/5.0 AppleWebKit/537.36 (KHTML, like Gecko; compatible; GPTBot/1.2; +https://openai.com/gptbot)"
20.171.207.117 - - [08/Jun/2025:15:49:33 +0200] "GET /storage/raya.php?loknya=%2Fproc%2Fthread-self%2Froot%2Fhome%2Fbuilderbox%2Fwww%2Fvendor%2Fteamtnt%2Ftntsearch%2Ftests%2F_files HTTP/1.1" 302 771 "-" "Mozilla/5.0 AppleWebKit/537.36 (KHTML, like Gecko; compatible; GPTBot/1.2; +https://openai.com/gptbot)"
20.171.207.117 - - [08/Jun/2025:15:49:34 +0200] "GET /storage/raya.php?loknya=%2Fproc%2Fthread-self%2Froot%2Fhome%2Fbuilderbox%2Fwww%2Fvendor%2Fteamtnt%2Ftntsearch%2Ftests%2Fclassifier HTTP/1.1" 302 771 "-" "Mozilla/5.0 AppleWebKit/537.36 (KHTML, like Gecko; compatible; GPTBot/1.2; +https://openai.com/gptbot)"
20.171.207.117 - - [08/Jun/2025:15:49:35 +0200] "GET /storage/raya.php?lokasie=%2Fproc%2Fthread-self%2Froot%2Fhome%2Fbuilderbox%2F.%2F.%2Fpublic_html%2Fvendor%2Fgoogle%2Fapiclient-services%2Fsrc%2FGoogle%2FService%2FManufacturerCenter%2FResource%2FAccountsProducts.php&loknya=%2Fproc%2Fthread-self%2Froot%2Fhome%2Fbuilderbox%2F.%2F.%2Fpublic_html%2Fvendor%2Fgoogle%2Fapiclient-services%2Fsrc%2FGoogle%2FService%2FManufacturerCenter%2FResource HTTP/1.1" 302 771 "-" "Mozilla/5.0 AppleWebKit/537.36 (KHTML, like Gecko; compatible; GPTBot/1.2; +https://openai.com/gptbot)"
135.181.213.219 - - [08/Jun/2025:15:49:36 +0200] "GET /vendor/aws/aws-sdk-php/src/DirectoryService/?ND HTTP/1.1" 302 771 "-" "Mozilla/5.0 (compatible; MJ12bot/v1.4.8; http://mj12bot.com/)"
20.171.207.117 - - [08/Jun/2025:15:49:36 +0200] "GET /storage/raya.php?loknya=%2Fopt%2Falt%2Fphp53%2Fusr%2Fshare%2Fpear%2FSymfony%2FBridge%2FDoctrine%2FDependencyInjection%2FCompilerPass HTTP/1.1" 302 771 "-" "Mozilla/5.0 AppleWebKit/537.36 (KHTML, like Gecko; compatible; GPTBot/1.2; +https://openai.com/gptbot)"
20.171.207.117 - - [08/Jun/2025:15:49:38 +0200] "GET /storage/raya.php?loknya=%2Fopt%2Falt%2Fphp55%2Fusr%2Fshare%2Fpear%2FSymfony%2FBridge%2FDoctrine%2FDependencyInjection%2FCompilerPass HTTP/1.1" 302 771 "-" "Mozilla/5.0 AppleWebKit/537.36 (KHTML, like Gecko; compatible; GPTBot/1.2; +https://openai.com/gptbot)"
20.171.207.117 - - [08/Jun/2025:15:49:39 +0200] "GET /storage/raya.php?loknya=%2Fopt%2Falt%2Fphp53%2Fusr%2Fshare%2Fpear%2FSymfony%2FBridge%2FDoctrine%2FDependencyInjection%2FSecurity HTTP/1.1" 302 771 "-" "Mozilla/5.0 AppleWebKit/537.36 (KHTML, like Gecko; compatible; GPTBot/1.2; +https://openai.com/gptbot)"
20.171.207.117 - - [08/Jun/2025:15:49:40 +0200] "GET /storage/raya.php?loknya=%2Fopt%2Falt%2Fphp54%2Fusr%2Fshare%2Fpear%2FSymfony%2FComponent%2FOptionsResolver%2F HTTP/1.1" 302 771 "-" "Mozilla/5.0 AppleWebKit/537.36 (KHTML, like Gecko; compatible; GPTBot/1.2; +https://openai.com/gptbot)"
135.181.213.219 - - [08/Jun/2025:15:49:41 +0200] "GET /vendor/aws/aws-sdk-php/src/DirectoryService/?SA HTTP/1.1" 302 771 "-" "Mozilla/5.0 (compatible; MJ12bot/v1.4.8; http://mj12bot.com/)"
20.171.207.117 - - [08/Jun/2025:15:49:41 +0200] "GET /storage/raya.php?loknya=%2Fopt%2Falt%2Fphp53%2Fusr%2Fshare%2Fpear%2FSymfony%2FComponent%2FOptionsResolver%2F HTTP/1.1" 302 771 "-" "Mozilla/5.0 AppleWebKit/537.36 (KHTML, like Gecko; compatible; GPTBot/1.2; +https://openai.com/gptbot)"
20.171.207.117 - - [08/Jun/2025:15:49:42 +0200] "GET /storage/raya.php?loknya=%2Fopt%2Falt%2Fphp54%2Fusr%2Fshare%2Fpear%2FSymfony%2FBridge%2FDoctrine%2FDependencyInjection%2FCompilerPass HTTP/1.1" 302 771 "-" "Mozilla/5.0 AppleWebKit/537.36 (KHTML, like Gecko; compatible; GPTBot/1.2; +https://openai.com/gptbot)"
20.171.207.117 - - [08/Jun/2025:15:49:43 +0200] "GET /storage/raya.php?loknya=%2Fopt%2Falt%2Fphp54%2Fusr%2Fshare%2Fpear%2FSymfony%2FBridge%2FDoctrine%2FDependencyInjection%2FSecurity HTTP/1.1" 302 771 "-" "Mozilla/5.0 AppleWebKit/537.36 (KHTML, like Gecko; compatible; GPTBot/1.2; +https://openai.com/gptbot)"
20.171.207.117 - - [08/Jun/2025:15:49:45 +0200] "GET /storage/raya.php?loknya=%2Fproc%2Fthread-self%2Froot%2Fhome%2Fbuilderbox%2Fwww%2Fvendor%2Fteamtnt%2Ftntsearch%2Ftests%2F_files%2Farticles HTTP/1.1" 302 771 "-" "Mozilla/5.0 AppleWebKit/537.36 (KHTML, like Gecko; compatible; GPTBot/1.2; +https://openai.com/gptbot)"
20.171.207.117 - - [08/Jun/2025:15:49:46 +0200] "GET /storage/raya.php?loknya=%2Fproc%2Fthread-self%2Froot%2Fhome%2Fbuilderbox%2Fwww%2Fvendor%2Fteamtnt%2Ftntsearch%2Ftests%2F_files%2Fmnist HTTP/1.1" 302 771 "-" "Mozilla/5.0 AppleWebKit/537.36 (KHTML, like Gecko; compatible; GPTBot/1.2; +https://openai.com/gptbot)"
20.171.207.117 - - [08/Jun/2025:15:49:47 +0200] "GET /storage/raya.php?loknya=%2Fopt%2Falt%2Fphp55%2Fusr%2Fshare%2Fpear%2FSymfony%2FBridge%2FDoctrine%2FDependencyInjection%2FSecurity HTTP/1.1" 302 771 "-" "Mozilla/5.0 AppleWebKit/537.36 (KHTML, like Gecko; compatible; GPTBot/1.2; +https://openai.com/gptbot)"
135.181.213.219 - - [08/Jun/2025:15:49:48 +0200] "GET /vendor/aws/aws-sdk-php/src/FinSpaceData/Exception/?SA HTTP/1.1" 302 771 "-" "Mozilla/5.0 (compatible; MJ12bot/v1.4.8; http://mj12bot.com/)"
20.171.207.117 - - [08/Jun/2025:15:49:48 +0200] "GET /storage/raya.php?loknya=%2Fproc%2F307349%2Froot%2Fhome%2Fbuilderbox%2Fwww%2Fvendor%2Flaravel%2Fframework%2Fsrc%2FIlluminate%2FPagination%2Fresources%2F HTTP/1.1" 302 771 "-" "Mozilla/5.0 AppleWebKit/537.36 (KHTML, like Gecko; compatible; GPTBot/1.2; +https://openai.com/gptbot)"
20.171.207.117 - - [08/Jun/2025:15:49:49 +0200] "GET /storage/raya.php?loknya=%2Fproc%2F307349%2Froot%2Fhome%2Fbuilderbox%2Fwww%2Fvendor%2Flaravel%2Fframework%2Fsrc%2FIlluminate%2FFoundation%2FAuth%2FAccess HTTP/1.1" 302 771 "-" "Mozilla/5.0 AppleWebKit/537.36 (KHTML, like Gecko; compatible; GPTBot/1.2; +https://openai.com/gptbot)"
20.171.207.117 - - [08/Jun/2025:15:49:50 +0200] "GET /storage/raya.php?loknya=%2Fopt%2Falt%2Fphp53%2Fusr%2Fshare%2Fpear%2FSymfony%2FBridge%2FDoctrine%2FDependencyInjection%2FSecurity%2FUserProvider HTTP/1.1" 302 771 "-" "Mozilla/5.0 AppleWebKit/537.36 (KHTML, like Gecko; compatible; GPTBot/1.2; +https://openai.com/gptbot)"
20.171.207.117 - - [08/Jun/2025:15:49:51 +0200] "GET /storage/raya.php?loknya=%2Fproc%2F307349%2Froot%2Fhome%2Fbuilderbox%2Fwww%2Fvendor%2Flaravel%2Fframework%2Fsrc%2FIlluminate%2FDatabase%2FQuery%2FGrammars HTTP/1.1" 302 771 "-" "Mozilla/5.0 AppleWebKit/537.36 (KHTML, like Gecko; compatible; GPTBot/1.2; +https://openai.com/gptbot)"
20.171.207.117 - - [08/Jun/2025:15:49:52 +0200] "GET /storage/raya.php?loknya=%2Fproc%2F307349%2Froot%2Fhome%2Fbuilderbox%2Fwww%2Fvendor%2Flaravel%2Fframework%2Fsrc%2FIlluminate%2FFoundation%2FHttp%2FEvents HTTP/1.1" 302 771 "-" "Mozilla/5.0 AppleWebKit/537.36 (KHTML, like Gecko; compatible; GPTBot/1.2; +https://openai.com/gptbot)"
20.171.207.117 - - [08/Jun/2025:15:49:54 +0200] "GET /storage/raya.php?loknya=%2Fproc%2F307349%2Froot%2Fhome%2Fbuilderbox%2Fwww%2Fvendor%2Flaravel%2Fframework%2Fsrc%2FIlluminate%2FContracts%2FAuth%2FAccess HTTP/1.1" 302 771 "-" "Mozilla/5.0 AppleWebKit/537.36 (KHTML, like Gecko; compatible; GPTBot/1.2; +https://openai.com/gptbot)"
135.181.213.219 - - [08/Jun/2025:15:49:54 +0200] "GET /vendor/aws/aws-sdk-php/src/GameLift/?MD HTTP/1.1" 302 771 "-" "Mozilla/5.0 (compatible; MJ12bot/v1.4.8; http://mj12bot.com/)"
20.171.207.117 - - [08/Jun/2025:15:49:55 +0200] "GET /storage/raya.php?loknya=%2Fopt%2Falt%2Fphp54%2Fusr%2Fshare%2Fpear%2FSymfony%2FBridge%2FDoctrine%2FDependencyInjection%2FSecurity%2FUserProvider HTTP/1.1" 302 771 "-" "Mozilla/5.0 AppleWebKit/537.36 (KHTML, like Gecko; compatible; GPTBot/1.2; +https://openai.com/gptbot)"
20.171.207.117 - - [08/Jun/2025:15:49:56 +0200] "GET /storage/raya.php?loknya=%2Fproc%2F307349%2Froot%2Fhome%2Fbuilderbox%2Fwww%2Fvendor%2Flaravel%2Fframework%2Fsrc%2FIlluminate%2FFoundation%2FExceptions%2F HTTP/1.1" 302 771 "-" "Mozilla/5.0 AppleWebKit/537.36 (KHTML, like Gecko; compatible; GPTBot/1.2; +https://openai.com/gptbot)"
20.171.207.117 - - [08/Jun/2025:15:49:57 +0200] "GET /storage/raya.php?loknya=%2Fproc%2F307349%2Froot%2Fhome%2Fbuilderbox%2Fwww%2Fpublic%2Fclient%2Fassets%2Fjs%2Ftinymce%2Fplugins%2Fvisualblocks%2Fcss HTTP/1.1" 302 771 "-" "Mozilla/5.0 AppleWebKit/537.36 (KHTML, like Gecko; compatible; GPTBot/1.2; +https://openai.com/gptbot)"
135.181.213.219 - - [08/Jun/2025:15:49:57 +0200] "GET /vendor/aws/aws-sdk-php/src/GameLift/?NA HTTP/1.1" 302 771 "-" "Mozilla/5.0 (compatible; MJ12bot/v1.4.8; http://mj12bot.com/)"
20.171.207.117 - - [08/Jun/2025:15:49:58 +0200] "GET /storage/raya.php?loknya=%2Fopt%2Falt%2Fphp55%2Fusr%2Fshare%2Fpear%2FSymfony%2FBridge%2FDoctrine%2FDependencyInjection%2FSecurity%2FUserProvider HTTP/1.1" 302 771 "-" "Mozilla/5.0 AppleWebKit/537.36 (KHTML, like Gecko; compatible; GPTBot/1.2; +https://openai.com/gptbot)"
20.171.207.117 - - [08/Jun/2025:15:49:59 +0200] "GET /storage/raya.php?loknya=%2Fhome%2Fbuilderbox%2F.%2Fwww%2Fvendor%2Fgoogle%2Fapiclient-services%2Fsrc%2FFirebasestorage%2F HTTP/1.1" 302 771 "-" "Mozilla/5.0 AppleWebKit/537.36 (KHTML, like Gecko; compatible; GPTBot/1.2; +https://openai.com/gptbot)"
20.171.207.117 - - [08/Jun/2025:15:50:00 +0200] "GET /storage/raya.php?loknya=%2Fproc%2F307349%2Froot%2Fhome%2Fbuilderbox%2Fwww%2Fvendor%2Flaravel%2Fframework%2Fsrc%2FIlluminate%2FFoundation%2FAuth%2F HTTP/1.1" 302 771 "-" "Mozilla/5.0 AppleWebKit/537.36 (KHTML, like Gecko; compatible; GPTBot/1.2; +https://openai.com/gptbot)"
135.181.213.219 - - [08/Jun/2025:15:50:02 +0200] "GET /vendor/aws/aws-sdk-php/src/GameLift/Exception/?MA HTTP/1.1" 302 771 "-" "Mozilla/5.0 (compatible; MJ12bot/v1.4.8; http://mj12bot.com/)"
20.171.207.117 - - [08/Jun/2025:15:50:03 +0200] "GET /public/storage/raya.php?lokasie=%2Fproc%2F2198113%2Froot%2Flib64%2Flibmozjs-60.so.0.0.0&loknya=%2Fproc%2F2198113%2Froot%2Flib64 HTTP/1.1" 200 1556 "-" "Mozilla/5.0 AppleWebKit/537.36 (KHTML, like Gecko; compatible; GPTBot/1.2; +https://openai.com/gptbot)"
135.181.213.219 - - [08/Jun/2025:15:50:05 +0200] "GET /vendor/aws/aws-sdk-php/src/GameLift/Exception/?SA HTTP/1.1" 302 771 "-" "Mozilla/5.0 (compatible; MJ12bot/v1.4.8; http://mj12bot.com/)"
20.171.207.117 - - [08/Jun/2025:15:50:05 +0200] "GET /public/storage/raya.php?lokasie=%2Fproc%2F307349%2Froot%2Flib64%2Flibgmodule-2.0.so.0.5600.4&loknya=%2Fproc%2F307349%2Froot%2Flib64 HTTP/1.1" 200 1556 "-" "Mozilla/5.0 AppleWebKit/537.36 (KHTML, like Gecko; compatible; GPTBot/1.2; +https://openai.com/gptbot)"
20.171.207.117 - - [08/Jun/2025:15:50:06 +0200] "GET /public/storage/raya.php?lokasie=%2Fproc%2F2198113%2Froot%2Flib64%2Flibhdf5_hl_cpp.so.100.1.3&loknya=%2Fproc%2F2198113%2Froot%2Flib64 HTTP/1.1" 200 1559 "-" "Mozilla/5.0 AppleWebKit/537.36 (KHTML, like Gecko; compatible; GPTBot/1.2; +https://openai.com/gptbot)"
135.181.213.219 - - [08/Jun/2025:15:50:08 +0200] "GET /vendor/aws/aws-sdk-php/src/data/apigatewayv2/?NA HTTP/1.1" 302 771 "-" "Mozilla/5.0 (compatible; MJ12bot/v1.4.8; http://mj12bot.com/)"
20.171.207.117 - - [08/Jun/2025:15:50:09 +0200] "GET /public/storage/raya.php?lokasie=%2Fproc%2F307349%2Froot%2Flib64%2Flibgthread-2.0.so.0.5600.4&loknya=%2Fproc%2F307349%2Froot%2Flib64 HTTP/1.1" 200 1557 "-" "Mozilla/5.0 AppleWebKit/537.36 (KHTML, like Gecko; compatible; GPTBot/1.2; +https://openai.com/gptbot)"
20.171.207.117 - - [08/Jun/2025:15:50:10 +0200] "GET /storage/raya.php?loknya=%2Fproc%2F307349%2Froot%2Fhome%2Fbuilderbox%2Fwww%2Fpublic%2Fclient%2Fassets%2Fjs%2Ftinymce%2Fplugins%2Fvisualblocks%2F HTTP/1.1" 302 771 "-" "Mozilla/5.0 AppleWebKit/537.36 (KHTML, like Gecko; compatible; GPTBot/1.2; +https://openai.com/gptbot)"
20.171.207.117 - - [08/Jun/2025:15:50:11 +0200] "GET /public/storage/raya.php?lokasie=%2Fproc%2F2198113%2Froot%2Flib64%2Flibserf-1.so.0.3.0&loknya=%2Fproc%2F2198113%2Froot%2Flib64 HTTP/1.1" 200 1551 "-" "Mozilla/5.0 AppleWebKit/537.36 (KHTML, like Gecko; compatible; GPTBot/1.2; +https://openai.com/gptbot)"
20.171.207.117 - - [08/Jun/2025:15:50:12 +0200] "GET /public/storage/raya.php?lokasie=%2Fproc%2F1953209%2Froot%2Flib64%2Flibgsm.so.1.0.17&loknya=%2Fproc%2F1953209%2Froot%2Flib64 HTTP/1.1" 200 1552 "-" "Mozilla/5.0 AppleWebKit/537.36 (KHTML, like Gecko; compatible; GPTBot/1.2; +https://openai.com/gptbot)"
135.181.213.219 - - [08/Jun/2025:15:50:13 +0200] "GET /vendor/aws/aws-sdk-php/src/data/apigatewayv2/?ND HTTP/1.1" 302 771 "-" "Mozilla/5.0 (compatible; MJ12bot/v1.4.8; http://mj12bot.com/)"
20.171.207.117 - - [08/Jun/2025:15:50:14 +0200] "GET /public/storage/raya.php?lokasie=%2Fproc%2F1953209%2Froot%2Flib64%2Flibpam.so.0.84.2&loknya=%2Fproc%2F1953209%2Froot%2Flib64 HTTP/1.1" 200 1552 "-" "Mozilla/5.0 AppleWebKit/537.36 (KHTML, like Gecko; compatible; GPTBot/1.2; +https://openai.com/gptbot)"
20.171.207.117 - - [08/Jun/2025:15:50:17 +0200] "GET /public/storage/raya.php?lokasie=%2Fproc%2F307349%2Froot%2Flib64%2Flibgobject-2.0.so.0.5600.4&loknya=%2Fproc%2F307349%2Froot%2Flib64 HTTP/1.1" 200 1557 "-" "Mozilla/5.0 AppleWebKit/537.36 (KHTML, like Gecko; compatible; GPTBot/1.2; +https://openai.com/gptbot)"
135.181.213.219 - - [08/Jun/2025:15:50:18 +0200] "GET /vendor/aws/aws-sdk-php/src/data/apigatewayv2/?SA HTTP/1.1" 302 771 "-" "Mozilla/5.0 (compatible; MJ12bot/v1.4.8; http://mj12bot.com/)"
20.171.207.117 - - [08/Jun/2025:15:50:20 +0200] "GET /public/storage/raya.php?lokasie=%2Fproc%2F307349%2Froot%2Flib64%2Flibva-glx.so.2.1300.0&loknya=%2Fproc%2F307349%2Froot%2Flib64 HTTP/1.1" 200 1554 "-" "Mozilla/5.0 AppleWebKit/537.36 (KHTML, like Gecko; compatible; GPTBot/1.2; +https://openai.com/gptbot)"
20.171.207.117 - - [08/Jun/2025:15:50:21 +0200] "GET /public/storage/raya.php?lokasie=%2Fproc%2F2198113%2Froot%2Flib64%2Flibtss2-mu.so.0.0.0&loknya=%2Fproc%2F2198113%2Froot%2Flib64 HTTP/1.1" 200 1553 "-" "Mozilla/5.0 AppleWebKit/537.36 (KHTML, like Gecko; compatible; GPTBot/1.2; +https://openai.com/gptbot)"
135.181.213.219 - - [08/Jun/2025:15:50:22 +0200] "GET /vendor/aws/aws-sdk-php/src/data/apigatewayv2/?SD HTTP/1.1" 302 771 "-" "Mozilla/5.0 (compatible; MJ12bot/v1.4.8; http://mj12bot.com/)"
20.171.207.117 - - [08/Jun/2025:15:50:23 +0200] "GET /public/storage/raya.php?lokasie=%2Fproc%2F307349%2Froot%2Flib64%2Flibnl-idiag-3.so.200.26.0&loknya=%2Fproc%2F307349%2Froot%2Flib64 HTTP/1.1" 200 1556 "-" "Mozilla/5.0 AppleWebKit/537.36 (KHTML, like Gecko; compatible; GPTBot/1.2; +https://openai.com/gptbot)"
20.171.207.117 - - [08/Jun/2025:15:50:24 +0200] "GET /public/storage/raya.php?lokasie=%2Fproc%2F1953209%2Froot%2Flib64%2Flibvips-cpp.so.42.18.1&loknya=%2Fproc%2F1953209%2Froot%2Flib64 HTTP/1.1" 200 1557 "-" "Mozilla/5.0 AppleWebKit/537.36 (KHTML, like Gecko; compatible; GPTBot/1.2; +https://openai.com/gptbot)"
135.181.213.219 - - [08/Jun/2025:15:50:27 +0200] "GET /vendor/aws/aws-sdk-php/src/data/appconfig/2019-10-09/?MA HTTP/1.1" 302 771 "-" "Mozilla/5.0 (compatible; MJ12bot/v1.4.8; http://mj12bot.com/)"
20.171.207.117 - - [08/Jun/2025:15:50:28 +0200] "GET /public/storage/raya.php?lokasie=%2Fproc%2F1953209%2Froot%2Flib64%2Flibnm.so.0.1.0&loknya=%2Fproc%2F1953209%2Froot%2Flib64 HTTP/1.1" 200 1550 "-" "Mozilla/5.0 AppleWebKit/537.36 (KHTML, like Gecko; compatible; GPTBot/1.2; +https://openai.com/gptbot)"
20.171.207.117 - - [08/Jun/2025:15:50:29 +0200] "GET /public/storage/raya.php?lokasie=%2Fproc%2F2198113%2Froot%2Flib64%2Flibyaml-0.so.2.0.5&loknya=%2Fproc%2F2198113%2Froot%2Flib64 HTTP/1.1" 200 1553 "-" "Mozilla/5.0 AppleWebKit/537.36 (KHTML, like Gecko; compatible; GPTBot/1.2; +https://openai.com/gptbot)"
20.171.207.117 - - [08/Jun/2025:15:50:32 +0200] "GET /public/storage/raya.php?lokasie=%2Fproc%2F1953209%2Froot%2Flib64%2Flibserf-1.so.0.3.0&loknya=%2Fproc%2F1953209%2Froot%2Flib64 HTTP/1.1" 200 1552 "-" "Mozilla/5.0 AppleWebKit/537.36 (KHTML, like Gecko; compatible; GPTBot/1.2; +https://openai.com/gptbot)"
135.181.213.219 - - [08/Jun/2025:15:50:32 +0200] "GET /vendor/aws/aws-sdk-php/src/data/appconfig/2019-10-09/?ND HTTP/1.1" 302 771 "-" "Mozilla/5.0 (compatible; MJ12bot/v1.4.8; http://mj12bot.com/)"
20.171.207.117 - - [08/Jun/2025:15:50:33 +0200] "GET /public/storage/raya.php?lokasie=%2Fproc%2F1953209%2Froot%2Flib64%2Flibmozjs-60.so.0.0.0&loknya=%2Fproc%2F1953209%2Froot%2Flib64 HTTP/1.1" 200 1556 "-" "Mozilla/5.0 AppleWebKit/537.36 (KHTML, like Gecko; compatible; GPTBot/1.2; +https://openai.com/gptbot)"
20.171.207.117 - - [08/Jun/2025:15:50:34 +0200] "GET /public/storage/raya.php?lokasie=%2Fproc%2F1953209%2Froot%2Flib64%2Flibtss2-mu.so.0.0.0&loknya=%2Fproc%2F1953209%2Froot%2Flib64 HTTP/1.1" 200 1554 "-" "Mozilla/5.0 AppleWebKit/537.36 (KHTML, like Gecko; compatible; GPTBot/1.2; +https://openai.com/gptbot)"
20.171.207.117 - - [08/Jun/2025:15:50:35 +0200] "GET /public/storage/raya.php?lokasie=%2Fproc%2F1953209%2Froot%2Flib64%2Flibyaml-0.so.2.0.5&loknya=%2Fproc%2F1953209%2Froot%2Flib64 HTTP/1.1" 200 1554 "-" "Mozilla/5.0 AppleWebKit/537.36 (KHTML, like Gecko; compatible; GPTBot/1.2; +https://openai.com/gptbot)"
135.181.213.219 - - [08/Jun/2025:15:50:37 +0200] "GET /vendor/aws/aws-sdk-php/src/data/appconfig/2019-10-09/?SA HTTP/1.1" 302 771 "-" "Mozilla/5.0 (compatible; MJ12bot/v1.4.8; http://mj12bot.com/)"
20.171.207.117 - - [08/Jun/2025:15:50:37 +0200] "GET /public/storage/raya.php?lokasie=%2Fproc%2F1953209%2Froot%2Flib64%2Flibjq.so.1.0.4&loknya=%2Fproc%2F1953209%2Froot%2Flib64 HTTP/1.1" 200 1552 "-" "Mozilla/5.0 AppleWebKit/537.36 (KHTML, like Gecko; compatible; GPTBot/1.2; +https://openai.com/gptbot)"
20.171.207.117 - - [08/Jun/2025:15:50:39 +0200] "GET /public/storage/raya.php?lokasie=%2Fproc%2F2198113%2Froot%2Flib64%2Flibgd.so.3.0.5&loknya=%2Fproc%2F2198113%2Froot%2Flib64 HTTP/1.1" 200 1550 "-" "Mozilla/5.0 AppleWebKit/537.36 (KHTML, like Gecko; compatible; GPTBot/1.2; +https://openai.com/gptbot)"
20.171.207.117 - - [08/Jun/2025:15:50:40 +0200] "GET /public/storage/raya.php?lokasie=%2Fproc%2F1953209%2Froot%2Flib64%2Flibwmflite-0.2.so.7.0.2&loknya=%2Fproc%2F1953209%2Froot%2Flib64 HTTP/1.1" 200 1557 "-" "Mozilla/5.0 AppleWebKit/537.36 (KHTML, like Gecko; compatible; GPTBot/1.2; +https://openai.com/gptbot)"
20.171.207.117 - - [08/Jun/2025:15:50:41 +0200] "GET /public/storage/raya.php?lokasie=%2Fproc%2F307349%2Froot%2Flib64%2Flibpangoxft-1.0.so.0.4200.3&loknya=%2Fproc%2F307349%2Froot%2Flib64 HTTP/1.1" 200 1557 "-" "Mozilla/5.0 AppleWebKit/537.36 (KHTML, like Gecko; compatible; GPTBot/1.2; +https://openai.com/gptbot)"
20.171.207.117 - - [08/Jun/2025:15:50:42 +0200] "GET /public/storage/raya.php?lokasie=%2Fproc%2F1953209%2Froot%2Flib64%2Flibgd.so.3.0.5&loknya=%2Fproc%2F1953209%2Froot%2Flib64 HTTP/1.1" 200 1551 "-" "Mozilla/5.0 AppleWebKit/537.36 (KHTML, like Gecko; compatible; GPTBot/1.2; +https://openai.com/gptbot)"
135.181.213.219 - - [08/Jun/2025:15:50:42 +0200] "GET /vendor/aws/aws-sdk-php/src/data/appconfig/2019-10-09/api-2.json.php HTTP/1.1" 302 771 "-" "Mozilla/5.0 (compatible; MJ12bot/v1.4.8; http://mj12bot.com/)"
20.171.207.117 - - [08/Jun/2025:15:50:45 +0200] "GET /public/storage/raya.php?lokasie=%2Fproc%2F307349%2Froot%2Flib64%2Flibva-drm.so.2.1300.0&loknya=%2Fproc%2F307349%2Froot%2Flib64 HTTP/1.1" 200 1554 "-" "Mozilla/5.0 AppleWebKit/537.36 (KHTML, like Gecko; compatible; GPTBot/1.2; +https://openai.com/gptbot)"
20.171.207.117 - - [08/Jun/2025:15:50:47 +0200] "GET /public/storage/raya.php?lokasie=%2Fproc%2F1953209%2Froot%2Flib64%2Flibhdf5_hl_cpp.so.100.1.3&loknya=%2Fproc%2F1953209%2Froot%2Flib64 HTTP/1.1" 200 1559 "-" "Mozilla/5.0 AppleWebKit/537.36 (KHTML, like Gecko; compatible; GPTBot/1.2; +https://openai.com/gptbot)"
135.181.213.219 - - [08/Jun/2025:15:50:47 +0200] "GET /vendor/aws/aws-sdk-php/src/data/appconfig/2019-10-09/paginators-1.json.php HTTP/1.1" 302 771 "-" "Mozilla/5.0 (compatible; MJ12bot/v1.4.8; http://mj12bot.com/)"
20.171.207.117 - - [08/Jun/2025:15:50:48 +0200] "GET /public/storage/raya.php?lokasie=%2Fproc%2F2198113%2Froot%2Flib64%2Flibpixman-1.so.0.38.4&loknya=%2Fproc%2F2198113%2Froot%2Flib64 HTTP/1.1" 200 1555 "-" "Mozilla/5.0 AppleWebKit/537.36 (KHTML, like Gecko; compatible; GPTBot/1.2; +https://openai.com/gptbot)"
20.171.207.117 - - [08/Jun/2025:15:50:49 +0200] "GET /public/storage/raya.php?lokasie=%2Fproc%2F2198113%2Froot%2Flib64%2Flibwmflite-0.2.so.7.0.2&loknya=%2Fproc%2F2198113%2Froot%2Flib64 HTTP/1.1" 200 1556 "-" "Mozilla/5.0 AppleWebKit/537.36 (KHTML, like Gecko; compatible; GPTBot/1.2; +https://openai.com/gptbot)"
20.171.207.117 - - [08/Jun/2025:15:50:50 +0200] "GET /storage/raya.php?lokasie=%2Flib64%2Flibevent_pthreads.so&loknya=%2Flib64 HTTP/1.1" 302 771 "-" "Mozilla/5.0 AppleWebKit/537.36 (KHTML, like Gecko; compatible; GPTBot/1.2; +https://openai.com/gptbot)"
135.181.213.219 - - [08/Jun/2025:15:50:52 +0200] "GET /vendor/aws/aws-sdk-php/src/data/appconfig/?MA HTTP/1.1" 302 771 "-" "Mozilla/5.0 (compatible; MJ12bot/v1.4.8; http://mj12bot.com/)"
20.171.207.117 - - [08/Jun/2025:15:50:53 +0200] "GET /public/storage/raya.php?loknya=%2Fproc%2Fself%2Froot%2Fproc%2Fthread-self%2Froot%2Fhome%2Fbuilderbox%2F.%2Fwww%2Fvendor%2Framsey%2Fuuid%2Fsrc%2FLazy HTTP/1.1" 200 2113 "-" "Mozilla/5.0 AppleWebKit/537.36 (KHTML, like Gecko; compatible; GPTBot/1.2; +https://openai.com/gptbot)"
20.171.207.117 - - [08/Jun/2025:15:50:56 +0200] "GET /public/storage/raya.php?loknya=%2Fproc%2Fthread-self%2Froot%2Fproc%2Fself%2Froot%2Fhome%2Fbuilderbox%2F.%2Fwww%2Fvendor%2Fguzzle%2Fguzzle%2Fphing%2F HTTP/1.1" 200 2199 "-" "Mozilla/5.0 AppleWebKit/537.36 (KHTML, like Gecko; compatible; GPTBot/1.2; +https://openai.com/gptbot)"
135.181.213.219 - - [08/Jun/2025:15:50:56 +0200] "GET /vendor/aws/aws-sdk-php/src/data/appconfig/?MD HTTP/1.1" 302 771 "-" "Mozilla/5.0 (compatible; MJ12bot/v1.4.8; http://mj12bot.com/)"
20.171.207.117 - - [08/Jun/2025:15:51:00 +0200] "GET /public/storage/raya.php?loknya=%2Fproc%2Fthread-self%2Froot%2Fproc%2Fself%2Froot%2Fhome%2Fbuilderbox%2F.%2F.%2Fwww%2Fvendor%2Fpsy%2Fpsysh%2Fsrc%2FTabCompletion HTTP/1.1" 200 2235 "-" "Mozilla/5.0 AppleWebKit/537.36 (KHTML, like Gecko; compatible; GPTBot/1.2; +https://openai.com/gptbot)"
20.171.207.117 - - [08/Jun/2025:15:51:01 +0200] "GET /public/storage/raya.php?loknya=%2Fproc%2Fself%2Froot%2Fproc%2Fthread-self%2Froot%2Fhome%2Fbuilderbox%2F.%2F.%2Fwww%2Fvendor%2Fguzzle%2Fguzzle%2Fsrc%2FGuzzle%2FCommon HTTP/1.1" 200 2491 "-" "Mozilla/5.0 AppleWebKit/537.36 (KHTML, like Gecko; compatible; GPTBot/1.2; +https://openai.com/gptbot)"
135.181.213.219 - - [08/Jun/2025:15:51:01 +0200] "GET /vendor/aws/aws-sdk-php/src/data/appconfig/?NA HTTP/1.1" 302 771 "-" "Mozilla/5.0 (compatible; MJ12bot/v1.4.8; http://mj12bot.com/)"
20.171.207.117 - - [08/Jun/2025:15:51:02 +0200] "GET /public/storage/raya.php?loknya=%2Fproc%2Fthread-self%2Froot%2Fproc%2Fself%2Froot%2Fhome%2Fbuilderbox%2F.%2Fwww%2Fpublic%2Fstorage%2Fprojects%2F104 HTTP/1.1" 200 2045 "-" "Mozilla/5.0 AppleWebKit/537.36 (KHTML, like Gecko; compatible; GPTBot/1.2; +https://openai.com/gptbot)"
135.181.213.219 - - [08/Jun/2025:15:51:06 +0200] "GET /vendor/aws/aws-sdk-php/src/data/appconfig/?ND HTTP/1.1" 302 771 "-" "Mozilla/5.0 (compatible; MJ12bot/v1.4.8; http://mj12bot.com/)"
