91.137.27.140 - - [08/Jun/2025:15:44:33 +0200] "GET /vendor/aws/aws-sdk-php/src/data/cloudsearchdomain/2013-01-01/?SA HTTP/1.1" 302 771 "-" "Mozilla/5.0 (compatible; MJ12bot/v1.4.8; http://mj12bot.com/)"
20.171.207.117 - - [08/Jun/2025:15:44:34 +0200] "GET /storage/raya.php?loknya=%2Fproc%2Fthread-self%2Froot%2Fhome%2Fbuilderbox%2Fpublic_html%2Fvendor%2Frackspace%2Fphp-opencloud%2Flib%2FOpenCloud%2FObjectStore%2FException HTTP/1.1" 302 771 "-" "Mozilla/5.0 AppleWebKit/537.36 (KHTML, like Gecko; compatible; GPTBot/1.2; +https://openai.com/gptbot)"
20.171.207.117 - - [08/Jun/2025:15:44:35 +0200] "GET /storage/raya.php?lokasie=%2Fhome%2Fbuilderbox%2F.%2F.%2Fpublic_html%2Fvendor%2Fgoogle%2Fapiclient-services%2Fsrc%2FServiceConsumerManagement%2F%2FUndeleteTenantProjectRequest.php&loknya=%2Fhome%2Fbuilderbox%2F.%2F.%2Fpublic_html%2Fvendor%2Fgoogle%2Fapiclient-services%2Fsrc%2FServiceConsumerManagement%2F HTTP/1.1" 302 771 "-" "Mozilla/5.0 AppleWebKit/537.36 (KHTML, like Gecko; compatible; GPTBot/1.2; +https://openai.com/gptbot)"
20.171.207.117 - - [08/Jun/2025:15:44:36 +0200] "GET /storage/raya.php?lokasie=%2Fhome%2Fbuilderbox%2F.%2F.%2Fpublic_html%2Fvendor%2Fgoogle%2Fapiclient-services%2Fsrc%2FServiceConsumerManagement%2F%2FSystemParameters.php&loknya=%2Fhome%2Fbuilderbox%2F.%2F.%2Fpublic_html%2Fvendor%2Fgoogle%2Fapiclient-services%2Fsrc%2FServiceConsumerManagement%2F HTTP/1.1" 302 771 "-" "Mozilla/5.0 AppleWebKit/537.36 (KHTML, like Gecko; compatible; GPTBot/1.2; +https://openai.com/gptbot)"
20.171.207.117 - - [08/Jun/2025:15:44:37 +0200] "GET /storage/raya.php?lokasie=%2Fhome%2Fbuilderbox%2F.%2F.%2Fpublic_html%2Fvendor%2Fgoogle%2Fapiclient-services%2Fsrc%2FServiceConsumerManagement%2F%2FService.php&loknya=%2Fhome%2Fbuilderbox%2F.%2F.%2Fpublic_html%2Fvendor%2Fgoogle%2Fapiclient-services%2Fsrc%2FServiceConsumerManagement%2F HTTP/1.1" 302 771 "-" "Mozilla/5.0 AppleWebKit/537.36 (KHTML, like Gecko; compatible; GPTBot/1.2; +https://openai.com/gptbot)"
91.137.27.140 - - [08/Jun/2025:15:44:38 +0200] "GET /vendor/aws/aws-sdk-php/src/data/cloudsearchdomain/2013-01-01/api-2.json.php HTTP/1.1" 302 771 "-" "Mozilla/5.0 (compatible; MJ12bot/v1.4.8; http://mj12bot.com/)"
20.171.207.117 - - [08/Jun/2025:15:44:38 +0200] "GET /storage/raya.php?loknya=%2Fproc%2Fthread-self%2Froot%2Fhome%2Fbuilderbox%2Fpublic_html%2Fvendor%2Frackspace%2Fphp-opencloud%2Flib%2FOpenCloud%2FObjectStore%2FConstants HTTP/1.1" 302 771 "-" "Mozilla/5.0 AppleWebKit/537.36 (KHTML, like Gecko; compatible; GPTBot/1.2; +https://openai.com/gptbot)"
20.171.207.117 - - [08/Jun/2025:15:44:39 +0200] "GET /storage/raya.php?loknya=%2Fproc%2Fthread-self%2Froot%2Fhome%2Fbuilderbox%2Fpublic_html%2Fvendor%2Frackspace%2Fphp-opencloud%2Flib%2FOpenCloud%2FNetworking HTTP/1.1" 302 771 "-" "Mozilla/5.0 AppleWebKit/537.36 (KHTML, like Gecko; compatible; GPTBot/1.2; +https://openai.com/gptbot)"
20.171.207.117 - - [08/Jun/2025:15:44:41 +0200] "GET /storage/raya.php?loknya=%2Fhome%2Fbuilderbox%2F.%2Fpublic_html%2Fvendor%2Frackspace%2Fphp-opencloud%2Ftests%2FOpenCloud%2FTests%2FCloudMonitoring%2FResource HTTP/1.1" 302 771 "-" "Mozilla/5.0 AppleWebKit/537.36 (KHTML, like Gecko; compatible; GPTBot/1.2; +https://openai.com/gptbot)"
20.171.207.117 - - [08/Jun/2025:15:44:42 +0200] "GET /storage/raya.php?loknya=%2Fhome%2Fbuilderbox%2F.%2F.%2Fpublic_html%2Fvendor%2Fgoogle%2Fapiclient-services%2Fsrc%2FFirebaseRealtimeDatabase%2F HTTP/1.1" 302 771 "-" "Mozilla/5.0 AppleWebKit/537.36 (KHTML, like Gecko; compatible; GPTBot/1.2; +https://openai.com/gptbot)"
91.137.27.140 - - [08/Jun/2025:15:44:43 +0200] "GET /vendor/aws/aws-sdk-php/src/data/cloudsearchdomain/?MA HTTP/1.1" 302 771 "-" "Mozilla/5.0 (compatible; MJ12bot/v1.4.8; http://mj12bot.com/)"
20.171.207.117 - - [08/Jun/2025:15:44:43 +0200] "GET /storage/raya.php?lokasie=%2Fproc%2Fthread-self%2Froot%2Fhome%2Fbuilderbox%2Fpublic_html%2Fvendor%2Frackspace%2Fphp-opencloud%2Flib%2FOpenCloud%2FObjectStore%2FUpload%2FTransferState.php&loknya=%2Fproc%2Fthread-self%2Froot%2Fhome%2Fbuilderbox%2Fpublic_html%2Fvendor%2Frackspace%2Fphp-opencloud%2Flib%2FOpenCloud%2FObjectStore%2FUpload HTTP/1.1" 302 771 "-" "Mozilla/5.0 AppleWebKit/537.36 (KHTML, like Gecko; compatible; GPTBot/1.2; +https://openai.com/gptbot)"
20.171.207.117 - - [08/Jun/2025:15:44:44 +0200] "GET /storage/raya.php?loknya=%2Fproc%2Fthread-self%2Froot%2Fhome%2Fbuilderbox%2Fpublic_html%2Fvendor%2Frackspace%2Fphp-opencloud%2Flib%2FOpenCloud%2FCompute HTTP/1.1" 302 771 "-" "Mozilla/5.0 AppleWebKit/537.36 (KHTML, like Gecko; compatible; GPTBot/1.2; +https://openai.com/gptbot)"
20.171.207.117 - - [08/Jun/2025:15:44:45 +0200] "GET /storage/raya.php?loknya=%2Fhome%2Fbuilderbox%2F.%2F.%2Fpublic_html%2Fvendor%2Fgoogle%2Fapiclient-services%2Fsrc%2FAcceleratedmobilepageurl%2FResource HTTP/1.1" 302 771 "-" "Mozilla/5.0 AppleWebKit/537.36 (KHTML, like Gecko; compatible; GPTBot/1.2; +https://openai.com/gptbot)"
20.171.207.117 - - [08/Jun/2025:15:44:46 +0200] "GET /storage/raya.php?loknya=%2Fhome%2Fbuilderbox%2F.%2F.%2Fpublic_html%2Fvendor%2Fgoogle%2Fapiclient-services%2Fsrc%2FCertificateAuthorityService%2FResource HTTP/1.1" 302 771 "-" "Mozilla/5.0 AppleWebKit/537.36 (KHTML, like Gecko; compatible; GPTBot/1.2; +https://openai.com/gptbot)"
91.137.27.140 - - [08/Jun/2025:15:44:47 +0200] "GET /vendor/aws/aws-sdk-php/src/data/cloudsearchdomain/?MD HTTP/1.1" 302 771 "-" "Mozilla/5.0 (compatible; MJ12bot/v1.4.8; http://mj12bot.com/)"
20.171.207.117 - - [08/Jun/2025:15:44:48 +0200] "GET /storage/raya.php?loknya=%2Fhome%2Fbuilderbox%2F.%2F.%2Fpublic_html%2Fvendor%2Fgoogle%2Fapiclient-services%2Fsrc%2FBigQueryConnectionService%2FResource HTTP/1.1" 302 771 "-" "Mozilla/5.0 AppleWebKit/537.36 (KHTML, like Gecko; compatible; GPTBot/1.2; +https://openai.com/gptbot)"
20.171.207.117 - - [08/Jun/2025:15:44:49 +0200] "GET /storage/raya.php?loknya=%2Fproc%2Fself%2Froot%2Fhome%2Fbuilderbox%2Fpublic_html%2Fvendor%2Frackspace%2Fphp-opencloud%2Flib%2FOpenCloud%2FCloudMonitoring HTTP/1.1" 302 771 "-" "Mozilla/5.0 AppleWebKit/537.36 (KHTML, like Gecko; compatible; GPTBot/1.2; +https://openai.com/gptbot)"
20.171.207.117 - - [08/Jun/2025:15:44:50 +0200] "GET /storage/raya.php?loknya=%2Fhome%2Fbuilderbox%2F.%2F.%2Fpublic_html%2Fvendor%2Fgoogle%2Fapiclient-services%2Fsrc%2FAbusiveExperienceReport%2FResource HTTP/1.1" 302 771 "-" "Mozilla/5.0 AppleWebKit/537.36 (KHTML, like Gecko; compatible; GPTBot/1.2; +https://openai.com/gptbot)"
91.137.27.140 - - [08/Jun/2025:15:44:50 +0200] "GET /vendor/aws/aws-sdk-php/src/data/cloudsearchdomain/?NA HTTP/1.1" 302 771 "-" "Mozilla/5.0 (compatible; MJ12bot/v1.4.8; http://mj12bot.com/)"
20.171.207.117 - - [08/Jun/2025:15:44:51 +0200] "GET /storage/raya.php?loknya=%2Fproc%2Fthread-self%2Froot%2Fhome%2Fbuilderbox%2Fpublic_html%2Fvendor%2Frackspace%2Fphp-opencloud%2Flib%2FOpenCloud%2FNetworking%2FResource HTTP/1.1" 302 771 "-" "Mozilla/5.0 AppleWebKit/537.36 (KHTML, like Gecko; compatible; GPTBot/1.2; +https://openai.com/gptbot)"
20.171.207.117 - - [08/Jun/2025:15:44:52 +0200] "GET /storage/raya.php?loknya=%2Fproc%2Fthread-self%2Froot%2Fhome%2Fbuilderbox%2Fpublic_html%2Fvendor%2Frackspace%2Fphp-opencloud%2Flib%2FOpenCloud%2FDatabase HTTP/1.1" 302 771 "-" "Mozilla/5.0 AppleWebKit/537.36 (KHTML, like Gecko; compatible; GPTBot/1.2; +https://openai.com/gptbot)"
91.137.27.140 - - [08/Jun/2025:15:44:53 +0200] "GET /vendor/aws/aws-sdk-php/src/data/cloudsearchdomain/?SA HTTP/1.1" 302 771 "-" "Mozilla/5.0 (compatible; MJ12bot/v1.4.8; http://mj12bot.com/)"
20.171.207.117 - - [08/Jun/2025:15:44:53 +0200] "GET /storage/raya.php?loknya=%2Fproc%2Fthread-self%2Froot%2Fhome%2Fbuilderbox%2Fpublic_html%2Fvendor%2Frackspace%2Fphp-opencloud%2Flib%2FOpenCloud%2FAutoscale HTTP/1.1" 302 771 "-" "Mozilla/5.0 AppleWebKit/537.36 (KHTML, like Gecko; compatible; GPTBot/1.2; +https://openai.com/gptbot)"
20.171.207.117 - - [08/Jun/2025:15:44:54 +0200] "GET /storage/raya.php?loknya=%2Fproc%2Fthread-self%2Froot%2Fhome%2Fbuilderbox%2F.%2Fpublic_html%2Fvendor%2Fcomposer%2Fpackage-versions-deprecated%2Fsrc%2FPackageVersions HTTP/1.1" 302 771 "-" "Mozilla/5.0 AppleWebKit/537.36 (KHTML, like Gecko; compatible; GPTBot/1.2; +https://openai.com/gptbot)"
20.171.207.117 - - [08/Jun/2025:15:44:56 +0200] "GET /storage/raya.php?loknya=%2Fhome%2Fbuilderbox%2F.%2Fpublic_html%2Fvendor%2Frackspace%2Fphp-opencloud%2Ftests%2FOpenCloud%2FTests%2FCloudMonitoring%2F_response HTTP/1.1" 302 771 "-" "Mozilla/5.0 AppleWebKit/537.36 (KHTML, like Gecko; compatible; GPTBot/1.2; +https://openai.com/gptbot)"
20.171.207.117 - - [08/Jun/2025:15:44:57 +0200] "GET /storage/raya.php?lokasie=%2Fhome%2Fbuilderbox%2F.%2F.%2Fpublic_html%2Fvendor%2Fgoogle%2Fapiclient-services%2Fsrc%2FAcceleratedmobilepageurl%2FResource%2FAmpUrls.php&loknya=%2Fhome%2Fbuilderbox%2F.%2F.%2Fpublic_html%2Fvendor%2Fgoogle%2Fapiclient-services%2Fsrc%2FAcceleratedmobilepageurl%2FResource HTTP/1.1" 302 771 "-" "Mozilla/5.0 AppleWebKit/537.36 (KHTML, like Gecko; compatible; GPTBot/1.2; +https://openai.com/gptbot)"
91.137.27.140 - - [08/Jun/2025:15:44:58 +0200] "GET /vendor/aws/aws-sdk-php/src/data/cloudsearchdomain/?SD HTTP/1.1" 302 771 "-" "Mozilla/5.0 (compatible; MJ12bot/v1.4.8; http://mj12bot.com/)"
20.171.207.117 - - [08/Jun/2025:15:44:58 +0200] "GET /storage/raya.php?loknya=%2Fhome%2Fbuilderbox%2F.%2F.%2Fpublic_html%2Fvendor%2Fgoogle%2Fapiclient-services%2Fsrc%2FCertificateAuthorityService%2F HTTP/1.1" 302 771 "-" "Mozilla/5.0 AppleWebKit/537.36 (KHTML, like Gecko; compatible; GPTBot/1.2; +https://openai.com/gptbot)"
20.171.207.117 - - [08/Jun/2025:15:44:59 +0200] "GET /storage/raya.php?loknya=%2Fhome%2Fbuilderbox%2F.%2F.%2Fpublic_html%2Fvendor%2Fgoogle%2Fapiclient-services%2Fsrc%2FBigQueryConnectionService%2F HTTP/1.1" 302 771 "-" "Mozilla/5.0 AppleWebKit/537.36 (KHTML, like Gecko; compatible; GPTBot/1.2; +https://openai.com/gptbot)"
20.171.207.117 - - [08/Jun/2025:15:45:00 +0200] "GET /storage/raya.php?loknya=%2Fproc%2Fself%2Froot%2Fhome%2Fbuilderbox%2Fpublic_html%2Fvendor%2Frackspace%2Fphp-opencloud%2Flib%2FOpenCloud%2FCloudMonitoring%2FException HTTP/1.1" 302 771 "-" "Mozilla/5.0 AppleWebKit/537.36 (KHTML, like Gecko; compatible; GPTBot/1.2; +https://openai.com/gptbot)"
20.171.207.117 - - [08/Jun/2025:15:45:01 +0200] "GET /storage/raya.php?loknya=%2Fproc%2Fself%2Froot%2Fhome%2Fbuilderbox%2Fpublic_html%2Fvendor%2Frackspace%2Fphp-opencloud%2Flib%2FOpenCloud%2FCloudMonitoring%2FCollection HTTP/1.1" 302 771 "-" "Mozilla/5.0 AppleWebKit/537.36 (KHTML, like Gecko; compatible; GPTBot/1.2; +https://openai.com/gptbot)"
91.137.27.140 - - [08/Jun/2025:15:45:02 +0200] "GET /vendor/aws/aws-sdk-php/src/data/cloudtrail/2013-11-01/?MA HTTP/1.1" 302 771 "-" "Mozilla/5.0 (compatible; MJ12bot/v1.4.8; http://mj12bot.com/)"
20.171.207.117 - - [08/Jun/2025:15:45:02 +0200] "GET /storage/raya.php?loknya=%2Fproc%2Fself%2Froot%2Fhome%2Fbuilderbox%2Fpublic_html%2Fvendor%2Frackspace%2Fphp-opencloud%2Flib%2FOpenCloud%2FCloudMonitoring%2FResource HTTP/1.1" 302 771 "-" "Mozilla/5.0 AppleWebKit/537.36 (KHTML, like Gecko; compatible; GPTBot/1.2; +https://openai.com/gptbot)"
20.171.207.117 - - [08/Jun/2025:15:45:04 +0200] "GET /storage/raya.php?loknya=%2Fhome%2Fbuilderbox%2F.%2F.%2Fpublic_html%2Fvendor%2Fgoogle%2Fapiclient-services%2Fsrc%2FAcceleratedmobilepageurl%2F HTTP/1.1" 302 771 "-" "Mozilla/5.0 AppleWebKit/537.36 (KHTML, like Gecko; compatible; GPTBot/1.2; +https://openai.com/gptbot)"
20.171.207.117 - - [08/Jun/2025:15:45:05 +0200] "GET /storage/raya.php?loknya=%2Fhome%2Fbuilderbox%2F.%2F.%2Fpublic_html%2Fvendor%2Fgoogle%2Fapiclient-services%2Fsrc%2FAbusiveExperienceReport%2F HTTP/1.1" 302 771 "-" "Mozilla/5.0 AppleWebKit/537.36 (KHTML, like Gecko; compatible; GPTBot/1.2; +https://openai.com/gptbot)"
20.171.207.117 - - [08/Jun/2025:15:45:06 +0200] "GET /storage/raya.php?loknya=%2Fproc%2Fthread-self%2Froot%2Fhome%2Fbuilderbox%2F.%2Fpublic_html%2Fvendor%2Fcomposer%2Fpackage-versions-deprecated%2Fsrc%2F HTTP/1.1" 302 771 "-" "Mozilla/5.0 AppleWebKit/537.36 (KHTML, like Gecko; compatible; GPTBot/1.2; +https://openai.com/gptbot)"
91.137.27.140 - - [08/Jun/2025:15:45:07 +0200] "GET /vendor/aws/aws-sdk-php/src/data/cloudtrail/2013-11-01/?ND HTTP/1.1" 302 771 "-" "Mozilla/5.0 (compatible; MJ12bot/v1.4.8; http://mj12bot.com/)"
20.171.207.117 - - [08/Jun/2025:15:45:07 +0200] "GET /storage/raya.php?lokasie=%2Fhome%2Fbuilderbox%2F.%2Fpublic_html%2Fvendor%2Frackspace%2Fphp-opencloud%2Ftests%2FOpenCloud%2FTests%2FCloudMonitoring%2F_response%2FAgent_Host_CPU.resp&loknya=%2Fhome%2Fbuilderbox%2F.%2Fpublic_html%2Fvendor%2Frackspace%2Fphp-opencloud%2Ftests%2FOpenCloud%2FTests%2FCloudMonitoring%2F_response HTTP/1.1" 302 771 "-" "Mozilla/5.0 AppleWebKit/537.36 (KHTML, like Gecko; compatible; GPTBot/1.2; +https://openai.com/gptbot)"
20.171.207.117 - - [08/Jun/2025:15:45:08 +0200] "GET /storage/raya.php?loknya=%2Fproc%2Fthread-self%2Froot%2Fhome%2Fbuilderbox%2Fpublic_html%2Fvendor%2Frackspace%2Fphp-opencloud%2Flib%2FOpenCloud%2FAutoscale%2FResource HTTP/1.1" 302 771 "-" "Mozilla/5.0 AppleWebKit/537.36 (KHTML, like Gecko; compatible; GPTBot/1.2; +https://openai.com/gptbot)"
20.171.207.117 - - [08/Jun/2025:15:45:09 +0200] "GET /storage/raya.php?loknya=%2Fhome%2Fbuilderbox%2F.%2F.%2Fpublic_html%2Fvendor%2Fgoogle%2Fapiclient-services%2Fsrc%2FPaymentsResellerSubscription%2FResource HTTP/1.1" 302 771 "-" "Mozilla/5.0 AppleWebKit/537.36 (KHTML, like Gecko; compatible; GPTBot/1.2; +https://openai.com/gptbot)"
20.171.207.117 - - [08/Jun/2025:15:45:11 +0200] "GET /storage/raya.php?lokasie=%2Fhome%2Fbuilderbox%2F.%2F.%2Fpublic_html%2Fvendor%2Fgoogle%2Fapiclient-services%2Fsrc%2FCertificateAuthorityService%2F%2FFetchCertificateAuthorityCsrResponse.php&loknya=%2Fhome%2Fbuilderbox%2F.%2F.%2Fpublic_html%2Fvendor%2Fgoogle%2Fapiclient-services%2Fsrc%2FCertificateAuthorityService%2F HTTP/1.1" 302 771 "-" "Mozilla/5.0 AppleWebKit/537.36 (KHTML, like Gecko; compatible; GPTBot/1.2; +https://openai.com/gptbot)"
91.137.27.140 - - [08/Jun/2025:15:45:11 +0200] "GET /vendor/aws/aws-sdk-php/src/data/cloudtrail/2013-11-01/?SA HTTP/1.1" 302 771 "-" "Mozilla/5.0 (compatible; MJ12bot/v1.4.8; http://mj12bot.com/)"
20.171.207.117 - - [08/Jun/2025:15:45:12 +0200] "GET /public/storage/raya.php?loknya=%2Fproc%2Fthread-self%2Froot%2Fopt%2Falt%2Fpython310%2Fshare%2Fdoc%2Falt-python310-setuptools%2Fdocs%2Fdeprecated%2F HTTP/1.1" 200 2338 "-" "Mozilla/5.0 AppleWebKit/537.36 (KHTML, like Gecko; compatible; GPTBot/1.2; +https://openai.com/gptbot)"
20.171.207.117 - - [08/Jun/2025:15:45:14 +0200] "GET /storage/raya.php?lokasie=%2Fproc%2Fself%2Froot%2Fhome%2Fbuilderbox%2Fpublic_html%2Fvendor%2Frackspace%2Fphp-opencloud%2Flib%2FOpenCloud%2FCloudMonitoring%2FResource%2FReadOnlyResource.php&loknya=%2Fproc%2Fself%2Froot%2Fhome%2Fbuilderbox%2Fpublic_html%2Fvendor%2Frackspace%2Fphp-opencloud%2Flib%2FOpenCloud%2FCloudMonitoring%2FResource HTTP/1.1" 302 771 "-" "Mozilla/5.0 AppleWebKit/537.36 (KHTML, like Gecko; compatible; GPTBot/1.2; +https://openai.com/gptbot)"
91.137.27.140 - - [08/Jun/2025:15:45:16 +0200] "GET /vendor/aws/aws-sdk-php/src/data/cloudtrail/2013-11-01/api-2.json.php HTTP/1.1" 302 771 "-" "Mozilla/5.0 (compatible; MJ12bot/v1.4.8; http://mj12bot.com/)"
91.137.27.140 - - [08/Jun/2025:15:45:19 +0200] "GET /vendor/aws/aws-sdk-php/src/data/codedeploy/2014-10-06/?MA HTTP/1.1" 302 771 "-" "Mozilla/5.0 (compatible; MJ12bot/v1.4.8; http://mj12bot.com/)"
20.171.207.117 - - [08/Jun/2025:15:45:20 +0200] "GET /public/storage/raya.php?loknya=%2Fproc%2Fself%2Froot%2Fproc%2Fthread-self%2Froot%2Fhome%2Fbuilderbox%2F.%2F.%2Fwww%2Fvendor%2Frackspace%2Fphp-opencloud%2Ftests%2FOpenCloud%2FTests%2FObjectStore HTTP/1.1" 200 2364 "-" "Mozilla/5.0 AppleWebKit/537.36 (KHTML, like Gecko; compatible; GPTBot/1.2; +https://openai.com/gptbot)"
20.171.207.117 - - [08/Jun/2025:15:45:21 +0200] "GET /storage/raya.php?loknya=%2Fhome%2Fbuilderbox%2F.%2F.%2Fpublic_html%2Fvendor%2Fgoogle%2Fapiclient-services%2Fsrc%2FPaymentsResellerSubscription%2F HTTP/1.1" 302 771 "-" "Mozilla/5.0 AppleWebKit/537.36 (KHTML, like Gecko; compatible; GPTBot/1.2; +https://openai.com/gptbot)"
91.137.27.140 - - [08/Jun/2025:15:45:22 +0200] "GET /vendor/aws/aws-sdk-php/src/data/codedeploy/2014-10-06/?ND HTTP/1.1" 302 771 "-" "Mozilla/5.0 (compatible; MJ12bot/v1.4.8; http://mj12bot.com/)"
20.171.207.117 - - [08/Jun/2025:15:45:22 +0200] "GET /public/storage/raya.php?loknya=%2Fproc%2Fself%2Froot%2Fproc%2Fthread-self%2Froot%2Fhome%2Fbuilderbox%2F.%2F.%2Fwww%2Fvendor%2Frackspace%2Fphp-opencloud%2Flib%2FOpenCloud%2FCommon%2FExceptions HTTP/1.1" 200 5405 "-" "Mozilla/5.0 AppleWebKit/537.36 (KHTML, like Gecko; compatible; GPTBot/1.2; +https://openai.com/gptbot)"
20.171.207.117 - - [08/Jun/2025:15:45:23 +0200] "GET /public/storage/raya.php?loknya=%2Fproc%2Fthread-self%2Froot%2Fproc%2Fself%2Froot%2Fhome%2Fbuilderbox%2F.%2F.%2Fwww%2Fvendor%2Frackspace%2Fphp-opencloud%2Ftests%2FOpenCloud%2FTests%2FObjectStore HTTP/1.1" 200 2323 "-" "Mozilla/5.0 AppleWebKit/537.36 (KHTML, like Gecko; compatible; GPTBot/1.2; +https://openai.com/gptbot)"
20.171.207.117 - - [08/Jun/2025:15:45:24 +0200] "GET /public/storage/raya.php?loknya=%2Fproc%2Fself%2Froot%2Fproc%2Fthread-self%2Froot%2Fhome%2Fbuilderbox%2F.%2F.%2Fwww%2Fvendor%2Frackspace%2Fphp-opencloud%2Ftests%2FOpenCloud%2FTests%2FNetworking HTTP/1.1" 200 2213 "-" "Mozilla/5.0 AppleWebKit/537.36 (KHTML, like Gecko; compatible; GPTBot/1.2; +https://openai.com/gptbot)"
91.137.27.140 - - [08/Jun/2025:15:45:27 +0200] "GET /vendor/aws/aws-sdk-php/src/data/codeguru-reviewer/2019-09-19/waiters-2.json.php HTTP/1.1" 302 771 "-" "Mozilla/5.0 (compatible; MJ12bot/v1.4.8; http://mj12bot.com/)"
20.171.207.117 - - [08/Jun/2025:15:45:27 +0200] "GET /public/storage/raya.php?loknya=%2Fproc%2Fthread-self%2Froot%2Fproc%2Fself%2Froot%2Fhome%2Fbuilderbox%2F.%2F.%2Fwww%2Fvendor%2Frackspace%2Fphp-opencloud%2Flib%2FOpenCloud%2FCommon%2FExceptions HTTP/1.1" 200 5411 "-" "Mozilla/5.0 AppleWebKit/537.36 (KHTML, like Gecko; compatible; GPTBot/1.2; +https://openai.com/gptbot)"
91.137.27.140 - - [08/Jun/2025:15:45:31 +0200] "GET /vendor/aws/aws-sdk-php/src/data/codeguru-reviewer/?MA HTTP/1.1" 302 771 "-" "Mozilla/5.0 (compatible; MJ12bot/v1.4.8; http://mj12bot.com/)"
20.171.207.117 - - [08/Jun/2025:15:45:31 +0200] "GET /public/storage/raya.php?loknya=%2Fproc%2Fthread-self%2Froot%2Fproc%2Fself%2Froot%2Fhome%2Fbuilderbox%2F.%2F.%2Fwww%2Fvendor%2Frackspace%2Fphp-opencloud%2Ftests%2FOpenCloud%2FTests%2FNetworking HTTP/1.1" 200 2211 "-" "Mozilla/5.0 AppleWebKit/537.36 (KHTML, like Gecko; compatible; GPTBot/1.2; +https://openai.com/gptbot)"
20.171.207.117 - - [08/Jun/2025:15:45:33 +0200] "GET /public/storage/raya.php?lokasie=%2Fproc%2Fself%2Froot%2Fproc%2Fthread-self%2Froot%2Fhome%2Fbuilderbox%2F.%2F.%2Fwww%2Fvendor%2Frackspace%2Fphp-opencloud%2Flib%2FOpenCloud%2FCommon%2FExceptions%2FInstanceUpdateError.php&loknya=%2Fproc%2Fself%2Froot%2Fproc%2Fthread-self%2Froot%2Fhome%2Fbuilderbox%2F.%2F.%2Fwww%2Fvendor%2Frackspace%2Fphp-opencloud%2Flib%2FOpenCloud%2FCommon%2FExceptions HTTP/1.1" 200 2089 "-" "Mozilla/5.0 AppleWebKit/537.36 (KHTML, like Gecko; compatible; GPTBot/1.2; +https://openai.com/gptbot)"
20.171.207.117 - - [08/Jun/2025:15:45:35 +0200] "GET /public/storage/raya.php?loknya=%2Fopt%2Falt%2Falt-nodejs12%2Froot%2Flib%2Fnode_modules%2Fnpm%2Fnode_modules%2Fnode-gyp%2Fgyp%2F HTTP/1.1" 200 2617 "-" "Mozilla/5.0 AppleWebKit/537.36 (KHTML, like Gecko; compatible; GPTBot/1.2; +https://openai.com/gptbot)"
91.137.27.140 - - [08/Jun/2025:15:45:36 +0200] "GET /vendor/aws/aws-sdk-php/src/data/codeguru-reviewer/?MD HTTP/1.1" 302 771 "-" "Mozilla/5.0 (compatible; MJ12bot/v1.4.8; http://mj12bot.com/)"
20.171.207.117 - - [08/Jun/2025:15:45:36 +0200] "GET /public/storage/raya.php?loknya=%2Fopt%2Falt%2Falt-nodejs20%2Froot%2Flib%2Fnode_modules%2Fnpm%2Fnode_modules%2Fnode-gyp%2Fgyp%2F HTTP/1.1" 200 2436 "-" "Mozilla/5.0 AppleWebKit/537.36 (KHTML, like Gecko; compatible; GPTBot/1.2; +https://openai.com/gptbot)"
20.171.207.117 - - [08/Jun/2025:15:45:37 +0200] "GET /public/storage/raya.php?loknya=%2Fopt%2Falt%2Falt-nodejs12%2Froot%2Fusr%2Flib%2Fnode_modules%2Fnpm%2Fnode_modules%2Fnode-gyp%2F HTTP/1.1" 200 2497 "-" "Mozilla/5.0 AppleWebKit/537.36 (KHTML, like Gecko; compatible; GPTBot/1.2; +https://openai.com/gptbot)"
91.137.27.140 - - [08/Jun/2025:15:45:39 +0200] "GET /vendor/aws/aws-sdk-php/src/data/codeguruprofiler/2019-07-18/paginators-1.json.php HTTP/1.1" 302 771 "-" "Mozilla/5.0 (compatible; MJ12bot/v1.4.8; http://mj12bot.com/)"
20.171.207.117 - - [08/Jun/2025:15:45:39 +0200] "GET /public/storage/raya.php?lokasie=%2Fproc%2Fthread-self%2Froot%2Fproc%2Fself%2Froot%2Fhome%2Fbuilderbox%2F.%2F.%2Fwww%2Fvendor%2Frackspace%2Fphp-opencloud%2Flib%2FOpenCloud%2FCommon%2FExceptions%2FServerDeleteError.php&loknya=%2Fproc%2Fthread-self%2Froot%2Fproc%2Fself%2Froot%2Fhome%2Fbuilderbox%2F.%2F.%2Fwww%2Fvendor%2Frackspace%2Fphp-opencloud%2Flib%2FOpenCloud%2FCommon%2FExceptions HTTP/1.1" 200 2086 "-" "Mozilla/5.0 AppleWebKit/537.36 (KHTML, like Gecko; compatible; GPTBot/1.2; +https://openai.com/gptbot)"
20.171.207.117 - - [08/Jun/2025:15:45:43 +0200] "GET /public/storage/raya.php?loknya=%2Fproc%2Fself%2Froot%2Fopt%2Fcpanel%2Fea-ruby27%2Froot%2Fusr%2Fshare%2Fpassenger%2Fphusion_passenger%2Fvendor%2Fcrash_watch HTTP/1.1" 200 2267 "-" "Mozilla/5.0 AppleWebKit/537.36 (KHTML, like Gecko; compatible; GPTBot/1.2; +https://openai.com/gptbot)"
91.137.27.140 - - [08/Jun/2025:15:45:44 +0200] "GET /vendor/aws/aws-sdk-php/src/data/codeguruprofiler/?MA HTTP/1.1" 302 771 "-" "Mozilla/5.0 (compatible; MJ12bot/v1.4.8; http://mj12bot.com/)"
20.171.207.117 - - [08/Jun/2025:15:45:45 +0200] "GET /public/storage/raya.php?loknya=%2Fproc%2Fthread-self%2Froot%2Fopt%2Fcpanel%2Fea-ruby27%2Froot%2Fusr%2Fshare%2Fpassenger%2Ftemplates%2Fconfig%2Fagent_compiler HTTP/1.1" 200 2080 "-" "Mozilla/5.0 AppleWebKit/537.36 (KHTML, like Gecko; compatible; GPTBot/1.2; +https://openai.com/gptbot)"
20.171.207.117 - - [08/Jun/2025:15:45:46 +0200] "GET /public/storage/raya.php?loknya=%2Fproc%2Fthread-self%2Froot%2Fopt%2Fcpanel%2Fea-ruby27%2Froot%2Fusr%2Fshare%2Fpassenger%2Fphusion_passenger%2Fplatform_info%2F HTTP/1.1" 200 2666 "-" "Mozilla/5.0 AppleWebKit/537.36 (KHTML, like Gecko; compatible; GPTBot/1.2; +https://openai.com/gptbot)"
20.171.207.117 - - [08/Jun/2025:15:45:48 +0200] "GET /storage/raya.php?loknya=%2Fhome%2Fbuilderbox%2Fwww%2Fpublic%2Fbuilder HTTP/1.1" 302 771 "-" "Mozilla/5.0 AppleWebKit/537.36 (KHTML, like Gecko; compatible; GPTBot/1.2; +https://openai.com/gptbot)"
91.137.27.140 - - [08/Jun/2025:15:45:48 +0200] "GET /vendor/aws/aws-sdk-php/src/data/codeguruprofiler/?MD HTTP/1.1" 302 771 "-" "Mozilla/5.0 (compatible; MJ12bot/v1.4.8; http://mj12bot.com/)"
20.171.207.117 - - [08/Jun/2025:15:45:49 +0200] "GET /storage/raya.php?loknya=%2Fopt%2Falt%2Fphp53%2Fusr%2Fshare%2Fpear%2Fezc%2FArchive%2Ftar%2Fheaders HTTP/1.1" 302 771 "-" "Mozilla/5.0 AppleWebKit/537.36 (KHTML, like Gecko; compatible; GPTBot/1.2; +https://openai.com/gptbot)"
20.171.207.117 - - [08/Jun/2025:15:45:50 +0200] "GET /storage/raya.php?loknya=%2Fproc%2Fthread-self%2Froot%2Fopt%2Falt%2Fpython35%2Fshare%2Fman%2Fman1 HTTP/1.1" 302 771 "-" "Mozilla/5.0 AppleWebKit/537.36 (KHTML, like Gecko; compatible; GPTBot/1.2; +https://openai.com/gptbot)"
20.171.207.117 - - [08/Jun/2025:15:45:51 +0200] "GET /storage/raya.php?loknya=%2Fproc%2Fthread-self%2Froot%2Fopt%2Falt%2Fpython36%2Fshare%2Fman%2Fman1 HTTP/1.1" 302 771 "-" "Mozilla/5.0 AppleWebKit/537.36 (KHTML, like Gecko; compatible; GPTBot/1.2; +https://openai.com/gptbot)"
20.171.207.117 - - [08/Jun/2025:15:45:52 +0200] "GET /storage/raya.php?loknya=%2Fproc%2Fthread-self%2Froot%2Fopt%2Falt%2Fopenssl%2Fshare%2Fman%2Fman7 HTTP/1.1" 302 771 "-" "Mozilla/5.0 AppleWebKit/537.36 (KHTML, like Gecko; compatible; GPTBot/1.2; +https://openai.com/gptbot)"
91.137.27.140 - - [08/Jun/2025:15:45:53 +0200] "GET /vendor/aws/aws-sdk-php/src/data/codestar-connections/?NA HTTP/1.1" 302 771 "-" "Mozilla/5.0 (compatible; MJ12bot/v1.4.8; http://mj12bot.com/)"
20.171.207.117 - - [08/Jun/2025:15:45:53 +0200] "GET /storage/raya.php?loknya=%2Fproc%2Fthread-self%2Froot%2Fopt%2Falt%2Fopenssl%2Fshare%2Fman%2Fman5 HTTP/1.1" 302 771 "-" "Mozilla/5.0 AppleWebKit/537.36 (KHTML, like Gecko; compatible; GPTBot/1.2; +https://openai.com/gptbot)"
20.171.207.117 - - [08/Jun/2025:15:45:54 +0200] "GET /storage/raya.php?loknya=%2Fproc%2Fthread-self%2Froot%2Fopt%2Falt%2Fpython38%2Fshare%2Fman%2Fman1 HTTP/1.1" 302 771 "-" "Mozilla/5.0 AppleWebKit/537.36 (KHTML, like Gecko; compatible; GPTBot/1.2; +https://openai.com/gptbot)"
20.171.207.117 - - [08/Jun/2025:15:45:56 +0200] "GET /storage/raya.php?loknya=%2Fproc%2Fthread-self%2Froot%2Fopt%2Falt%2Fpython39%2Fshare%2Fman%2Fman1 HTTP/1.1" 302 771 "-" "Mozilla/5.0 AppleWebKit/537.36 (KHTML, like Gecko; compatible; GPTBot/1.2; +https://openai.com/gptbot)"
20.171.207.117 - - [08/Jun/2025:15:45:57 +0200] "GET /storage/raya.php?loknya=%2Fproc%2Fthread-self%2Froot%2Fopt%2Falt%2Fpython33%2Fshare%2Fman%2Fman1 HTTP/1.1" 302 771 "-" "Mozilla/5.0 AppleWebKit/537.36 (KHTML, like Gecko; compatible; GPTBot/1.2; +https://openai.com/gptbot)"
91.137.27.140 - - [08/Jun/2025:15:45:57 +0200] "GET /vendor/aws/aws-sdk-php/src/data/codestar-connections/?ND HTTP/1.1" 302 771 "-" "Mozilla/5.0 (compatible; MJ12bot/v1.4.8; http://mj12bot.com/)"
20.171.207.117 - - [08/Jun/2025:15:45:58 +0200] "GET /storage/raya.php?loknya=%2Fproc%2Fthread-self%2Froot%2Fopt%2Falt%2Fopenssl%2Fshare%2Fman%2Fman1 HTTP/1.1" 302 771 "-" "Mozilla/5.0 AppleWebKit/537.36 (KHTML, like Gecko; compatible; GPTBot/1.2; +https://openai.com/gptbot)"
20.171.207.117 - - [08/Jun/2025:15:45:59 +0200] "GET /storage/raya.php?loknya=%2Fhome%2Fbox%2Fwww%2Fpublic%2F HTTP/1.1" 302 771 "-" "Mozilla/5.0 AppleWebKit/537.36 (KHTML, like Gecko; compatible; GPTBot/1.2; +https://openai.com/gptbot)"
20.171.207.117 - - [08/Jun/2025:15:46:00 +0200] "GET /storage/raya.php?loknya=%2Fopt%2Falt%2Fphp53%2Fusr%2Fshare%2Fpear%2Fezc%2FArchive%2Ftar%2F HTTP/1.1" 302 771 "-" "Mozilla/5.0 AppleWebKit/537.36 (KHTML, like Gecko; compatible; GPTBot/1.2; +https://openai.com/gptbot)"
20.171.207.117 - - [08/Jun/2025:15:46:01 +0200] "GET /storage/raya.php?loknya=%2Fproc%2Fthread-self%2Froot%2Fopt%2Falt%2Fpython35%2Fshare%2Fman%2F HTTP/1.1" 302 771 "-" "Mozilla/5.0 AppleWebKit/537.36 (KHTML, like Gecko; compatible; GPTBot/1.2; +https://openai.com/gptbot)"
91.137.27.140 - - [08/Jun/2025:15:46:02 +0200] "GET /vendor/aws/aws-sdk-php/src/data/codestar-connections/?SA HTTP/1.1" 302 771 "-" "Mozilla/5.0 (compatible; MJ12bot/v1.4.8; http://mj12bot.com/)"
20.171.207.117 - - [08/Jun/2025:15:46:03 +0200] "GET /storage/raya.php?loknya=%2Fproc%2Fthread-self%2Froot%2Fopt%2Falt%2Fpython36%2Fshare%2Fman%2F HTTP/1.1" 302 771 "-" "Mozilla/5.0 AppleWebKit/537.36 (KHTML, like Gecko; compatible; GPTBot/1.2; +https://openai.com/gptbot)"
20.171.207.117 - - [08/Jun/2025:15:46:04 +0200] "GET /storage/raya.php?loknya=%2Fhome%2Fbuilderbox%2Fwww%2Fpublic%2Fbuilder%2Fthemes HTTP/1.1" 302 771 "-" "Mozilla/5.0 AppleWebKit/537.36 (KHTML, like Gecko; compatible; GPTBot/1.2; +https://openai.com/gptbot)"
20.171.207.117 - - [08/Jun/2025:15:46:05 +0200] "GET /storage/raya.php?loknya=%2Fproc%2Fthread-self%2Froot%2Fopt%2Falt%2Fopenssl%2Fshare%2Fman%2F HTTP/1.1" 302 771 "-" "Mozilla/5.0 AppleWebKit/537.36 (KHTML, like Gecko; compatible; GPTBot/1.2; +https://openai.com/gptbot)"
91.137.27.140 - - [08/Jun/2025:15:46:05 +0200] "GET /vendor/aws/aws-sdk-php/src/data/codestar/?SD HTTP/1.1" 302 771 "-" "Mozilla/5.0 (compatible; MJ12bot/v1.4.8; http://mj12bot.com/)"
20.171.207.117 - - [08/Jun/2025:15:46:06 +0200] "GET /storage/raya.php?loknya=%2Fproc%2Fthread-self%2Froot%2Fopt%2Falt%2Fpython38%2Fshare%2Fman%2F HTTP/1.1" 302 771 "-" "Mozilla/5.0 AppleWebKit/537.36 (KHTML, like Gecko; compatible; GPTBot/1.2; +https://openai.com/gptbot)"
20.171.207.117 - - [08/Jun/2025:15:46:07 +0200] "GET /storage/raya.php?loknya=%2Fproc%2Fthread-self%2Froot%2Fopt%2Falt%2Fpython39%2Fshare%2Fman%2F HTTP/1.1" 302 771 "-" "Mozilla/5.0 AppleWebKit/537.36 (KHTML, like Gecko; compatible; GPTBot/1.2; +https://openai.com/gptbot)"
20.171.207.117 - - [08/Jun/2025:15:46:08 +0200] "GET /storage/raya.php?loknya=%2Fproc%2Fthread-self%2Froot%2Fopt%2Falt%2Fpython33%2Fshare%2Fman%2F HTTP/1.1" 302 771 "-" "Mozilla/5.0 AppleWebKit/537.36 (KHTML, like Gecko; compatible; GPTBot/1.2; +https://openai.com/gptbot)"
91.137.27.140 - - [08/Jun/2025:15:46:09 +0200] "GET /vendor/aws/aws-sdk-php/src/data/cognito-identity/2014-06-30/?MA HTTP/1.1" 302 771 "-" "Mozilla/5.0 (compatible; MJ12bot/v1.4.8; http://mj12bot.com/)"
20.171.207.117 - - [08/Jun/2025:15:46:10 +0200] "GET /storage/raya.php?loknya=%2Fhome%2Fbuilderbox%2Fwww%2Fpublic%2Fbuilder%2Fimages HTTP/1.1" 302 771 "-" "Mozilla/5.0 AppleWebKit/537.36 (KHTML, like Gecko; compatible; GPTBot/1.2; +https://openai.com/gptbot)"
20.171.207.117 - - [08/Jun/2025:15:46:11 +0200] "GET /storage/raya.php?loknya=%2Fhome%2Fbox%2Fwww HTTP/1.1" 302 771 "-" "Mozilla/5.0 AppleWebKit/537.36 (KHTML, like Gecko; compatible; GPTBot/1.2; +https://openai.com/gptbot)"
20.171.207.117 - - [08/Jun/2025:15:46:12 +0200] "GET /storage/raya.php?loknya=%2Fhome%2Fbox%2Fwww%2Fpublic HTTP/1.1" 302 771 "-" "Mozilla/5.0 AppleWebKit/537.36 (KHTML, like Gecko; compatible; GPTBot/1.2; +https://openai.com/gptbot)"
91.137.27.140 - - [08/Jun/2025:15:46:12 +0200] "GET /vendor/aws/aws-sdk-php/src/imagebuilder/Exception/?NA HTTP/1.1" 302 771 "-" "Mozilla/5.0 (compatible; MJ12bot/v1.4.8; http://mj12bot.com/)"
20.171.207.117 - - [08/Jun/2025:15:46:13 +0200] "GET /storage/raya.php?loknya=%2Fhome%2Fbox%2Fwww%2F HTTP/1.1" 302 771 "-" "Mozilla/5.0 AppleWebKit/537.36 (KHTML, like Gecko; compatible; GPTBot/1.2; +https://openai.com/gptbot)"
20.171.207.117 - - [08/Jun/2025:15:46:14 +0200] "GET /storage/raya.php?loknya=%2Fhome%2Fbuilderbox%2Fwww%2Fpublic%2Fbuilder%2Felements HTTP/1.1" 302 771 "-" "Mozilla/5.0 AppleWebKit/537.36 (KHTML, like Gecko; compatible; GPTBot/1.2; +https://openai.com/gptbot)"
135.181.213.219 - - [08/Jun/2025:15:46:14 +0200] "GET /robots.txt HTTP/1.1" 302 771 "-" "Mozilla/5.0 (compatible; MJ12bot/v1.4.8; http://mj12bot.com/)"
20.171.207.117 - - [08/Jun/2025:15:46:15 +0200] "GET /storage/raya.php?loknya=%2Fhome%2Fbuilderbox%2Fwww%2Fpublic%2Fbuilder%2Fthemes%2Flumen HTTP/1.1" 302 771 "-" "Mozilla/5.0 AppleWebKit/537.36 (KHTML, like Gecko; compatible; GPTBot/1.2; +https://openai.com/gptbot)"
91.137.27.140 - - [08/Jun/2025:15:46:16 +0200] "GET /vendor/google/apiclient-services/src/CloudFilestore/Resource/?NA HTTP/1.1" 302 771 "-" "Mozilla/5.0 (compatible; MJ12bot/v1.4.8; http://mj12bot.com/)"
20.171.207.117 - - [08/Jun/2025:15:46:16 +0200] "GET /storage/raya.php?loknya=%2Fhome%2Fbuilderbox%2Fwww%2Fpublic%2Fbuilder%2Fthemes%2Fpublic+theme HTTP/1.1" 302 771 "-" "Mozilla/5.0 AppleWebKit/537.36 (KHTML, like Gecko; compatible; GPTBot/1.2; +https://openai.com/gptbot)"
135.181.213.219 - - [08/Jun/2025:15:46:17 +0200] "GET /vendor/aws/aws-sdk-php/src/ApplicationAutoScaling/?MA HTTP/1.1" 302 771 "-" "Mozilla/5.0 (compatible; MJ12bot/v1.4.8; http://mj12bot.com/)"
20.171.207.117 - - [08/Jun/2025:15:46:18 +0200] "GET /storage/raya.php?loknya=%2Fhome%2Fbuilderbox%2Fwww%2Fpublic%2Fbuilder%2Fthemes%2Freadable HTTP/1.1" 302 771 "-" "Mozilla/5.0 AppleWebKit/537.36 (KHTML, like Gecko; compatible; GPTBot/1.2; +https://openai.com/gptbot)"
20.171.207.117 - - [08/Jun/2025:15:46:19 +0200] "GET /storage/raya.php?loknya=%2Fhome%2Fbuilderbox%2Fwww%2Fpublic%2Fbuilder%2Fthemes%2Fsandstone HTTP/1.1" 302 771 "-" "Mozilla/5.0 AppleWebKit/537.36 (KHTML, like Gecko; compatible; GPTBot/1.2; +https://openai.com/gptbot)"
20.171.207.117 - - [08/Jun/2025:15:46:20 +0200] "GET /storage/raya.php?loknya=%2Fhome%2Fbuilderbox%2Fwww%2Fpublic%2Fbuilder%2Fthemes%2Fsuperhero HTTP/1.1" 302 771 "-" "Mozilla/5.0 AppleWebKit/537.36 (KHTML, like Gecko; compatible; GPTBot/1.2; +https://openai.com/gptbot)"
91.137.27.140 - - [08/Jun/2025:15:46:21 +0200] "GET /vendor/google/apiclient-services/src/CloudFilestore/Resource/?ND HTTP/1.1" 302 771 "-" "Mozilla/5.0 (compatible; MJ12bot/v1.4.8; http://mj12bot.com/)"
20.171.207.117 - - [08/Jun/2025:15:46:21 +0200] "GET /storage/raya.php?lokasie=%2Fhome%2Fbuilderbox%2Fwww%2Fpublic%2Fbuilder%2Fimages%2Fheader-bg.jpg&loknya=%2Fhome%2Fbuilderbox%2Fwww%2Fpublic%2Fbuilder%2Fimages HTTP/1.1" 302 771 "-" "Mozilla/5.0 AppleWebKit/537.36 (KHTML, like Gecko; compatible; GPTBot/1.2; +https://openai.com/gptbot)"
135.181.213.219 - - [08/Jun/2025:15:46:21 +0200] "GET /vendor/aws/aws-sdk-php/src/ApplicationAutoScaling/?ND HTTP/1.1" 302 771 "-" "Mozilla/5.0 (compatible; MJ12bot/v1.4.8; http://mj12bot.com/)"
20.171.207.117 - - [08/Jun/2025:15:46:22 +0200] "GET /storage/raya.php?loknya=%2Fhome%2Fbuilderbox%2Fwww%2Fpublic%2Fbuilder%2Fthemes%2Fsimplex HTTP/1.1" 302 771 "-" "Mozilla/5.0 AppleWebKit/537.36 (KHTML, like Gecko; compatible; GPTBot/1.2; +https://openai.com/gptbot)"
20.171.207.117 - - [08/Jun/2025:15:46:23 +0200] "GET /storage/raya.php?loknya=%2Fhome%2Fbuilderbox%2Fwww%2Fpublic%2Fbuilder%2Fthemes%2Fspacelab HTTP/1.1" 302 771 "-" "Mozilla/5.0 AppleWebKit/537.36 (KHTML, like Gecko; compatible; GPTBot/1.2; +https://openai.com/gptbot)"
20.171.207.117 - - [08/Jun/2025:15:46:25 +0200] "GET /storage/raya.php?loknya=%2Fhome%2Fbuilderbox%2Fwww%2Fpublic%2Fbuilder%2Fthemes%2Fcerulean HTTP/1.1" 302 771 "-" "Mozilla/5.0 AppleWebKit/537.36 (KHTML, like Gecko; compatible; GPTBot/1.2; +https://openai.com/gptbot)"
91.137.27.140 - - [08/Jun/2025:15:46:26 +0200] "GET /vendor/google/apiclient-services/src/CloudFilestore/Resource/?SA HTTP/1.1" 302 771 "-" "Mozilla/5.0 (compatible; MJ12bot/v1.4.8; http://mj12bot.com/)"
20.171.207.117 - - [08/Jun/2025:15:46:26 +0200] "GET /storage/raya.php?lokasie=%2Fhome%2Fbuilderbox%2Fwww%2Fpublic%2Fbuilder%2Felements%2Fform.html&loknya=%2Fhome%2Fbuilderbox%2Fwww%2Fpublic%2Fbuilder%2Felements HTTP/1.1" 302 771 "-" "Mozilla/5.0 AppleWebKit/537.36 (KHTML, like Gecko; compatible; GPTBot/1.2; +https://openai.com/gptbot)"
135.181.213.219 - - [08/Jun/2025:15:46:27 +0200] "GET /vendor/aws/aws-sdk-php/src/ApplicationAutoScaling/?SA HTTP/1.1" 302 771 "-" "Mozilla/5.0 (compatible; MJ12bot/v1.4.8; http://mj12bot.com/)"
20.171.207.117 - - [08/Jun/2025:15:46:27 +0200] "GET /storage/raya.php?loknya=%2Fhome%2Fbuilderbox%2Fwww%2Fpublic%2Fbuilder%2Fthemes%2Fyeti HTTP/1.1" 302 771 "-" "Mozilla/5.0 AppleWebKit/537.36 (KHTML, like Gecko; compatible; GPTBot/1.2; +https://openai.com/gptbot)"
20.171.207.117 - - [08/Jun/2025:15:46:28 +0200] "GET /storage/raya.php?loknya=%2Fhome%2Fbuilderbox%2Fwww%2Fpublic%2Fbuilder%2Fthemes%2Fpaper HTTP/1.1" 302 771 "-" "Mozilla/5.0 AppleWebKit/537.36 (KHTML, like Gecko; compatible; GPTBot/1.2; +https://openai.com/gptbot)"
20.171.207.117 - - [08/Jun/2025:15:46:29 +0200] "GET /storage/raya.php?loknya=%2Fhome%2Fbuilderbox%2Fwww%2Fpublic%2Fbuilder%2Fthemes%2Funited HTTP/1.1" 302 771 "-" "Mozilla/5.0 AppleWebKit/537.36 (KHTML, like Gecko; compatible; GPTBot/1.2; +https://openai.com/gptbot)"
91.137.27.140 - - [08/Jun/2025:15:46:30 +0200] "GET /vendor/google/apiclient-services/src/CloudFilestore/Resource/?SD HTTP/1.1" 302 771 "-" "Mozilla/5.0 (compatible; MJ12bot/v1.4.8; http://mj12bot.com/)"
20.171.207.117 - - [08/Jun/2025:15:46:30 +0200] "GET /storage/raya.php?loknya=%2Fhome%2Fbuilderbox%2Fwww%2Fpublic%2Fbuilder%2Fthemes%2Fcyborg HTTP/1.1" 302 771 "-" "Mozilla/5.0 AppleWebKit/537.36 (KHTML, like Gecko; compatible; GPTBot/1.2; +https://openai.com/gptbot)"
135.181.213.219 - - [08/Jun/2025:15:46:31 +0200] "GET /vendor/aws/aws-sdk-php/src/ApplicationCostProfiler/?MA HTTP/1.1" 302 771 "-" "Mozilla/5.0 (compatible; MJ12bot/v1.4.8; http://mj12bot.com/)"
20.171.207.117 - - [08/Jun/2025:15:46:31 +0200] "GET /storage/raya.php?loknya=%2Fhome%2Fbuilderbox%2Fwww%2Fpublic%2Fbuilder%2Fthemes%2Fcosmo HTTP/1.1" 302 771 "-" "Mozilla/5.0 AppleWebKit/537.36 (KHTML, like Gecko; compatible; GPTBot/1.2; +https://openai.com/gptbot)"
20.171.207.117 - - [08/Jun/2025:15:46:33 +0200] "GET /storage/raya.php?loknya=%2Fhome%2Fbuilderbox%2Fwww%2Fpublic%2Fbuilder%2Fthemes%2Fslate HTTP/1.1" 302 771 "-" "Mozilla/5.0 AppleWebKit/537.36 (KHTML, like Gecko; compatible; GPTBot/1.2; +https://openai.com/gptbot)"
20.171.207.117 - - [08/Jun/2025:15:46:34 +0200] "GET /storage/raya.php?loknya=%2Fhome%2Fbuilderbox%2Fwww%2Fpublic%2Fbuilder%2Fthemes%2Fdarkly HTTP/1.1" 302 771 "-" "Mozilla/5.0 AppleWebKit/537.36 (KHTML, like Gecko; compatible; GPTBot/1.2; +https://openai.com/gptbot)"
20.171.207.117 - - [08/Jun/2025:15:46:35 +0200] "GET /storage/raya.php?loknya=%2Fhome%2Fbuilderbox%2Fwww%2Fpublic%2Fbuilder%2Fthemes%2Fdefault HTTP/1.1" 302 771 "-" "Mozilla/5.0 AppleWebKit/537.36 (KHTML, like Gecko; compatible; GPTBot/1.2; +https://openai.com/gptbot)"
91.137.27.140 - - [08/Jun/2025:15:46:35 +0200] "GET /vendor/google/apiclient-services/src/CloudHealthcare/Resource/?SD HTTP/1.1" 302 771 "-" "Mozilla/5.0 (compatible; MJ12bot/v1.4.8; http://mj12bot.com/)"
20.171.207.117 - - [08/Jun/2025:15:46:36 +0200] "GET /storage/raya.php?loknya=%2Fhome%2Fbuilderbox%2Fwww%2Fpublic%2Fbuilder%2Fthemes%2Fjournal HTTP/1.1" 302 771 "-" "Mozilla/5.0 AppleWebKit/537.36 (KHTML, like Gecko; compatible; GPTBot/1.2; +https://openai.com/gptbot)"
135.181.213.219 - - [08/Jun/2025:15:46:36 +0200] "GET /vendor/aws/aws-sdk-php/src/ApplicationCostProfiler/?ND HTTP/1.1" 302 771 "-" "Mozilla/5.0 (compatible; MJ12bot/v1.4.8; http://mj12bot.com/)"
20.171.207.117 - - [08/Jun/2025:15:46:37 +0200] "GET /storage/raya.php?loknya=%2Fhome%2Fbuilderbox%2Fwww%2Fpublic%2Fbuilder%2Fthemes%2F HTTP/1.1" 302 771 "-" "Mozilla/5.0 AppleWebKit/537.36 (KHTML, like Gecko; compatible; GPTBot/1.2; +https://openai.com/gptbot)"
20.171.207.117 - - [08/Jun/2025:15:46:38 +0200] "GET /storage/raya.php?loknya=%2Fhome%2Fbuilderbox%2Fwww%2Fpublic%2Fbuilder%2Ffont-awesome HTTP/1.1" 302 771 "-" "Mozilla/5.0 AppleWebKit/537.36 (KHTML, like Gecko; compatible; GPTBot/1.2; +https://openai.com/gptbot)"
91.137.27.140 - - [08/Jun/2025:15:46:39 +0200] "GET /vendor/google/apiclient-services/src/CloudRun/Resource/?MD HTTP/1.1" 302 771 "-" "Mozilla/5.0 (compatible; MJ12bot/v1.4.8; http://mj12bot.com/)"
20.171.207.117 - - [08/Jun/2025:15:46:40 +0200] "GET /storage/raya.php?lokasie=%2Fhome%2Fbuilderbox%2Fwww%2Fpublic%2Fbuilder%2Fimages%2Fdefault.jpg&loknya=%2Fhome%2Fbuilderbox%2Fwww%2Fpublic%2Fbuilder%2Fimages HTTP/1.1" 302 771 "-" "Mozilla/5.0 AppleWebKit/537.36 (KHTML, like Gecko; compatible; GPTBot/1.2; +https://openai.com/gptbot)"
20.171.207.117 - - [08/Jun/2025:15:46:41 +0200] "GET /storage/raya.php?loknya=%2Fhome%2Fbuilderbox%2Fwww%2Fpublic%2Fbuilder%2Fthemes%2Fflatly HTTP/1.1" 302 771 "-" "Mozilla/5.0 AppleWebKit/537.36 (KHTML, like Gecko; compatible; GPTBot/1.2; +https://openai.com/gptbot)"
135.181.213.219 - - [08/Jun/2025:15:46:41 +0200] "GET /vendor/aws/aws-sdk-php/src/ApplicationCostProfiler/?SA HTTP/1.1" 302 771 "-" "Mozilla/5.0 (compatible; MJ12bot/v1.4.8; http://mj12bot.com/)"
20.171.207.117 - - [08/Jun/2025:15:46:42 +0200] "GET /storage/raya.php?loknya=%2Fhome%2Fbuilderbox%2Fwww%2Fpublic%2Fbuilder%2Fthemes%2Fcyborg HTTP/1.1" 302 771 "-" "Mozilla/5.0 AppleWebKit/537.36 (KHTML, like Gecko; compatible; GPTBot/1.2; +https://openai.com/gptbot)"
20.171.207.117 - - [08/Jun/2025:15:46:43 +0200] "GET /storage/raya.php?loknya=%2Fproc%2Fthread-self%2Froot%2Fopt%2Falt%2Fpython37%2Fshare%2Fman%2Fman1 HTTP/1.1" 302 771 "-" "Mozilla/5.0 AppleWebKit/537.36 (KHTML, like Gecko; compatible; GPTBot/1.2; +https://openai.com/gptbot)"
91.137.27.140 - - [08/Jun/2025:15:46:44 +0200] "GET /vendor/google/apiclient-services/src/CloudRun/Resource/?NA HTTP/1.1" 302 771 "-" "Mozilla/5.0 (compatible; MJ12bot/v1.4.8; http://mj12bot.com/)"
20.171.207.117 - - [08/Jun/2025:15:46:44 +0200] "GET /storage/raya.php?loknya=%2Fproc%2Fthread-self%2Froot%2Fopt%2Falt%2Fpython27%2Fshare%2Fman%2Fman1 HTTP/1.1" 302 771 "-" "Mozilla/5.0 AppleWebKit/537.36 (KHTML, like Gecko; compatible; GPTBot/1.2; +https://openai.com/gptbot)"
20.171.207.117 - - [08/Jun/2025:15:46:45 +0200] "GET /storage/raya.php?loknya=%2Fopt%2Falt%2Fphp55%2Fusr%2Fshare%2Fpear%2Fezc%2FArchive%2Ftar%2Fheaders HTTP/1.1" 302 771 "-" "Mozilla/5.0 AppleWebKit/537.36 (KHTML, like Gecko; compatible; GPTBot/1.2; +https://openai.com/gptbot)"
135.181.213.219 - - [08/Jun/2025:15:46:46 +0200] "GET /vendor/aws/aws-sdk-php/src/ApplicationDiscoveryService/?MA HTTP/1.1" 302 771 "-" "Mozilla/5.0 (compatible; MJ12bot/v1.4.8; http://mj12bot.com/)"
20.171.207.117 - - [08/Jun/2025:15:46:46 +0200] "GET /storage/raya.php?loknya=%2Fproc%2Fthread-self%2Froot%2Fopt%2Falt%2Fpython34%2Fshare%2Fman%2Fman1 HTTP/1.1" 302 771 "-" "Mozilla/5.0 AppleWebKit/537.36 (KHTML, like Gecko; compatible; GPTBot/1.2; +https://openai.com/gptbot)"
20.171.207.117 - - [08/Jun/2025:15:46:48 +0200] "GET /storage/raya.php?loknya=%2Fopt%2Falt%2Fphp54%2Fusr%2Fshare%2Fpear%2Fezc%2FArchive%2Ftar%2Fheaders HTTP/1.1" 302 771 "-" "Mozilla/5.0 AppleWebKit/537.36 (KHTML, like Gecko; compatible; GPTBot/1.2; +https://openai.com/gptbot)"
91.137.27.140 - - [08/Jun/2025:15:46:50 +0200] "GET /vendor/google/apiclient-services/src/DLP/Resource/?MA HTTP/1.1" 302 771 "-" "Mozilla/5.0 (compatible; MJ12bot/v1.4.8; http://mj12bot.com/)"
20.171.207.117 - - [08/Jun/2025:15:46:50 +0200] "GET /public/storage/raya.php?loknya=%2Fproc%2Fthread-self%2Froot%2Fhome%2Fbuilderbox%2Ftmp%2Fpma_template_compiles_builderbox%2Ftwig%2Fff HTTP/1.1" 200 2107 "-" "Mozilla/5.0 AppleWebKit/537.36 (KHTML, like Gecko; compatible; GPTBot/1.2; +https://openai.com/gptbot)"
135.181.213.219 - - [08/Jun/2025:15:46:51 +0200] "GET /vendor/aws/aws-sdk-php/src/ApplicationDiscoveryService/?ND HTTP/1.1" 302 771 "-" "Mozilla/5.0 (compatible; MJ12bot/v1.4.8; http://mj12bot.com/)"
20.171.207.117 - - [08/Jun/2025:15:46:51 +0200] "GET /public/storage/raya.php?loknya=%2Fproc%2Fthread-self%2Froot%2Fhome%2Fbuilderbox%2Ftmp%2Fpma_template_compiles_builderbox%2Ftwig%2F HTTP/1.1" 200 2724 "-" "Mozilla/5.0 AppleWebKit/537.36 (KHTML, like Gecko; compatible; GPTBot/1.2; +https://openai.com/gptbot)"
91.137.27.140 - - [08/Jun/2025:15:46:53 +0200] "GET /vendor/google/apiclient-services/src/DataLabeling/Resource/?SD HTTP/1.1" 302 771 "-" "Mozilla/5.0 (compatible; MJ12bot/v1.4.8; http://mj12bot.com/)"
20.171.207.117 - - [08/Jun/2025:15:46:55 +0200] "GET /storage/raya.php?loknya=%2Fproc%2Fthread-self%2Froot%2Fopt%2Falt%2Fpython37%2Fshare%2Fman%2F HTTP/1.1" 302 771 "-" "Mozilla/5.0 AppleWebKit/537.36 (KHTML, like Gecko; compatible; GPTBot/1.2; +https://openai.com/gptbot)"
135.181.213.219 - - [08/Jun/2025:15:46:56 +0200] "GET /vendor/aws/aws-sdk-php/src/ApplicationInsights/?SA HTTP/1.1" 302 771 "-" "Mozilla/5.0 (compatible; MJ12bot/v1.4.8; http://mj12bot.com/)"
20.171.207.117 - - [08/Jun/2025:15:46:56 +0200] "GET /public/storage/raya.php?loknya=%2Fproc%2Fthread-self%2Froot%2Fhome%2Fbuilderbox%2Ftmp%2Fpma_template_compiles_builderbox%2Ftwig%2Feb HTTP/1.1" 200 2104 "-" "Mozilla/5.0 AppleWebKit/537.36 (KHTML, like Gecko; compatible; GPTBot/1.2; +https://openai.com/gptbot)"
20.171.207.117 - - [08/Jun/2025:15:46:57 +0200] "GET /storage/raya.php?loknya=%2Fproc%2Fthread-self%2Froot%2Fopt%2Falt%2Fpython27%2Fshare%2Fman%2F HTTP/1.1" 302 771 "-" "Mozilla/5.0 AppleWebKit/537.36 (KHTML, like Gecko; compatible; GPTBot/1.2; +https://openai.com/gptbot)"
91.137.27.140 - - [08/Jun/2025:15:46:57 +0200] "GET /vendor/google/apiclient-services/src/DataTransfer/Resource/?MD HTTP/1.1" 302 771 "-" "Mozilla/5.0 (compatible; MJ12bot/v1.4.8; http://mj12bot.com/)"
20.171.207.117 - - [08/Jun/2025:15:46:58 +0200] "GET /storage/raya.php?loknya=%2Fproc%2Fthread-self%2Froot%2Fopt%2Falt%2Fpython34%2Fshare%2Fman%2F HTTP/1.1" 302 771 "-" "Mozilla/5.0 AppleWebKit/537.36 (KHTML, like Gecko; compatible; GPTBot/1.2; +https://openai.com/gptbot)"
20.171.207.117 - - [08/Jun/2025:15:46:59 +0200] "GET /storage/raya.php?loknya=%2Fopt%2Falt%2Fphp54%2Fusr%2Fshare%2Fpear%2Fezc%2FArchive%2Ftar%2F HTTP/1.1" 302 771 "-" "Mozilla/5.0 AppleWebKit/537.36 (KHTML, like Gecko; compatible; GPTBot/1.2; +https://openai.com/gptbot)"
20.171.207.117 - - [08/Jun/2025:15:47:00 +0200] "GET /storage/raya.php?loknya=%2Fopt%2Falt%2Fphp55%2Fusr%2Fshare%2Fpear%2Fezc%2FArchive%2Ftar%2F HTTP/1.1" 302 771 "-" "Mozilla/5.0 AppleWebKit/537.36 (KHTML, like Gecko; compatible; GPTBot/1.2; +https://openai.com/gptbot)"
135.181.213.219 - - [08/Jun/2025:15:47:00 +0200] "GET /vendor/aws/aws-sdk-php/src/Arn/?SA HTTP/1.1" 302 771 "-" "Mozilla/5.0 (compatible; MJ12bot/v1.4.8; http://mj12bot.com/)"
91.137.27.140 - - [08/Jun/2025:15:47:02 +0200] "GET /vendor/google/apiclient-services/src/DataTransfer/Resource/?NA HTTP/1.1" 302 771 "-" "Mozilla/5.0 (compatible; MJ12bot/v1.4.8; http://mj12bot.com/)"
20.171.207.117 - - [08/Jun/2025:15:47:03 +0200] "GET /public/storage/raya.php?loknya=%2Fproc%2Fthread-self%2Froot%2Fhome%2Fbuilderbox%2Ftmp%2Fpma_template_compiles_builderbox%2Ftwig%2Ffa HTTP/1.1" 200 2089 "-" "Mozilla/5.0 AppleWebKit/537.36 (KHTML, like Gecko; compatible; GPTBot/1.2; +https://openai.com/gptbot)"
20.171.207.117 - - [08/Jun/2025:15:47:04 +0200] "GET /public/storage/raya.php?loknya=%2Fproc%2Fthread-self%2Froot%2Fhome%2Fbuilderbox%2Ftmp%2Fpma_template_compiles_builderbox%2Ftwig%2Feb HTTP/1.1" 200 2104 "-" "Mozilla/5.0 AppleWebKit/537.36 (KHTML, like Gecko; compatible; GPTBot/1.2; +https://openai.com/gptbot)"
20.171.207.117 - - [08/Jun/2025:15:47:05 +0200] "GET /public/storage/raya.php?loknya=%2Fproc%2Fself%2Froot%2Fhome%2Fbuilderbox%2Ftmp%2Fpma_template_compiles_builderbox%2Ftwig%2Ffa HTTP/1.1" 200 2084 "-" "Mozilla/5.0 AppleWebKit/537.36 (KHTML, like Gecko; compatible; GPTBot/1.2; +https://openai.com/gptbot)"
91.137.27.140 - - [08/Jun/2025:15:47:05 +0200] "GET /vendor/google/apiclient-services/src/DataTransfer/Resource/?SD HTTP/1.1" 302 771 "-" "Mozilla/5.0 (compatible; MJ12bot/v1.4.8; http://mj12bot.com/)"
135.181.213.219 - - [08/Jun/2025:15:47:05 +0200] "GET /vendor/aws/aws-sdk-php/src/Arn/ArnParser.php HTTP/1.1" 302 771 "-" "Mozilla/5.0 (compatible; MJ12bot/v1.4.8; http://mj12bot.com/)"
91.137.27.140 - - [08/Jun/2025:15:47:10 +0200] "GET /vendor/google/apiclient-services/src/DatabaseMigrationService/Resource/?MD HTTP/1.1" 302 771 "-" "Mozilla/5.0 (compatible; MJ12bot/v1.4.8; http://mj12bot.com/)"
135.181.213.219 - - [08/Jun/2025:15:47:10 +0200] "GET /vendor/aws/aws-sdk-php/src/AugmentedAIRuntime/?SA HTTP/1.1" 302 771 "-" "Mozilla/5.0 (compatible; MJ12bot/v1.4.8; http://mj12bot.com/)"
20.171.207.117 - - [08/Jun/2025:15:47:11 +0200] "GET /public/storage/raya.php?loknya=%2Fproc%2Fthread-self%2Froot%2Fhome%2Fbuilderbox%2Ftmp%2Fpma_template_compiles_builderbox%2Ftwig%2Faf HTTP/1.1" 200 2090 "-" "Mozilla/5.0 AppleWebKit/537.36 (KHTML, like Gecko; compatible; GPTBot/1.2; +https://openai.com/gptbot)"
20.171.207.117 - - [08/Jun/2025:15:47:12 +0200] "GET /public/storage/raya.php?loknya=%2Fproc%2Fself%2Froot%2Fhome%2Fbuilderbox%2Ftmp%2Fpma_template_compiles_builderbox%2Ftwig%2Fff HTTP/1.1" 200 2098 "-" "Mozilla/5.0 AppleWebKit/537.36 (KHTML, like Gecko; compatible; GPTBot/1.2; +https://openai.com/gptbot)"
20.171.207.117 - - [08/Jun/2025:15:47:13 +0200] "GET /public/storage/raya.php?loknya=%2Fproc%2Fthread-self%2Froot%2Fhome%2Fbuilderbox%2Ftmp%2Fpma_template_compiles_builderbox%2Ftwig%2Ffa HTTP/1.1" 200 2089 "-" "Mozilla/5.0 AppleWebKit/537.36 (KHTML, like Gecko; compatible; GPTBot/1.2; +https://openai.com/gptbot)"
91.137.27.140 - - [08/Jun/2025:15:47:14 +0200] "GET /vendor/google/apiclient-services/src/Datastore/Resource/?NA HTTP/1.1" 302 771 "-" "Mozilla/5.0 (compatible; MJ12bot/v1.4.8; http://mj12bot.com/)"
20.171.207.117 - - [08/Jun/2025:15:47:14 +0200] "GET /public/storage/raya.php?loknya=%2Fproc%2Fself%2Froot%2Fhome%2Fbuilderbox%2Ftmp%2Fpma_template_compiles_builderbox%2Ftwig%2Faf HTTP/1.1" 200 2084 "-" "Mozilla/5.0 AppleWebKit/537.36 (KHTML, like Gecko; compatible; GPTBot/1.2; +https://openai.com/gptbot)"
135.181.213.219 - - [08/Jun/2025:15:47:15 +0200] "GET /vendor/aws/aws-sdk-php/src/AutoScaling/?MA HTTP/1.1" 302 771 "-" "Mozilla/5.0 (compatible; MJ12bot/v1.4.8; http://mj12bot.com/)"
91.137.27.140 - - [08/Jun/2025:15:47:18 +0200] "GET /vendor/google/apiclient-services/src/Datastore/Resource/?SD HTTP/1.1" 302 771 "-" "Mozilla/5.0 (compatible; MJ12bot/v1.4.8; http://mj12bot.com/)"
135.181.213.219 - - [08/Jun/2025:15:47:19 +0200] "GET /vendor/aws/aws-sdk-php/src/AutoScaling/?SA HTTP/1.1" 302 771 "-" "Mozilla/5.0 (compatible; MJ12bot/v1.4.8; http://mj12bot.com/)"
91.137.27.140 - - [08/Jun/2025:15:47:22 +0200] "GET /vendor/google/apiclient-services/src/DeploymentManager/Resource/?MD HTTP/1.1" 302 771 "-" "Mozilla/5.0 (compatible; MJ12bot/v1.4.8; http://mj12bot.com/)"
135.181.213.219 - - [08/Jun/2025:15:47:24 +0200] "GET /vendor/aws/aws-sdk-php/src/AutoScalingPlans/?MA HTTP/1.1" 302 771 "-" "Mozilla/5.0 (compatible; MJ12bot/v1.4.8; http://mj12bot.com/)"
91.137.27.140 - - [08/Jun/2025:15:47:27 +0200] "GET /vendor/google/apiclient-services/src/DeploymentManager/Resource/?NA HTTP/1.1" 302 771 "-" "Mozilla/5.0 (compatible; MJ12bot/v1.4.8; http://mj12bot.com/)"
135.181.213.219 - - [08/Jun/2025:15:47:29 +0200] "GET /vendor/aws/aws-sdk-php/src/AutoScalingPlans/?SA HTTP/1.1" 302 771 "-" "Mozilla/5.0 (compatible; MJ12bot/v1.4.8; http://mj12bot.com/)"
91.137.27.140 - - [08/Jun/2025:15:47:31 +0200] "GET /vendor/google/apiclient-services/src/DeploymentManager/Resource/?SD HTTP/1.1" 302 771 "-" "Mozilla/5.0 (compatible; MJ12bot/v1.4.8; http://mj12bot.com/)"
135.181.213.219 - - [08/Jun/2025:15:47:32 +0200] "GET /vendor/aws/aws-sdk-php/src/Backup/?ND HTTP/1.1" 302 771 "-" "Mozilla/5.0 (compatible; MJ12bot/v1.4.8; http://mj12bot.com/)"
20.171.207.117 - - [08/Jun/2025:15:47:33 +0200] "GET /public/storage/raya.php?loknya=%2Fproc%2F307349%2Froot%2Fhome%2Fbuilderbox%2F.%2F.%2Fwww%2Fvendor%2Fparagonie%2Fsodium_compat%2Fnamespaced%2FCore%2FChaCha20 HTTP/1.1" 200 2167 "-" "Mozilla/5.0 AppleWebKit/537.36 (KHTML, like Gecko; compatible; GPTBot/1.2; +https://openai.com/gptbot)"
