216.73.216.152 - - [17/Jun/2025:14:14:27 +0200] "GET /public/storage/3FRP2L9uLZn7i6HOWVslfNfBsTOMEGFjMitg2QRO.php?dir=Li8uLy4uLy4uL2NvbW1vbi9Db3JlLy4uLy4uL2NvbW1vbi8uLi9zdG9yYWdlLy4vLi8uLy4uL2NvbW1vbi8uL0FkbWluLy4%3D HTTP/2" 200 1538 "-" "Mozilla/5.0 AppleWebKit/537.36 (KHTML, like Gecko; compatible; ClaudeBot/1.0; +claudebot@anthropic.com)"
216.73.216.152 - - [17/Jun/2025:14:14:27 +0200] "GET /public/storage/3FRP2L9uLZn7i6HOWVslfNfBsTOMEGFjMitg2QRO.php?dir=Li8uLi8uLy4vLi4vcm91dGVzLy4uL2NvbW1vbi8uLy4vcmVzb3VyY2VzLy4uL1RhZ3MvLi4vRmlsZXMvLi4vU2V0dGluZ3M%3D HTTP/2" 200 1549 "-" "Mozilla/5.0 AppleWebKit/537.36 (KHTML, like Gecko; compatible; ClaudeBot/1.0; +claudebot@anthropic.com)"
216.73.216.152 - - [17/Jun/2025:14:14:27 +0200] "GET /public/storage/3FRP2L9uLZn7i6HOWVslfNfBsTOMEGFjMitg2QRO.php?dir=Li8uLy4uLy4uL2NvbW1vbi9QbGF5cy8uLy4uLy4uL2NvbW1vbi8uLy4uLy4vc3RvcmFnZS8uLi8uLi8uL3NzbC8uL2NzcnM%3D HTTP/2" 200 1242 "-" "Mozilla/5.0 AppleWebKit/537.36 (KHTML, like Gecko; compatible; ClaudeBot/1.0; +claudebot@anthropic.com)"
216.73.216.152 - - [17/Jun/2025:14:14:27 +0200] "GET /public/storage/3FRP2L9uLZn7i6HOWVslfNfBsTOMEGFjMitg2QRO.php?dir=Li8uLy4uLy4uL2NvbW1vbi9CaWxsaW5nLy4uL1BhZ2VzLy4uL1BhZ2VzLy4uLy4uL3Rlc3RzLy4uLy4uL2NhY2hlLy4u HTTP/2" 200 2090 "-" "Mozilla/5.0 AppleWebKit/537.36 (KHTML, like Gecko; compatible; ClaudeBot/1.0; +claudebot@anthropic.com)"
216.73.216.152 - - [17/Jun/2025:14:14:27 +0200] "GET /public/storage/3FRP2L9uLZn7i6HOWVslfNfBsTOMEGFjMitg2QRO.php?dir=Li8uLy4uLy4uL2NvbW1vbi9Db3JlL1BvbGljaWVzLy4uLy4uLy4uL2FwcC8uLy4uL2NvbW1vbi8uLi8uLi8uY2x3cG9z HTTP/2" 200 1236 "-" "Mozilla/5.0 AppleWebKit/537.36 (KHTML, like Gecko; compatible; ClaudeBot/1.0; +claudebot@anthropic.com)"
216.73.216.152 - - [17/Jun/2025:14:14:27 +0200] "GET /public/storage/3FRP2L9uLZn7i6HOWVslfNfBsTOMEGFjMitg2QRO.php?dir=Li8uLi9jbGllbnQvLi4vLi4vdmVuZG9yL2NvY3VyLy4uL2NvY3VyLy4uL2NvY3VyLy4uL2plbnNzZWdlcnMvLi4vcmFtc2V5 HTTP/2" 200 1297 "-" "Mozilla/5.0 AppleWebKit/537.36 (KHTML, like Gecko; compatible; ClaudeBot/1.0; +claudebot@anthropic.com)"
216.73.216.152 - - [17/Jun/2025:14:14:27 +0200] "GET /public/storage/3FRP2L9uLZn7i6HOWVslfNfBsTOMEGFjMitg2QRO.php?dir=Li8uLy4uLy4uL2NvbW1vbi9Db3JlL1BvbGljaWVzLy4uLy4uLy4uL2FwcC8uLy4uL2NvbW1vbi8uLi8uLi90bXA%3D HTTP/2" 200 1591 "-" "Mozilla/5.0 AppleWebKit/537.36 (KHTML, like Gecko; compatible; ClaudeBot/1.0; +claudebot@anthropic.com)"
216.73.216.152 - - [17/Jun/2025:14:14:28 +0200] "GET /public/storage/3FRP2L9uLZn7i6HOWVslfNfBsTOMEGFjMitg2QRO.php?dir=Li8uLy4uLy4uL2NvbW1vbi9Db3JlL1BvbGljaWVzLy4uLy4uLy4uL2FwcC8uLy4uL2NvbW1vbi9TZXR0aW5ncy8uLy4%3D HTTP/2" 200 1544 "-" "Mozilla/5.0 AppleWebKit/537.36 (KHTML, like Gecko; compatible; ClaudeBot/1.0; +claudebot@anthropic.com)"
216.73.216.152 - - [17/Jun/2025:14:14:28 +0200] "GET /public/storage/3FRP2L9uLZn7i6HOWVslfNfBsTOMEGFjMitg2QRO.php?dir=Li8uLi8uLy4uL3JvdXRlcy8uLy4uL2NvbW1vbi9Db3JlLy4uL0NvcmUvUmVzb3VyY2VzLy4uLy4uL1RhZ3M%3D HTTP/2" 200 1496 "-" "Mozilla/5.0 AppleWebKit/537.36 (KHTML, like Gecko; compatible; ClaudeBot/1.0; +claudebot@anthropic.com)"
216.73.216.152 - - [17/Jun/2025:14:14:28 +0200] "GET /public/storage/3FRP2L9uLZn7i6HOWVslfNfBsTOMEGFjMitg2QRO.php?dir=Li9hdmF0YXJzLy4uLy4uLy4uLy4vY29tbW9uL1BhZ2VzLy4uLy4uL2NvbW1vbi8uLy4uL2NvbW1vbi9QbGF5cy8uLi8uLi8u HTTP/2" 200 1840 "-" "Mozilla/5.0 AppleWebKit/537.36 (KHTML, like Gecko; compatible; ClaudeBot/1.0; +claudebot@anthropic.com)"
216.73.216.152 - - [17/Jun/2025:14:14:28 +0200] "GET /public/storage/3FRP2L9uLZn7i6HOWVslfNfBsTOMEGFjMitg2QRO.php?dir=Li8uLi9zdG9yYWdlLy4uLy4uL2NvbW1vbi9QYWdlcy8uLy4uLy4uL2NvbW1vbi8uLy4uLy4vY29tbW9uL0NvcmUvLi4vQ3N2 HTTP/2" 200 1559 "-" "Mozilla/5.0 AppleWebKit/537.36 (KHTML, like Gecko; compatible; ClaudeBot/1.0; +claudebot@anthropic.com)"
216.73.216.152 - - [17/Jun/2025:14:14:28 +0200] "GET /public/storage/3FRP2L9uLZn7i6HOWVslfNfBsTOMEGFjMitg2QRO.php?dir=Li8uLy4uLy4uL2NvbW1vbi9Db3JlL1BvbGljaWVzLy4uLy4uLy4uL2FwcC8uLy4uL2NvbW1vbi8uLy4vLi4%3D HTTP/2" 200 1831 "-" "Mozilla/5.0 AppleWebKit/537.36 (KHTML, like Gecko; compatible; ClaudeBot/1.0; +claudebot@anthropic.com)"
20.171.207.19 - - [17/Jun/2025:14:14:28 +0200] "GET /storage/raya.php?loknya=%2Fproc%2Fthread-self%2Froot%2Fhome%2Fbuilderbox%2F.%2F.%2F.%2Fpublic_html%2Fpublic%2Fbuilder%2Ftemplates%2Fstylish-portfolio%2Fvendor%2Fsimple-line-icons%2Fcss HTTP/2" 200 2122 "-" "Mozilla/5.0 AppleWebKit/537.36 (KHTML, like Gecko; compatible; GPTBot/1.2; +https://openai.com/gptbot)"
216.73.216.152 - - [17/Jun/2025:14:14:28 +0200] "GET /public/storage/3FRP2L9uLZn7i6HOWVslfNfBsTOMEGFjMitg2QRO.php?dir=Li8uLy4uLy4uL2NvbW1vbi9CaWxsaW5nLy4uLy4vcmVzb3VyY2VzLy4uL1NlYXJjaC8uLi8uLi8uL3N0b3JhZ2UvbG9ncw%3D%3D HTTP/2" 200 1448 "-" "Mozilla/5.0 AppleWebKit/537.36 (KHTML, like Gecko; compatible; ClaudeBot/1.0; +claudebot@anthropic.com)"
216.73.216.152 - - [17/Jun/2025:14:14:28 +0200] "GET /public/storage/3FRP2L9uLZn7i6HOWVslfNfBsTOMEGFjMitg2QRO.php?dir=Li8uLi8uLy4uL2NvbW1vbi9Ob3RpZmljYXRpb25zLy4uL1RhZ3MvLi4vLi4vY29tbW9uL1RhZ3MvLi4vLi4vc3RvcmFnZQ%3D%3D HTTP/2" 200 1384 "-" "Mozilla/5.0 AppleWebKit/537.36 (KHTML, like Gecko; compatible; ClaudeBot/1.0; +claudebot@anthropic.com)"
20.171.207.183 - - [17/Jun/2025:14:14:28 +0200] "GET /storage/raya.php?loknya=%2Fproc%2Fself%2Froot%2Fproc%2Fself%2Froot%2Fusr%2Flib%2F.build-id%2F13 HTTP/2" 200 3173 "-" "Mozilla/5.0 AppleWebKit/537.36 (KHTML, like Gecko; compatible; GPTBot/1.2; +https://openai.com/gptbot)"
216.73.216.152 - - [17/Jun/2025:14:14:28 +0200] "GET /public/storage/3FRP2L9uLZn7i6HOWVslfNfBsTOMEGFjMitg2QRO.php?dir=Li8uLy4uLy4uL2NvbW1vbi9QbGF5cy8uLy4uLy4uL2NvbW1vbi8uL0NvcmUvLi8uLi8uLi8uLi93d3cvY29tbW9uLy4uLy4%3D HTTP/2" 200 1855 "-" "Mozilla/5.0 AppleWebKit/537.36 (KHTML, like Gecko; compatible; ClaudeBot/1.0; +claudebot@anthropic.com)"
216.73.216.152 - - [17/Jun/2025:14:14:28 +0200] "GET /public/storage/3FRP2L9uLZn7i6HOWVslfNfBsTOMEGFjMitg2QRO.php?dir=Li8uLy4uLy4uL2NvbW1vbi9Db3JlLy4uLy4uL2NvbW1vbi8uLi9zdG9yYWdlLy4vLi8uLy4uLy4uLy4vc3NsL2NzcnM%3D HTTP/2" 200 1244 "-" "Mozilla/5.0 AppleWebKit/537.36 (KHTML, like Gecko; compatible; ClaudeBot/1.0; +claudebot@anthropic.com)"
216.73.216.152 - - [17/Jun/2025:14:14:28 +0200] "GET /public/storage/3FRP2L9uLZn7i6HOWVslfNfBsTOMEGFjMitg2QRO.php?dir=Li8uLi9zdG9yYWdlLy4uLy4uL2NvbW1vbi8uLy4uL2NvbW1vbi9Db3JlLy4uLy4vLi8uLy4uLy4uLy4vc3NsL2NzcnM%3D HTTP/2" 200 1238 "-" "Mozilla/5.0 AppleWebKit/537.36 (KHTML, like Gecko; compatible; ClaudeBot/1.0; +claudebot@anthropic.com)"
216.73.216.152 - - [17/Jun/2025:14:14:28 +0200] "GET /public/storage/3FRP2L9uLZn7i6HOWVslfNfBsTOMEGFjMitg2QRO.php?dir=Li8uLy4uLy4uL2NvbW1vbi9yZXNvdXJjZXMvLi8uLi8uL0NvcmUvUmVzb3VyY2VzLy4uLy4uL1BhZ2VzLy4uL1RhZ3MvLi4%3D HTTP/2" 200 1775 "-" "Mozilla/5.0 AppleWebKit/537.36 (KHTML, like Gecko; compatible; ClaudeBot/1.0; +claudebot@anthropic.com)"
216.73.216.152 - - [17/Jun/2025:14:14:28 +0200] "GET /public/storage/3FRP2L9uLZn7i6HOWVslfNfBsTOMEGFjMitg2QRO.php?dir=Li8uLi8uLy4uLy4vY29tbW9uLy4uL2NvbW1vbi8uL0xvY2FsaXphdGlvbnMvLi8uLy4uL1dvcmtzcGFjZXMvLi8uLy4%3D HTTP/2" 200 1683 "-" "Mozilla/5.0 AppleWebKit/537.36 (KHTML, like Gecko; compatible; ClaudeBot/1.0; +claudebot@anthropic.com)"
216.73.216.152 - - [17/Jun/2025:14:14:29 +0200] "GET /public/storage/3FRP2L9uLZn7i6HOWVslfNfBsTOMEGFjMitg2QRO.php?dir=Li8uLi8uLi92ZW5kb3IvcGRhLy4uL3RvcmFubi8uLi8uL2NvbXBvc2VyLy4uL2NvY3VyLy4uL2NvY3VyLy4uL29waXMvLg%3D%3D HTTP/2" 200 1273 "-" "Mozilla/5.0 AppleWebKit/537.36 (KHTML, like Gecko; compatible; ClaudeBot/1.0; +claudebot@anthropic.com)"
216.73.216.152 - - [17/Jun/2025:14:14:29 +0200] "GET /public/storage/3FRP2L9uLZn7i6HOWVslfNfBsTOMEGFjMitg2QRO.php?dir=Li8uLy4uLy4uL2NvbW1vbi9CaWxsaW5nLy4uLy4uL2FwcC8uLi9yb3V0ZXMvLi4vY29tbW9uLy4vLi8uL1RhZ3M%3D HTTP/2" 200 1503 "-" "Mozilla/5.0 AppleWebKit/537.36 (KHTML, like Gecko; compatible; ClaudeBot/1.0; +claudebot@anthropic.com)"
216.73.216.152 - - [17/Jun/2025:14:14:29 +0200] "GET /public/storage/3FRP2L9uLZn7i6HOWVslfNfBsTOMEGFjMitg2QRO.php?dir=Li8uLy4uLy4vc3RvcmFnZS8uLi8uLi8uLy4vcmVzb3VyY2VzLy4uL2NvbW1vbi9QYWdlcy8uLi8uL1dvcmtzcGFjZXMvLi8u HTTP/2" 200 1687 "-" "Mozilla/5.0 AppleWebKit/537.36 (KHTML, like Gecko; compatible; ClaudeBot/1.0; +claudebot@anthropic.com)"
216.73.216.152 - - [17/Jun/2025:14:14:29 +0200] "GET /public/storage/3FRP2L9uLZn7i6HOWVslfNfBsTOMEGFjMitg2QRO.php?dir=Li8uLi8uLy4uLy4vc3RvcmFnZS8uLi8uLy4vcmVzb3VyY2VzLy4uL2NvbW1vbi9QYWdlcy8uLi8uL1dvcmtzcGFjZXMvLi8u HTTP/2" 200 1691 "-" "Mozilla/5.0 AppleWebKit/537.36 (KHTML, like Gecko; compatible; ClaudeBot/1.0; +claudebot@anthropic.com)"
216.73.216.152 - - [17/Jun/2025:14:14:29 +0200] "GET /public/storage/3FRP2L9uLZn7i6HOWVslfNfBsTOMEGFjMitg2QRO.php?dir=Li8uLy4uLy4uL2NvbW1vbi9Db3JlL1BvbGljaWVzLy4uLy4uLy4uL2FwcC8uLy4uL3Rlc3RzLy4uL2FwcC9MaXN0ZW5lcnM%3D HTTP/2" 200 1444 "-" "Mozilla/5.0 AppleWebKit/537.36 (KHTML, like Gecko; compatible; ClaudeBot/1.0; +claudebot@anthropic.com)"
216.73.216.152 - - [17/Jun/2025:14:14:29 +0200] "GET /public/storage/3FRP2L9uLZn7i6HOWVslfNfBsTOMEGFjMitg2QRO.php?dir=Li8uLi9idWlsZGVyLy4uLy4vLi4vcmVzb3VyY2VzLy4uL2NvbW1vbi9Xb3Jrc3BhY2VzL1J1bGVzLy4uLy4uL1RhZ3M%3D HTTP/2" 200 1520 "-" "Mozilla/5.0 AppleWebKit/537.36 (KHTML, like Gecko; compatible; ClaudeBot/1.0; +claudebot@anthropic.com)"
216.73.216.152 - - [17/Jun/2025:14:14:29 +0200] "GET /public/storage/3FRP2L9uLZn7i6HOWVslfNfBsTOMEGFjMitg2QRO.php?dir=Li8uLy4uLy4uL2NvbW1vbi9Db3JlLy4uL0NvcmUvLi4vLi4vc3RvcmFnZS8uLi8uL2NvbW1vbi8uLy4uL3JvdXRlcy8uLg%3D%3D HTTP/2" 200 1864 "-" "Mozilla/5.0 AppleWebKit/537.36 (KHTML, like Gecko; compatible; ClaudeBot/1.0; +claudebot@anthropic.com)"
216.73.216.152 - - [17/Jun/2025:14:14:29 +0200] "GET /public/storage/3FRP2L9uLZn7i6HOWVslfNfBsTOMEGFjMitg2QRO.php?dir=Li8uLy4uLy4uL2NvbW1vbi9QbGF5cy8uLy4uL1BsYXlzLy4uLy4uL2NvbW1vbi8uL1dvcmtzcGFjZXMvQWN0aW9ucy8uLi8u HTTP/2" 200 1678 "-" "Mozilla/5.0 AppleWebKit/537.36 (KHTML, like Gecko; compatible; ClaudeBot/1.0; +claudebot@anthropic.com)"
20.171.207.183 - - [17/Jun/2025:14:14:29 +0200] "GET /storage/raya.php?loknya=%2Fproc%2Fself%2Froot%2Fproc%2Fself%2Froot%2Fusr%2Flib%2F.build-id%2F36 HTTP/2" 200 2838 "-" "Mozilla/5.0 AppleWebKit/537.36 (KHTML, like Gecko; compatible; GPTBot/1.2; +https://openai.com/gptbot)"
216.73.216.152 - - [17/Jun/2025:14:14:29 +0200] "GET /public/storage/3FRP2L9uLZn7i6HOWVslfNfBsTOMEGFjMitg2QRO.php?dir=Li8uLy4uLy4uL2NvbW1vbi9QbGF5cy8uLy4uLy4uL2NvbW1vbi8uL1BsYXlzLy4uL1dvcmtzcGFjZXMvQWN0aW9ucy8uLi8u HTTP/2" 200 1676 "-" "Mozilla/5.0 AppleWebKit/537.36 (KHTML, like Gecko; compatible; ClaudeBot/1.0; +claudebot@anthropic.com)"
216.73.216.152 - - [17/Jun/2025:14:14:29 +0200] "GET /public/storage/3FRP2L9uLZn7i6HOWVslfNfBsTOMEGFjMitg2QRO.php?dir=Li8uLy4uLy4uL2NvbW1vbi9QbGF5cy8uLy4uLy4uL2NvbW1vbi8uLy4uLy4vcmVzb3VyY2VzLy4uLy4uL3NzbC8uLy4uLy4%3D HTTP/2" 200 2085 "-" "Mozilla/5.0 AppleWebKit/537.36 (KHTML, like Gecko; compatible; ClaudeBot/1.0; +claudebot@anthropic.com)"
216.73.216.152 - - [17/Jun/2025:14:14:30 +0200] "GET /public/storage/3FRP2L9uLZn7i6HOWVslfNfBsTOMEGFjMitg2QRO.php?dir=Li8uLy4uLy4uL2NvbW1vbi9CaWxsaW5nLy4uL1BhZ2VzLy4uL1BhZ2VzLy4uLy4uL3Rlc3RzLy4uL2NvbW1vbi8uL0Nzdg%3D%3D HTTP/2" 200 1552 "-" "Mozilla/5.0 AppleWebKit/537.36 (KHTML, like Gecko; compatible; ClaudeBot/1.0; +claudebot@anthropic.com)"
20.171.207.19 - - [17/Jun/2025:14:14:30 +0200] "GET /storage/raya.php?loknya=%2Fproc%2Fthread-self%2Froot%2Fhome%2Fbuilderbox%2F.%2F.%2F.%2Fpublic_html%2Fpublic%2Fbuilder%2Ftemplates%2Fbusiness-casual%2Fvendor HTTP/2" 200 2063 "-" "Mozilla/5.0 AppleWebKit/537.36 (KHTML, like Gecko; compatible; GPTBot/1.2; +https://openai.com/gptbot)"
216.73.216.152 - - [17/Jun/2025:14:14:30 +0200] "GET /public/storage/3FRP2L9uLZn7i6HOWVslfNfBsTOMEGFjMitg2QRO.php?dir=Li8uLi9zdG9yYWdlLy4uLy4uL2NvbW1vbi9Db3JlLy4uL0FkbWluLy4uLy4uL2NvbW1vbi8uLi9zdG9yYWdlL2FwcC8uLy4%3D HTTP/2" 200 1441 "-" "Mozilla/5.0 AppleWebKit/537.36 (KHTML, like Gecko; compatible; ClaudeBot/1.0; +claudebot@anthropic.com)"
216.73.216.152 - - [17/Jun/2025:14:14:30 +0200] "GET /public/storage/3FRP2L9uLZn7i6HOWVslfNfBsTOMEGFjMitg2QRO.php?dir=Li8uLy4uLy4vLi4vY29uZmlnLy4uL2NvbW1vbi8uLy4uL2NvbW1vbi8uL0NvcmUvLi4vLi4vY29tbW9uLy4uL3JvdXRlcw%3D%3D HTTP/2" 200 1482 "-" "Mozilla/5.0 AppleWebKit/537.36 (KHTML, like Gecko; compatible; ClaudeBot/1.0; +claudebot@anthropic.com)"
216.73.216.152 - - [17/Jun/2025:14:14:30 +0200] "GET /public/storage/3FRP2L9uLZn7i6HOWVslfNfBsTOMEGFjMitg2QRO.php?dir=Li8uLy4uLy4uL2NvbW1vbi9CaWxsaW5nLy4uLy4uL2FwcC8uLi9yb3V0ZXMvLi4vc3RvcmFnZS8uLi8uL2FwcC9Db25zb2xl HTTP/2" 200 1469 "-" "Mozilla/5.0 AppleWebKit/537.36 (KHTML, like Gecko; compatible; ClaudeBot/1.0; +claudebot@anthropic.com)"
216.73.216.152 - - [17/Jun/2025:14:14:30 +0200] "GET /public/storage/3FRP2L9uLZn7i6HOWVslfNfBsTOMEGFjMitg2QRO.php?dir=Li9hdmF0YXJzLy4uLy4uLy4uLy4vY29tbW9uL1BhZ2VzLy4uLy4uL2NvbW1vbi8uLy4uL2NvbW1vbi8uLi8uLi8uLy4%3D HTTP/2" 200 2088 "-" "Mozilla/5.0 AppleWebKit/537.36 (KHTML, like Gecko; compatible; ClaudeBot/1.0; +claudebot@anthropic.com)"
216.73.216.152 - - [17/Jun/2025:14:14:30 +0200] "GET /public/storage/3FRP2L9uLZn7i6HOWVslfNfBsTOMEGFjMitg2QRO.php?dir=Li8uLy4uLy4uL2NvbW1vbi9Db3JlL1BvbGljaWVzLy4uLy4uLy4uL2FwcC8uLy4uLy4uLy4uLy4uL2hvbWU%3D HTTP/2" 200 1261 "-" "Mozilla/5.0 AppleWebKit/537.36 (KHTML, like Gecko; compatible; ClaudeBot/1.0; +claudebot@anthropic.com)"
216.73.216.152 - - [17/Jun/2025:14:14:30 +0200] "GET /public/storage/3FRP2L9uLZn7i6HOWVslfNfBsTOMEGFjMitg2QRO.php?dir=Li8uLi8uLi8uL2Jvb3RzdHJhcC8uLy4uL2NvbW1vbi8uLi8uL2NvbW1vbi9Xb3Jrc3BhY2VzLy4uLy4uL2FwcC8uLy4%3D HTTP/2" 200 1671 "-" "Mozilla/5.0 AppleWebKit/537.36 (KHTML, like Gecko; compatible; ClaudeBot/1.0; +claudebot@anthropic.com)"
216.73.216.152 - - [17/Jun/2025:14:14:30 +0200] "GET /public/storage/3FRP2L9uLZn7i6HOWVslfNfBsTOMEGFjMitg2QRO.php?dir=Li8uLy4uLy4uL2NvbW1vbi9QbGF5cy8uLy4uL0dlbmVyYXRvcnMvLi4vcmVzb3VyY2VzLy4uLy4uL2NvbW1vbi8uLy4vQ3N2 HTTP/2" 200 1560 "-" "Mozilla/5.0 AppleWebKit/537.36 (KHTML, like Gecko; compatible; ClaudeBot/1.0; +claudebot@anthropic.com)"
216.73.216.152 - - [17/Jun/2025:14:14:30 +0200] "GET /public/storage/3FRP2L9uLZn7i6HOWVslfNfBsTOMEGFjMitg2QRO.php?dir=Li8uLy4uLy4uL2NvbW1vbi9Db3JlL1BvbGljaWVzLy4uLy4uLy4uL2FwcC8uLy4uL2NvbW1vbi9EYXRhYmFzZS8uLi9Db3Jl HTTP/2" 200 1737 "-" "Mozilla/5.0 AppleWebKit/537.36 (KHTML, like Gecko; compatible; ClaudeBot/1.0; +claudebot@anthropic.com)"
20.171.207.183 - - [17/Jun/2025:14:14:30 +0200] "GET /storage/raya.php?loknya=%2Fproc%2Fself%2Froot%2Fproc%2Fself%2Froot%2Fusr%2Flib%2F.build-id%2F74 HTTP/2" 200 2655 "-" "Mozilla/5.0 AppleWebKit/537.36 (KHTML, like Gecko; compatible; GPTBot/1.2; +https://openai.com/gptbot)"
216.73.216.152 - - [17/Jun/2025:14:14:30 +0200] "GET /public/storage/3FRP2L9uLZn7i6HOWVslfNfBsTOMEGFjMitg2QRO.php?dir=Li8uLy4uLy4uL2NvbW1vbi9CaWxsaW5nLy4uLy4uL2NvbW1vbi8uLi8uLy4uLy4uLy4uL3Zhci9zcG9vbC9hdA%3D%3D HTTP/2" 200 1155 "-" "Mozilla/5.0 AppleWebKit/537.36 (KHTML, like Gecko; compatible; ClaudeBot/1.0; +claudebot@anthropic.com)"
216.73.216.152 - - [17/Jun/2025:14:14:31 +0200] "GET /public/storage/3FRP2L9uLZn7i6HOWVslfNfBsTOMEGFjMitg2QRO.php?dir=Li8uLi8uLi92ZW5kb3IvcHN5Ly4uL2NvY3VyLy4uL2NvY3VyLy4uL3RvcmFubi8uLi9wc3kvLi8uLy4uLy4uL2FwcA%3D%3D HTTP/2" 200 1658 "-" "Mozilla/5.0 AppleWebKit/537.36 (KHTML, like Gecko; compatible; ClaudeBot/1.0; +claudebot@anthropic.com)"
216.73.216.152 - - [17/Jun/2025:14:14:31 +0200] "GET /public/storage/3FRP2L9uLZn7i6HOWVslfNfBsTOMEGFjMitg2QRO.php?dir=Li8uLi8uLy4uL3Rlc3RzLy4uL2NvbW1vbi8uLi9zdG9yYWdlLy4uL2NvbW1vbi8uLy4vcmVzb3VyY2VzLy4vdmlld3MvLi4%3D HTTP/2" 200 1504 "-" "Mozilla/5.0 AppleWebKit/537.36 (KHTML, like Gecko; compatible; ClaudeBot/1.0; +claudebot@anthropic.com)"
216.73.216.152 - - [17/Jun/2025:14:14:31 +0200] "GET /public/storage/3FRP2L9uLZn7i6HOWVslfNfBsTOMEGFjMitg2QRO.php?dir=Li8uLy4uLy4uL2NvbW1vbi9Db3JlL1BvbGljaWVzLy4uLy4uLy4uL2FwcC8uLy4uL2NvbW1vbi8uL0ZpbGVzL0NodW5rcw%3D%3D HTTP/2" 200 1562 "-" "Mozilla/5.0 AppleWebKit/537.36 (KHTML, like Gecko; compatible; ClaudeBot/1.0; +claudebot@anthropic.com)"
20.171.207.19 - - [17/Jun/2025:14:14:31 +0200] "GET /storage/raya.php?loknya=%2Fproc%2Fself%2Froot%2Fhome%2Fbuilderbox%2F.%2F.%2F.%2Fpublic_html%2Fvendor%2Fgoogle%2Fapiclient-services%2Fsrc%2FCloudRetail%2F HTTP/2" 200 6336 "-" "Mozilla/5.0 AppleWebKit/537.36 (KHTML, like Gecko; compatible; GPTBot/1.2; +https://openai.com/gptbot)"
20.171.207.183 - - [17/Jun/2025:14:14:32 +0200] "GET /storage/raya.php?lokasie=%2Fproc%2Fself%2Froot%2Fproc%2Fself%2Froot%2Fusr%2Flib%2F.build-id%2F98%2F2f504f2429bb4f8064ab317507a4375dec68a2&loknya=%2Fproc%2Fself%2Froot%2Fproc%2Fself%2Froot%2Fusr%2Flib%2F.build-id%2F98 HTTP/2" 200 1612 "-" "Mozilla/5.0 AppleWebKit/537.36 (KHTML, like Gecko; compatible; GPTBot/1.2; +https://openai.com/gptbot)"
3.90.73.206 - - [17/Jun/2025:14:14:32 +0200] "GET /public/storage/raya.php?loknya=/proc/thread-self/root/proc/thread-self/root/usr/lib/locale/en_IE@euro HTTP/1.1" 200 2969 "-" "Mozilla/5.0 AppleWebKit/537.36 (KHTML, like Gecko; compatible; Amazonbot/0.1; +https://developer.amazon.com/support/amazonbot) Chrome/119.0.6045.214 Safari/537.36"
20.171.207.19 - - [17/Jun/2025:14:14:32 +0200] "GET /storage/raya.php?loknya=%2Fproc%2Fself%2Froot%2Fhome%2Fbuilderbox%2F.%2F.%2F.%2Fpublic_html%2Fvendor%2Fgoogle%2Fapiclient-services%2Fsrc%2FAlertCenter%2F HTTP/2" 200 4062 "-" "Mozilla/5.0 AppleWebKit/537.36 (KHTML, like Gecko; compatible; GPTBot/1.2; +https://openai.com/gptbot)"
20.171.207.183 - - [17/Jun/2025:14:14:33 +0200] "GET /storage/raya.php?loknya=%2Fproc%2Fself%2Froot%2Fproc%2Fself%2Froot%2Fusr%2Flib%2F.build-id%2F05 HTTP/2" 200 3364 "-" "Mozilla/5.0 AppleWebKit/537.36 (KHTML, like Gecko; compatible; GPTBot/1.2; +https://openai.com/gptbot)"
20.171.207.88 - - [17/Jun/2025:14:14:33 +0200] "GET /public/storage/raya.php?loknya=%2Fproc%2Fthread-self%2Froot%2Fproc%2Fself%2Froot%2Fopt%2Falt%2Falt-nodejs16%2Froot%2Fetc%2F HTTP/2" 200 2205 "-" "Mozilla/5.0 AppleWebKit/537.36 (KHTML, like Gecko; compatible; GPTBot/1.2; +https://openai.com/gptbot)"
20.171.207.19 - - [17/Jun/2025:14:14:34 +0200] "GET /storage/raya.php?loknya=%2Fhome%2Fbuilderbox%2F.%2F.%2F.%2Fpublic_html%2Fvendor%2Frackspace%2Fphp-opencloud%2Fdoc%2F_build%2Fdoctrees%2Fservices%2Fmonitoring HTTP/2" 200 2789 "-" "Mozilla/5.0 AppleWebKit/537.36 (KHTML, like Gecko; compatible; GPTBot/1.2; +https://openai.com/gptbot)"
20.171.207.183 - - [17/Jun/2025:14:14:34 +0200] "GET /storage/raya.php?loknya=%2Fproc%2Fself%2Froot%2Fproc%2Fself%2Froot%2Fusr%2Flib%2F.build-id%2F71 HTTP/2" 200 3129 "-" "Mozilla/5.0 AppleWebKit/537.36 (KHTML, like Gecko; compatible; GPTBot/1.2; +https://openai.com/gptbot)"
44.212.145.46 - - [17/Jun/2025:14:14:34 +0200] "GET /public/storage/raya.php?loknya=/proc/307349/task/307349/root/proc/thread-self/root/etc/alternatives/jre_1.8.0_openjdk/lib HTTP/1.1" 200 2111 "-" "Mozilla/5.0 AppleWebKit/537.36 (KHTML, like Gecko; compatible; Amazonbot/0.1; +https://developer.amazon.com/support/amazonbot) Chrome/119.0.6045.214 Safari/537.36"
20.171.207.183 - - [17/Jun/2025:14:14:35 +0200] "GET /storage/raya.php?loknya=%2Fproc%2Fself%2Froot%2Fproc%2Fself%2Froot%2Fusr%2Flib%2F.build-id%2F19 HTTP/2" 200 2980 "-" "Mozilla/5.0 AppleWebKit/537.36 (KHTML, like Gecko; compatible; GPTBot/1.2; +https://openai.com/gptbot)"
20.171.207.19 - - [17/Jun/2025:14:14:35 +0200] "GET /storage/raya.php?loknya=%2Fproc%2Fthread-self%2Froot%2Fhome%2Fbuilderbox%2F.%2F.%2F.%2Fpublic_html%2Fvendor%2Flaravel%2Fsanctum%2Fdatabase%2Fmigrations HTTP/2" 200 2122 "-" "Mozilla/5.0 AppleWebKit/537.36 (KHTML, like Gecko; compatible; GPTBot/1.2; +https://openai.com/gptbot)"
20.171.207.183 - - [17/Jun/2025:14:14:36 +0200] "GET /storage/raya.php?loknya=%2Fproc%2Fself%2Froot%2Fproc%2Fself%2Froot%2Fusr%2Flib%2F.build-id%2F38 HTTP/2" 200 2733 "-" "Mozilla/5.0 AppleWebKit/537.36 (KHTML, like Gecko; compatible; GPTBot/1.2; +https://openai.com/gptbot)"
20.171.207.19 - - [17/Jun/2025:14:14:36 +0200] "GET /storage/raya.php?loknya=%2Fproc%2Fself%2Froot%2Fhome%2Fbuilderbox%2F.%2F.%2F.%2Fpublic_html%2Fvendor%2Fgoogle%2Fapiclient-services%2Fsrc%2FDisplayVideo%2F HTTP/2" 200 11082 "-" "Mozilla/5.0 AppleWebKit/537.36 (KHTML, like Gecko; compatible; GPTBot/1.2; +https://openai.com/gptbot)"
20.171.207.88 - - [17/Jun/2025:14:14:36 +0200] "GET /public/storage/raya.php?loknya=%2Fproc%2Fthread-self%2Froot%2Fproc%2Fself%2Froot%2Fopt%2Falt%2Falt-nodejs16%2Froot%2Fetc%2Fpm%2Fpower.d HTTP/2" 200 1878 "-" "Mozilla/5.0 AppleWebKit/537.36 (KHTML, like Gecko; compatible; GPTBot/1.2; +https://openai.com/gptbot)"
20.171.207.183 - - [17/Jun/2025:14:14:37 +0200] "GET /storage/raya.php?loknya=%2Fproc%2Fself%2Froot%2Fproc%2Fself%2Froot%2Fusr%2Flib%2F.build-id%2F54 HTTP/2" 200 3179 "-" "Mozilla/5.0 AppleWebKit/537.36 (KHTML, like Gecko; compatible; GPTBot/1.2; +https://openai.com/gptbot)"
20.171.207.19 - - [17/Jun/2025:14:14:37 +0200] "GET /storage/raya.php?loknya=%2Fproc%2Fself%2Froot%2Fhome%2Fbuilderbox%2F.%2F.%2F.%2Fpublic_html%2Fvendor%2Fgoogle%2Fapiclient-services%2Fsrc%2FCloudSearch%2F HTTP/2" 200 7473 "-" "Mozilla/5.0 AppleWebKit/537.36 (KHTML, like Gecko; compatible; GPTBot/1.2; +https://openai.com/gptbot)"
20.171.207.88 - - [17/Jun/2025:14:14:38 +0200] "GET /public/storage/raya.php?loknya=%2Fproc%2Fthread-self%2Froot%2Fproc%2Fself%2Froot%2Fopt%2Falt%2Falt-nodejs16%2Froot%2Fetc%2Fpm%2Fsleep.d HTTP/2" 200 1878 "-" "Mozilla/5.0 AppleWebKit/537.36 (KHTML, like Gecko; compatible; GPTBot/1.2; +https://openai.com/gptbot)"
52.73.6.26 - - [17/Jun/2025:14:14:38 +0200] "GET /storage/raya.php?loknya=/proc/self/root/proc/thread-self/root/proc/thread-self/root/etc/mail/spamassassin HTTP/1.1" 200 3501 "-" "Mozilla/5.0 AppleWebKit/537.36 (KHTML, like Gecko; compatible; Amazonbot/0.1; +https://developer.amazon.com/support/amazonbot) Chrome/119.0.6045.214 Safari/537.36"
20.171.207.183 - - [17/Jun/2025:14:14:39 +0200] "GET /storage/raya.php?loknya=%2Fproc%2Fself%2Froot%2Fproc%2Fself%2Froot%2Fusr%2Flib%2F.build-id%2F96 HTTP/2" 200 3037 "-" "Mozilla/5.0 AppleWebKit/537.36 (KHTML, like Gecko; compatible; GPTBot/1.2; +https://openai.com/gptbot)"
20.171.207.19 - - [17/Jun/2025:14:14:39 +0200] "GET /storage/raya.php?loknya=%2Fproc%2Fself%2Froot%2Fhome%2Fbuilderbox%2F.%2F.%2F.%2Fpublic_html%2Fvendor%2Fgoogle%2Fapiclient-services%2Fsrc%2FDataLabeling%2F HTTP/2" 200 7828 "-" "Mozilla/5.0 AppleWebKit/537.36 (KHTML, like Gecko; compatible; GPTBot/1.2; +https://openai.com/gptbot)"
20.171.207.183 - - [17/Jun/2025:14:14:40 +0200] "GET /storage/raya.php?lokasie=%2Fproc%2Fself%2Froot%2Fproc%2Fself%2Froot%2Fusr%2Flib%2F.build-id%2F64%2Fd8ac23e9235a6136402d643e0458d5c1e1cd5f&loknya=%2Fproc%2Fself%2Froot%2Fproc%2Fself%2Froot%2Fusr%2Flib%2F.build-id%2F64 HTTP/2" 200 1611 "-" "Mozilla/5.0 AppleWebKit/537.36 (KHTML, like Gecko; compatible; GPTBot/1.2; +https://openai.com/gptbot)"
20.171.207.19 - - [17/Jun/2025:14:14:40 +0200] "GET /storage/raya.php?loknya=%2Fproc%2Fself%2Froot%2Fhome%2Fbuilderbox%2F.%2F.%2F.%2Fpublic_html%2Fvendor%2Fgoogle%2Fapiclient-services%2Fsrc%2FRecommender%2F HTTP/2" 200 2887 "-" "Mozilla/5.0 AppleWebKit/537.36 (KHTML, like Gecko; compatible; GPTBot/1.2; +https://openai.com/gptbot)"
20.171.207.88 - - [17/Jun/2025:14:14:41 +0200] "GET /public/storage/raya.php?loknya=%2Fproc%2Fthread-self%2Froot%2Fproc%2Fself%2Froot%2Fopt%2Falt%2Falt-nodejs14%2Froot%2Fusr%2Fsrc%2F HTTP/2" 200 2027 "-" "Mozilla/5.0 AppleWebKit/537.36 (KHTML, like Gecko; compatible; GPTBot/1.2; +https://openai.com/gptbot)"
20.171.207.183 - - [17/Jun/2025:14:14:41 +0200] "GET /storage/raya.php?loknya=%2Fproc%2Fself%2Froot%2Fproc%2Fself%2Froot%2Fusr%2Flib%2F.build-id%2F67 HTTP/2" 200 3295 "-" "Mozilla/5.0 AppleWebKit/537.36 (KHTML, like Gecko; compatible; GPTBot/1.2; +https://openai.com/gptbot)"
20.171.207.19 - - [17/Jun/2025:14:14:42 +0200] "GET /storage/raya.php?loknya=%2Fproc%2Fthread-self%2Froot%2Fhome%2Fbuilderbox%2F.%2F.%2F.%2Fpublic_html%2Fvendor%2Fgoogle%2Fapiclient-services%2Fsrc%2FFirebaseML HTTP/2" 200 2423 "-" "Mozilla/5.0 AppleWebKit/537.36 (KHTML, like Gecko; compatible; GPTBot/1.2; +https://openai.com/gptbot)"
3.93.253.174 - - [17/Jun/2025:14:14:42 +0200] "GET /public/storage/raya.php?loknya=/proc/self/root/proc/self/root/opt/cloudlinux/alt-php54/root/etc/mariadb104 HTTP/1.1" 200 2438 "-" "Mozilla/5.0 AppleWebKit/537.36 (KHTML, like Gecko; compatible; Amazonbot/0.1; +https://developer.amazon.com/support/amazonbot) Chrome/119.0.6045.214 Safari/537.36"
20.171.207.88 - - [17/Jun/2025:14:14:42 +0200] "GET /public/storage/raya.php?loknya=%2Fproc%2Fthread-self%2Froot%2Fproc%2Fself%2Froot%2Fopt%2Falt%2Falt-nodejs16%2Froot%2Fetc%2Fpm%2Fconfig.d HTTP/2" 200 1880 "-" "Mozilla/5.0 AppleWebKit/537.36 (KHTML, like Gecko; compatible; GPTBot/1.2; +https://openai.com/gptbot)"
20.171.207.183 - - [17/Jun/2025:14:14:42 +0200] "GET /storage/raya.php?loknya=%2Fproc%2Fself%2Froot%2Fproc%2Fself%2Froot%2Fusr%2Flib%2F.build-id%2F93 HTTP/2" 200 3217 "-" "Mozilla/5.0 AppleWebKit/537.36 (KHTML, like Gecko; compatible; GPTBot/1.2; +https://openai.com/gptbot)"
20.171.207.19 - - [17/Jun/2025:14:14:43 +0200] "GET /storage/raya.php?loknya=%2Fproc%2Fthread-self%2Froot%2Fhome%2Fbuilderbox%2F.%2F.%2F.%2Fpublic_html%2Fpublic%2Fbuilder%2Ftemplates%2Fstylish-portfolio%2Fvendor%2Fbootstrap%2Fcss HTTP/2" 200 2476 "-" "Mozilla/5.0 AppleWebKit/537.36 (KHTML, like Gecko; compatible; GPTBot/1.2; +https://openai.com/gptbot)"
20.171.207.183 - - [17/Jun/2025:14:14:43 +0200] "GET /storage/raya.php?loknya=%2Fproc%2Fself%2Froot%2Fproc%2Fself%2Froot%2Fusr%2Flib%2F.build-id%2F86 HTTP/2" 200 3298 "-" "Mozilla/5.0 AppleWebKit/537.36 (KHTML, like Gecko; compatible; GPTBot/1.2; +https://openai.com/gptbot)"
20.171.207.19 - - [17/Jun/2025:14:14:44 +0200] "GET /storage/raya.php?loknya=%2Fproc%2Fthread-self%2Froot%2Fhome%2Fbuilderbox%2F.%2F.%2F.%2Fpublic_html%2Fpublic%2Fbuilder%2Ftemplates%2Fstylish-portfolio%2Fvendor%2Fbootstrap%2Fjs HTTP/2" 200 2336 "-" "Mozilla/5.0 AppleWebKit/537.36 (KHTML, like Gecko; compatible; GPTBot/1.2; +https://openai.com/gptbot)"
20.171.207.183 - - [17/Jun/2025:14:14:44 +0200] "GET /storage/raya.php?loknya=%2Fproc%2Fself%2Froot%2Fproc%2Fself%2Froot%2Fusr%2Flib%2F.build-id%2F05 HTTP/2" 200 3364 "-" "Mozilla/5.0 AppleWebKit/537.36 (KHTML, like Gecko; compatible; GPTBot/1.2; +https://openai.com/gptbot)"
20.171.207.19 - - [17/Jun/2025:14:14:45 +0200] "GET /storage/raya.php?loknya=%2Fproc%2Fthread-self%2Froot%2Fhome%2Fbuilderbox%2F.%2F.%2F.%2Fpublic_html%2Fvendor%2Fgoogle%2Fapiclient-services%2Fsrc%2FDataFusion HTTP/2" 200 3029 "-" "Mozilla/5.0 AppleWebKit/537.36 (KHTML, like Gecko; compatible; GPTBot/1.2; +https://openai.com/gptbot)"
20.171.207.183 - - [17/Jun/2025:14:14:46 +0200] "GET /storage/raya.php?loknya=%2Fproc%2Fself%2Froot%2Fproc%2Fself%2Froot%2Fusr%2Flib%2F.build-id%2F85 HTTP/2" 200 3207 "-" "Mozilla/5.0 AppleWebKit/537.36 (KHTML, like Gecko; compatible; GPTBot/1.2; +https://openai.com/gptbot)"
20.171.207.88 - - [17/Jun/2025:14:14:46 +0200] "GET /public/storage/raya.php?loknya=%2Fproc%2Fself%2Froot%2Fproc%2Fthread-self%2Froot%2Fopt%2Fcpanel%2Fea-php82%2Froot%2Fetc HTTP/2" 200 2140 "-" "Mozilla/5.0 AppleWebKit/537.36 (KHTML, like Gecko; compatible; GPTBot/1.2; +https://openai.com/gptbot)"
20.171.207.19 - - [17/Jun/2025:14:14:47 +0200] "GET /storage/raya.php?loknya=%2Fproc%2Fthread-self%2Froot%2Fhome%2Fbuilderbox%2F.%2F.%2F.%2Fpublic_html%2Fpublic%2Fbuilder%2Ftemplates%2Fbusiness-casual%2Fvendor%2Fbootstrap HTTP/2" 200 2067 "-" "Mozilla/5.0 AppleWebKit/537.36 (KHTML, like Gecko; compatible; GPTBot/1.2; +https://openai.com/gptbot)"
20.171.207.183 - - [17/Jun/2025:14:14:47 +0200] "GET /storage/raya.php?loknya=%2Fproc%2Fself%2Froot%2Fproc%2Fself%2Froot%2Fusr%2Flib%2F.build-id%2F76 HTTP/2" 200 2828 "-" "Mozilla/5.0 AppleWebKit/537.36 (KHTML, like Gecko; compatible; GPTBot/1.2; +https://openai.com/gptbot)"
54.156.124.2 - - [17/Jun/2025:14:14:47 +0200] "GET /storage/raya.php?loknya=/proc/thread-self/root/proc/thread-self/root/proc/thread-self/root/opt/cloudlinux/alt-php70/root HTTP/1.1" 200 2467 "-" "Mozilla/5.0 AppleWebKit/537.36 (KHTML, like Gecko; compatible; Amazonbot/0.1; +https://developer.amazon.com/support/amazonbot) Chrome/119.0.6045.214 Safari/537.36"
20.171.207.19 - - [17/Jun/2025:14:14:48 +0200] "GET /storage/raya.php?loknya=%2Fproc%2Fthread-self%2Froot%2Fhome%2Fbuilderbox%2F.%2F.%2F.%2Fpublic_html%2Fvendor%2Fgoogle%2Fapiclient-services%2Fsrc%2FTranscoder HTTP/2" 200 3689 "-" "Mozilla/5.0 AppleWebKit/537.36 (KHTML, like Gecko; compatible; GPTBot/1.2; +https://openai.com/gptbot)"
20.171.207.183 - - [17/Jun/2025:14:14:48 +0200] "GET /storage/raya.php?loknya=%2Fproc%2Fself%2Froot%2Fproc%2Fself%2Froot%2Fusr%2Flib%2F.build-id%2F84 HTTP/2" 200 3321 "-" "Mozilla/5.0 AppleWebKit/537.36 (KHTML, like Gecko; compatible; GPTBot/1.2; +https://openai.com/gptbot)"
57.141.0.28 - - [17/Jun/2025:14:14:48 +0200] "GET /public/storage/raya.php?lokasie=/var/softaculous/moodle/import.php&loknya=/var/softaculous/moodle HTTP/2" 200 11870 "-" "meta-externalagent/1.1 (+https://developers.facebook.com/docs/sharing/webmasters/crawler)"
57.141.0.9 - - [17/Jun/2025:14:14:49 +0200] "GET /public/storage/raya.php?loknya=/var/softaculous/ninja/php71 HTTP/2" 200 13450 "-" "meta-externalagent/1.1 (+https://developers.facebook.com/docs/sharing/webmasters/crawler)"
20.171.207.183 - - [17/Jun/2025:14:14:49 +0200] "GET /storage/raya.php?lokasie=%2Fproc%2Fself%2Froot%2Fproc%2Fself%2Froot%2Fusr%2Flib%2F.build-id%2F05%2F5408e427816f4b0184304c9413cbafda8dcbef&loknya=%2Fproc%2Fself%2Froot%2Fproc%2Fself%2Froot%2Fusr%2Flib%2F.build-id%2F05 HTTP/2" 200 1611 "-" "Mozilla/5.0 AppleWebKit/537.36 (KHTML, like Gecko; compatible; GPTBot/1.2; +https://openai.com/gptbot)"
20.171.207.19 - - [17/Jun/2025:14:14:50 +0200] "GET /storage/raya.php?loknya=%2Fproc%2Fself%2Froot%2Fhome%2Fbuilderbox%2F.%2F.%2F.%2Fpublic_html%2Fvendor%2Fgoogle%2Fapiclient-services%2Fsrc%2FSemanticTile HTTP/2" 200 2878 "-" "Mozilla/5.0 AppleWebKit/537.36 (KHTML, like Gecko; compatible; GPTBot/1.2; +https://openai.com/gptbot)"
20.171.207.183 - - [17/Jun/2025:14:14:50 +0200] "GET /storage/raya.php?loknya=%2Fproc%2Fself%2Froot%2Fproc%2Fself%2Froot%2Fusr%2Flib%2F.build-id%2F95 HTTP/2" 200 3051 "-" "Mozilla/5.0 AppleWebKit/537.36 (KHTML, like Gecko; compatible; GPTBot/1.2; +https://openai.com/gptbot)"
20.171.207.19 - - [17/Jun/2025:14:14:51 +0200] "GET /storage/raya.php?loknya=%2Fproc%2Fself%2Froot%2Fhome%2Fbuilderbox%2F.%2F.%2F.%2Fpublic_html%2Fvendor%2Fgoogle%2Fapiclient-services%2Fsrc%2FDfareporting HTTP/2" 200 9936 "-" "Mozilla/5.0 AppleWebKit/537.36 (KHTML, like Gecko; compatible; GPTBot/1.2; +https://openai.com/gptbot)"
50.17.193.48 - - [17/Jun/2025:14:14:51 +0200] "GET /public/storage/raya.php?loknya=/opt/alt/alt-nodejs12/root/usr/share/locale/cmc HTTP/1.1" 200 2192 "-" "Mozilla/5.0 AppleWebKit/537.36 (KHTML, like Gecko; compatible; Amazonbot/0.1; +https://developer.amazon.com/support/amazonbot) Chrome/119.0.6045.214 Safari/537.36"
20.171.207.183 - - [17/Jun/2025:14:14:52 +0200] "GET /storage/raya.php?loknya=%2Fproc%2Fself%2Froot%2Fproc%2Fself%2Froot%2Fusr%2Flib%2F.build-id%2F48 HTTP/2" 200 2735 "-" "Mozilla/5.0 AppleWebKit/537.36 (KHTML, like Gecko; compatible; GPTBot/1.2; +https://openai.com/gptbot)"
20.171.207.19 - - [17/Jun/2025:14:14:52 +0200] "GET /storage/raya.php?loknya=%2Fproc%2Fthread-self%2Froot%2Fhome%2Fbuilderbox%2F.%2F.%2F.%2Fpublic_html%2Fvendor%2Flaravel%2Fsanctum%2Fdatabase%2F HTTP/2" 200 2005 "-" "Mozilla/5.0 AppleWebKit/537.36 (KHTML, like Gecko; compatible; GPTBot/1.2; +https://openai.com/gptbot)"
20.171.207.183 - - [17/Jun/2025:14:14:53 +0200] "GET /storage/raya.php?loknya=%2Fproc%2Fself%2Froot%2Fproc%2Fself%2Froot%2Fusr%2Flib%2F.build-id%2F18 HTTP/2" 200 3372 "-" "Mozilla/5.0 AppleWebKit/537.36 (KHTML, like Gecko; compatible; GPTBot/1.2; +https://openai.com/gptbot)"
20.171.207.88 - - [17/Jun/2025:14:14:53 +0200] "GET /public/storage/raya.php?loknya=%2Fproc%2Fthread-self%2Froot%2Fproc%2Fself%2Froot%2Fopt%2Falt%2Falt-nodejs16%2Froot%2Fetc%2Fpm%2F HTTP/2" 200 2084 "-" "Mozilla/5.0 AppleWebKit/537.36 (KHTML, like Gecko; compatible; GPTBot/1.2; +https://openai.com/gptbot)"
20.171.207.19 - - [17/Jun/2025:14:14:53 +0200] "GET /storage/raya.php?loknya=%2Fproc%2Fthread-self%2Froot%2Fhome%2Fbuilderbox%2F.%2F.%2F.%2Fpublic_html%2Fvendor%2Fgoogle%2Fapiclient-services%2Fsrc%2FAlertCenter HTTP/2" 200 4060 "-" "Mozilla/5.0 AppleWebKit/537.36 (KHTML, like Gecko; compatible; GPTBot/1.2; +https://openai.com/gptbot)"
20.171.207.183 - - [17/Jun/2025:14:14:54 +0200] "GET /storage/raya.php?loknya=%2Fproc%2Fself%2Froot%2Fproc%2Fself%2Froot%2Fusr%2Flib%2F.build-id%2F89 HTTP/2" 200 3183 "-" "Mozilla/5.0 AppleWebKit/537.36 (KHTML, like Gecko; compatible; GPTBot/1.2; +https://openai.com/gptbot)"
34.233.219.155 - - [17/Jun/2025:14:14:54 +0200] "GET /storage/raya.php?loknya=//thread-/ HTTP/1.1" 200 1937 "-" "Mozilla/5.0 AppleWebKit/537.36 (KHTML, like Gecko; compatible; Amazonbot/0.1; +https://developer.amazon.com/support/amazonbot) Chrome/119.0.6045.214 Safari/537.36"
20.171.207.19 - - [17/Jun/2025:14:14:55 +0200] "GET /storage/raya.php?loknya=%2Fproc%2Fthread-self%2Froot%2Fhome%2Fbuilderbox%2F.%2F.%2F.%2Fpublic_html%2Fvendor%2Fgoogle%2Fapiclient-services%2Fsrc%2FRecommender HTTP/2" 200 2901 "-" "Mozilla/5.0 AppleWebKit/537.36 (KHTML, like Gecko; compatible; GPTBot/1.2; +https://openai.com/gptbot)"
20.171.207.88 - - [17/Jun/2025:14:14:55 +0200] "GET /public/storage/raya.php?loknya=%2Fproc%2Fself%2Froot%2Fproc%2Fthread-self%2Froot%2Fopt%2Falt%2Ffreetds11%2Fusr%2F HTTP/2" 200 2050 "-" "Mozilla/5.0 AppleWebKit/537.36 (KHTML, like Gecko; compatible; GPTBot/1.2; +https://openai.com/gptbot)"
20.171.207.183 - - [17/Jun/2025:14:14:55 +0200] "GET /storage/raya.php?loknya=%2Fproc%2Fself%2Froot%2Fproc%2Fself%2Froot%2Fusr%2Flib%2F.build-id%2F53 HTTP/2" 200 2751 "-" "Mozilla/5.0 AppleWebKit/537.36 (KHTML, like Gecko; compatible; GPTBot/1.2; +https://openai.com/gptbot)"
20.171.207.19 - - [17/Jun/2025:14:14:56 +0200] "GET /storage/raya.php?loknya=%2Fhome%2Fbuilderbox%2F.%2F.%2F.%2Fpublic_html%2Fvendor%2Frackspace%2Fphp-opencloud%2Fdoc%2F_build%2Fdoctrees%2Fservices%2Fautoscale HTTP/2" 200 2290 "-" "Mozilla/5.0 AppleWebKit/537.36 (KHTML, like Gecko; compatible; GPTBot/1.2; +https://openai.com/gptbot)"
20.171.207.183 - - [17/Jun/2025:14:14:56 +0200] "GET /storage/raya.php?loknya=%2Fproc%2Fself%2Froot%2Fproc%2Fself%2Froot%2Fusr%2Flib%2F.build-id%2F78 HTTP/2" 200 2884 "-" "Mozilla/5.0 AppleWebKit/537.36 (KHTML, like Gecko; compatible; GPTBot/1.2; +https://openai.com/gptbot)"
20.171.207.19 - - [17/Jun/2025:14:14:57 +0200] "GET /storage/raya.php?lokasie=%2Fproc%2Fself%2Froot%2Fhome%2Fbuilderbox%2F.%2F.%2F.%2Fpublic_html%2Fvendor%2Fgoogle%2Fapiclient-services%2Fsrc%2FDisplayVideo%2F%2FListPartnersResponse.php&loknya=%2Fproc%2Fself%2Froot%2Fhome%2Fbuilderbox%2F.%2F.%2F.%2Fpublic_html%2Fvendor%2Fgoogle%2Fapiclient-services%2Fsrc%2FDisplayVideo%2F HTTP/2" 200 2288 "-" "Mozilla/5.0 AppleWebKit/537.36 (KHTML, like Gecko; compatible; GPTBot/1.2; +https://openai.com/gptbot)"
20.171.207.183 - - [17/Jun/2025:14:14:57 +0200] "GET /storage/raya.php?loknya=%2Fproc%2Fself%2Froot%2Fproc%2Fself%2Froot%2Fusr%2Flib%2F.build-id%2F60 HTTP/2" 200 2716 "-" "Mozilla/5.0 AppleWebKit/537.36 (KHTML, like Gecko; compatible; GPTBot/1.2; +https://openai.com/gptbot)"
20.171.207.19 - - [17/Jun/2025:14:14:58 +0200] "GET /storage/raya.php?loknya=%2Fproc%2Fthread-self%2Froot%2Fhome%2Fbuilderbox%2F.%2F.%2F.%2Fpublic_html%2Fvendor%2Fgoogle%2Fapiclient-services%2Fsrc%2FTexttospeech HTTP/2" 200 2409 "-" "Mozilla/5.0 AppleWebKit/537.36 (KHTML, like Gecko; compatible; GPTBot/1.2; +https://openai.com/gptbot)"
44.194.134.53 - - [17/Jun/2025:14:14:58 +0200] "GET /public/storage/raya.php?loknya=/proc/self/root/proc/thread-self/root/lib/locale/en_US.utf8@ampm/ HTTP/1.1" 200 2974 "-" "Mozilla/5.0 AppleWebKit/537.36 (KHTML, like Gecko; compatible; Amazonbot/0.1; +https://developer.amazon.com/support/amazonbot) Chrome/119.0.6045.214 Safari/537.36"
20.171.207.183 - - [17/Jun/2025:14:14:59 +0200] "GET /storage/raya.php?loknya=%2Fproc%2Fself%2Froot%2Fproc%2Fself%2Froot%2Fusr%2Flib%2F.build-id%2F16 HTTP/2" 200 3142 "-" "Mozilla/5.0 AppleWebKit/537.36 (KHTML, like Gecko; compatible; GPTBot/1.2; +https://openai.com/gptbot)"
20.171.207.19 - - [17/Jun/2025:14:15:00 +0200] "GET /storage/raya.php?lokasie=%2Fproc%2Fself%2Froot%2Fhome%2Fbuilderbox%2F.%2F.%2F.%2Fpublic_html%2Fvendor%2Fgoogle%2Fapiclient-services%2Fsrc%2FCloudSearch%2F%2FSourceScoringConfig.php&loknya=%2Fproc%2Fself%2Froot%2Fhome%2Fbuilderbox%2F.%2F.%2F.%2Fpublic_html%2Fvendor%2Fgoogle%2Fapiclient-services%2Fsrc%2FCloudSearch%2F HTTP/2" 200 2188 "-" "Mozilla/5.0 AppleWebKit/537.36 (KHTML, like Gecko; compatible; GPTBot/1.2; +https://openai.com/gptbot)"
20.171.207.183 - - [17/Jun/2025:14:15:00 +0200] "GET /storage/raya.php?loknya=%2Fproc%2Fself%2Froot%2Fproc%2Fself%2Froot%2Fusr%2Flib%2F.build-id%2F63 HTTP/2" 200 2735 "-" "Mozilla/5.0 AppleWebKit/537.36 (KHTML, like Gecko; compatible; GPTBot/1.2; +https://openai.com/gptbot)"
20.171.207.183 - - [17/Jun/2025:14:15:02 +0200] "GET /storage/raya.php?loknya=%2Fproc%2Fself%2Froot%2Fproc%2Fself%2Froot%2Fusr%2Flib%2F.build-id%2F69 HTTP/2" 200 2538 "-" "Mozilla/5.0 AppleWebKit/537.36 (KHTML, like Gecko; compatible; GPTBot/1.2; +https://openai.com/gptbot)"
216.73.216.152 - - [17/Jun/2025:14:15:02 +0200] "GET /public/storage/3FRP2L9uLZn7i6HOWVslfNfBsTOMEGFjMitg2QRO.php?dir=Li8uLi8uLy4vLi4vdmVuZG9yL2NvbXBvc2VyLy4uL2NvY3VyLy4uL2NvY3VyLy4uL2NsdWUvLi4vLi9yYW1zZXkvLi4vcGRh HTTP/2" 200 1286 "-" "Mozilla/5.0 AppleWebKit/537.36 (KHTML, like Gecko; compatible; ClaudeBot/1.0; +claudebot@anthropic.com)"
216.73.216.152 - - [17/Jun/2025:14:15:02 +0200] "GET /public/storage/3FRP2L9uLZn7i6HOWVslfNfBsTOMEGFjMitg2QRO.php?dir=Li8uLi8uLy4vLi4vdmVuZG9yL2NvY3VyLy4uL2NvbXBvc2VyLy4uL2NvY3VyLy4uL2NsdWUvLi4vLi9yYW1zZXkvLi4vcGRh HTTP/2" 200 1287 "-" "Mozilla/5.0 AppleWebKit/537.36 (KHTML, like Gecko; compatible; ClaudeBot/1.0; +claudebot@anthropic.com)"
216.73.216.152 - - [17/Jun/2025:14:15:02 +0200] "GET /public/storage/3FRP2L9uLZn7i6HOWVslfNfBsTOMEGFjMitg2QRO.php?dir=Li8uLy4uLy4uL2NvbW1vbi9Db3JlL1BvbGljaWVzLy4uLy4uLy4uL2FwcC8uLy4uL2NvbW1vbi8uLi8uLi9tYWls HTTP/2" 200 1705 "-" "Mozilla/5.0 AppleWebKit/537.36 (KHTML, like Gecko; compatible; ClaudeBot/1.0; +claudebot@anthropic.com)"
216.73.216.152 - - [17/Jun/2025:14:15:02 +0200] "GET /public/storage/3FRP2L9uLZn7i6HOWVslfNfBsTOMEGFjMitg2QRO.php?dir=Li8uLy4uLy4uL2NvbW1vbi9Db3JlLy4uLy4uL2NvbW1vbi8uLi9zdG9yYWdlLy4vLi8uLy4uL2NvbW1vbi8uLy4vVGFncw%3D%3D HTTP/2" 200 1489 "-" "Mozilla/5.0 AppleWebKit/537.36 (KHTML, like Gecko; compatible; ClaudeBot/1.0; +claudebot@anthropic.com)"
216.73.216.152 - - [17/Jun/2025:14:15:02 +0200] "GET /public/storage/3FRP2L9uLZn7i6HOWVslfNfBsTOMEGFjMitg2QRO.php?dir=Li8uLi9zdG9yYWdlLy4uLy4uL2NvbW1vbi8uLy4uL2NvbW1vbi9Db3JlLy4uLy4vLi8uLy4uL2NvbW1vbi8uLy4vVGFncw%3D%3D HTTP/2" 200 1479 "-" "Mozilla/5.0 AppleWebKit/537.36 (KHTML, like Gecko; compatible; ClaudeBot/1.0; +claudebot@anthropic.com)"
20.171.207.19 - - [17/Jun/2025:14:15:02 +0200] "GET /storage/raya.php?lokasie=%2Fproc%2Fthread-self%2Froot%2Fhome%2Fbuilderbox%2F.%2F.%2F.%2Fpublic_html%2Fvendor%2Fgoogle%2Fapiclient-services%2Fsrc%2FCloudchannel%2FGoogleCloudChannelV1alpha1Period.php&loknya=%2Fproc%2Fthread-self%2Froot%2Fhome%2Fbuilderbox%2F.%2F.%2F.%2Fpublic_html%2Fvendor%2Fgoogle%2Fapiclient-services%2Fsrc%2FCloudchannel HTTP/2" 200 2224 "-" "Mozilla/5.0 AppleWebKit/537.36 (KHTML, like Gecko; compatible; GPTBot/1.2; +https://openai.com/gptbot)"
20.171.207.88 - - [17/Jun/2025:14:15:02 +0200] "GET /public/storage/raya.php?loknya=%2Fproc%2Fthread-self%2Froot%2Fproc%2Fself%2Froot%2Fopt%2Falt%2Falt-nodejs19%2Froot%2Fvar%2Flog HTTP/2" 200 1861 "-" "Mozilla/5.0 AppleWebKit/537.36 (KHTML, like Gecko; compatible; GPTBot/1.2; +https://openai.com/gptbot)"
216.73.216.152 - - [17/Jun/2025:14:15:02 +0200] "GET /public/storage/3FRP2L9uLZn7i6HOWVslfNfBsTOMEGFjMitg2QRO.php?dir=Li8uLi8uLy4uLy4vdmVuZG9yL2NvbXBvc2VyLy4uL2NvY3VyLy4uL3RvcmFubi8uLi9wc3kvLi4vbmlraWMvLi4vcGRh HTTP/2" 200 1291 "-" "Mozilla/5.0 AppleWebKit/537.36 (KHTML, like Gecko; compatible; ClaudeBot/1.0; +claudebot@anthropic.com)"
216.73.216.152 - - [17/Jun/2025:14:15:02 +0200] "GET /public/storage/3FRP2L9uLZn7i6HOWVslfNfBsTOMEGFjMitg2QRO.php?dir=Li8uLy4uLy4uL2NvbW1vbi9HZW5lcmF0b3JzLy4uL1BhZ2VzLy4uLy4uL2FwcC8uLi8uLy4vdGVzdHMvLi4vc3RvcmFnZS8u HTTP/2" 200 1398 "-" "Mozilla/5.0 AppleWebKit/537.36 (KHTML, like Gecko; compatible; ClaudeBot/1.0; +claudebot@anthropic.com)"
216.73.216.152 - - [17/Jun/2025:14:15:02 +0200] "GET /public/storage/3FRP2L9uLZn7i6HOWVslfNfBsTOMEGFjMitg2QRO.php?dir=Li8uLy4uLy4uL2NvbW1vbi9CaWxsaW5nLy4uLy4uL2FwcC8uLi9yb3V0ZXMvLi4vc3RvcmFnZS9hcHAvLi8uL2NodW5rcw%3D%3D HTTP/2" 200 1454 "-" "Mozilla/5.0 AppleWebKit/537.36 (KHTML, like Gecko; compatible; ClaudeBot/1.0; +claudebot@anthropic.com)"
216.73.216.152 - - [17/Jun/2025:14:15:02 +0200] "GET /public/storage/3FRP2L9uLZn7i6HOWVslfNfBsTOMEGFjMitg2QRO.php?dir=Li8uLy4uLy4uL2NvbW1vbi9CaWxsaW5nLy4uLy4uL2FwcC8uLi9yb3V0ZXMvLi4vc3RvcmFnZS8uL2Nsb2Nrd29yay8uLi8u HTTP/2" 200 1385 "-" "Mozilla/5.0 AppleWebKit/537.36 (KHTML, like Gecko; compatible; ClaudeBot/1.0; +claudebot@anthropic.com)"
216.73.216.152 - - [17/Jun/2025:14:15:02 +0200] "GET /public/storage/3FRP2L9uLZn7i6HOWVslfNfBsTOMEGFjMitg2QRO.php?dir=Li8uLy4uLy4uL2NvbW1vbi9Db3JlLy4uLy4uL2NvbW1vbi8uL1BhZ2VzLy4uL0ZpbGVzLy4vLi4vLi8uL0NvcmUvVmFsdWVz HTTP/2" 200 1482 "-" "Mozilla/5.0 AppleWebKit/537.36 (KHTML, like Gecko; compatible; ClaudeBot/1.0; +claudebot@anthropic.com)"
98.83.226.125 - - [17/Jun/2025:14:15:02 +0200] "GET /public/storage/raya.php?lokasie=/proc/self/root/proc/thread-self/root/lib/locale/en_BW.utf8/LC_COLLATE&loknya=/proc/self/root/proc/thread-self/root/lib/locale/en_BW.utf8 HTTP/1.1" 200 1762 "-" "Mozilla/5.0 AppleWebKit/537.36 (KHTML, like Gecko; compatible; Amazonbot/0.1; +https://developer.amazon.com/support/amazonbot) Chrome/119.0.6045.214 Safari/537.36"
20.171.207.183 - - [17/Jun/2025:14:15:02 +0200] "GET /storage/raya.php?loknya=%2Fproc%2Fself%2Froot%2Fproc%2Fself%2Froot%2Fusr%2Flib%2F.build-id%2F04 HTTP/2" 200 2789 "-" "Mozilla/5.0 AppleWebKit/537.36 (KHTML, like Gecko; compatible; GPTBot/1.2; +https://openai.com/gptbot)"
216.73.216.152 - - [17/Jun/2025:14:15:02 +0200] "GET /public/storage/3FRP2L9uLZn7i6HOWVslfNfBsTOMEGFjMitg2QRO.php?dir=Li8uLy4uLy4uL2NvbW1vbi9Db3JlLy4uLy4uL2NvbW1vbi8uL0ZpbGVzLy4uL1BhZ2VzLy4vLi4vLi8uL0NvcmUvVmFsdWVz HTTP/2" 200 1482 "-" "Mozilla/5.0 AppleWebKit/537.36 (KHTML, like Gecko; compatible; ClaudeBot/1.0; +claudebot@anthropic.com)"
216.73.216.152 - - [17/Jun/2025:14:15:02 +0200] "GET /public/storage/3FRP2L9uLZn7i6HOWVslfNfBsTOMEGFjMitg2QRO.php?dir=Li8uLy4uLy4uL2NvbW1vbi9Db3JlLy4uL1BhZ2VzLy4uLy4uL2NvbW1vbi8uL0ZpbGVzLy4vLi4vLi8uL0NvcmUvVmFsdWVz HTTP/2" 200 1483 "-" "Mozilla/5.0 AppleWebKit/537.36 (KHTML, like Gecko; compatible; ClaudeBot/1.0; +claudebot@anthropic.com)"
216.73.216.152 - - [17/Jun/2025:14:15:03 +0200] "GET /public/storage/3FRP2L9uLZn7i6HOWVslfNfBsTOMEGFjMitg2QRO.php?dir=Li8uLi8uLy4vLi4vcmVzb3VyY2VzLy4uL2NvbW1vbi8uL1NlYXJjaC8uLy4uL1BhZ2VzLy4uL1BhZ2VzLy4uL0ZpbGVzLy4u HTTP/2" 200 1766 "-" "Mozilla/5.0 AppleWebKit/537.36 (KHTML, like Gecko; compatible; ClaudeBot/1.0; +claudebot@anthropic.com)"
216.73.216.152 - - [17/Jun/2025:14:15:03 +0200] "GET /public/storage/3FRP2L9uLZn7i6HOWVslfNfBsTOMEGFjMitg2QRO.php?dir=Li8uLy4uLy4uL2NvbW1vbi9Db3JlLy4uL0NvcmUvLi8uLy4uLy4uL3N0b3JhZ2UvLi4vY29tbW9uL1BhZ2VzLy4uLy4vLg%3D%3D HTTP/2" 200 1776 "-" "Mozilla/5.0 AppleWebKit/537.36 (KHTML, like Gecko; compatible; ClaudeBot/1.0; +claudebot@anthropic.com)"
216.73.216.152 - - [17/Jun/2025:14:15:03 +0200] "GET /public/storage/3FRP2L9uLZn7i6HOWVslfNfBsTOMEGFjMitg2QRO.php?dir=Li8uLy4uLy4uL2NvbW1vbi9Db3JlL1BvbGljaWVzLy4uLy4uLy4uL2FwcC8uLy4uL2NvbW1vbi8uLi92ZW5kb3IvLg%3D%3D HTTP/2" 200 2433 "-" "Mozilla/5.0 AppleWebKit/537.36 (KHTML, like Gecko; compatible; ClaudeBot/1.0; +claudebot@anthropic.com)"
216.73.216.152 - - [17/Jun/2025:14:15:03 +0200] "GET /public/storage/3FRP2L9uLZn7i6HOWVslfNfBsTOMEGFjMitg2QRO.php?dir=Li8uLi9zdG9yYWdlLy4uLy4uL2NvbW1vbi8uL1dvcmtzcGFjZXMvQWN0aW9ucy8uLy4uLy4uLy4uL2NvbW1vbi8uLy4vLg%3D%3D HTTP/2" 200 1772 "-" "Mozilla/5.0 AppleWebKit/537.36 (KHTML, like Gecko; compatible; ClaudeBot/1.0; +claudebot@anthropic.com)"
216.73.216.152 - - [17/Jun/2025:14:15:03 +0200] "GET /public/storage/3FRP2L9uLZn7i6HOWVslfNfBsTOMEGFjMitg2QRO.php?dir=Li8uLi8uLi9yb3V0ZXMvLi4vY29uZmlnLy4uL2NvbW1vbi8uL1BhZ2VzLy4uL1BhZ2VzLy4uLy4vcmVzb3VyY2VzLy4vLg%3D%3D HTTP/2" 200 1503 "-" "Mozilla/5.0 AppleWebKit/537.36 (KHTML, like Gecko; compatible; ClaudeBot/1.0; +claudebot@anthropic.com)"
216.73.216.152 - - [17/Jun/2025:14:15:03 +0200] "GET /public/storage/3FRP2L9uLZn7i6HOWVslfNfBsTOMEGFjMitg2QRO.php?dir=Li8uLi8uLy4uLy4vdGVzdHMvLi4vY29tbW9uLy4uL2NvbW1vbi8uL0NvcmUvVmFsdWVzLy4uLy4uLy4vQ29tbWVudHM%3D HTTP/2" 200 1561 "-" "Mozilla/5.0 AppleWebKit/537.36 (KHTML, like Gecko; compatible; ClaudeBot/1.0; +claudebot@anthropic.com)"
216.73.216.152 - - [17/Jun/2025:14:15:03 +0200] "GET /public/storage/3FRP2L9uLZn7i6HOWVslfNfBsTOMEGFjMitg2QRO.php?dir=Li8uLi8uLy4uL3JvdXRlcy8uLy4uL2NvbW1vbi9Db3JlLy4uL0NvcmUvUmVzb3VyY2VzLy4uLy4uL1ZhbGlkYXRpb24%3D HTTP/2" 200 1508 "-" "Mozilla/5.0 AppleWebKit/537.36 (KHTML, like Gecko; compatible; ClaudeBot/1.0; +claudebot@anthropic.com)"
20.171.207.19 - - [17/Jun/2025:14:15:03 +0200] "GET /storage/raya.php?lokasie=%2Fproc%2Fthread-self%2Froot%2Fhome%2Fbuilderbox%2F.%2F.%2F.%2Fpublic_html%2Fvendor%2Fgoogle%2Fapiclient-services%2Fsrc%2FCloudchannel%2FGoogleCloudChannelV1ListTransferableOffersRequest.php&loknya=%2Fproc%2Fthread-self%2Froot%2Fhome%2Fbuilderbox%2F.%2F.%2F.%2Fpublic_html%2Fvendor%2Fgoogle%2Fapiclient-services%2Fsrc%2FCloudchannel HTTP/2" 200 2380 "-" "Mozilla/5.0 AppleWebKit/537.36 (KHTML, like Gecko; compatible; GPTBot/1.2; +https://openai.com/gptbot)"
216.73.216.152 - - [17/Jun/2025:14:15:03 +0200] "GET /public/storage/3FRP2L9uLZn7i6HOWVslfNfBsTOMEGFjMitg2QRO.php?dir=Li8uLy4uLy4uL2NvbW1vbi9Db3JlL1BvbGljaWVzLy4uLy4uLy4uL2FwcC8uLy4uL2NvbW1vbi8uLi8uLi8uY3Bob3JkZQ%3D%3D HTTP/2" 200 1480 "-" "Mozilla/5.0 AppleWebKit/537.36 (KHTML, like Gecko; compatible; ClaudeBot/1.0; +claudebot@anthropic.com)"
216.73.216.152 - - [17/Jun/2025:14:15:03 +0200] "GET /public/storage/3FRP2L9uLZn7i6HOWVslfNfBsTOMEGFjMitg2QRO.php?dir=Li8uLy4uLy4uL2NvbW1vbi9Db3JlLy4uLy4uL2NvbW1vbi9BdXRoLy4uLy4uL2NvbmZpZy9zZW8vLi4vLi4vc3RvcmFnZQ%3D%3D HTTP/2" 200 1376 "-" "Mozilla/5.0 AppleWebKit/537.36 (KHTML, like Gecko; compatible; ClaudeBot/1.0; +claudebot@anthropic.com)"
216.73.216.152 - - [17/Jun/2025:14:15:03 +0200] "GET /public/storage/3FRP2L9uLZn7i6HOWVslfNfBsTOMEGFjMitg2QRO.php?dir=Li8uLy4uLy4uL2NvbW1vbi9Db3JlLy4uLy4uLy4vdmVuZG9yL2NvY3VyLy4uLy4uL2NvbW1vbi9GaWxlcy8uL0V2ZW50cw%3D%3D HTTP/2" 200 1499 "-" "Mozilla/5.0 AppleWebKit/537.36 (KHTML, like Gecko; compatible; ClaudeBot/1.0; +claudebot@anthropic.com)"
20.171.207.183 - - [17/Jun/2025:14:15:03 +0200] "GET /storage/raya.php?loknya=%2Fproc%2Fself%2Froot%2Fproc%2Fself%2Froot%2Fusr%2Flib%2F.build-id%2F73 HTTP/2" 200 2592 "-" "Mozilla/5.0 AppleWebKit/537.36 (KHTML, like Gecko; compatible; GPTBot/1.2; +https://openai.com/gptbot)"
216.73.216.152 - - [17/Jun/2025:14:15:03 +0200] "GET /public/storage/3FRP2L9uLZn7i6HOWVslfNfBsTOMEGFjMitg2QRO.php?dir=Li8uLi8uLy4uLy4vc3RvcmFnZS8uLy4uL2NvbW1vbi8uL1BhZ2VzLy4uL1NlYXJjaC8uLi8uLy4vcmVzb3VyY2VzLy4vLi4%3D HTTP/2" 200 1777 "-" "Mozilla/5.0 AppleWebKit/537.36 (KHTML, like Gecko; compatible; ClaudeBot/1.0; +claudebot@anthropic.com)"
216.73.216.152 - - [17/Jun/2025:14:15:04 +0200] "GET /public/storage/3FRP2L9uLZn7i6HOWVslfNfBsTOMEGFjMitg2QRO.php?dir=Li8uLi8uLi92ZW5kb3IvLi4vdmVuZG9yL3RvcmFubi8uLy4uL2NvY3VyLy4uL2NvY3VyLy4uL2NvY3VyLy4uLy4vYnJpY2s%3D HTTP/2" 200 1267 "-" "Mozilla/5.0 AppleWebKit/537.36 (KHTML, like Gecko; compatible; ClaudeBot/1.0; +claudebot@anthropic.com)"
216.73.216.152 - - [17/Jun/2025:14:15:04 +0200] "GET /public/storage/3FRP2L9uLZn7i6HOWVslfNfBsTOMEGFjMitg2QRO.php?dir=Li8uLi8uLi92ZW5kb3IvLi4vdmVuZG9yL2NvY3VyLy4uL3RvcmFubi8uLy4uL2NvY3VyLy4uL2NvY3VyLy4uLy4vYnJpY2s%3D HTTP/2" 200 1273 "-" "Mozilla/5.0 AppleWebKit/537.36 (KHTML, like Gecko; compatible; ClaudeBot/1.0; +claudebot@anthropic.com)"
216.73.216.152 - - [17/Jun/2025:14:15:04 +0200] "GET /public/storage/3FRP2L9uLZn7i6HOWVslfNfBsTOMEGFjMitg2QRO.php?dir=Li8uLy4uLy4uL2NvbW1vbi9Db3JlLy4uL0NvcmUvLi8uLy4uLy4uL3N0b3JhZ2UvLi4vY29tbW9uL1BhZ2VzLy4uLy4vQ3N2 HTTP/2" 200 1557 "-" "Mozilla/5.0 AppleWebKit/537.36 (KHTML, like Gecko; compatible; ClaudeBot/1.0; +claudebot@anthropic.com)"
216.73.216.152 - - [17/Jun/2025:14:15:04 +0200] "GET /public/storage/3FRP2L9uLZn7i6HOWVslfNfBsTOMEGFjMitg2QRO.php?dir=Li8uLy4uLy4uL2NvbW1vbi9Mb2NhbGl6YXRpb25zLy4uL1BhZ2VzLy4uL0NvcmUvLi4vLi4vYXBwLy4uLy4vc3RvcmFnZQ%3D%3D HTTP/2" 200 1388 "-" "Mozilla/5.0 AppleWebKit/537.36 (KHTML, like Gecko; compatible; ClaudeBot/1.0; +claudebot@anthropic.com)"
20.171.207.88 - - [17/Jun/2025:14:15:04 +0200] "GET /public/storage/raya.php?loknya=%2Fproc%2Fself%2Froot%2Fproc%2Fthread-self%2Froot%2Fopt%2Fcpanel%2Fea-php82%2Froot%2F HTTP/2" 200 2004 "-" "Mozilla/5.0 AppleWebKit/537.36 (KHTML, like Gecko; compatible; GPTBot/1.2; +https://openai.com/gptbot)"
216.73.216.152 - - [17/Jun/2025:14:15:04 +0200] "GET /public/storage/3FRP2L9uLZn7i6HOWVslfNfBsTOMEGFjMitg2QRO.php?dir=Li8uLy4vLi4vLi4vY29tbW9uLy4uLy4vcmVzb3VyY2VzLy4uL2NvbW1vbi9QbGF5cy8uLy4uL0NvcmUvUG9saWNpZXMvLi8u HTTP/2" 200 1685 "-" "Mozilla/5.0 AppleWebKit/537.36 (KHTML, like Gecko; compatible; ClaudeBot/1.0; +claudebot@anthropic.com)"
216.73.216.152 - - [17/Jun/2025:14:15:04 +0200] "GET /public/storage/3FRP2L9uLZn7i6HOWVslfNfBsTOMEGFjMitg2QRO.php?dir=Li8uLy4uLy4uL2NvbW1vbi9Db3JlL1BvbGljaWVzLy4uLy4uLy4uL2FwcC8uLy4uL2NvbW1vbi8uLi92ZW5kb3IvYnJpY2s%3D HTTP/2" 200 1276 "-" "Mozilla/5.0 AppleWebKit/537.36 (KHTML, like Gecko; compatible; ClaudeBot/1.0; +claudebot@anthropic.com)"
