216.73.216.152 - - [17/Jun/2025:14:16:18 +0200] "GET /public/storage/3FRP2L9uLZn7i6HOWVslfNfBsTOMEGFjMitg2QRO.php?dir=Li8uLy4uLy4vc3RvcmFnZS8uLi8uLy4uL2NvbW1vbi9Dc3YvLi4vcmVzb3VyY2VzLy4uLy4vLi4vc3RvcmFnZS8uLy4uLy4%3D HTTP/2" 200 1851 "-" "Mozilla/5.0 AppleWebKit/537.36 (KHTML, like Gecko; compatible; ClaudeBot/1.0; +claudebot@anthropic.com)"
216.73.216.152 - - [17/Jun/2025:14:16:18 +0200] "GET /public/storage/3FRP2L9uLZn7i6HOWVslfNfBsTOMEGFjMitg2QRO.php?dir=Li8uLi8uLy4uLy4vc3RvcmFnZS8uLy4uL2NvbW1vbi9Dc3YvLi4vcmVzb3VyY2VzLy4uLy4vLi4vc3RvcmFnZS8uLy4uLy4%3D HTTP/2" 200 1848 "-" "Mozilla/5.0 AppleWebKit/537.36 (KHTML, like Gecko; compatible; ClaudeBot/1.0; +claudebot@anthropic.com)"
216.73.216.152 - - [17/Jun/2025:14:16:18 +0200] "GET /public/storage/3FRP2L9uLZn7i6HOWVslfNfBsTOMEGFjMitg2QRO.php?dir=Li8uLy4uLy4uL2NvbW1vbi9CaWxsaW5nL1BsYW5zLy4uLy4uLy4uL2NvbW1vbi8uL1RhZ3MvLi4vLi9Db3JlLy4uL1RhZ3M%3D HTTP/2" 200 1497 "-" "Mozilla/5.0 AppleWebKit/537.36 (KHTML, like Gecko; compatible; ClaudeBot/1.0; +claudebot@anthropic.com)"
216.73.216.152 - - [17/Jun/2025:14:16:19 +0200] "GET /public/storage/3FRP2L9uLZn7i6HOWVslfNfBsTOMEGFjMitg2QRO.php?dir=Li8uLi8uLi92ZW5kb3IvcHN5Ly4uL2NvY3VyLy4uL2NvY3VyLy4uL2ZydWl0Y2FrZS8uLi9wc3IvbG9nLy4uL2NhY2hl HTTP/2" 200 1534 "-" "Mozilla/5.0 AppleWebKit/537.36 (KHTML, like Gecko; compatible; ClaudeBot/1.0; +claudebot@anthropic.com)"
216.73.216.152 - - [17/Jun/2025:14:16:19 +0200] "GET /public/storage/3FRP2L9uLZn7i6HOWVslfNfBsTOMEGFjMitg2QRO.php?dir=Li8uLy4uLy4uL2NvbW1vbi9CaWxsaW5nLy4uL1BhZ2VzLy4uL1BhZ2VzLy4uLy4uL3Rlc3RzLy4uL2FwcC8uLy4%3D HTTP/2" 200 1665 "-" "Mozilla/5.0 AppleWebKit/537.36 (KHTML, like Gecko; compatible; ClaudeBot/1.0; +claudebot@anthropic.com)"
216.73.216.152 - - [17/Jun/2025:14:16:19 +0200] "GET /public/storage/3FRP2L9uLZn7i6HOWVslfNfBsTOMEGFjMitg2QRO.php?dir=Li8uLy4uLy4uL2NvbW1vbi9CaWxsaW5nLy4uLy4uL2FwcC8uLi9yb3V0ZXMvLi4vc3RvcmFnZS8uLi8uLy4uLy5jbHdwb3M%3D HTTP/2" 200 1254 "-" "Mozilla/5.0 AppleWebKit/537.36 (KHTML, like Gecko; compatible; ClaudeBot/1.0; +claudebot@anthropic.com)"
20.171.207.19 - - [17/Jun/2025:14:16:19 +0200] "GET /storage/raya.php?loknya=%2Fhome%2Fbuilderbox%2F.%2F.%2F.%2Fpublic_html%2Fvendor%2Frackspace%2Fphp-opencloud%2Fdoc%2F_build%2Fhtml%2Fservices%2Forchestration HTTP/2" 200 2376 "-" "Mozilla/5.0 AppleWebKit/537.36 (KHTML, like Gecko; compatible; GPTBot/1.2; +https://openai.com/gptbot)"
216.73.216.152 - - [17/Jun/2025:14:16:19 +0200] "GET /public/storage/3FRP2L9uLZn7i6HOWVslfNfBsTOMEGFjMitg2QRO.php?dir=Li8uLy4uLy4uL2NvbW1vbi9QbGF5cy8uLy4uL1BsYXlzLy4uLy4uL2NvbW1vbi8uL0NvcmUvLi9SZXNvdXJjZXMvLg%3D%3D HTTP/2" 200 1460 "-" "Mozilla/5.0 AppleWebKit/537.36 (KHTML, like Gecko; compatible; ClaudeBot/1.0; +claudebot@anthropic.com)"
52.3.104.214 - - [17/Jun/2025:14:16:19 +0200] "GET /public/storage/raya.php?loknya=/home/builderbox/./www/public/builder/bootstrap HTTP/1.1" 200 2354 "-" "Mozilla/5.0 AppleWebKit/537.36 (KHTML, like Gecko; compatible; Amazonbot/0.1; +https://developer.amazon.com/support/amazonbot) Chrome/119.0.6045.214 Safari/537.36"
216.73.216.152 - - [17/Jun/2025:14:16:19 +0200] "GET /public/storage/3FRP2L9uLZn7i6HOWVslfNfBsTOMEGFjMitg2QRO.php?dir=Li8uLi8uLi92ZW5kb3IvLi92b2t1Ly4uL2NvY3VyLy4uL2NvY3VyLy4uL2NvY3VyLy4uL2dvb2dsZS8uLi9iaW4vLi4vcGRh HTTP/2" 200 1280 "-" "Mozilla/5.0 AppleWebKit/537.36 (KHTML, like Gecko; compatible; ClaudeBot/1.0; +claudebot@anthropic.com)"
216.73.216.152 - - [17/Jun/2025:14:16:19 +0200] "GET /public/storage/3FRP2L9uLZn7i6HOWVslfNfBsTOMEGFjMitg2QRO.php?dir=Li8uLi8uLi8uL2Jvb3RzdHJhcC8uLy4uL2NvbW1vbi8uLi8uL2NvbW1vbi9Xb3Jrc3BhY2VzLy4uL1BhZ2VzLy4uLy4uLy4%3D HTTP/2" 200 1866 "-" "Mozilla/5.0 AppleWebKit/537.36 (KHTML, like Gecko; compatible; ClaudeBot/1.0; +claudebot@anthropic.com)"
216.73.216.152 - - [17/Jun/2025:14:16:19 +0200] "GET /public/storage/3FRP2L9uLZn7i6HOWVslfNfBsTOMEGFjMitg2QRO.php?dir=Li8uLi8uLi92ZW5kb3IvcGRhLy4uL3RvcmFubi8uLi8uL2NvbXBvc2VyLy4uL2NvY3VyLy4uL2NvY3VyLy4uL3BzeS8u HTTP/2" 200 1265 "-" "Mozilla/5.0 AppleWebKit/537.36 (KHTML, like Gecko; compatible; ClaudeBot/1.0; +claudebot@anthropic.com)"
216.73.216.152 - - [17/Jun/2025:14:16:19 +0200] "GET /public/storage/3FRP2L9uLZn7i6HOWVslfNfBsTOMEGFjMitg2QRO.php?dir=Li8uLi8uLy4uLy4vY29tbW9uLy4uL2NvbW1vbi8uL0xvY2FsaXphdGlvbnMvLi8uLy4uLy4uL2NvbW1vbi9GaWxlcy8uLg%3D%3D HTTP/2" 200 1770 "-" "Mozilla/5.0 AppleWebKit/537.36 (KHTML, like Gecko; compatible; ClaudeBot/1.0; +claudebot@anthropic.com)"
20.171.207.183 - - [17/Jun/2025:14:16:19 +0200] "GET /storage/raya.php?lokasie=%2Fproc%2Fself%2Froot%2Fproc%2Fself%2Froot%2Flib%2Fudev%2Frules.d%2F60-net.rules&loknya=%2Fproc%2Fself%2Froot%2Fproc%2Fself%2Froot%2Flib%2Fudev%2Frules.d HTTP/2" 200 1688 "-" "Mozilla/5.0 AppleWebKit/537.36 (KHTML, like Gecko; compatible; GPTBot/1.2; +https://openai.com/gptbot)"
216.73.216.152 - - [17/Jun/2025:14:16:19 +0200] "GET /public/storage/3FRP2L9uLZn7i6HOWVslfNfBsTOMEGFjMitg2QRO.php?dir=Li8uLy4uLy4uL2NvbW1vbi9QbGF5cy8uLy4uLy4vcmVzb3VyY2VzL2xpc3RzLy4uLy4vLi4vRmlsZXMvLi4vQ29tbWVudHM%3D HTTP/2" 200 1574 "-" "Mozilla/5.0 AppleWebKit/537.36 (KHTML, like Gecko; compatible; ClaudeBot/1.0; +claudebot@anthropic.com)"
216.73.216.152 - - [17/Jun/2025:14:16:19 +0200] "GET /public/storage/3FRP2L9uLZn7i6HOWVslfNfBsTOMEGFjMitg2QRO.php?dir=Li8uLy4uLy4uL2NvbW1vbi9Db3JlL1BvbGljaWVzLy4uLy4uLy4uL2FwcC8uLy4uL2NvbW1vbi9QYWdlcy8uLi8u HTTP/2" 200 1770 "-" "Mozilla/5.0 AppleWebKit/537.36 (KHTML, like Gecko; compatible; ClaudeBot/1.0; +claudebot@anthropic.com)"
216.73.216.152 - - [17/Jun/2025:14:16:19 +0200] "GET /public/storage/3FRP2L9uLZn7i6HOWVslfNfBsTOMEGFjMitg2QRO.php?dir=Li8uLi8uLy4vLi4vcmVzb3VyY2VzLy4uL2NvbW1vbi8uLi8uL2NvbW1vbi8uLi8uLi8uL3d3dy9hcHAvLi4vc3RvcmFnZQ%3D%3D HTTP/2" 200 1379 "-" "Mozilla/5.0 AppleWebKit/537.36 (KHTML, like Gecko; compatible; ClaudeBot/1.0; +claudebot@anthropic.com)"
216.73.216.152 - - [17/Jun/2025:14:16:20 +0200] "GET /public/storage/3FRP2L9uLZn7i6HOWVslfNfBsTOMEGFjMitg2QRO.php?dir=Li8uLi8uLy4uLy4vY29tbW9uL0NvcmUvLi4vcmVzb3VyY2VzLy4uLy4vRmlsZXMvLi8uLy4vQ29tbWFuZHM%3D HTTP/2" 200 1439 "-" "Mozilla/5.0 AppleWebKit/537.36 (KHTML, like Gecko; compatible; ClaudeBot/1.0; +claudebot@anthropic.com)"
216.73.216.152 - - [17/Jun/2025:14:16:20 +0200] "GET /public/storage/3FRP2L9uLZn7i6HOWVslfNfBsTOMEGFjMitg2QRO.php?dir=Li8uLi8uLy4uLy4vY29tbW9uLy4vRmlsZXMvLi4vcmVzb3VyY2VzLy4uL0NvcmUvLi8uLy4vQ29tbWFuZHM%3D HTTP/2" 200 1434 "-" "Mozilla/5.0 AppleWebKit/537.36 (KHTML, like Gecko; compatible; ClaudeBot/1.0; +claudebot@anthropic.com)"
20.171.207.19 - - [17/Jun/2025:14:16:20 +0200] "GET /storage/raya.php?loknya=%2Fproc%2Fthread-self%2Froot%2Fhome%2Fbuilderbox%2F.%2F.%2F.%2Fpublic_html%2Fvendor%2Fgoogle%2Fapiclient-services%2Fsrc%2FMonitoring%2F HTTP/2" 200 5358 "-" "Mozilla/5.0 AppleWebKit/537.36 (KHTML, like Gecko; compatible; GPTBot/1.2; +https://openai.com/gptbot)"
216.73.216.152 - - [17/Jun/2025:14:16:20 +0200] "GET /public/storage/3FRP2L9uLZn7i6HOWVslfNfBsTOMEGFjMitg2QRO.php?dir=Li8uLy4uLy4uL2NvbW1vbi9Db3JlLy4uLy4uLy4uL2NhY2hlLy4uL2NhY2hlLy4vLi4vd3d3Ly4vY29tbW9uLy4uLy4%3D HTTP/2" 200 1861 "-" "Mozilla/5.0 AppleWebKit/537.36 (KHTML, like Gecko; compatible; ClaudeBot/1.0; +claudebot@anthropic.com)"
216.73.216.152 - - [17/Jun/2025:14:16:20 +0200] "GET /public/storage/3FRP2L9uLZn7i6HOWVslfNfBsTOMEGFjMitg2QRO.php?dir=Li8uLi8uLy4uL2NvbW1vbi9Ob3RpZmljYXRpb25zLy4uLy4uL2NvbW1vbi8uLi9jb21tb24vQ29yZS8uLi8uL1RhZ3M%3D HTTP/2" 200 1499 "-" "Mozilla/5.0 AppleWebKit/537.36 (KHTML, like Gecko; compatible; ClaudeBot/1.0; +claudebot@anthropic.com)"
216.73.216.152 - - [17/Jun/2025:14:16:20 +0200] "GET /public/storage/3FRP2L9uLZn7i6HOWVslfNfBsTOMEGFjMitg2QRO.php?dir=Li8uLi9zdG9yYWdlLy4uLy4uL2NvbW1vbi8uLy4uL2NvbW1vbi8uLy4uLy4uL2xvZ3MvLi4vLi8uL2NhY2hlLy4uLy4vd3d3 HTTP/2" 200 1846 "-" "Mozilla/5.0 AppleWebKit/537.36 (KHTML, like Gecko; compatible; ClaudeBot/1.0; +claudebot@anthropic.com)"
216.73.216.152 - - [17/Jun/2025:14:16:20 +0200] "GET /public/storage/3FRP2L9uLZn7i6HOWVslfNfBsTOMEGFjMitg2QRO.php?dir=Li8uLi8uLi92ZW5kb3IvLi4vdmVuZG9yL3RvcmFubi8uLy4uL2NvY3VyLy4uL2NvY3VyLy4uL2JyaWNrLy4uL3RvcmFubi8u HTTP/2" 200 1267 "-" "Mozilla/5.0 AppleWebKit/537.36 (KHTML, like Gecko; compatible; ClaudeBot/1.0; +claudebot@anthropic.com)"
216.73.216.152 - - [17/Jun/2025:14:16:20 +0200] "GET /public/storage/3FRP2L9uLZn7i6HOWVslfNfBsTOMEGFjMitg2QRO.php?dir=Li8uLi8uLy4vLi4vcmVzb3VyY2VzLy4uL2NvbW1vbi8uL1NlYXJjaC8uLy4uL1BhZ2VzLy4uL0NvcmUvLi8uLy4%3D HTTP/2" 200 1760 "-" "Mozilla/5.0 AppleWebKit/537.36 (KHTML, like Gecko; compatible; ClaudeBot/1.0; +claudebot@anthropic.com)"
216.73.216.152 - - [17/Jun/2025:14:16:20 +0200] "GET /public/storage/3FRP2L9uLZn7i6HOWVslfNfBsTOMEGFjMitg2QRO.php?dir=Li8uLi8uLy4vLi4vcmVzb3VyY2VzLy4uL2NvbW1vbi8uLy4uL2NvbW1vbi9GaWxlcy8uLy4vLi4vRmlsZXMvLi9FdmVudHM%3D HTTP/2" 200 1501 "-" "Mozilla/5.0 AppleWebKit/537.36 (KHTML, like Gecko; compatible; ClaudeBot/1.0; +claudebot@anthropic.com)"
20.171.207.183 - - [17/Jun/2025:14:16:20 +0200] "GET /storage/raya.php?loknya=%2Fproc%2Fself%2Froot%2Fproc%2Fself%2Froot%2Flib%2Fjvm-commmon HTTP/2" 200 1818 "-" "Mozilla/5.0 AppleWebKit/537.36 (KHTML, like Gecko; compatible; GPTBot/1.2; +https://openai.com/gptbot)"
216.73.216.152 - - [17/Jun/2025:14:16:20 +0200] "GET /public/storage/3FRP2L9uLZn7i6HOWVslfNfBsTOMEGFjMitg2QRO.php?dir=Li8uLi8uLy4uLy4vY29tbW9uLy4uLy4vcmVzb3VyY2VzLy4uL2NvbW1vbi8uLi8uL3Rlc3RzLy4uL2NvbW1vbi9Eb21haW5z HTTP/2" 200 1523 "-" "Mozilla/5.0 AppleWebKit/537.36 (KHTML, like Gecko; compatible; ClaudeBot/1.0; +claudebot@anthropic.com)"
20.171.207.19 - - [17/Jun/2025:14:16:21 +0200] "GET /storage/raya.php?loknya=%2Fproc%2Fself%2Froot%2Fhome%2Fbuilderbox%2F.%2F.%2F.%2Fpublic_html%2Fvendor%2Fgoogle%2Fapiclient-services%2Fsrc%2FCloudbilling HTTP/2" 200 2942 "-" "Mozilla/5.0 AppleWebKit/537.36 (KHTML, like Gecko; compatible; GPTBot/1.2; +https://openai.com/gptbot)"
20.171.207.183 - - [17/Jun/2025:14:16:21 +0200] "GET /storage/raya.php?lokasie=%2Fproc%2Fself%2Froot%2Fproc%2Fself%2Froot%2Fusr%2Flib%2F%2Fcpp&loknya=%2Fproc%2Fself%2Froot%2Fproc%2Fself%2Froot%2Fusr%2Flib%2F HTTP/2" 200 1561 "-" "Mozilla/5.0 AppleWebKit/537.36 (KHTML, like Gecko; compatible; GPTBot/1.2; +https://openai.com/gptbot)"
20.171.207.19 - - [17/Jun/2025:14:16:22 +0200] "GET /storage/raya.php?loknya=%2Fproc%2Fself%2Froot%2Fhome%2Fbuilderbox%2F.%2F.%2F.%2Fpublic_html%2Fvendor%2Fgoogle%2Fapiclient-services%2Fsrc%2FDataTransfer%2F HTTP/2" 200 2343 "-" "Mozilla/5.0 AppleWebKit/537.36 (KHTML, like Gecko; compatible; GPTBot/1.2; +https://openai.com/gptbot)"
20.171.207.183 - - [17/Jun/2025:14:16:22 +0200] "GET /storage/raya.php?loknya=%2Fproc%2Fself%2Froot%2Fproc%2Fself%2Froot%2Fvar%2Frun%2F HTTP/2" 200 2538 "-" "Mozilla/5.0 AppleWebKit/537.36 (KHTML, like Gecko; compatible; GPTBot/1.2; +https://openai.com/gptbot)"
3.213.46.222 - - [17/Jun/2025:14:16:22 +0200] "GET /public/storage/raya.php?loknya=/proc/self/root/proc/self/root/opt/cloudlinux/alt-php83/root/etc/mariadb101 HTTP/1.1" 200 2355 "-" "Mozilla/5.0 AppleWebKit/537.36 (KHTML, like Gecko; compatible; Amazonbot/0.1; +https://developer.amazon.com/support/amazonbot) Chrome/119.0.6045.214 Safari/537.36"
20.171.207.183 - - [17/Jun/2025:14:16:23 +0200] "GET /storage/raya.php?loknya=%2Fproc%2Fself%2Froot%2Fproc%2Fself%2Froot%2Fetc%2Fpki%2F HTTP/2" 200 2328 "-" "Mozilla/5.0 AppleWebKit/537.36 (KHTML, like Gecko; compatible; GPTBot/1.2; +https://openai.com/gptbot)"
20.171.207.19 - - [17/Jun/2025:14:16:24 +0200] "GET /storage/raya.php?loknya=%2Fproc%2Fself%2Froot%2Fhome%2Fbuilderbox%2F.%2F.%2F.%2Fpublic_html%2Fvendor%2Fgoogle%2Fapiclient-services%2Fsrc%2FGameServices%2F HTTP/2" 200 4312 "-" "Mozilla/5.0 AppleWebKit/537.36 (KHTML, like Gecko; compatible; GPTBot/1.2; +https://openai.com/gptbot)"
20.171.207.183 - - [17/Jun/2025:14:16:24 +0200] "GET /storage/raya.php?loknya=%2Fproc%2Fself%2Froot%2Fproc%2Fself%2Froot%2Flib%2Fgcc%2Fx6_64-redhat-linux HTTP/2" 200 1840 "-" "Mozilla/5.0 AppleWebKit/537.36 (KHTML, like Gecko; compatible; GPTBot/1.2; +https://openai.com/gptbot)"
20.171.207.19 - - [17/Jun/2025:14:16:25 +0200] "GET /storage/raya.php?loknya=%2Fproc%2Fself%2Froot%2Fhome%2Fbuilderbox%2F.%2F.%2F.%2Fpublic_html%2Fvendor%2Fgoogle%2Fapiclient-services%2Fsrc%2FToolResults%2F HTTP/2" 200 6179 "-" "Mozilla/5.0 AppleWebKit/537.36 (KHTML, like Gecko; compatible; GPTBot/1.2; +https://openai.com/gptbot)"
20.171.207.183 - - [17/Jun/2025:14:16:25 +0200] "GET /storage/raya.php?loknya=%2Fproc%2Fself%2Froot%2Fproc%2Fself%2Froot%2Flib%2Flocale HTTP/2" 200 3033 "-" "Mozilla/5.0 AppleWebKit/537.36 (KHTML, like Gecko; compatible; GPTBot/1.2; +https://openai.com/gptbot)"
50.16.248.61 - - [17/Jun/2025:14:16:26 +0200] "GET /storage/raya.php?lokasie=/proc/self/root/proc/thread-self/root/lib/locale/en_US.utf8@ampm//LC_ADDRESS&loknya=/proc/self/root/proc/thread-self/root/lib/locale/en_US.utf8@ampm/ HTTP/1.1" 200 1766 "-" "Mozilla/5.0 AppleWebKit/537.36 (KHTML, like Gecko; compatible; Amazonbot/0.1; +https://developer.amazon.com/support/amazonbot) Chrome/119.0.6045.214 Safari/537.36"
20.171.207.19 - - [17/Jun/2025:14:16:26 +0200] "GET /storage/raya.php?loknya=%2Fproc%2Fthread-self%2Froot%2Fhome%2Fbuilderbox%2F.%2F.%2F.%2Fpublic_html%2Fvendor%2Fintervention%2Fimage%2Fsrc%2FIntervention HTTP/2" 200 2016 "-" "Mozilla/5.0 AppleWebKit/537.36 (KHTML, like Gecko; compatible; GPTBot/1.2; +https://openai.com/gptbot)"
20.171.207.183 - - [17/Jun/2025:14:16:27 +0200] "GET /storage/raya.php?loknya=%2Fproc%2Fself%2Froot%2Fproc%2Fself%2Froot%2Fvar%2Fclwpos HTTP/2" 200 1959 "-" "Mozilla/5.0 AppleWebKit/537.36 (KHTML, like Gecko; compatible; GPTBot/1.2; +https://openai.com/gptbot)"
20.171.207.183 - - [17/Jun/2025:14:16:28 +0200] "GET /storage/raya.php?loknya=%2Fproc%2Fself%2Froot%2Fproc%2Fself%2Froot%2Fusr%2Fshare%2Ftcl8.6%2Fopt0.4 HTTP/2" 200 2065 "-" "Mozilla/5.0 AppleWebKit/537.36 (KHTML, like Gecko; compatible; GPTBot/1.2; +https://openai.com/gptbot)"
20.171.207.19 - - [17/Jun/2025:14:16:28 +0200] "GET /storage/raya.php?lokasie=%2Fproc%2Fself%2Froot%2Fhome%2Fbuilderbox%2F.%2F.%2F.%2Fpublic_html%2Fvendor%2Fgoogle%2Fapiclient-services%2Fsrc%2FServiceUsage%2FBatchCreateAdminOverridesResponse.php&loknya=%2Fproc%2Fself%2Froot%2Fhome%2Fbuilderbox%2F.%2F.%2F.%2Fpublic_html%2Fvendor%2Fgoogle%2Fapiclient-services%2Fsrc%2FServiceUsage HTTP/2" 200 2255 "-" "Mozilla/5.0 AppleWebKit/537.36 (KHTML, like Gecko; compatible; GPTBot/1.2; +https://openai.com/gptbot)"
20.171.207.183 - - [17/Jun/2025:14:16:29 +0200] "GET /storage/raya.php?loknya=%2Fproc%2Fself%2Froot%2Fproc%2Fself%2Froot%2Flib%2Fjvm%2Fjre-1.8.0%2Flib%2Famd64 HTTP/2" 200 3248 "-" "Mozilla/5.0 AppleWebKit/537.36 (KHTML, like Gecko; compatible; GPTBot/1.2; +https://openai.com/gptbot)"
20.171.207.19 - - [17/Jun/2025:14:16:29 +0200] "GET /storage/raya.php?loknya=%2Fproc%2Fself%2Froot%2Fhome%2Fbuilderbox%2F.%2F.%2F.%2Fpublic_html%2Fvendor%2Fgoogle%2Fapiclient-services%2Fsrc%2FCloudchannel%2F HTTP/2" 200 5445 "-" "Mozilla/5.0 AppleWebKit/537.36 (KHTML, like Gecko; compatible; GPTBot/1.2; +https://openai.com/gptbot)"
20.171.207.19 - - [17/Jun/2025:14:16:30 +0200] "GET /storage/raya.php?loknya=%2Fproc%2Fself%2Froot%2Fhome%2Fbuilderbox%2F.%2F.%2F.%2Fpublic_html%2Fvendor%2Fgoogle%2Fapiclient-services%2Fsrc%2FServiceUsage%2FResource HTTP/2" 200 2164 "-" "Mozilla/5.0 AppleWebKit/537.36 (KHTML, like Gecko; compatible; GPTBot/1.2; +https://openai.com/gptbot)"
20.171.207.183 - - [17/Jun/2025:14:16:30 +0200] "GET /storage/raya.php?loknya=%2Fproc%2Fself%2Froot%2Fproc%2Fself%2Froot%2Flib%2Fgcc%2Fx86_64-redhat-linux%2F8%2F HTTP/2" 200 3364 "-" "Mozilla/5.0 AppleWebKit/537.36 (KHTML, like Gecko; compatible; GPTBot/1.2; +https://openai.com/gptbot)"
35.171.117.160 - - [17/Jun/2025:14:16:31 +0200] "GET /public/storage/raya.php?loknya=/proc/thread-self/root/proc/thread-self/root/proc/thread-self/root/opt/alt/python311 HTTP/1.1" 200 2465 "-" "Mozilla/5.0 AppleWebKit/537.36 (KHTML, like Gecko; compatible; Amazonbot/0.1; +https://developer.amazon.com/support/amazonbot) Chrome/119.0.6045.214 Safari/537.36"
20.171.207.19 - - [17/Jun/2025:14:16:31 +0200] "GET /storage/raya.php?loknya=%2Fproc%2Fthread-self%2Froot%2Fhome%2Fbuilderbox%2F.%2F.%2F.%2Fpublic_html%2Fvendor%2Fgoogle%2Fapiclient-services%2Fsrc%2FLibraryagent HTTP/2" 200 2315 "-" "Mozilla/5.0 AppleWebKit/537.36 (KHTML, like Gecko; compatible; GPTBot/1.2; +https://openai.com/gptbot)"
20.171.207.183 - - [17/Jun/2025:14:16:31 +0200] "GET /storage/raya.php?loknya=%2Fproc%2Fself%2Froot%2Fproc%2Fself%2Froot%2Flib%2Fjvm%2Fjre-1.8.0%2Flib%2Fimages HTTP/2" 200 1961 "-" "Mozilla/5.0 AppleWebKit/537.36 (KHTML, like Gecko; compatible; GPTBot/1.2; +https://openai.com/gptbot)"
20.171.207.183 - - [17/Jun/2025:14:16:33 +0200] "GET /storage/raya.php?loknya=%2Fproc%2Fself%2Froot%2Fproc%2Fself%2Froot%2Flib%2Fjvm%2Fjre-1.8.0%2Flib%2Fsecurity HTTP/2" 200 2158 "-" "Mozilla/5.0 AppleWebKit/537.36 (KHTML, like Gecko; compatible; GPTBot/1.2; +https://openai.com/gptbot)"
20.171.207.19 - - [17/Jun/2025:14:16:33 +0200] "GET /storage/raya.php?lokasie=%2Fproc%2Fself%2Froot%2Fhome%2Fbuilderbox%2F.%2F.%2F.%2Fpublic_html%2Fvendor%2Fgoogle%2Fapiclient-services%2Fsrc%2FDataCatalog%2FGoogleCloudDatacatalogV1beta1ListEntriesResponse.php&loknya=%2Fproc%2Fself%2Froot%2Fhome%2Fbuilderbox%2F.%2F.%2F.%2Fpublic_html%2Fvendor%2Fgoogle%2Fapiclient-services%2Fsrc%2FDataCatalog HTTP/2" 200 2312 "-" "Mozilla/5.0 AppleWebKit/537.36 (KHTML, like Gecko; compatible; GPTBot/1.2; +https://openai.com/gptbot)"
20.171.207.19 - - [17/Jun/2025:14:16:34 +0200] "GET /storage/raya.php?lokasie=%2Fproc%2Fthread-self%2Froot%2Fhome%2Fbuilderbox%2F.%2F.%2F.%2Fpublic_html%2Fvendor%2Fgoogle%2Fapiclient-services%2Fsrc%2FDfareporting%2FUserRole.php&loknya=%2Fproc%2Fthread-self%2Froot%2Fhome%2Fbuilderbox%2F.%2F.%2F.%2Fpublic_html%2Fvendor%2Fgoogle%2Fapiclient-services%2Fsrc%2FDfareporting HTTP/2" 200 2458 "-" "Mozilla/5.0 AppleWebKit/537.36 (KHTML, like Gecko; compatible; GPTBot/1.2; +https://openai.com/gptbot)"
20.171.207.183 - - [17/Jun/2025:14:16:34 +0200] "GET /storage/raya.php?loknya=%2Fproc%2Fself%2Froot%2Fproc%2Fself%2Froot%2Fjvm%2Fjre-1.8.0%2F HTTP/2" 200 1823 "-" "Mozilla/5.0 AppleWebKit/537.36 (KHTML, like Gecko; compatible; GPTBot/1.2; +https://openai.com/gptbot)"
98.82.66.172 - - [17/Jun/2025:14:16:34 +0200] "GET /public/storage/raya.php?loknya=/proc/self/root/opt/alt/alt-nodejs8/root/var/ HTTP/1.1" 200 2716 "-" "Mozilla/5.0 AppleWebKit/537.36 (KHTML, like Gecko; compatible; Amazonbot/0.1; +https://developer.amazon.com/support/amazonbot) Chrome/119.0.6045.214 Safari/537.36"
20.171.207.19 - - [17/Jun/2025:14:16:35 +0200] "GET /storage/raya.php?loknya=%2Fproc%2Fself%2Froot%2Fhome%2Fbuilderbox%2F.%2F.%2F.%2Fpublic_html%2Fvendor%2Fgoogle%2Fapiclient-services%2Fsrc%2FTexttospeech%2F HTTP/2" 200 2401 "-" "Mozilla/5.0 AppleWebKit/537.36 (KHTML, like Gecko; compatible; GPTBot/1.2; +https://openai.com/gptbot)"
20.171.207.183 - - [17/Jun/2025:14:16:35 +0200] "GET /storage/raya.php?loknya=%2Fproc%2Fself%2Froot%2Fproc%2Fself%2Froot%2Fusr%2Fshare%2Ftcl8.6%2Fhttp1.0 HTTP/2" 200 2090 "-" "Mozilla/5.0 AppleWebKit/537.36 (KHTML, like Gecko; compatible; GPTBot/1.2; +https://openai.com/gptbot)"
20.171.207.19 - - [17/Jun/2025:14:16:36 +0200] "GET /storage/raya.php?loknya=%2Fproc%2Fthread-self%2Froot%2Fhome%2Fbuilderbox%2F.%2F.%2F.%2Fpublic_html%2Fvendor%2Fgoogle%2Fapiclient-services%2Fsrc%2FDfareporting%2FResource HTTP/2" 200 4245 "-" "Mozilla/5.0 AppleWebKit/537.36 (KHTML, like Gecko; compatible; GPTBot/1.2; +https://openai.com/gptbot)"
20.171.207.183 - - [17/Jun/2025:14:16:36 +0200] "GET /storage/raya.php?loknya=%2Fproc%2Fself%2Froot%2Fproc%2Fself%2Froot%2Fetc%2Fcpanel HTTP/2" 200 1821 "-" "Mozilla/5.0 AppleWebKit/537.36 (KHTML, like Gecko; compatible; GPTBot/1.2; +https://openai.com/gptbot)"
20.171.207.19 - - [17/Jun/2025:14:16:37 +0200] "GET /storage/raya.php?loknya=%2Fproc%2Fself%2Froot%2Fhome%2Fbuilderbox%2F.%2F.%2F.%2Fpublic_html%2Fvendor%2Fgoogle%2Fapiclient-services%2Fsrc%2FDataCatalog%2FResource HTTP/2" 200 2560 "-" "Mozilla/5.0 AppleWebKit/537.36 (KHTML, like Gecko; compatible; GPTBot/1.2; +https://openai.com/gptbot)"
20.171.207.183 - - [17/Jun/2025:14:16:37 +0200] "GET /storage/raya.php?loknya=%2Fproc%2Fself%2Froot%2Fproc%2Fself%2Froot%2Fopt%2Fliblve HTTP/2" 200 2145 "-" "Mozilla/5.0 AppleWebKit/537.36 (KHTML, like Gecko; compatible; GPTBot/1.2; +https://openai.com/gptbot)"
34.224.9.144 - - [17/Jun/2025:14:16:38 +0200] "GET /public/storage/raya.php?loknya=/proc/thread-self/root/proc/self/root/proc/sys/kernel/pty HTTP/1.1" 200 2378 "-" "Mozilla/5.0 AppleWebKit/537.36 (KHTML, like Gecko; compatible; Amazonbot/0.1; +https://developer.amazon.com/support/amazonbot) Chrome/119.0.6045.214 Safari/537.36"
20.171.207.19 - - [17/Jun/2025:14:16:38 +0200] "GET /storage/raya.php?loknya=%2Fproc%2Fself%2Froot%2Fhome%2Fbuilderbox%2F.%2F.%2F.%2Fpublic_html%2Fvendor%2Fgoogle%2Fapiclient-services%2Fsrc%2FCloudbilling%2FResource HTTP/2" 200 2266 "-" "Mozilla/5.0 AppleWebKit/537.36 (KHTML, like Gecko; compatible; GPTBot/1.2; +https://openai.com/gptbot)"
20.171.207.183 - - [17/Jun/2025:14:16:39 +0200] "GET /storage/raya.php?loknya=%2Fproc%2Fself%2Froot%2Fproc%2Fself%2Froot%2Fetc%2Fgcrypt HTTP/2" 200 2002 "-" "Mozilla/5.0 AppleWebKit/537.36 (KHTML, like Gecko; compatible; GPTBot/1.2; +https://openai.com/gptbot)"
20.171.207.19 - - [17/Jun/2025:14:16:40 +0200] "GET /storage/raya.php?loknya=%2Fproc%2Fself%2Froot%2Fhome%2Fbuilderbox%2Fwww%2Fstorage%2Fframework%2Fcache%2Fdata HTTP/2" 200 2118 "-" "Mozilla/5.0 AppleWebKit/537.36 (KHTML, like Gecko; compatible; GPTBot/1.2; +https://openai.com/gptbot)"
20.171.207.183 - - [17/Jun/2025:14:16:40 +0200] "GET /storage/raya.php?loknya=%2Fproc%2Fself%2Froot%2Fproc%2Fself%2Froot%2Frun%2Fscreen HTTP/2" 200 1816 "-" "Mozilla/5.0 AppleWebKit/537.36 (KHTML, like Gecko; compatible; GPTBot/1.2; +https://openai.com/gptbot)"
20.171.207.183 - - [17/Jun/2025:14:16:41 +0200] "GET /storage/raya.php?loknya=%2Fproc%2Fself%2Froot%2Fproc%2Fself%2Froot%2Frun%2Fcagefs HTTP/2" 200 2013 "-" "Mozilla/5.0 AppleWebKit/537.36 (KHTML, like Gecko; compatible; GPTBot/1.2; +https://openai.com/gptbot)"
20.171.207.19 - - [17/Jun/2025:14:16:41 +0200] "GET /storage/raya.php?loknya=%2Fproc%2Fself%2Froot%2Fproc%2Fthread-self%2Froot%2Fvar%2Fspool%2Fat HTTP/2" 200 1831 "-" "Mozilla/5.0 AppleWebKit/537.36 (KHTML, like Gecko; compatible; GPTBot/1.2; +https://openai.com/gptbot)"
20.171.207.183 - - [17/Jun/2025:14:16:42 +0200] "GET /storage/raya.php?loknya=%2Fproc%2Fself%2Froot%2Fproc%2Fself%2Froot%2Flib%2Flocale%2Fru_RU HTTP/2" 200 2463 "-" "Mozilla/5.0 AppleWebKit/537.36 (KHTML, like Gecko; compatible; GPTBot/1.2; +https://openai.com/gptbot)"
54.243.63.52 - - [17/Jun/2025:14:16:42 +0200] "GET /public/storage/raya.php?lokasie=/proc/thread-self/root/proc/thread-self/root/lib/firmware/amdgpu/kabini_pfp.bin&loknya=/proc/thread-self/root/proc/thread-self/root/lib/firmware/amdgpu HTTP/1.1" 200 1752 "-" "Mozilla/5.0 AppleWebKit/537.36 (KHTML, like Gecko; compatible; Amazonbot/0.1; +https://developer.amazon.com/support/amazonbot) Chrome/119.0.6045.214 Safari/537.36"
20.171.207.19 - - [17/Jun/2025:14:16:42 +0200] "GET /storage/raya.php?loknya=%2Fproc%2Fself%2Froot%2Fproc%2Fthread-self%2Froot%2Fusr%2Fshare%2Fmc HTTP/2" 200 2297 "-" "Mozilla/5.0 AppleWebKit/537.36 (KHTML, like Gecko; compatible; GPTBot/1.2; +https://openai.com/gptbot)"
20.171.207.183 - - [17/Jun/2025:14:16:43 +0200] "GET /storage/raya.php?loknya=%2Fproc%2Fself%2Froot%2Fproc%2Fself%2Froot%2Flib%2Flocale%2Fen_US.utf8%40ampm HTTP/2" 200 2546 "-" "Mozilla/5.0 AppleWebKit/537.36 (KHTML, like Gecko; compatible; GPTBot/1.2; +https://openai.com/gptbot)"
20.171.207.19 - - [17/Jun/2025:14:16:44 +0200] "GET /storage/raya.php?loknya=%2Fproc%2Fthread-self%2Froot%2Fproc%2Fself%2Froot%2Fopt%2Falt%2Fkrb5 HTTP/2" 200 1968 "-" "Mozilla/5.0 AppleWebKit/537.36 (KHTML, like Gecko; compatible; GPTBot/1.2; +https://openai.com/gptbot)"
20.171.207.183 - - [17/Jun/2025:14:16:44 +0200] "GET /storage/raya.php?loknya=%2Fproc%2Fself%2Froot%2Fproc%2Fself%2Froot%2Flib%2Flocale%2Fen_IE HTTP/2" 200 2467 "-" "Mozilla/5.0 AppleWebKit/537.36 (KHTML, like Gecko; compatible; GPTBot/1.2; +https://openai.com/gptbot)"
20.171.207.19 - - [17/Jun/2025:14:16:45 +0200] "GET /storage/raya.php?loknya=%2Fproc%2Fself%2Froot%2Fproc%2Fthread-self%2Froot%2Fetc%2Fscl%2Fconf HTTP/2" 200 2604 "-" "Mozilla/5.0 AppleWebKit/537.36 (KHTML, like Gecko; compatible; GPTBot/1.2; +https://openai.com/gptbot)"
20.171.207.183 - - [17/Jun/2025:14:16:45 +0200] "GET /storage/raya.php?loknya=%2Fproc%2Fself%2Froot%2Fproc%2Fself%2Froot%2Flib%2Fjvm%2Fjre-1.8.0%2Flib%2Famd64%2Fjli HTTP/2" 200 2030 "-" "Mozilla/5.0 AppleWebKit/537.36 (KHTML, like Gecko; compatible; GPTBot/1.2; +https://openai.com/gptbot)"
3.218.35.239 - - [17/Jun/2025:14:16:46 +0200] "GET /public/storage/raya.php?lokasie=/proc/thread-self/root/proc/thread-self/root/lib/firmware/cirrus/cs35l41-dsp1-spk-prot-17aa38b6.wmfw&loknya=/proc/thread-self/root/proc/thread-self/root/lib/firmware/cirrus HTTP/1.1" 200 1769 "-" "Mozilla/5.0 AppleWebKit/537.36 (KHTML, like Gecko; compatible; Amazonbot/0.1; +https://developer.amazon.com/support/amazonbot) Chrome/119.0.6045.214 Safari/537.36"
20.171.207.19 - - [17/Jun/2025:14:16:46 +0200] "GET /storage/raya.php?loknya=%2Fproc%2Fthread-self%2Froot%2Fproc%2Fself%2Froot%2Fetc%2Fscl%2Fconf HTTP/2" 200 2610 "-" "Mozilla/5.0 AppleWebKit/537.36 (KHTML, like Gecko; compatible; GPTBot/1.2; +https://openai.com/gptbot)"
20.171.207.183 - - [17/Jun/2025:14:16:47 +0200] "GET /storage/raya.php?loknya=%2Fproc%2Fself%2Froot%2Fproc%2Fself%2Froot%2Flib%2Fjvm%2Fjre-1.8.0%2Flib%2Famd64%2Fserver HTTP/2" 200 2211 "-" "Mozilla/5.0 AppleWebKit/537.36 (KHTML, like Gecko; compatible; GPTBot/1.2; +https://openai.com/gptbot)"
20.171.207.19 - - [17/Jun/2025:14:16:47 +0200] "GET /storage/raya.php?loknya=%2Fproc%2Fself%2Froot%2Fhome%2Fbuilderbox%2F.%2F.%2F.%2Fpublic_html%2Fvendor%2Fgoogle%2Fapiclient-services%2Fsrc%2FServiceUsage%2F HTTP/2" 200 5038 "-" "Mozilla/5.0 AppleWebKit/537.36 (KHTML, like Gecko; compatible; GPTBot/1.2; +https://openai.com/gptbot)"
216.73.216.152 - - [17/Jun/2025:14:16:48 +0200] "GET /public/storage/3FRP2L9uLZn7i6HOWVslfNfBsTOMEGFjMitg2QRO.php?dir=Li8uLy4uLy4uL2NvbW1vbi9Db3JlLy4uL0NvcmUvLi4vLi4vc3RvcmFnZS8uLi8uLy4vcmVzb3VyY2VzLy4vLi8u HTTP/2" 200 1542 "-" "Mozilla/5.0 AppleWebKit/537.36 (KHTML, like Gecko; compatible; ClaudeBot/1.0; +claudebot@anthropic.com)"
216.73.216.152 - - [17/Jun/2025:14:16:48 +0200] "GET /public/storage/3FRP2L9uLZn7i6HOWVslfNfBsTOMEGFjMitg2QRO.php?dir=Li8uLi8uLy4uLy4vY29tbW9uL0NvcmUvLi4vLi4vY29tbW9uLy4uL2NvbW1vbi8uL1BsYXlzLy4uL1RhZ3MvLi4vRmlsZXM%3D HTTP/2" 200 1654 "-" "Mozilla/5.0 AppleWebKit/537.36 (KHTML, like Gecko; compatible; ClaudeBot/1.0; +claudebot@anthropic.com)"
216.73.216.152 - - [17/Jun/2025:14:16:48 +0200] "GET /public/storage/3FRP2L9uLZn7i6HOWVslfNfBsTOMEGFjMitg2QRO.php?dir=Li8uLi8uLi92ZW5kb3IvcGRhLy4uL2JhY29uLy4uL2NvY3VyLy4uL2NvbXBvc2VyLy4uL3ZsdWNhcy8uLi9vbW5pcGF5Ly4%3D HTTP/2" 200 1322 "-" "Mozilla/5.0 AppleWebKit/537.36 (KHTML, like Gecko; compatible; ClaudeBot/1.0; +claudebot@anthropic.com)"
216.73.216.152 - - [17/Jun/2025:14:16:48 +0200] "GET /public/storage/3FRP2L9uLZn7i6HOWVslfNfBsTOMEGFjMitg2QRO.php?dir=Li8uLi8uLy4vLi4vcmVzb3VyY2VzLy4uL2NvbW1vbi8uL1NlYXJjaC8uLy4uL1BhZ2VzLy4uL0NvcmUvLi8uL1BvbGljaWVz HTTP/2" 200 1638 "-" "Mozilla/5.0 AppleWebKit/537.36 (KHTML, like Gecko; compatible; ClaudeBot/1.0; +claudebot@anthropic.com)"
216.73.216.152 - - [17/Jun/2025:14:16:48 +0200] "GET /public/storage/3FRP2L9uLZn7i6HOWVslfNfBsTOMEGFjMitg2QRO.php?dir=Li8uLy4uLy4uL2NvbW1vbi9Db3JlL1BvbGljaWVzLy4uLy4uLy4uL2FwcC8uLy4uL2NvbW1vbi8uLi8uLi8udHJhc2g%3D HTTP/2" 200 1403 "-" "Mozilla/5.0 AppleWebKit/537.36 (KHTML, like Gecko; compatible; ClaudeBot/1.0; +claudebot@anthropic.com)"
216.73.216.152 - - [17/Jun/2025:14:16:48 +0200] "GET /public/storage/3FRP2L9uLZn7i6HOWVslfNfBsTOMEGFjMitg2QRO.php?dir=Li8uLy4uLy4uL2NvbW1vbi9Db3JlL1BvbGljaWVzLy4uLy4uLy4uL2FwcC8uLy4uL2Jvb3RzdHJhcC8uLi92ZW5kb3IvcGRh HTTP/2" 200 1294 "-" "Mozilla/5.0 AppleWebKit/537.36 (KHTML, like Gecko; compatible; ClaudeBot/1.0; +claudebot@anthropic.com)"
216.73.216.152 - - [17/Jun/2025:14:16:48 +0200] "GET /public/storage/3FRP2L9uLZn7i6HOWVslfNfBsTOMEGFjMitg2QRO.php?dir=Li8uLi9zdG9yYWdlLy4uLy4uL2NvbW1vbi8uL1BhZ2VzLy4uLy4uL2FwcC8uLi9hcHAvLi4vcmVzb3VyY2VzLy4uLy4vLg%3D%3D HTTP/2" 200 1856 "-" "Mozilla/5.0 AppleWebKit/537.36 (KHTML, like Gecko; compatible; ClaudeBot/1.0; +claudebot@anthropic.com)"
216.73.216.152 - - [17/Jun/2025:14:16:48 +0200] "GET /public/storage/3FRP2L9uLZn7i6HOWVslfNfBsTOMEGFjMitg2QRO.php?dir=Li8uLi8uLy4uL3Rlc3RzLy4uL2NvbW1vbi8uLi9zdG9yYWdlLy4uL2NvbW1vbi8uLy4vcmVzb3VyY2VzLy4uLy4vQ29yZQ%3D%3D HTTP/2" 200 1754 "-" "Mozilla/5.0 AppleWebKit/537.36 (KHTML, like Gecko; compatible; ClaudeBot/1.0; +claudebot@anthropic.com)"
20.171.207.183 - - [17/Jun/2025:14:16:48 +0200] "GET /storage/raya.php?loknya=%2Fproc%2Fself%2Froot%2Fproc%2Fself%2Froot%2Flib%2Fjvm%2Fjre-1.8.0%2Flib%2Famd64%2Fclient HTTP/2" 200 1866 "-" "Mozilla/5.0 AppleWebKit/537.36 (KHTML, like Gecko; compatible; GPTBot/1.2; +https://openai.com/gptbot)"
216.73.216.152 - - [17/Jun/2025:14:16:48 +0200] "GET /public/storage/3FRP2L9uLZn7i6HOWVslfNfBsTOMEGFjMitg2QRO.php?dir=Li8uLy4uLy4uL2NvbW1vbi9CaWxsaW5nLy4vLi4vcmVzb3VyY2VzL2NvbmZpZy8uLy4uLy4uLy4uL2FwcC8uLi90ZXN0cw%3D%3D HTTP/2" 200 1513 "-" "Mozilla/5.0 AppleWebKit/537.36 (KHTML, like Gecko; compatible; ClaudeBot/1.0; +claudebot@anthropic.com)"
216.73.216.152 - - [17/Jun/2025:14:16:48 +0200] "GET /public/storage/3FRP2L9uLZn7i6HOWVslfNfBsTOMEGFjMitg2QRO.php?dir=Li8uLi8uLy4uLy4vdmVuZG9yL2NvbXBvc2VyLy4uL2NvY3VyLy4uL3RvcmFubi8uLi9wc3kvLi4vbmlraWMvLi4vcmFtc2V5 HTTP/2" 200 1303 "-" "Mozilla/5.0 AppleWebKit/537.36 (KHTML, like Gecko; compatible; ClaudeBot/1.0; +claudebot@anthropic.com)"
216.73.216.152 - - [17/Jun/2025:14:16:48 +0200] "GET /public/storage/3FRP2L9uLZn7i6HOWVslfNfBsTOMEGFjMitg2QRO.php?dir=Li8uLi8uLy4vLi4vcmVzb3VyY2VzLy4uL2NvbW1vbi8uLi8uL2NvbW1vbi8uLi8uLi8uL3d3dy9hcHAvLi4vY29tbW9u HTTP/2" 200 1772 "-" "Mozilla/5.0 AppleWebKit/537.36 (KHTML, like Gecko; compatible; ClaudeBot/1.0; +claudebot@anthropic.com)"
20.171.207.19 - - [17/Jun/2025:14:16:48 +0200] "GET /storage/raya.php?loknya=%2Fproc%2Fthread-self%2Froot%2Fhome%2Fbuilderbox%2F.%2F.%2F.%2Fpublic_html%2Fvendor%2Fgoogle%2Fapiclient-services%2Fsrc%2FLibraryagent%2FResource HTTP/2" 200 2150 "-" "Mozilla/5.0 AppleWebKit/537.36 (KHTML, like Gecko; compatible; GPTBot/1.2; +https://openai.com/gptbot)"
216.73.216.152 - - [17/Jun/2025:14:16:48 +0200] "GET /public/storage/3FRP2L9uLZn7i6HOWVslfNfBsTOMEGFjMitg2QRO.php?dir=Li8uLy4uLy4uL2NvbW1vbi9CaWxsaW5nLy4uLy4uL2FwcC8uLi9yb3V0ZXMvLi4vY29uZmlnLy4uLy4vc3RvcmFnZS8u HTTP/2" 200 1388 "-" "Mozilla/5.0 AppleWebKit/537.36 (KHTML, like Gecko; compatible; ClaudeBot/1.0; +claudebot@anthropic.com)"
216.73.216.152 - - [17/Jun/2025:14:16:49 +0200] "GET /public/storage/3FRP2L9uLZn7i6HOWVslfNfBsTOMEGFjMitg2QRO.php?dir=Li8uLy4uLy4uL2NvbW1vbi9Db3JlL0NvbW1hbmRzLy4uLy4uLy4uL2NvbW1vbi8uLi9hcHAvLi4vdmVuZG9yL3RvcmFubi8u HTTP/2" 200 1276 "-" "Mozilla/5.0 AppleWebKit/537.36 (KHTML, like Gecko; compatible; ClaudeBot/1.0; +claudebot@anthropic.com)"
216.73.216.152 - - [17/Jun/2025:14:16:49 +0200] "GET /public/storage/3FRP2L9uLZn7i6HOWVslfNfBsTOMEGFjMitg2QRO.php?dir=Li9wcm9qZWN0cy8uLi8uL3Byb2plY3RzLy4uLy4uLy4uL2NvbW1vbi8uLy4vcmVzb3VyY2VzLy4uLy4uL2FwcC8u HTTP/2" 200 1654 "-" "Mozilla/5.0 AppleWebKit/537.36 (KHTML, like Gecko; compatible; ClaudeBot/1.0; +claudebot@anthropic.com)"
216.73.216.152 - - [17/Jun/2025:14:16:49 +0200] "GET /public/storage/3FRP2L9uLZn7i6HOWVslfNfBsTOMEGFjMitg2QRO.php?dir=Li8uLy4uLy4uL2NvbW1vbi9QbGF5cy8uLi8uL0xvY2FsaXphdGlvbnMvLi4vLi4vY29tbW9uL0NvcmUvLi4vLi8uL1RhZ3M%3D HTTP/2" 200 1509 "-" "Mozilla/5.0 AppleWebKit/537.36 (KHTML, like Gecko; compatible; ClaudeBot/1.0; +claudebot@anthropic.com)"
216.73.216.152 - - [17/Jun/2025:14:16:49 +0200] "GET /public/storage/3FRP2L9uLZn7i6HOWVslfNfBsTOMEGFjMitg2QRO.php?dir=Li9hdmF0YXJzLy4uLy4uLy4uLy4vY29tbW9uL1BhZ2VzLy4uLy4uL2NvbW1vbi8uLy4uL2NvbW1vbi9Db3JlLy4vLi4vQ3N2 HTTP/2" 200 1551 "-" "Mozilla/5.0 AppleWebKit/537.36 (KHTML, like Gecko; compatible; ClaudeBot/1.0; +claudebot@anthropic.com)"
216.73.216.152 - - [17/Jun/2025:14:16:49 +0200] "GET /public/storage/3FRP2L9uLZn7i6HOWVslfNfBsTOMEGFjMitg2QRO.php?dir=Li8uLy4uLy4uL2NvbW1vbi9Mb2NhbGl6YXRpb25zLy4uL1BhZ2VzLy4uL0NvcmUvLi4vLi4vYXBwLy4uLy4vY29tbW9u HTTP/2" 200 1772 "-" "Mozilla/5.0 AppleWebKit/537.36 (KHTML, like Gecko; compatible; ClaudeBot/1.0; +claudebot@anthropic.com)"
216.73.216.152 - - [17/Jun/2025:14:16:49 +0200] "GET /public/storage/3FRP2L9uLZn7i6HOWVslfNfBsTOMEGFjMitg2QRO.php?dir=Li8uLi9zdG9yYWdlLy4uLy4uL2NvbW1vbi8uLy4uL2NvbW1vbi9Db3JlLy4uLy4vLi8uLy4uLy4vY29tbW9uL1RhZ3MvLg%3D%3D HTTP/2" 200 1493 "-" "Mozilla/5.0 AppleWebKit/537.36 (KHTML, like Gecko; compatible; ClaudeBot/1.0; +claudebot@anthropic.com)"
216.73.216.152 - - [17/Jun/2025:14:16:49 +0200] "GET /public/storage/3FRP2L9uLZn7i6HOWVslfNfBsTOMEGFjMitg2QRO.php?dir=Li8uLy4vLi4vLi4vY29tbW9uLy4uLy4vcmVzb3VyY2VzLy4uL2NvbW1vbi8uLy4uL2FwcC8uLy4uLy4uLy4vd3d3Ly4uLy4u HTTP/2" 200 1280 "-" "Mozilla/5.0 AppleWebKit/537.36 (KHTML, like Gecko; compatible; ClaudeBot/1.0; +claudebot@anthropic.com)"
216.73.216.152 - - [17/Jun/2025:14:16:49 +0200] "GET /public/storage/3FRP2L9uLZn7i6HOWVslfNfBsTOMEGFjMitg2QRO.php?dir=Li8uLy4uLy4uL2NvbW1vbi9CaWxsaW5nLy4uL1BhZ2VzLy4uL1BhZ2VzLy4uLy4uL3Rlc3RzLy4uL2FwcC8uL1NlcnZpY2Vz HTTP/2" 200 1564 "-" "Mozilla/5.0 AppleWebKit/537.36 (KHTML, like Gecko; compatible; ClaudeBot/1.0; +claudebot@anthropic.com)"
216.73.216.152 - - [17/Jun/2025:14:16:49 +0200] "GET /public/storage/3FRP2L9uLZn7i6HOWVslfNfBsTOMEGFjMitg2QRO.php?dir=Li8uLi8uLy4uLy4vY29tbW9uLy4uL2NvbW1vbi8uLi9zdG9yYWdlL2FwcC8uLy4uLy4uL2RhdGFiYXNlL21pZ3JhdGlvbnM%3D HTTP/2" 200 1813 "-" "Mozilla/5.0 AppleWebKit/537.36 (KHTML, like Gecko; compatible; ClaudeBot/1.0; +claudebot@anthropic.com)"
216.73.216.152 - - [17/Jun/2025:14:16:49 +0200] "GET /public/storage/3FRP2L9uLZn7i6HOWVslfNfBsTOMEGFjMitg2QRO.php?dir=Li8uLy4uLy4uL2NvbW1vbi9Db3JlLy4uL0NvcmUvLi8uLy4uLy4uL3N0b3JhZ2UvYXBwLy4uL2xvZ3MvLi8uLy4uL2FwcC8u HTTP/2" 200 1450 "-" "Mozilla/5.0 AppleWebKit/537.36 (KHTML, like Gecko; compatible; ClaudeBot/1.0; +claudebot@anthropic.com)"
20.171.207.19 - - [17/Jun/2025:14:16:49 +0200] "GET /storage/raya.php?loknya=%2Fproc%2Fself%2Froot%2Fproc%2Fthread-self%2Froot%2Flib%2Fgcc%2Fx86_64-redhat-linux%2F8%2Fplugin HTTP/2" 200 2403 "-" "Mozilla/5.0 AppleWebKit/537.36 (KHTML, like Gecko; compatible; GPTBot/1.2; +https://openai.com/gptbot)"
216.73.216.152 - - [17/Jun/2025:14:16:49 +0200] "GET /public/storage/3FRP2L9uLZn7i6HOWVslfNfBsTOMEGFjMitg2QRO.php?dir=Li8uLy4uLy4uL2NvbW1vbi9Db3JlLy4uLy4uLy4uL2NhY2hlLy4uL2NhY2hlLy4vLi4vc3NsL2tleXMvLi4vY2VydHMvLg%3D%3D HTTP/2" 200 2264 "-" "Mozilla/5.0 AppleWebKit/537.36 (KHTML, like Gecko; compatible; ClaudeBot/1.0; +claudebot@anthropic.com)"
216.73.216.152 - - [17/Jun/2025:14:16:50 +0200] "GET /public/storage/3FRP2L9uLZn7i6HOWVslfNfBsTOMEGFjMitg2QRO.php?dir=Li8uLy4uLy4uL2NvbW1vbi9CaWxsaW5nLy4uL1BhZ2VzLy4uL1BhZ2VzLy4uLy4uL3Rlc3RzLy4uL2FwcC8uLi9jb25maWc%3D HTTP/2" 200 1900 "-" "Mozilla/5.0 AppleWebKit/537.36 (KHTML, like Gecko; compatible; ClaudeBot/1.0; +claudebot@anthropic.com)"
216.73.216.152 - - [17/Jun/2025:14:16:50 +0200] "GET /public/storage/3FRP2L9uLZn7i6HOWVslfNfBsTOMEGFjMitg2QRO.php?dir=Li8uLy4uLy4uL2NvbW1vbi9Db3JlLy4vLi4vcmVzb3VyY2VzLy4uLy4uLy4vY29tbW9uL0Nzdi8uLy4uL0NvcmU%3D HTTP/2" 200 1747 "-" "Mozilla/5.0 AppleWebKit/537.36 (KHTML, like Gecko; compatible; ClaudeBot/1.0; +claudebot@anthropic.com)"
20.171.207.183 - - [17/Jun/2025:14:16:50 +0200] "GET /storage/raya.php?loknya=%2Fproc%2Fself%2Froot%2Fproc%2Fself%2Froot%2Flib%2Flocale%2Fen_ZM HTTP/2" 200 2486 "-" "Mozilla/5.0 AppleWebKit/537.36 (KHTML, like Gecko; compatible; GPTBot/1.2; +https://openai.com/gptbot)"
216.73.216.152 - - [17/Jun/2025:14:16:50 +0200] "GET /public/storage/3FRP2L9uLZn7i6HOWVslfNfBsTOMEGFjMitg2QRO.php?dir=Li8uLy4uLy4uL2NvbW1vbi9Db3JlLy4uLy4vcmVzb3VyY2VzLy4uLy4vLi4vY29tbW9uL0Nzdi8uLy4uL0NvcmU%3D HTTP/2" 200 1746 "-" "Mozilla/5.0 AppleWebKit/537.36 (KHTML, like Gecko; compatible; ClaudeBot/1.0; +claudebot@anthropic.com)"
216.73.216.152 - - [17/Jun/2025:14:16:50 +0200] "GET /public/storage/3FRP2L9uLZn7i6HOWVslfNfBsTOMEGFjMitg2QRO.php?dir=Li8uLy4uLy4uL2NvbW1vbi9Db3JlLy4uLy4uLy4vcmVzb3VyY2VzLy4vLi4vY29tbW9uL0Nzdi8uLy4uL0NvcmU%3D HTTP/2" 200 1747 "-" "Mozilla/5.0 AppleWebKit/537.36 (KHTML, like Gecko; compatible; ClaudeBot/1.0; +claudebot@anthropic.com)"
216.73.216.152 - - [17/Jun/2025:14:16:50 +0200] "GET /public/storage/3FRP2L9uLZn7i6HOWVslfNfBsTOMEGFjMitg2QRO.php?dir=Li8uLy4uLy4uL2NvbW1vbi9CaWxsaW5nLy4uLy4vcmVzb3VyY2VzLy4uL1NlYXJjaC8uLi8uLi8uL2FwcC8u HTTP/2" 200 1663 "-" "Mozilla/5.0 AppleWebKit/537.36 (KHTML, like Gecko; compatible; ClaudeBot/1.0; +claudebot@anthropic.com)"
216.73.216.152 - - [17/Jun/2025:14:16:50 +0200] "GET /public/storage/3FRP2L9uLZn7i6HOWVslfNfBsTOMEGFjMitg2QRO.php?dir=Li8uLy4uLy4uL2NvbW1vbi9CaWxsaW5nLy4uL1BhZ2VzLy4uLy4uL2FwcC8uLi8uL3Rlc3RzLy4uL2FwcC8uLy4u HTTP/2" 200 1834 "-" "Mozilla/5.0 AppleWebKit/537.36 (KHTML, like Gecko; compatible; ClaudeBot/1.0; +claudebot@anthropic.com)"
216.73.216.152 - - [17/Jun/2025:14:16:50 +0200] "GET /public/storage/3FRP2L9uLZn7i6HOWVslfNfBsTOMEGFjMitg2QRO.php?dir=Li8uLy4uLy4uL2NvbW1vbi9QbGF5cy8uLy4uLy4vcmVzb3VyY2VzL2xpc3RzLy4uLy4vLi4vcmVzb3VyY2VzLy4uL0Nzdg%3D%3D HTTP/2" 200 1556 "-" "Mozilla/5.0 AppleWebKit/537.36 (KHTML, like Gecko; compatible; ClaudeBot/1.0; +claudebot@anthropic.com)"
34.206.249.188 - - [17/Jun/2025:14:16:50 +0200] "GET /storage/raya.php?loknya=/proc/self/root/proc/thread-self/root/opt/cloudlinux/alt-php80/root/etc/mariadb105 HTTP/1.1" 200 2365 "-" "Mozilla/5.0 AppleWebKit/537.36 (KHTML, like Gecko; compatible; Amazonbot/0.1; +https://developer.amazon.com/support/amazonbot) Chrome/119.0.6045.214 Safari/537.36"
216.73.216.152 - - [17/Jun/2025:14:16:50 +0200] "GET /public/storage/3FRP2L9uLZn7i6HOWVslfNfBsTOMEGFjMitg2QRO.php?dir=Li8uLy4uLy4uL2NvbW1vbi9Db3JlLy4uLy4uLy4vdmVuZG9yL2NvY3VyLy4uLy4uL2NvbW1vbi8uLy4vV29ya3NwYWNlcw%3D%3D HTTP/2" 200 1689 "-" "Mozilla/5.0 AppleWebKit/537.36 (KHTML, like Gecko; compatible; ClaudeBot/1.0; +claudebot@anthropic.com)"
216.73.216.152 - - [17/Jun/2025:14:16:50 +0200] "GET /public/storage/3FRP2L9uLZn7i6HOWVslfNfBsTOMEGFjMitg2QRO.php?dir=Li8uLi9jbGllbnQvLi4vLi4vdmVuZG9yL2NvY3VyLy4uL2NvY3VyLy4uL2NvY3VyLy4uLy4vbW9ub2xvZy8uLy4uLy4vcGRh HTTP/2" 200 1283 "-" "Mozilla/5.0 AppleWebKit/537.36 (KHTML, like Gecko; compatible; ClaudeBot/1.0; +claudebot@anthropic.com)"
216.73.216.152 - - [17/Jun/2025:14:16:50 +0200] "GET /public/storage/3FRP2L9uLZn7i6HOWVslfNfBsTOMEGFjMitg2QRO.php?dir=Li8uLy4uLy4uL2NvbW1vbi9HZW5lcmF0b3JzLy4uLy4uL2NvbW1vbi8uLi9yZXNvdXJjZXMvLi8uLy4uL2FwcC8u HTTP/2" 200 1657 "-" "Mozilla/5.0 AppleWebKit/537.36 (KHTML, like Gecko; compatible; ClaudeBot/1.0; +claudebot@anthropic.com)"
216.73.216.152 - - [17/Jun/2025:14:16:51 +0200] "GET /public/storage/3FRP2L9uLZn7i6HOWVslfNfBsTOMEGFjMitg2QRO.php?dir=Li8uLy4uLy4uL2NvbW1vbi9Ob3RpZmljYXRpb25zLy4uL1ZhbGlkYXRpb24vLi4vQ29yZS8uLy4uL0NvcmUvLi4%3D HTTP/2" 200 1776 "-" "Mozilla/5.0 AppleWebKit/537.36 (KHTML, like Gecko; compatible; ClaudeBot/1.0; +claudebot@anthropic.com)"
216.73.216.152 - - [17/Jun/2025:14:16:51 +0200] "GET /public/storage/3FRP2L9uLZn7i6HOWVslfNfBsTOMEGFjMitg2QRO.php?dir=Li8uLi8uLi92ZW5kb3IvLi4vY29tbW9uLy4uL2NvbW1vbi8uLy4uL2NvbW1vbi8uL1RhZ3MvLi4vVGFncy8uLy4uL1RhZ3M%3D HTTP/2" 200 1488 "-" "Mozilla/5.0 AppleWebKit/537.36 (KHTML, like Gecko; compatible; ClaudeBot/1.0; +claudebot@anthropic.com)"
20.171.207.19 - - [17/Jun/2025:14:16:51 +0200] "GET /storage/raya.php?loknya=%2Fproc%2Fthread-self%2Froot%2Fproc%2Fself%2Froot%2Flib%2Fgcc%2Fx86_64-redhat-linux%2F8%2Fplugin HTTP/2" 200 2396 "-" "Mozilla/5.0 AppleWebKit/537.36 (KHTML, like Gecko; compatible; GPTBot/1.2; +https://openai.com/gptbot)"
216.73.216.152 - - [17/Jun/2025:14:16:51 +0200] "GET /public/storage/3FRP2L9uLZn7i6HOWVslfNfBsTOMEGFjMitg2QRO.php?dir=Li8uLy4uLy4uL2RhdGFiYXNlLy4uLy4vcmVzb3VyY2VzLy4uLy4vcmVzb3VyY2VzLy4uLy4uL2NhY2hlLy4uLy4%3D HTTP/2" 200 2077 "-" "Mozilla/5.0 AppleWebKit/537.36 (KHTML, like Gecko; compatible; ClaudeBot/1.0; +claudebot@anthropic.com)"
216.73.216.152 - - [17/Jun/2025:14:16:51 +0200] "GET /public/storage/3FRP2L9uLZn7i6HOWVslfNfBsTOMEGFjMitg2QRO.php?dir=Li8uLi8uLy4uLy4uL3d3dy9yb3V0ZXMvLi4vY29tbW9uL1dvcmtzcGFjZXMvLi4vcmVzb3VyY2VzLy4uLy4vLi8uL1RhZ3M%3D HTTP/2" 200 1514 "-" "Mozilla/5.0 AppleWebKit/537.36 (KHTML, like Gecko; compatible; ClaudeBot/1.0; +claudebot@anthropic.com)"
216.73.216.152 - - [17/Jun/2025:14:16:51 +0200] "GET /public/storage/3FRP2L9uLZn7i6HOWVslfNfBsTOMEGFjMitg2QRO.php?dir=Li8uLi8uLy4uLy4vY29tbW9uLy4uL2NvbW1vbi8uLi9zdG9yYWdlL2FwcC8uLy4uLy4uLy4uLy5rb2FsaXR5 HTTP/2" 200 1233 "-" "Mozilla/5.0 AppleWebKit/537.36 (KHTML, like Gecko; compatible; ClaudeBot/1.0; +claudebot@anthropic.com)"
20.171.207.183 - - [17/Jun/2025:14:16:51 +0200] "GET /storage/raya.php?lokasie=%2Fproc%2Fself%2Froot%2Fproc%2Fself%2Froot%2Flib%2Fgcc%2Fx86_64-redhat-linux%2F8%2F%2Flibatomic.so&loknya=%2Fproc%2Fself%2Froot%2Fproc%2Fself%2Froot%2Flib%2Fgcc%2Fx86_64-redhat-linux%2F8%2F HTTP/2" 200 1617 "-" "Mozilla/5.0 AppleWebKit/537.36 (KHTML, like Gecko; compatible; GPTBot/1.2; +https://openai.com/gptbot)"
216.73.216.152 - - [17/Jun/2025:14:16:51 +0200] "GET /public/storage/3FRP2L9uLZn7i6HOWVslfNfBsTOMEGFjMitg2QRO.php?dir=Li8uLy4uLy4uL2NvbW1vbi9Db3JlLy4uL0NvcmUvLi4vLi4vc3RvcmFnZS8uL2FwcC8uLy4vLi4vLi9jbG9ja3dvcms%3D HTTP/2" 200 1444 "-" "Mozilla/5.0 AppleWebKit/537.36 (KHTML, like Gecko; compatible; ClaudeBot/1.0; +claudebot@anthropic.com)"
216.73.216.152 - - [17/Jun/2025:14:16:51 +0200] "GET /public/storage/3FRP2L9uLZn7i6HOWVslfNfBsTOMEGFjMitg2QRO.php?dir=Li8uLi8uLi92ZW5kb3Ivc2VudHJ5Ly4uL2JhY29uLy4uL2NvY3VyLy4uL2NvY3VyLy4uLy4uL2NvbW1vbi9Dc3YvLi8uLi8u HTTP/2" 200 1774 "-" "Mozilla/5.0 AppleWebKit/537.36 (KHTML, like Gecko; compatible; ClaudeBot/1.0; +claudebot@anthropic.com)"
216.73.216.152 - - [17/Jun/2025:14:16:51 +0200] "GET /public/storage/3FRP2L9uLZn7i6HOWVslfNfBsTOMEGFjMitg2QRO.php?dir=Li8uLy4uLy4uL2NvbW1vbi9Db3JlL1BvbGljaWVzLy4uLy4uLy4uL2FwcC8uLy4uL2NvbW1vbi9Dc3YvLi4vUGFnZXM%3D HTTP/2" 200 1532 "-" "Mozilla/5.0 AppleWebKit/537.36 (KHTML, like Gecko; compatible; ClaudeBot/1.0; +claudebot@anthropic.com)"
216.73.216.152 - - [17/Jun/2025:14:16:51 +0200] "GET /public/storage/3FRP2L9uLZn7i6HOWVslfNfBsTOMEGFjMitg2QRO.php?dir=Li8uLy4uLy4uL2NvbW1vbi9Db3JlLy4uL0NvcmUvQ29tbWFuZHMvLi4vLi4vLi9Db3JlLy4uL0NvcmU%3D HTTP/2" 200 1735 "-" "Mozilla/5.0 AppleWebKit/537.36 (KHTML, like Gecko; compatible; ClaudeBot/1.0; +claudebot@anthropic.com)"
216.73.216.152 - - [17/Jun/2025:14:16:51 +0200] "GET /public/storage/3FRP2L9uLZn7i6HOWVslfNfBsTOMEGFjMitg2QRO.php?dir=Li8uLi9zdG9yYWdlLy4uLy4uL2NvbW1vbi8uL1BhZ2VzLy4uLy4uLy4vc3RvcmFnZS8uLi8uL3Rlc3RzLy4uL2FwcC8uLy4u HTTP/2" 200 1847 "-" "Mozilla/5.0 AppleWebKit/537.36 (KHTML, like Gecko; compatible; ClaudeBot/1.0; +claudebot@anthropic.com)"
216.73.216.152 - - [17/Jun/2025:14:16:51 +0200] "GET /public/storage/3FRP2L9uLZn7i6HOWVslfNfBsTOMEGFjMitg2QRO.php?dir=Li8uLy4uLy4uL2NvbW1vbi9Db3JlLy4uL1BhZ2VzLy4uL1BhZ2VzLy4uLy4uLy4vYXBwLy4uLy4vY29tbW9uL1RhZ3MvLg%3D%3D HTTP/2" 200 1494 "-" "Mozilla/5.0 AppleWebKit/537.36 (KHTML, like Gecko; compatible; ClaudeBot/1.0; +claudebot@anthropic.com)"
216.73.216.152 - - [17/Jun/2025:14:16:51 +0200] "GET /public/storage/3FRP2L9uLZn7i6HOWVslfNfBsTOMEGFjMitg2QRO.php?dir=Li8uLi8uLy4vLi4vcmVzb3VyY2VzLy4uL2NvbW1vbi8uLy4uL2NvbW1vbi9QbGF5cy8uLi8uLy4vLi9Db3JlLy4uL0NvcmU%3D HTTP/2" 200 1751 "-" "Mozilla/5.0 AppleWebKit/537.36 (KHTML, like Gecko; compatible; ClaudeBot/1.0; +claudebot@anthropic.com)"
216.73.216.152 - - [17/Jun/2025:14:16:52 +0200] "GET /public/storage/3FRP2L9uLZn7i6HOWVslfNfBsTOMEGFjMitg2QRO.php?dir=Li8uLi9zdG9yYWdlLy4uLy4uL2NvbW1vbi8uLy4uL2NvbW1vbi9Db3JlLy4uLy4vLi8uL1NlYXJjaC8uLy4uL1BhZ2VzLy4u HTTP/2" 200 1767 "-" "Mozilla/5.0 AppleWebKit/537.36 (KHTML, like Gecko; compatible; ClaudeBot/1.0; +claudebot@anthropic.com)"
216.73.216.152 - - [17/Jun/2025:14:16:52 +0200] "GET /public/storage/3FRP2L9uLZn7i6HOWVslfNfBsTOMEGFjMitg2QRO.php?dir=Li8uLy4uLy4uL2NvbW1vbi9QbGF5cy8uLy4uL1BsYXlzLy4uLy4uL2NvbW1vbi8uLy4uL2NvbW1vbi8uL0Nzdg%3D%3D HTTP/2" 200 1526 "-" "Mozilla/5.0 AppleWebKit/537.36 (KHTML, like Gecko; compatible; ClaudeBot/1.0; +claudebot@anthropic.com)"
216.73.216.152 - - [17/Jun/2025:14:16:52 +0200] "GET /public/storage/3FRP2L9uLZn7i6HOWVslfNfBsTOMEGFjMitg2QRO.php?dir=Li8uLy4uLy4uL2NvbW1vbi9QbGF5cy8uLy4uLy4uL2NvbW1vbi8uL1BsYXlzLy4uLy4uL2NvbW1vbi8uL0Nzdg%3D%3D HTTP/2" 200 1525 "-" "Mozilla/5.0 AppleWebKit/537.36 (KHTML, like Gecko; compatible; ClaudeBot/1.0; +claudebot@anthropic.com)"
20.171.207.19 - - [17/Jun/2025:14:16:52 +0200] "GET /public/storage/raya.php?loknya=%2Fhome%2Fbuilderbox%2F.%2F.%2F.%2Fpublic_html%2Fvendor%2Fguzzle%2Fguzzle%2Fsrc%2FGuzzle%2FService%2FCommand%2FLocationVisitor%2FResponse HTTP/2" 200 2362 "-" "Mozilla/5.0 AppleWebKit/537.36 (KHTML, like Gecko; compatible; GPTBot/1.2; +https://openai.com/gptbot)"
216.73.216.152 - - [17/Jun/2025:14:16:52 +0200] "GET /public/storage/3FRP2L9uLZn7i6HOWVslfNfBsTOMEGFjMitg2QRO.php?dir=Li8uLi8uLy4uL3Rlc3RzLy4uL2NvbW1vbi9Dc3YvLi4vcmVzb3VyY2VzLy4uL0NvcmUvLi8uLi9Ob3RpZmljYXRpb25zLy4u HTTP/2" 200 1779 "-" "Mozilla/5.0 AppleWebKit/537.36 (KHTML, like Gecko; compatible; ClaudeBot/1.0; +claudebot@anthropic.com)"
216.73.216.152 - - [17/Jun/2025:14:16:52 +0200] "GET /public/storage/3FRP2L9uLZn7i6HOWVslfNfBsTOMEGFjMitg2QRO.php?dir=Li8uLy4uLy4uL2NvbW1vbi9HZW5lcmF0b3JzLy4uLy4uL2NvbW1vbi8uLi92ZW5kb3IvZ3V6emxlLy4uL2NvY3VyLy4vLi8u HTTP/2" 200 1284 "-" "Mozilla/5.0 AppleWebKit/537.36 (KHTML, like Gecko; compatible; ClaudeBot/1.0; +claudebot@anthropic.com)"
216.73.216.152 - - [17/Jun/2025:14:16:52 +0200] "GET /public/storage/3FRP2L9uLZn7i6HOWVslfNfBsTOMEGFjMitg2QRO.php?dir=Li8uLy4uLy4uL2RhdGFiYXNlLy4uL2NvbW1vbi9HZW5lcmF0b3JzLy4uLy4uL2NvbW1vbi8uLi8uLi8uL2xvZ3M%3D HTTP/2" 200 1717 "-" "Mozilla/5.0 AppleWebKit/537.36 (KHTML, like Gecko; compatible; ClaudeBot/1.0; +claudebot@anthropic.com)"
216.73.216.152 - - [17/Jun/2025:14:16:52 +0200] "GET /public/storage/3FRP2L9uLZn7i6HOWVslfNfBsTOMEGFjMitg2QRO.php?dir=Li8uLy4uLy4uL2NvbW1vbi9HZW5lcmF0b3JzLy4uLy4uL2RhdGFiYXNlLy4uL2NvbW1vbi8uLi8uLi8uL2xvZ3M%3D HTTP/2" 200 1715 "-" "Mozilla/5.0 AppleWebKit/537.36 (KHTML, like Gecko; compatible; ClaudeBot/1.0; +claudebot@anthropic.com)"
216.73.216.152 - - [17/Jun/2025:14:16:52 +0200] "GET /public/storage/3FRP2L9uLZn7i6HOWVslfNfBsTOMEGFjMitg2QRO.php?dir=Li8uLy4uLy4uL2NvbW1vbi9QbGF5cy8uLy4uLy4uL2NvbW1vbi8uLy4uLy4vY29tbW9uL0NvcmUvLi8uLi8uLy4uL3Rlc3Rz HTTP/2" 200 1479 "-" "Mozilla/5.0 AppleWebKit/537.36 (KHTML, like Gecko; compatible; ClaudeBot/1.0; +claudebot@anthropic.com)"
216.73.216.152 - - [17/Jun/2025:14:16:52 +0200] "GET /public/storage/3FRP2L9uLZn7i6HOWVslfNfBsTOMEGFjMitg2QRO.php?dir=Li8uLy4uLy4uL2NvbW1vbi9CaWxsaW5nLy4uLy4uL2FwcC8uLi9yb3V0ZXMvLi4vc3RvcmFnZS8uLy4uL2NvbmZpZy8u HTTP/2" 200 1902 "-" "Mozilla/5.0 AppleWebKit/537.36 (KHTML, like Gecko; compatible; ClaudeBot/1.0; +claudebot@anthropic.com)"
20.171.207.183 - - [17/Jun/2025:14:16:52 +0200] "GET /storage/raya.php?loknya=%2Fproc%2Fself%2Froot%2Fproc%2Fself%2Froot%2Flib%2Flocale%2Fen_NZ HTTP/2" 200 2446 "-" "Mozilla/5.0 AppleWebKit/537.36 (KHTML, like Gecko; compatible; GPTBot/1.2; +https://openai.com/gptbot)"
216.73.216.152 - - [17/Jun/2025:14:16:52 +0200] "GET /public/storage/3FRP2L9uLZn7i6HOWVslfNfBsTOMEGFjMitg2QRO.php?dir=Li8uLy4uLy4uL2NvbW1vbi9Db3JlLy4uL1BhZ2VzLy4uLy4uLy4vcm91dGVzLy4uL2FwcC8uLy4vLi4vLi4vc3NsL2tleXM%3D HTTP/2" 200 2121 "-" "Mozilla/5.0 AppleWebKit/537.36 (KHTML, like Gecko; compatible; ClaudeBot/1.0; +claudebot@anthropic.com)"
216.73.216.152 - - [17/Jun/2025:14:16:53 +0200] "GET /public/storage/3FRP2L9uLZn7i6HOWVslfNfBsTOMEGFjMitg2QRO.php?dir=Li8uLi92ZW5kb3IvLi4vc3RvcmFnZS8uL2hvbWVwYWdlLy4uLy4uLy4uL2NvbW1vbi8uLy4uL2Jvb3RzdHJhcA%3D%3D HTTP/2" 200 1479 "-" "Mozilla/5.0 AppleWebKit/537.36 (KHTML, like Gecko; compatible; ClaudeBot/1.0; +claudebot@anthropic.com)"
216.73.216.152 - - [17/Jun/2025:14:16:53 +0200] "GET /public/storage/3FRP2L9uLZn7i6HOWVslfNfBsTOMEGFjMitg2QRO.php?dir=Li8uLi9zdG9yYWdlLy4uLy4uL2NvbW1vbi9QYWdlcy8uLy4uLy4uL2NvbW1vbi8uLy4uL2NvbW1vbi8uLy4vRG9tYWlucy8u HTTP/2" 200 1520 "-" "Mozilla/5.0 AppleWebKit/537.36 (KHTML, like Gecko; compatible; ClaudeBot/1.0; +claudebot@anthropic.com)"
216.73.216.152 - - [17/Jun/2025:14:16:53 +0200] "GET /public/storage/3FRP2L9uLZn7i6HOWVslfNfBsTOMEGFjMitg2QRO.php?dir=Li8uLi9zdG9yYWdlLy4uLy4uL2NvbW1vbi8uLy4uL2NvbW1vbi9QYWdlcy8uLy4uLy4uL2NvbW1vbi8uLy4vRG9tYWlucy8u HTTP/2" 200 1521 "-" "Mozilla/5.0 AppleWebKit/537.36 (KHTML, like Gecko; compatible; ClaudeBot/1.0; +claudebot@anthropic.com)"
216.73.216.152 - - [17/Jun/2025:14:16:53 +0200] "GET /public/storage/3FRP2L9uLZn7i6HOWVslfNfBsTOMEGFjMitg2QRO.php?dir=Li8uLy4uLy4uL2NvbW1vbi9Db3JlLy4uL0NvcmUvLi8uLy4uLy4uL3N0b3JhZ2UvLi4vY29tbW9uL1BhZ2VzLy4uL0Nzdi8u HTTP/2" 200 1556 "-" "Mozilla/5.0 AppleWebKit/537.36 (KHTML, like Gecko; compatible; ClaudeBot/1.0; +claudebot@anthropic.com)"
216.73.216.152 - - [17/Jun/2025:14:16:53 +0200] "GET /public/storage/3FRP2L9uLZn7i6HOWVslfNfBsTOMEGFjMitg2QRO.php?dir=Li8uLy4uLy4uL2NvbW1vbi9HZW5lcmF0b3JzLy4uL0NvcmUvLi4vRmlsZXMvQWN0aW9ucy8uLy4uL0FjdGlvbnM%3D HTTP/2" 200 1574 "-" "Mozilla/5.0 AppleWebKit/537.36 (KHTML, like Gecko; compatible; ClaudeBot/1.0; +claudebot@anthropic.com)"
216.73.216.152 - - [17/Jun/2025:14:16:53 +0200] "GET /public/storage/3FRP2L9uLZn7i6HOWVslfNfBsTOMEGFjMitg2QRO.php?dir=Li8uLy4uLy4uL2NvbW1vbi9Mb2NhbGl6YXRpb25zLy4uLy4uLy4uLy4uLy4uL2hvbWUvLi4vdmFyLy4uL2hvbWUvLi4%3D HTTP/2" 200 1402 "-" "Mozilla/5.0 AppleWebKit/537.36 (KHTML, like Gecko; compatible; ClaudeBot/1.0; +claudebot@anthropic.com)"
216.73.216.152 - - [17/Jun/2025:14:16:53 +0200] "GET /public/storage/3FRP2L9uLZn7i6HOWVslfNfBsTOMEGFjMitg2QRO.php?dir=Li8uLi9zdG9yYWdlLy4uLy4uL2NvbW1vbi8uL0NvcmUvLi4vLi4vY29tbW9uLy4uL2FwcC9IdHRwLy4uLy4vLi4vY29tbW9u HTTP/2" 200 1772 "-" "Mozilla/5.0 AppleWebKit/537.36 (KHTML, like Gecko; compatible; ClaudeBot/1.0; +claudebot@anthropic.com)"
