20.171.207.19 - - [17/Jun/2025:14:10:17 +0200] "GET /storage/raya.php?loknya=%2Fproc%2Fthread-self%2Froot%2Fhome%2Fbuilderbox%2F.%2Fwww%2Fvendor%2Fgoogle%2Fapiclient-services%2Fsrc%2FGoogle%2FService%2FDfareporting%2F HTTP/2" 200 10132 "-" "Mozilla/5.0 AppleWebKit/537.36 (KHTML, like Gecko; compatible; GPTBot/1.2; +https://openai.com/gptbot)"
20.171.207.183 - - [17/Jun/2025:14:10:17 +0200] "GET /storage/raya.php?loknya=%2Fproc%2Fself%2Froot%2Fproc%2Fself%2Froot%2Fusr%2Flib%2F.build-id%2F6f HTTP/2" 200 2971 "-" "Mozilla/5.0 AppleWebKit/537.36 (KHTML, like Gecko; compatible; GPTBot/1.2; +https://openai.com/gptbot)"
20.171.207.183 - - [17/Jun/2025:14:10:18 +0200] "GET /storage/raya.php?loknya=%2Fproc%2Fself%2Froot%2Fproc%2Fself%2Froot%2Fusr%2Flib%2F.build-id%2Fd8 HTTP/2" 200 2901 "-" "Mozilla/5.0 AppleWebKit/537.36 (KHTML, like Gecko; compatible; GPTBot/1.2; +https://openai.com/gptbot)"
20.171.207.19 - - [17/Jun/2025:14:10:18 +0200] "GET /storage/raya.php?loknya=%2Fproc%2Fthread-self%2Froot%2Fhome%2Fbuilderbox%2F.%2Fwww%2Fvendor%2Fgoogle%2Fapiclient-services%2Fsrc%2FGoogle%2FService%2FIam%2FResource HTTP/2" 200 2366 "-" "Mozilla/5.0 AppleWebKit/537.36 (KHTML, like Gecko; compatible; GPTBot/1.2; +https://openai.com/gptbot)"
52.204.174.139 - - [17/Jun/2025:14:10:19 +0200] "GET /storage/raya.php?loknya=/opt/cloudlinux/alt-54/ HTTP/1.1" 200 1964 "-" "Mozilla/5.0 AppleWebKit/537.36 (KHTML, like Gecko; compatible; Amazonbot/0.1; +https://developer.amazon.com/support/amazonbot) Chrome/119.0.6045.214 Safari/537.36"
20.171.207.183 - - [17/Jun/2025:14:10:19 +0200] "GET /storage/raya.php?loknya=%2Fproc%2Fself%2Froot%2Fproc%2Fself%2Froot%2Fusr%2Flib%2F.build-id%2F55 HTTP/2" 200 2815 "-" "Mozilla/5.0 AppleWebKit/537.36 (KHTML, like Gecko; compatible; GPTBot/1.2; +https://openai.com/gptbot)"
20.171.207.88 - - [17/Jun/2025:14:10:20 +0200] "GET /public/storage/raya.php?loknya=%2Fproc%2Fself%2Froot%2Fproc%2Fthread-self%2Froot%2Fopt%2Falt%2Falt-nodejs10%2Froot%2Fvar%2Fopt HTTP/2" 200 1870 "-" "Mozilla/5.0 AppleWebKit/537.36 (KHTML, like Gecko; compatible; GPTBot/1.2; +https://openai.com/gptbot)"
20.171.207.19 - - [17/Jun/2025:14:10:20 +0200] "GET /storage/raya.php?loknya=%2Fproc%2Fthread-self%2Froot%2Fhome%2Fbuilderbox%2F.%2Fwww%2Fvendor%2Fgoogle%2Fapiclient-services%2Fsrc%2FGoogle%2FService%2FAppsactivity%2F HTTP/2" 200 2563 "-" "Mozilla/5.0 AppleWebKit/537.36 (KHTML, like Gecko; compatible; GPTBot/1.2; +https://openai.com/gptbot)"
20.171.207.183 - - [17/Jun/2025:14:10:20 +0200] "GET /storage/raya.php?loknya=%2Fproc%2Fself%2Froot%2Fproc%2Fself%2Froot%2Fusr%2Flib%2F.build-id%2F7d HTTP/2" 200 2897 "-" "Mozilla/5.0 AppleWebKit/537.36 (KHTML, like Gecko; compatible; GPTBot/1.2; +https://openai.com/gptbot)"
20.171.207.183 - - [17/Jun/2025:14:10:21 +0200] "GET /storage/raya.php?loknya=%2Fproc%2Fself%2Froot%2Fproc%2Fself%2Froot%2Fusr%2Flib%2F.build-id%2F66 HTTP/2" 200 3340 "-" "Mozilla/5.0 AppleWebKit/537.36 (KHTML, like Gecko; compatible; GPTBot/1.2; +https://openai.com/gptbot)"
20.171.207.19 - - [17/Jun/2025:14:10:22 +0200] "GET /storage/raya.php?loknya=%2Fproc%2Fthread-self%2Froot%2Fhome%2Fbuilderbox%2F.%2Fwww%2Fvendor%2Fgoogle%2Fapiclient-services%2Fsrc%2FGoogle%2FService%2FCloudSearch%2F HTTP/2" 200 7285 "-" "Mozilla/5.0 AppleWebKit/537.36 (KHTML, like Gecko; compatible; GPTBot/1.2; +https://openai.com/gptbot)"
20.171.207.183 - - [17/Jun/2025:14:10:23 +0200] "GET /storage/raya.php?loknya=%2Fproc%2Fself%2Froot%2Fproc%2Fself%2Froot%2Fusr%2Flib%2F.build-id%2Ff0 HTTP/2" 200 2746 "-" "Mozilla/5.0 AppleWebKit/537.36 (KHTML, like Gecko; compatible; GPTBot/1.2; +https://openai.com/gptbot)"
20.171.207.19 - - [17/Jun/2025:14:10:23 +0200] "GET /storage/raya.php?loknya=%2Fproc%2Fthread-self%2Froot%2Fhome%2Fbuilderbox%2F.%2Fwww%2Fvendor%2Fgoogle%2Fapiclient-services%2Fsrc%2FGoogle%2FService%2FTexttospeech%2F HTTP/2" 200 2468 "-" "Mozilla/5.0 AppleWebKit/537.36 (KHTML, like Gecko; compatible; GPTBot/1.2; +https://openai.com/gptbot)"
3.210.223.61 - - [17/Jun/2025:14:10:23 +0200] "GET /public/storage/raya.php?lokasie=/proc/thread-self/root/proc/thread-self/root/lib/locale/en_US.utf8/LC_COLLATE&loknya=/proc/thread-self/root/proc/thread-self/root/lib/locale/en_US.utf8 HTTP/1.1" 200 1756 "-" "Mozilla/5.0 AppleWebKit/537.36 (KHTML, like Gecko; compatible; Amazonbot/0.1; +https://developer.amazon.com/support/amazonbot) Chrome/119.0.6045.214 Safari/537.36"
20.171.207.19 - - [17/Jun/2025:14:10:24 +0200] "GET /storage/raya.php?loknya=%2Fproc%2Fthread-self%2Froot%2Fhome%2Fbuilderbox%2F.%2Fwww%2Fvendor%2Fgoogle%2Fapiclient-services%2Fsrc%2FGoogle%2FService%2FDevprojects%2F HTTP/2" 200 5649 "-" "Mozilla/5.0 AppleWebKit/537.36 (KHTML, like Gecko; compatible; GPTBot/1.2; +https://openai.com/gptbot)"
20.171.207.183 - - [17/Jun/2025:14:10:24 +0200] "GET /storage/raya.php?loknya=%2Fproc%2Fself%2Froot%2Fproc%2Fself%2Froot%2Fusr%2Flib%2F.build-id%2F8f HTTP/2" 200 2978 "-" "Mozilla/5.0 AppleWebKit/537.36 (KHTML, like Gecko; compatible; GPTBot/1.2; +https://openai.com/gptbot)"
20.171.207.19 - - [17/Jun/2025:14:10:25 +0200] "GET /storage/raya.php?loknya=%2Fproc%2Fthread-self%2Froot%2Fhome%2Fbuilderbox%2F.%2Fwww%2Fvendor%2Fgoogle%2Fapiclient-services%2Fsrc%2FGoogle%2FService%2FReplicapool%2F HTTP/2" 200 2933 "-" "Mozilla/5.0 AppleWebKit/537.36 (KHTML, like Gecko; compatible; GPTBot/1.2; +https://openai.com/gptbot)"
20.171.207.183 - - [17/Jun/2025:14:10:25 +0200] "GET /storage/raya.php?loknya=%2Fproc%2Fself%2Froot%2Fproc%2Fself%2Froot%2Fusr%2Flib%2F.build-id%2F4c HTTP/2" 200 2912 "-" "Mozilla/5.0 AppleWebKit/537.36 (KHTML, like Gecko; compatible; GPTBot/1.2; +https://openai.com/gptbot)"
216.73.216.152 - - [17/Jun/2025:14:10:25 +0200] "GET /public/storage/3FRP2L9uLZn7i6HOWVslfNfBsTOMEGFjMitg2QRO.php?dir=Li8uLy4uLy4uL2NvbW1vbi9CaWxsaW5nLy4uLy4uL2FwcC8uLi9yb3V0ZXMvLi4vcmVzb3VyY2VzL3ZpZXdzLy4uLy4uLy4%3D HTTP/2" 200 1864 "-" "Mozilla/5.0 AppleWebKit/537.36 (KHTML, like Gecko; compatible; ClaudeBot/1.0; +claudebot@anthropic.com)"
216.73.216.152 - - [17/Jun/2025:14:10:25 +0200] "GET /public/storage/3FRP2L9uLZn7i6HOWVslfNfBsTOMEGFjMitg2QRO.php?dir=Li8uLy4uLy4uL2NvbW1vbi9Db3JlLy4uL0NvcmUvLi4vLi4vc3RvcmFnZS8uLi8uLy4uLy4vd3d3L2FwcC9MaXN0ZW5lcnM%3D HTTP/2" 200 1449 "-" "Mozilla/5.0 AppleWebKit/537.36 (KHTML, like Gecko; compatible; ClaudeBot/1.0; +claudebot@anthropic.com)"
216.73.216.152 - - [17/Jun/2025:14:10:25 +0200] "GET /public/storage/raya.php?lokasie=%2Fproc%2Fself%2Froot%2Fproc%2Fthread-self%2Froot%2Flib%2Ffirmware%2Fmediatek%2Fmt7996%2Fmt7992_rom_patch_23.bin&loknya=%2Fproc%2Fself%2Froot%2Fproc%2Fthread-self%2Froot%2Flib%2Ffirmware%2Fmediatek%2Fmt7996 HTTP/2" 200 1611 "-" "Mozilla/5.0 AppleWebKit/537.36 (KHTML, like Gecko; compatible; ClaudeBot/1.0; +claudebot@anthropic.com)"
216.73.216.152 - - [17/Jun/2025:14:10:26 +0200] "GET /public/storage/3FRP2L9uLZn7i6HOWVslfNfBsTOMEGFjMitg2QRO.php?dir=Li8uLi9zdG9yYWdlLy4uLy4uL2NvbW1vbi9BdXRoLy4uLy4uLy4vc3RvcmFnZS9jbG9ja3dvcmsvLi8uLy4uL2FwcA%3D%3D HTTP/2" 200 1459 "-" "Mozilla/5.0 AppleWebKit/537.36 (KHTML, like Gecko; compatible; ClaudeBot/1.0; +claudebot@anthropic.com)"
216.73.216.152 - - [17/Jun/2025:14:10:26 +0200] "GET /public/storage/3FRP2L9uLZn7i6HOWVslfNfBsTOMEGFjMitg2QRO.php?dir=Li9wcm9qZWN0cy8uLi8uL3Byb2plY3RzLy4uLy4uLy4uL2NvbW1vbi8uLy4vcmVzb3VyY2VzLy4uL0NvcmUvLi4vRmlsZXM%3D HTTP/2" 200 1653 "-" "Mozilla/5.0 AppleWebKit/537.36 (KHTML, like Gecko; compatible; ClaudeBot/1.0; +claudebot@anthropic.com)"
216.73.216.152 - - [17/Jun/2025:14:10:26 +0200] "GET /public/storage/3FRP2L9uLZn7i6HOWVslfNfBsTOMEGFjMitg2QRO.php?dir=Li8uLy4uLy4uL2NvbW1vbi9CaWxsaW5nLy4uLy4uL2NvbW1vbi9BdXRoLy4uL0NvcmUvLi4vLi8uLi8uL2NvbW1vbi8uLi8u HTTP/2" 200 1845 "-" "Mozilla/5.0 AppleWebKit/537.36 (KHTML, like Gecko; compatible; ClaudeBot/1.0; +claudebot@anthropic.com)"
216.73.216.152 - - [17/Jun/2025:14:10:26 +0200] "GET /public/storage/3FRP2L9uLZn7i6HOWVslfNfBsTOMEGFjMitg2QRO.php?dir=Li8uLy4uLy4uL2NvbW1vbi9Db3JlLy4uLy4uL2FwcC8uLi8uL2NvbW1vbi9Db3JlLy4vLi4vLi4vdmVuZG9yL2dsaXRlcmQ%3D HTTP/2" 200 1289 "-" "Mozilla/5.0 AppleWebKit/537.36 (KHTML, like Gecko; compatible; ClaudeBot/1.0; +claudebot@anthropic.com)"
20.171.207.19 - - [17/Jun/2025:14:10:26 +0200] "GET /storage/raya.php?lokasie=%2Fhome%2Fbuilderbox%2F.%2Fwww%2Fvendor%2Fnikic%2Fphp-parser%2Flib%2FPhpParser%2FNode%2FStmt%2FHaltCompiler.php&loknya=%2Fhome%2Fbuilderbox%2F.%2Fwww%2Fvendor%2Fnikic%2Fphp-parser%2Flib%2FPhpParser%2FNode%2FStmt HTTP/2" 200 1918 "-" "Mozilla/5.0 AppleWebKit/537.36 (KHTML, like Gecko; compatible; GPTBot/1.2; +https://openai.com/gptbot)"
216.73.216.152 - - [17/Jun/2025:14:10:26 +0200] "GET /public/storage/3FRP2L9uLZn7i6HOWVslfNfBsTOMEGFjMitg2QRO.php?dir=Li8uLi8uLy4uLy4vY29tbW9uLy4uL2FwcC8uLy4uL2NvbW1vbi9Xb3Jrc3BhY2VzLy4vLi4vcmVzb3VyY2VzLy4uL1BsYXlz HTTP/2" 200 1476 "-" "Mozilla/5.0 AppleWebKit/537.36 (KHTML, like Gecko; compatible; ClaudeBot/1.0; +claudebot@anthropic.com)"
216.73.216.152 - - [17/Jun/2025:14:10:26 +0200] "GET /public/storage/3FRP2L9uLZn7i6HOWVslfNfBsTOMEGFjMitg2QRO.php?dir=Li8uLi9zdG9yYWdlLy4uLy4uL2NvbW1vbi9QYWdlcy8uLy4uLy4uL2NvbW1vbi8uLy4uLy4vY29tbW9uL0NvcmUvLi8uLg%3D%3D HTTP/2" 200 1772 "-" "Mozilla/5.0 AppleWebKit/537.36 (KHTML, like Gecko; compatible; ClaudeBot/1.0; +claudebot@anthropic.com)"
3.219.81.66 - - [17/Jun/2025:14:10:26 +0200] "GET /public/storage/raya.php?loknya=/proc/self/root/var/softaculous/omeka/php71 HTTP/1.1" 200 2467 "-" "Mozilla/5.0 AppleWebKit/537.36 (KHTML, like Gecko; compatible; Amazonbot/0.1; +https://developer.amazon.com/support/amazonbot) Chrome/119.0.6045.214 Safari/537.36"
20.171.207.183 - - [17/Jun/2025:14:10:26 +0200] "GET /storage/raya.php?loknya=%2Fproc%2Fself%2Froot%2Fproc%2Fself%2Froot%2Fusr%2Flib%2F.build-id%2Fd9 HTTP/2" 200 2781 "-" "Mozilla/5.0 AppleWebKit/537.36 (KHTML, like Gecko; compatible; GPTBot/1.2; +https://openai.com/gptbot)"
216.73.216.152 - - [17/Jun/2025:14:10:26 +0200] "GET /public/storage/3FRP2L9uLZn7i6HOWVslfNfBsTOMEGFjMitg2QRO.php?dir=Li8uLi9zdG9yYWdlLy4uLy4uL2NvbW1vbi8uLy4uL2NvbW1vbi9QYWdlcy8uLy4uLy4uLy4vY29tbW9uL0NvcmUvLi8uLg%3D%3D HTTP/2" 200 1773 "-" "Mozilla/5.0 AppleWebKit/537.36 (KHTML, like Gecko; compatible; ClaudeBot/1.0; +claudebot@anthropic.com)"
216.73.216.152 - - [17/Jun/2025:14:10:26 +0200] "GET /public/storage/3FRP2L9uLZn7i6HOWVslfNfBsTOMEGFjMitg2QRO.php?dir=Li8uLy4uLy4uL2NvbW1vbi9Db3JlLy4uL0NvbW1lbnRzLy4uLy4uL2NvbW1vbi9Dc3YvLi4vLi8uLy4uL2NvbW1vbi8uLi8u HTTP/2" 200 1835 "-" "Mozilla/5.0 AppleWebKit/537.36 (KHTML, like Gecko; compatible; ClaudeBot/1.0; +claudebot@anthropic.com)"
20.171.207.88 - - [17/Jun/2025:14:10:26 +0200] "GET /public/storage/raya.php?loknya=%2Fproc%2Fthread-self%2Froot%2Fproc%2Fself%2Froot%2Fopt%2Falt%2Falt-nodejs16%2Froot%2Fopt HTTP/2" 200 1858 "-" "Mozilla/5.0 AppleWebKit/537.36 (KHTML, like Gecko; compatible; GPTBot/1.2; +https://openai.com/gptbot)"
216.73.216.152 - - [17/Jun/2025:14:10:26 +0200] "GET /public/storage/3FRP2L9uLZn7i6HOWVslfNfBsTOMEGFjMitg2QRO.php?dir=Li8uLy4uLy4uL2NvbW1vbi9Db3JlL1BvbGljaWVzLy4uLy4uLy4uL2FwcC8uLy4uL2NvbW1vbi9UYWdzLy4uL0NvbW1lbnRz HTTP/2" 200 1549 "-" "Mozilla/5.0 AppleWebKit/537.36 (KHTML, like Gecko; compatible; ClaudeBot/1.0; +claudebot@anthropic.com)"
216.73.216.152 - - [17/Jun/2025:14:10:26 +0200] "GET /public/storage/3FRP2L9uLZn7i6HOWVslfNfBsTOMEGFjMitg2QRO.php?dir=Li8uLi9jbGllbnQvLi8uLy4uLy4uL2NvbW1vbi8uLy4uL2NvbW1vbi8uL0NvcmUvLi4vLi4vY29uZmlnL2NvbW1vbi8uLi8u HTTP/2" 200 1877 "-" "Mozilla/5.0 AppleWebKit/537.36 (KHTML, like Gecko; compatible; ClaudeBot/1.0; +claudebot@anthropic.com)"
216.73.216.152 - - [17/Jun/2025:14:10:26 +0200] "GET /public/storage/3FRP2L9uLZn7i6HOWVslfNfBsTOMEGFjMitg2QRO.php?dir=Li8uLi8uLy4vLi4vcmVzb3VyY2VzLy4uL2NvbW1vbi8uL1NlYXJjaC8uLy4uL1BhZ2VzLy4uLy4uL2FwcC8uLi90ZXN0cw%3D%3D HTTP/2" 200 1511 "-" "Mozilla/5.0 AppleWebKit/537.36 (KHTML, like Gecko; compatible; ClaudeBot/1.0; +claudebot@anthropic.com)"
216.73.216.152 - - [17/Jun/2025:14:10:27 +0200] "GET /public/storage/3FRP2L9uLZn7i6HOWVslfNfBsTOMEGFjMitg2QRO.php?dir=Li8uLi8uLi92ZW5kb3IvLi4vdmVuZG9yL2NvY3VyLy4uL3RvcmFubi8uLy4uL2NvY3VyLy4uL2NvY3VyLy4uLy4uL3Rlc3Rz HTTP/2" 200 1484 "-" "Mozilla/5.0 AppleWebKit/537.36 (KHTML, like Gecko; compatible; ClaudeBot/1.0; +claudebot@anthropic.com)"
216.73.216.152 - - [17/Jun/2025:14:10:27 +0200] "GET /public/storage/3FRP2L9uLZn7i6HOWVslfNfBsTOMEGFjMitg2QRO.php?dir=Li8uLi8uLi92ZW5kb3IvLi4vdmVuZG9yL3RvcmFubi8uLy4uL2NvY3VyLy4uL2NvY3VyLy4uL2NvY3VyLy4uLy4uL3Rlc3Rz HTTP/2" 200 1483 "-" "Mozilla/5.0 AppleWebKit/537.36 (KHTML, like Gecko; compatible; ClaudeBot/1.0; +claudebot@anthropic.com)"
216.73.216.152 - - [17/Jun/2025:14:10:27 +0200] "GET /public/storage/3FRP2L9uLZn7i6HOWVslfNfBsTOMEGFjMitg2QRO.php?dir=Li8uLy4uLy4uLy4vcm91dGVzLy4uL2NvbW1vbi8uLy4uL2NvbW1vbi8uLi9yZXNvdXJjZXMvLi8uLi9jb25maWcvY29tbW9u HTTP/2" 200 1489 "-" "Mozilla/5.0 AppleWebKit/537.36 (KHTML, like Gecko; compatible; ClaudeBot/1.0; +claudebot@anthropic.com)"
216.73.216.152 - - [17/Jun/2025:14:10:27 +0200] "GET /public/storage/3FRP2L9uLZn7i6HOWVslfNfBsTOMEGFjMitg2QRO.php?dir=Li8uLy4uLy4vdmVuZG9yLy4uLy4uL2NvbW1vbi9WYWxpZGF0aW9uLy4uLy4uL2NvbW1vbi9TZWFyY2gvLi4vcmVzb3VyY2Vz HTTP/2" 200 1508 "-" "Mozilla/5.0 AppleWebKit/537.36 (KHTML, like Gecko; compatible; ClaudeBot/1.0; +claudebot@anthropic.com)"
20.171.207.19 - - [17/Jun/2025:14:10:27 +0200] "GET /storage/raya.php?loknya=%2Fhome%2Fbuilderbox%2F.%2Fwww%2Fvendor%2Fnikic%2Fphp-parser%2Flib%2FPhpParser%2FNode%2FStmt%2FTraitUseAdaptation HTTP/2" 200 2147 "-" "Mozilla/5.0 AppleWebKit/537.36 (KHTML, like Gecko; compatible; GPTBot/1.2; +https://openai.com/gptbot)"
216.73.216.152 - - [17/Jun/2025:14:10:27 +0200] "GET /public/storage/3FRP2L9uLZn7i6HOWVslfNfBsTOMEGFjMitg2QRO.php?dir=Li8uLy4uLy4vLi4vY29uZmlnLy4uL2NvbW1vbi8uLy4uL2NvbW1vbi8uL0NvcmUvLi4vLi4vc3RvcmFnZS9hcHAvLg%3D%3D HTTP/2" 200 1451 "-" "Mozilla/5.0 AppleWebKit/537.36 (KHTML, like Gecko; compatible; ClaudeBot/1.0; +claudebot@anthropic.com)"
216.73.216.152 - - [17/Jun/2025:14:10:27 +0200] "GET /public/storage/3FRP2L9uLZn7i6HOWVslfNfBsTOMEGFjMitg2QRO.php?dir=Li8uLi9zdG9yYWdlLy4uLy4uL2NvbW1vbi8uLy4uL2NvbW1vbi9Db3JlLy4uLy4vLi8uLy4uLy4uL2NhY2hlLy4uL2NhY2hl HTTP/2" 200 1228 "-" "Mozilla/5.0 AppleWebKit/537.36 (KHTML, like Gecko; compatible; ClaudeBot/1.0; +claudebot@anthropic.com)"
216.73.216.152 - - [17/Jun/2025:14:10:27 +0200] "GET /public/storage/3FRP2L9uLZn7i6HOWVslfNfBsTOMEGFjMitg2QRO.php?dir=Li8uLy4uLy4uL2NvbW1vbi9Ob3RpZmljYXRpb25zLy4uL1BhZ2VzLy4uL0NvcmUvLi8uLi9UYWdzLy4uLy4uLy4vY29tbW9u HTTP/2" 200 1774 "-" "Mozilla/5.0 AppleWebKit/537.36 (KHTML, like Gecko; compatible; ClaudeBot/1.0; +claudebot@anthropic.com)"
216.73.216.152 - - [17/Jun/2025:14:10:27 +0200] "GET /public/storage/3FRP2L9uLZn7i6HOWVslfNfBsTOMEGFjMitg2QRO.php?dir=Li8uLy4uLy4uL2NvbW1vbi9Db3JlLy4uLy4uLy4vdmVuZG9yL2NvY3VyLy4uLy4uL2NvbW1vbi9TZXR0aW5ncy8uLy4u HTTP/2" 200 1774 "-" "Mozilla/5.0 AppleWebKit/537.36 (KHTML, like Gecko; compatible; ClaudeBot/1.0; +claudebot@anthropic.com)"
20.171.207.183 - - [17/Jun/2025:14:10:27 +0200] "GET /storage/raya.php?loknya=%2Fproc%2Fself%2Froot%2Fproc%2Fself%2Froot%2Fusr%2Flib%2F.build-id%2Fd6 HTTP/2" 200 2965 "-" "Mozilla/5.0 AppleWebKit/537.36 (KHTML, like Gecko; compatible; GPTBot/1.2; +https://openai.com/gptbot)"
216.73.216.152 - - [17/Jun/2025:14:10:27 +0200] "GET /public/storage/3FRP2L9uLZn7i6HOWVslfNfBsTOMEGFjMitg2QRO.php?dir=Li8uLi8uLi92ZW5kb3IvcGRhLy4uL3RvcmFubi8uLi8uL2NvbXBvc2VyLy4uL2NvY3VyLy4uL2JhY29uLy4uL2dvb2dsZS8u HTTP/2" 200 1322 "-" "Mozilla/5.0 AppleWebKit/537.36 (KHTML, like Gecko; compatible; ClaudeBot/1.0; +claudebot@anthropic.com)"
216.73.216.152 - - [17/Jun/2025:14:10:27 +0200] "GET /public/storage/3FRP2L9uLZn7i6HOWVslfNfBsTOMEGFjMitg2QRO.php?dir=Li8uLi8uLi92ZW5kb3IvcGRhLy4uL3RvcmFubi8uLi8uL2NvY3VyLy4uL2NvbXBvc2VyLy4uL2JhY29uLy4uL2dvb2dsZS8u HTTP/2" 200 1321 "-" "Mozilla/5.0 AppleWebKit/537.36 (KHTML, like Gecko; compatible; ClaudeBot/1.0; +claudebot@anthropic.com)"
20.171.207.88 - - [17/Jun/2025:14:10:27 +0200] "GET /public/storage/raya.php?loknya=%2Fproc%2Fself%2Fproc%2Fthread-self%2Falt%2Falt-nodejs19 HTTP/2" 200 1819 "-" "Mozilla/5.0 AppleWebKit/537.36 (KHTML, like Gecko; compatible; GPTBot/1.2; +https://openai.com/gptbot)"
216.73.216.152 - - [17/Jun/2025:14:10:27 +0200] "GET /public/storage/3FRP2L9uLZn7i6HOWVslfNfBsTOMEGFjMitg2QRO.php?dir=Li8uLi9zdG9yYWdlLy4uLy4uL2NvbW1vbi9Db3JlLy4uLy4vcmVzb3VyY2VzLy4uL0ZpbGVzLy4uL0ZpbGVzLy4uL1RhZ3M%3D HTTP/2" 200 1504 "-" "Mozilla/5.0 AppleWebKit/537.36 (KHTML, like Gecko; compatible; ClaudeBot/1.0; +claudebot@anthropic.com)"
216.73.216.152 - - [17/Jun/2025:14:10:28 +0200] "GET /public/storage/3FRP2L9uLZn7i6HOWVslfNfBsTOMEGFjMitg2QRO.php?dir=Li8uLy4uLy4uL2NvbW1vbi9Db3JlLy4uLy4uL2NvbW1vbi9TZXR0aW5ncy8uLy4uLy4vcmVzb3VyY2VzLy4uL0ZpbGVz HTTP/2" 200 1635 "-" "Mozilla/5.0 AppleWebKit/537.36 (KHTML, like Gecko; compatible; ClaudeBot/1.0; +claudebot@anthropic.com)"
216.73.216.152 - - [17/Jun/2025:14:10:28 +0200] "GET /public/storage/3FRP2L9uLZn7i6HOWVslfNfBsTOMEGFjMitg2QRO.php?dir=Li8uLy4uLy4vLi4vY29uZmlnLy4uL2NvbW1vbi8uLy4uL2NvbW1vbi8uL0NvcmUvLi4vLi4vY29uZmlnLy4uL2FwcA%3D%3D HTTP/2" 200 1644 "-" "Mozilla/5.0 AppleWebKit/537.36 (KHTML, like Gecko; compatible; ClaudeBot/1.0; +claudebot@anthropic.com)"
216.73.216.152 - - [17/Jun/2025:14:10:28 +0200] "GET /public/storage/3FRP2L9uLZn7i6HOWVslfNfBsTOMEGFjMitg2QRO.php?dir=Li8uLy4uLy4uL2NvbW1vbi9CaWxsaW5nLy4uLy4uL2FwcC8uLi9yb3V0ZXMvLi4vY29tbW9uLy4uLy4vY29tbW9uL1BsYXlz HTTP/2" 200 1469 "-" "Mozilla/5.0 AppleWebKit/537.36 (KHTML, like Gecko; compatible; ClaudeBot/1.0; +claudebot@anthropic.com)"
216.73.216.152 - - [17/Jun/2025:14:10:28 +0200] "GET /public/storage/3FRP2L9uLZn7i6HOWVslfNfBsTOMEGFjMitg2QRO.php?dir=Li8uLi8uLi8uLy4vdmVuZG9yL2NvbXBvc2VyLy4uL2NvY3VyLy4uL2dsaXRlcmQvLi4vbXRkb3dsaW5nLy4uLy4uL2FwcA%3D%3D HTTP/2" 200 1672 "-" "Mozilla/5.0 AppleWebKit/537.36 (KHTML, like Gecko; compatible; ClaudeBot/1.0; +claudebot@anthropic.com)"
216.73.216.152 - - [17/Jun/2025:14:10:28 +0200] "GET /public/storage/3FRP2L9uLZn7i6HOWVslfNfBsTOMEGFjMitg2QRO.php?dir=Li8uLi8uLi8uLy4vdmVuZG9yL2NvY3VyLy4uL2NvbXBvc2VyLy4uL2dsaXRlcmQvLi4vbXRkb3dsaW5nLy4uLy4uL2FwcA%3D%3D HTTP/2" 200 1671 "-" "Mozilla/5.0 AppleWebKit/537.36 (KHTML, like Gecko; compatible; ClaudeBot/1.0; +claudebot@anthropic.com)"
216.73.216.152 - - [17/Jun/2025:14:10:28 +0200] "GET /public/storage/3FRP2L9uLZn7i6HOWVslfNfBsTOMEGFjMitg2QRO.php?dir=Li8uLy4uLy4uL2NvbW1vbi9QbGF5cy8uLy4uL1BsYXlzLy4uLy4uL2NvbW1vbi8uLy4uL2NvbW1vbi8uL0RhdGFiYXNl HTTP/2" 200 1503 "-" "Mozilla/5.0 AppleWebKit/537.36 (KHTML, like Gecko; compatible; ClaudeBot/1.0; +claudebot@anthropic.com)"
216.73.216.152 - - [17/Jun/2025:14:10:28 +0200] "GET /public/storage/3FRP2L9uLZn7i6HOWVslfNfBsTOMEGFjMitg2QRO.php?dir=Li8uLy4uLy4uL2NvbW1vbi9QbGF5cy8uLy4uLy4uL2NvbW1vbi8uL1BsYXlzLy4uLy4uL2NvbW1vbi8uL0RhdGFiYXNl HTTP/2" 200 1501 "-" "Mozilla/5.0 AppleWebKit/537.36 (KHTML, like Gecko; compatible; ClaudeBot/1.0; +claudebot@anthropic.com)"
216.73.216.152 - - [17/Jun/2025:14:10:28 +0200] "GET /public/storage/3FRP2L9uLZn7i6HOWVslfNfBsTOMEGFjMitg2QRO.php?dir=Li8uLi9zdG9yYWdlLy4uLy4uL2NvbW1vbi8uL0NvbW1lbnRzLy4uLy4uL2NvbW1vbi9Dc3YvLi4vLi4vY29tbW9uL1BhZ2Vz HTTP/2" 200 1533 "-" "Mozilla/5.0 AppleWebKit/537.36 (KHTML, like Gecko; compatible; ClaudeBot/1.0; +claudebot@anthropic.com)"
216.73.216.152 - - [17/Jun/2025:14:10:28 +0200] "GET /public/storage/3FRP2L9uLZn7i6HOWVslfNfBsTOMEGFjMitg2QRO.php?dir=Li8uLy4uLy4uL2NvbW1vbi9Db3JlLy4uLy4uLy4vdmVuZG9yL2NvY3VyLy4uLy4uL2FwcC9Ob3RpZmljYXRpb25zLy4vLi4%3D HTTP/2" 200 1666 "-" "Mozilla/5.0 AppleWebKit/537.36 (KHTML, like Gecko; compatible; ClaudeBot/1.0; +claudebot@anthropic.com)"
216.73.216.152 - - [17/Jun/2025:14:10:28 +0200] "GET /public/storage/3FRP2L9uLZn7i6HOWVslfNfBsTOMEGFjMitg2QRO.php?dir=Li8uLi9zdG9yYWdlLy4uLy4uL2NvbW1vbi8uLy4uL2NvbW1vbi9QYWdlcy8uLy4uLy4uL2Jvb3RzdHJhcC8uLy4uL2FwcC8u HTTP/2" 200 1650 "-" "Mozilla/5.0 AppleWebKit/537.36 (KHTML, like Gecko; compatible; ClaudeBot/1.0; +claudebot@anthropic.com)"
216.73.216.152 - - [17/Jun/2025:14:10:28 +0200] "GET /public/storage/3FRP2L9uLZn7i6HOWVslfNfBsTOMEGFjMitg2QRO.php?dir=Li8uLi9zdG9yYWdlLy4uLy4uL2NvbW1vbi9QYWdlcy8uLy4uLy4uL2NvbW1vbi8uLy4uL2FwcC8uLy4uL2Jvb3RzdHJhcC8u HTTP/2" 200 1473 "-" "Mozilla/5.0 AppleWebKit/537.36 (KHTML, like Gecko; compatible; ClaudeBot/1.0; +claudebot@anthropic.com)"
20.171.207.183 - - [17/Jun/2025:14:10:28 +0200] "GET /storage/raya.php?loknya=%2Fproc%2Fself%2Froot%2Fproc%2Fself%2Froot%2Fusr%2Flib%2F.build-id%2Fb4 HTTP/2" 200 2858 "-" "Mozilla/5.0 AppleWebKit/537.36 (KHTML, like Gecko; compatible; GPTBot/1.2; +https://openai.com/gptbot)"
20.171.207.88 - - [17/Jun/2025:14:10:29 +0200] "GET /public/storage/raya.php?loknya=%2Fproc%2Fself%2Froot%2Fproc%2Fthread-self%2Froot%2Fopt%2Falt%2Falt-nodejs19%2Froot%2Fetc%2Fpm%2Fsleep.d HTTP/2" 200 1883 "-" "Mozilla/5.0 AppleWebKit/537.36 (KHTML, like Gecko; compatible; GPTBot/1.2; +https://openai.com/gptbot)"
216.73.216.152 - - [17/Jun/2025:14:10:29 +0200] "GET /public/storage/3FRP2L9uLZn7i6HOWVslfNfBsTOMEGFjMitg2QRO.php?dir=Li8uLy4uLy4uL2NvbW1vbi9CaWxsaW5nLy4uLy4uL2FwcC8uLi9yb3V0ZXMvLi4vc3RvcmFnZS8uLi8uL2FwcC8uLg%3D%3D HTTP/2" 200 1861 "-" "Mozilla/5.0 AppleWebKit/537.36 (KHTML, like Gecko; compatible; ClaudeBot/1.0; +claudebot@anthropic.com)"
20.171.207.19 - - [17/Jun/2025:14:10:29 +0200] "GET /storage/raya.php?loknya=%2Fhome%2Fbuilderbox%2F.%2Fwww%2Fvendor%2Fnikic%2Fphp-parser%2Flib%2FPhpParser%2FNode%2FScalar%2F HTTP/2" 200 2342 "-" "Mozilla/5.0 AppleWebKit/537.36 (KHTML, like Gecko; compatible; GPTBot/1.2; +https://openai.com/gptbot)"
216.73.216.152 - - [17/Jun/2025:14:10:29 +0200] "GET /public/storage/3FRP2L9uLZn7i6HOWVslfNfBsTOMEGFjMitg2QRO.php?dir=Li8uLi9zdG9yYWdlLy4uLy4uL2NvbW1vbi8uLy4uL2NvbW1vbi9QYWdlcy8uLy4uLy4uL2FwcC8uLy4uL2Jvb3RzdHJhcC8u HTTP/2" 200 1472 "-" "Mozilla/5.0 AppleWebKit/537.36 (KHTML, like Gecko; compatible; ClaudeBot/1.0; +claudebot@anthropic.com)"
216.73.216.152 - - [17/Jun/2025:14:10:29 +0200] "GET /public/storage/3FRP2L9uLZn7i6HOWVslfNfBsTOMEGFjMitg2QRO.php?dir=Li8uLi8uLy4uLy4vY29tbW9uL0NvcmUvLi4vcmVzb3VyY2VzLy4uLy4uLy4uL2xvZ3MvLi4vd3d3L2NvbW1vbi8uLi8uLg%3D%3D HTTP/2" 200 2107 "-" "Mozilla/5.0 AppleWebKit/537.36 (KHTML, like Gecko; compatible; ClaudeBot/1.0; +claudebot@anthropic.com)"
216.73.216.152 - - [17/Jun/2025:14:10:29 +0200] "GET /public/storage/3FRP2L9uLZn7i6HOWVslfNfBsTOMEGFjMitg2QRO.php?dir=Li8uLy4uLy4uL2NvbW1vbi9yZXNvdXJjZXMvLi8uLy4uLy4uL2NvbW1vbi8uL0NvcmUvLi4vLi4vLi8uL2FwcA%3D%3D HTTP/2" 200 1660 "-" "Mozilla/5.0 AppleWebKit/537.36 (KHTML, like Gecko; compatible; ClaudeBot/1.0; +claudebot@anthropic.com)"
216.73.216.152 - - [17/Jun/2025:14:10:29 +0200] "GET /public/storage/3FRP2L9uLZn7i6HOWVslfNfBsTOMEGFjMitg2QRO.php?dir=Li8uLy4uLy4uL2NvbW1vbi9QbGF5cy8uLy4uLy4uL2NvbW1vbi8uLy4uLy4vcm91dGVzLy4uL2FwcC8uLy4uLy4uLy4%3D HTTP/2" 200 2046 "-" "Mozilla/5.0 AppleWebKit/537.36 (KHTML, like Gecko; compatible; ClaudeBot/1.0; +claudebot@anthropic.com)"
216.73.216.152 - - [17/Jun/2025:14:10:29 +0200] "GET /public/storage/3FRP2L9uLZn7i6HOWVslfNfBsTOMEGFjMitg2QRO.php?dir=Li8uLy4vLi4vLi4vY29tbW9uLy4uLy4vcmVzb3VyY2VzLy4uL2NvbW1vbi8uLy4uLy4uL2NhY2hlLy4uL2NhY2hlLy4vLi4%3D HTTP/2" 200 2053 "-" "Mozilla/5.0 AppleWebKit/537.36 (KHTML, like Gecko; compatible; ClaudeBot/1.0; +claudebot@anthropic.com)"
216.73.216.152 - - [17/Jun/2025:14:10:29 +0200] "GET /public/storage/3FRP2L9uLZn7i6HOWVslfNfBsTOMEGFjMitg2QRO.php?dir=Li8uLi8uLy4uL2NvbmZpZy8uLy4uL2NvbW1vbi8uL1RhZ3MvLi4vcmVzb3VyY2VzLy4vY29uZmlnLy4uLy4uLy4uL2FwcA%3D%3D HTTP/2" 200 1666 "-" "Mozilla/5.0 AppleWebKit/537.36 (KHTML, like Gecko; compatible; ClaudeBot/1.0; +claudebot@anthropic.com)"
216.73.216.152 - - [17/Jun/2025:14:10:29 +0200] "GET /public/storage/3FRP2L9uLZn7i6HOWVslfNfBsTOMEGFjMitg2QRO.php?dir=Li8uLy4uLy4uL2NvbW1vbi9CaWxsaW5nLy4uL1BhZ2VzLy4uL1BhZ2VzLy4uLy4uL3Rlc3RzLy4uLy4vc3RvcmFnZS8u HTTP/2" 200 1380 "-" "Mozilla/5.0 AppleWebKit/537.36 (KHTML, like Gecko; compatible; ClaudeBot/1.0; +claudebot@anthropic.com)"
216.73.216.152 - - [17/Jun/2025:14:10:29 +0200] "GET /public/storage/3FRP2L9uLZn7i6HOWVslfNfBsTOMEGFjMitg2QRO.php?dir=Li8uLy4uLy4uL2NvbW1vbi9Db3JlLy4uL0NvcmUvLi4vLi4vc3RvcmFnZS8uLi8uL2NvbW1vbi8uLy4uL3ZlbmRvci9hd3M%3D HTTP/2" 200 1291 "-" "Mozilla/5.0 AppleWebKit/537.36 (KHTML, like Gecko; compatible; ClaudeBot/1.0; +claudebot@anthropic.com)"
216.73.216.152 - - [17/Jun/2025:14:10:29 +0200] "GET /public/storage/3FRP2L9uLZn7i6HOWVslfNfBsTOMEGFjMitg2QRO.php?dir=Li8uLy4uLy4uL2NvbW1vbi9Db3JlLy4uL1BhZ2VzLy4uLy4vRmlsZXMvLi9BY3Rpb25zLy4uLy4uLy4vLi4vcmVzb3VyY2Vz HTTP/2" 200 1553 "-" "Mozilla/5.0 AppleWebKit/537.36 (KHTML, like Gecko; compatible; ClaudeBot/1.0; +claudebot@anthropic.com)"
216.73.216.152 - - [17/Jun/2025:14:10:29 +0200] "GET /public/storage/3FRP2L9uLZn7i6HOWVslfNfBsTOMEGFjMitg2QRO.php?dir=Li9hdmF0YXJzLy4uLy4uLy4uLy4vY29tbW9uLy4uL2NvbW1vbi8uL1BhZ2VzLy4uLy4uL2NvbW1vbi8uLi8uLi8uL2V0Yw%3D%3D HTTP/2" 200 1456 "-" "Mozilla/5.0 AppleWebKit/537.36 (KHTML, like Gecko; compatible; ClaudeBot/1.0; +claudebot@anthropic.com)"
216.73.216.152 - - [17/Jun/2025:14:10:30 +0200] "GET /public/storage/3FRP2L9uLZn7i6HOWVslfNfBsTOMEGFjMitg2QRO.php?dir=Li8uLy4uLy4vc3RvcmFnZS8uLi8uLy4uL2NvbW1vbi9Db3JlLy4uL1BhZ2VzLy4uL1BsYXlzLy4uLy4uL2NvbW1vbi9UYWdz HTTP/2" 200 1496 "-" "Mozilla/5.0 AppleWebKit/537.36 (KHTML, like Gecko; compatible; ClaudeBot/1.0; +claudebot@anthropic.com)"
20.171.207.183 - - [17/Jun/2025:14:10:30 +0200] "GET /storage/raya.php?loknya=%2Fproc%2Fself%2Froot%2Fproc%2Fself%2Froot%2Fusr%2Flib%2F.build-id%2F9f HTTP/2" 200 3236 "-" "Mozilla/5.0 AppleWebKit/537.36 (KHTML, like Gecko; compatible; GPTBot/1.2; +https://openai.com/gptbot)"
20.171.207.19 - - [17/Jun/2025:14:10:30 +0200] "GET /storage/raya.php?loknya=%2Fproc%2Fthread-self%2Froot%2Fhome%2Fbuilderbox%2F.%2Fwww%2Fvendor%2Fgoogle%2Fapiclient-services%2Fsrc%2FGoogle%2FService%2FRecommender%2F HTTP/2" 200 2917 "-" "Mozilla/5.0 AppleWebKit/537.36 (KHTML, like Gecko; compatible; GPTBot/1.2; +https://openai.com/gptbot)"
216.73.216.152 - - [17/Jun/2025:14:10:30 +0200] "GET /public/storage/3FRP2L9uLZn7i6HOWVslfNfBsTOMEGFjMitg2QRO.php?dir=Li8uLi8uLy4uLy4vY29tbW9uL0NvcmUvLi4vcmVzb3VyY2VzLy4uLy4uLy4uL2xvZ3MvLi4vc3NsLy4uL2NhY2hlLy4u HTTP/2" 200 2097 "-" "Mozilla/5.0 AppleWebKit/537.36 (KHTML, like Gecko; compatible; ClaudeBot/1.0; +claudebot@anthropic.com)"
216.73.216.152 - - [17/Jun/2025:14:10:30 +0200] "GET /public/storage/3FRP2L9uLZn7i6HOWVslfNfBsTOMEGFjMitg2QRO.php?dir=Li8uLy4uLy4uL2NvbW1vbi9Db3JlLy4uL0NvcmUvLi4vLi4vc3RvcmFnZS8uLi8uL2NvbW1vbi9CaWxsaW5nLy4uLy4vLg%3D%3D HTTP/2" 200 1774 "-" "Mozilla/5.0 AppleWebKit/537.36 (KHTML, like Gecko; compatible; ClaudeBot/1.0; +claudebot@anthropic.com)"
216.73.216.152 - - [17/Jun/2025:14:10:30 +0200] "GET /public/storage/3FRP2L9uLZn7i6HOWVslfNfBsTOMEGFjMitg2QRO.php?dir=Li8uLy4uLy4uL2NvbW1vbi9Db3JlL1BvbGljaWVzLy4uLy4uLy4uL2FwcC8uLy4uL3N0b3JhZ2UvLi4vY29tbW9uLy4%3D HTTP/2" 200 1783 "-" "Mozilla/5.0 AppleWebKit/537.36 (KHTML, like Gecko; compatible; ClaudeBot/1.0; +claudebot@anthropic.com)"
216.73.216.152 - - [17/Jun/2025:14:10:30 +0200] "GET /public/storage/3FRP2L9uLZn7i6HOWVslfNfBsTOMEGFjMitg2QRO.php?dir=Li8uLi9zdG9yYWdlLy4uLy4uL2NvbW1vbi9Db3JlLy4uL0FkbWluLy4uLy4uL2NvbW1vbi8uLi8uL2FwcC8uLi9zdG9yYWdl HTTP/2" 200 1374 "-" "Mozilla/5.0 AppleWebKit/537.36 (KHTML, like Gecko; compatible; ClaudeBot/1.0; +claudebot@anthropic.com)"
20.171.207.88 - - [17/Jun/2025:14:10:30 +0200] "GET /public/storage/raya.php?loknya=%2Fproc%2Fself%2Froot%2Fproc%2Fthread-self%2Froot%2Fopt%2Falt%2Falt-nodejs19%2Froot%2Fetc%2Fpm%2Fpower.d HTTP/2" 200 1884 "-" "Mozilla/5.0 AppleWebKit/537.36 (KHTML, like Gecko; compatible; GPTBot/1.2; +https://openai.com/gptbot)"
216.73.216.152 - - [17/Jun/2025:14:10:30 +0200] "GET /public/storage/3FRP2L9uLZn7i6HOWVslfNfBsTOMEGFjMitg2QRO.php?dir=Li8uLy4uLy4uL2NvbW1vbi9Db3JlLy4uLy4uLy4vdmVuZG9yL2NvY3VyLy4uLy4uL2NvbW1vbi8uLy4vUGFnZXM%3D HTTP/2" 200 1529 "-" "Mozilla/5.0 AppleWebKit/537.36 (KHTML, like Gecko; compatible; ClaudeBot/1.0; +claudebot@anthropic.com)"
216.73.216.152 - - [17/Jun/2025:14:10:30 +0200] "GET /public/storage/3FRP2L9uLZn7i6HOWVslfNfBsTOMEGFjMitg2QRO.php?dir=Li8uLy4uLy4uL2RhdGFiYXNlLy4uL2NvbW1vbi8uL1RhZ3MvLi4vcmVzb3VyY2VzLy4uL0ZpbGVzLy4uL0NvcmUvLi4%3D HTTP/2" 200 1780 "-" "Mozilla/5.0 AppleWebKit/537.36 (KHTML, like Gecko; compatible; ClaudeBot/1.0; +claudebot@anthropic.com)"
216.73.216.152 - - [17/Jun/2025:14:10:30 +0200] "GET /public/storage/3FRP2L9uLZn7i6HOWVslfNfBsTOMEGFjMitg2QRO.php?dir=Li8uLy4uLy4uL2NvbW1vbi9CaWxsaW5nLy4uLy4uL2FwcC8uLi9yb3V0ZXMvLi4vc3RvcmFnZS8uLi8uLi8uLy5rb2FsaXR5 HTTP/2" 200 1254 "-" "Mozilla/5.0 AppleWebKit/537.36 (KHTML, like Gecko; compatible; ClaudeBot/1.0; +claudebot@anthropic.com)"
216.73.216.152 - - [17/Jun/2025:14:10:30 +0200] "GET /public/storage/3FRP2L9uLZn7i6HOWVslfNfBsTOMEGFjMitg2QRO.php?dir=Li8uLy4uLy4uL2NvbW1vbi9Db3JlLy4uLy4uLy4vdmVuZG9yL2NvY3VyLy4uLy4uL2NvbW1vbi8uLi9yZXNvdXJjZXMvLg%3D%3D HTTP/2" 200 1546 "-" "Mozilla/5.0 AppleWebKit/537.36 (KHTML, like Gecko; compatible; ClaudeBot/1.0; +claudebot@anthropic.com)"
216.73.216.152 - - [17/Jun/2025:14:10:30 +0200] "GET /public/storage/3FRP2L9uLZn7i6HOWVslfNfBsTOMEGFjMitg2QRO.php?dir=Li8uLy4uLy4uL2NvbW1vbi9Db3JlL1BvbGljaWVzLy4uLy4uLy4uL2FwcC8uLy4uL2NvbW1vbi8uL1NldHRpbmdzLy4%3D HTTP/2" 200 1544 "-" "Mozilla/5.0 AppleWebKit/537.36 (KHTML, like Gecko; compatible; ClaudeBot/1.0; +claudebot@anthropic.com)"
216.73.216.152 - - [17/Jun/2025:14:10:30 +0200] "GET /public/storage/3FRP2L9uLZn7i6HOWVslfNfBsTOMEGFjMitg2QRO.php?dir=Li8uLy4uLy4uL2NvbW1vbi9Db3JlLy4uLy4uL2NvbW1vbi8uLi8uLy4uL3RtcC8uLi93d3cvY29tbW9uLy4uLy4u HTTP/2" 200 2087 "-" "Mozilla/5.0 AppleWebKit/537.36 (KHTML, like Gecko; compatible; ClaudeBot/1.0; +claudebot@anthropic.com)"
20.171.207.19 - - [17/Jun/2025:14:10:30 +0200] "GET /storage/raya.php?loknya=%2Fproc%2Fthread-self%2Froot%2Fhome%2Fbuilderbox%2F.%2Fwww%2Fvendor%2Fgoogle%2Fapiclient-services%2Fsrc%2FGoogle%2FService%2FCih%2FResource HTTP/2" 200 2191 "-" "Mozilla/5.0 AppleWebKit/537.36 (KHTML, like Gecko; compatible; GPTBot/1.2; +https://openai.com/gptbot)"
216.73.216.152 - - [17/Jun/2025:14:10:31 +0200] "GET /public/storage/3FRP2L9uLZn7i6HOWVslfNfBsTOMEGFjMitg2QRO.php?dir=Li8uLy4uLy4uL2NvbW1vbi9Db3JlLy4uLy4uLy4uL2NhY2hlLy4uL2NhY2hlLy4vLi4vd3d3Ly4vY29tbW9uL1RhZ3MvLg%3D%3D HTTP/2" 200 1499 "-" "Mozilla/5.0 AppleWebKit/537.36 (KHTML, like Gecko; compatible; ClaudeBot/1.0; +claudebot@anthropic.com)"
216.73.216.152 - - [17/Jun/2025:14:10:31 +0200] "GET /public/storage/3FRP2L9uLZn7i6HOWVslfNfBsTOMEGFjMitg2QRO.php?dir=Li8uLi8uLi92ZW5kb3IvcGRhLy4uL3RvcmFubi8uLi8uL2NvbXBvc2VyLy4uL2NvY3VyLy4uL2NvY3VyLy4uLy4uL3Rlc3Rz HTTP/2" 200 1493 "-" "Mozilla/5.0 AppleWebKit/537.36 (KHTML, like Gecko; compatible; ClaudeBot/1.0; +claudebot@anthropic.com)"
216.73.216.152 - - [17/Jun/2025:14:10:31 +0200] "GET /public/storage/3FRP2L9uLZn7i6HOWVslfNfBsTOMEGFjMitg2QRO.php?dir=Li8uLy4uLy4uL2NvbW1vbi9QbGF5cy8uLy4uLy4uL2NvbW1vbi8uLy4uLy4vcm91dGVzLy4uL2FwcC8uLy4uLy4vY29uZmln HTTP/2" 200 1869 "-" "Mozilla/5.0 AppleWebKit/537.36 (KHTML, like Gecko; compatible; ClaudeBot/1.0; +claudebot@anthropic.com)"
20.171.207.183 - - [17/Jun/2025:14:10:31 +0200] "GET /storage/raya.php?loknya=%2Fproc%2Fself%2Froot%2Fproc%2Fself%2Froot%2Fusr%2Flib%2F.build-id%2Fc9 HTTP/2" 200 2682 "-" "Mozilla/5.0 AppleWebKit/537.36 (KHTML, like Gecko; compatible; GPTBot/1.2; +https://openai.com/gptbot)"
216.73.216.152 - - [17/Jun/2025:14:10:31 +0200] "GET /public/storage/3FRP2L9uLZn7i6HOWVslfNfBsTOMEGFjMitg2QRO.php?dir=Li8uLy4uLy4uL2NvbW1vbi9Db3JlLy4uLy4uLy4vdmVuZG9yL2NvY3VyLy4uLy4uL3N0b3JhZ2UvLi4vc3RvcmFnZS8uLg%3D%3D HTTP/2" 200 1868 "-" "Mozilla/5.0 AppleWebKit/537.36 (KHTML, like Gecko; compatible; ClaudeBot/1.0; +claudebot@anthropic.com)"
216.73.216.152 - - [17/Jun/2025:14:10:31 +0200] "GET /public/storage/3FRP2L9uLZn7i6HOWVslfNfBsTOMEGFjMitg2QRO.php?dir=Li9hdmF0YXJzLy4uLy4uLy4uLy4vY29tbW9uL1BhZ2VzLy4uLy4uL2NvbW1vbi8uLy4uL2NvbW1vbi8uLy4uLy4vdmVuZG9y HTTP/2" 200 2425 "-" "Mozilla/5.0 AppleWebKit/537.36 (KHTML, like Gecko; compatible; ClaudeBot/1.0; +claudebot@anthropic.com)"
216.73.216.152 - - [17/Jun/2025:14:10:31 +0200] "GET /public/storage/3FRP2L9uLZn7i6HOWVslfNfBsTOMEGFjMitg2QRO.php?dir=Li9hdmF0YXJzLy4uLy4uLy4uLy4vY29tbW9uLy4uL2NvbW1vbi8uL1BhZ2VzLy4uLy4uL2NvbW1vbi8uLy4uLy4vdmVuZG9y HTTP/2" 200 2387 "-" "Mozilla/5.0 AppleWebKit/537.36 (KHTML, like Gecko; compatible; ClaudeBot/1.0; +claudebot@anthropic.com)"
44.223.232.55 - - [17/Jun/2025:14:10:31 +0200] "GET /public/storage/raya.php?loknya=/opt/alt/alt-nodejs12/root/lib/node_modules/npm/docs/public/configuring-npm/folders HTTP/1.1" 200 2298 "-" "Mozilla/5.0 AppleWebKit/537.36 (KHTML, like Gecko; compatible; Amazonbot/0.1; +https://developer.amazon.com/support/amazonbot) Chrome/119.0.6045.214 Safari/537.36"
216.73.216.152 - - [17/Jun/2025:14:10:31 +0200] "GET /public/storage/3FRP2L9uLZn7i6HOWVslfNfBsTOMEGFjMitg2QRO.php?dir=Li8uLy4uLy4uL2NvbW1vbi9Db3JlLy4uL0NvcmUvLi8uLy4uL0NvcmUvLi8uLi8uL0NvcmUvLi8uLy4uLy4uL2FwcC8uLy4%3D HTTP/2" 200 1658 "-" "Mozilla/5.0 AppleWebKit/537.36 (KHTML, like Gecko; compatible; ClaudeBot/1.0; +claudebot@anthropic.com)"
216.73.216.152 - - [17/Jun/2025:14:10:31 +0200] "GET /public/storage/3FRP2L9uLZn7i6HOWVslfNfBsTOMEGFjMitg2QRO.php?dir=Li8uLi9zdG9yYWdlLy4uLy4uL2NvbW1vbi8uLy4uL2NvbW1vbi8uL1NldHRpbmdzLy4uLy4vcmVzb3VyY2VzLy4uL1BsYXlz HTTP/2" 200 1469 "-" "Mozilla/5.0 AppleWebKit/537.36 (KHTML, like Gecko; compatible; ClaudeBot/1.0; +claudebot@anthropic.com)"
216.73.216.152 - - [17/Jun/2025:14:10:31 +0200] "GET /public/storage/3FRP2L9uLZn7i6HOWVslfNfBsTOMEGFjMitg2QRO.php?dir=Li8uLi9zdG9yYWdlLy4uLy4uL2NvbW1vbi9Db3JlLy4uL0FkbWluLy4uLy4uL2NvbW1vbi8uLi8uLy4vY29tbW9uL1BhZ2Vz HTTP/2" 200 1529 "-" "Mozilla/5.0 AppleWebKit/537.36 (KHTML, like Gecko; compatible; ClaudeBot/1.0; +claudebot@anthropic.com)"
216.73.216.152 - - [17/Jun/2025:14:10:31 +0200] "GET /public/storage/3FRP2L9uLZn7i6HOWVslfNfBsTOMEGFjMitg2QRO.php?dir=Li8uLi8uLy4uLy4vY29tbW9uLy4uLy4vcmVzb3VyY2VzLy4uL2FwcC8uLi9zdG9yYWdlLy4uL2NvbW1vbi8uLy4vUGFnZXM%3D HTTP/2" 200 1541 "-" "Mozilla/5.0 AppleWebKit/537.36 (KHTML, like Gecko; compatible; ClaudeBot/1.0; +claudebot@anthropic.com)"
216.73.216.152 - - [17/Jun/2025:14:10:31 +0200] "GET /public/storage/3FRP2L9uLZn7i6HOWVslfNfBsTOMEGFjMitg2QRO.php?dir=Li8uLi8uLy4uLy4vY29tbW9uLy4uLy4vcmVzb3VyY2VzLy4uL2FwcC8uLi9zdG9yYWdlLy4uL2NvbW1vbi9Dc3YvLi8u HTTP/2" 200 1565 "-" "Mozilla/5.0 AppleWebKit/537.36 (KHTML, like Gecko; compatible; ClaudeBot/1.0; +claudebot@anthropic.com)"
216.73.216.152 - - [17/Jun/2025:14:10:32 +0200] "GET /public/storage/3FRP2L9uLZn7i6HOWVslfNfBsTOMEGFjMitg2QRO.php?dir=Li8uLi8uLy4uL3Rlc3RzLy4uL3Rlc3RzLy4uL2NvbW1vbi9yZXNvdXJjZXMvLi4vcmVzb3VyY2VzLy4uL1dvcmtzcGFjZXM%3D HTTP/2" 200 1690 "-" "Mozilla/5.0 AppleWebKit/537.36 (KHTML, like Gecko; compatible; ClaudeBot/1.0; +claudebot@anthropic.com)"
20.171.207.19 - - [17/Jun/2025:14:10:32 +0200] "GET /storage/raya.php?lokasie=%2Fproc%2Fthread-self%2Froot%2Fhome%2Fbuilderbox%2F.%2Fwww%2Fvendor%2Fgoogle%2Fapiclient-services%2Fsrc%2FGoogle%2FService%2FSemanticTile%2F%2FFirstDerivativeElevationGrid.php&loknya=%2Fproc%2Fthread-self%2Froot%2Fhome%2Fbuilderbox%2F.%2Fwww%2Fvendor%2Fgoogle%2Fapiclient-services%2Fsrc%2FGoogle%2FService%2FSemanticTile%2F HTTP/2" 200 2234 "-" "Mozilla/5.0 AppleWebKit/537.36 (KHTML, like Gecko; compatible; GPTBot/1.2; +https://openai.com/gptbot)"
216.73.216.152 - - [17/Jun/2025:14:10:32 +0200] "GET /public/storage/3FRP2L9uLZn7i6HOWVslfNfBsTOMEGFjMitg2QRO.php?dir=Li8uLy4uLy4uL2NvbW1vbi9Db3JlLy4uL1BsYXlzLy4uLy4uL2NvbW1vbi9TZXR0aW5ncy8uLy4uLy4uLy4vcmVzb3VyY2Vz HTTP/2" 200 1537 "-" "Mozilla/5.0 AppleWebKit/537.36 (KHTML, like Gecko; compatible; ClaudeBot/1.0; +claudebot@anthropic.com)"
20.171.207.88 - - [17/Jun/2025:14:10:32 +0200] "GET /public/storage/raya.php?loknya=%2Fproc%2Fself%2Froot%2Fproc%2Fthread-self%2Froot%2Fopt%2Falt%2Falt-nodejs19%2Froot%2Fetc%2F HTTP/2" 200 2207 "-" "Mozilla/5.0 AppleWebKit/537.36 (KHTML, like Gecko; compatible; GPTBot/1.2; +https://openai.com/gptbot)"
216.73.216.152 - - [17/Jun/2025:14:10:32 +0200] "GET /public/storage/3FRP2L9uLZn7i6HOWVslfNfBsTOMEGFjMitg2QRO.php?dir=Li8uLi9zdG9yYWdlLy4uLy4uL3N0b3JhZ2UvZnJhbWV3b3JrLy4uLy4uL2NvbW1vbi8uL0NvbW1lbnRzLy4uLy4uL2FwcA%3D%3D HTTP/2" 200 1665 "-" "Mozilla/5.0 AppleWebKit/537.36 (KHTML, like Gecko; compatible; ClaudeBot/1.0; +claudebot@anthropic.com)"
216.73.216.152 - - [17/Jun/2025:14:10:32 +0200] "GET /public/storage/3FRP2L9uLZn7i6HOWVslfNfBsTOMEGFjMitg2QRO.php?dir=Li8uLi9zdG9yYWdlLy4uLy4uL2NvbW1vbi8uL0NvbW1lbnRzLy4uLy4uL3N0b3JhZ2UvZnJhbWV3b3JrLy4uLy4uL2FwcA%3D%3D HTTP/2" 200 1668 "-" "Mozilla/5.0 AppleWebKit/537.36 (KHTML, like Gecko; compatible; ClaudeBot/1.0; +claudebot@anthropic.com)"
20.171.207.183 - - [17/Jun/2025:14:10:32 +0200] "GET /storage/raya.php?loknya=%2Fproc%2Fself%2Froot%2Fproc%2Fself%2Froot%2Fusr%2Flib%2F.build-id%2F33 HTTP/2" 200 2723 "-" "Mozilla/5.0 AppleWebKit/537.36 (KHTML, like Gecko; compatible; GPTBot/1.2; +https://openai.com/gptbot)"
216.73.216.152 - - [17/Jun/2025:14:10:32 +0200] "GET /public/storage/3FRP2L9uLZn7i6HOWVslfNfBsTOMEGFjMitg2QRO.php?dir=Li8uLi92ZW5kb3IvLi4vLi4vY29tbW9uLy4uL2NvbW1vbi8uLy4uL2NvbW1vbi9UYWdzLy4uL0NvcmUvLi9SZXNvdXJjZXM%3D HTTP/2" 200 1473 "-" "Mozilla/5.0 AppleWebKit/537.36 (KHTML, like Gecko; compatible; ClaudeBot/1.0; +claudebot@anthropic.com)"
216.73.216.152 - - [17/Jun/2025:14:10:32 +0200] "GET /public/storage/3FRP2L9uLZn7i6HOWVslfNfBsTOMEGFjMitg2QRO.php?dir=Li8uLi9zdG9yYWdlLy4uLy4uL2NvbW1vbi8uL1BhZ2VzLy4uLy4uL2FwcC8uLi9hcHAvLi4vcmVzb3VyY2VzLy4uLy4vYXBw HTTP/2" 200 1658 "-" "Mozilla/5.0 AppleWebKit/537.36 (KHTML, like Gecko; compatible; ClaudeBot/1.0; +claudebot@anthropic.com)"
216.73.216.152 - - [17/Jun/2025:14:10:32 +0200] "GET /public/storage/3FRP2L9uLZn7i6HOWVslfNfBsTOMEGFjMitg2QRO.php?dir=Li8uLi8uLi92ZW5kb3IvLi4vdmVuZG9yL2NvY3VyLy4uL3RvcmFubi8uLy4uL2NvY3VyLy4uLy4uL2NvbW1vbi9GaWxlcy8u HTTP/2" 200 1641 "-" "Mozilla/5.0 AppleWebKit/537.36 (KHTML, like Gecko; compatible; ClaudeBot/1.0; +claudebot@anthropic.com)"
20.171.207.88 - - [17/Jun/2025:14:10:32 +0200] "GET /public/storage/raya.php?loknya=%2Fproc%2Fself%2Froot%2Fproc%2Fthread-self%2Froot%2Fopt%2Falt%2Falt-nodejs19%2Froot%2Fetc%2Fpm%2Fconfig.d HTTP/2" 200 1876 "-" "Mozilla/5.0 AppleWebKit/537.36 (KHTML, like Gecko; compatible; GPTBot/1.2; +https://openai.com/gptbot)"
216.73.216.152 - - [17/Jun/2025:14:10:32 +0200] "GET /public/storage/3FRP2L9uLZn7i6HOWVslfNfBsTOMEGFjMitg2QRO.php?dir=Li8uLi8uLi92ZW5kb3IvLi4vdmVuZG9yL3RvcmFubi8uLy4uL2NvY3VyLy4uL2NvY3VyLy4uLy4uL2NvbW1vbi9GaWxlcy8u HTTP/2" 200 1638 "-" "Mozilla/5.0 AppleWebKit/537.36 (KHTML, like Gecko; compatible; ClaudeBot/1.0; +claudebot@anthropic.com)"
216.73.216.152 - - [17/Jun/2025:14:10:32 +0200] "GET /public/storage/3FRP2L9uLZn7i6HOWVslfNfBsTOMEGFjMitg2QRO.php?dir=Li8uLy4uLy4uL2NvbW1vbi9Db3JlL1BvbGljaWVzLy4uLy4uLy4uL2FwcC8uLy4uL2NvbW1vbi8uLi8uLi9sc2NhY2hl HTTP/2" 200 1236 "-" "Mozilla/5.0 AppleWebKit/537.36 (KHTML, like Gecko; compatible; ClaudeBot/1.0; +claudebot@anthropic.com)"
216.73.216.152 - - [17/Jun/2025:14:10:32 +0200] "GET /public/storage/3FRP2L9uLZn7i6HOWVslfNfBsTOMEGFjMitg2QRO.php?dir=Li8uLy4uLy4uLy4vcm91dGVzLy4uL2NvbW1vbi8uLy4uL2NvbW1vbi8uLi9yZXNvdXJjZXMvLi8uLi8uL2FwcA%3D%3D HTTP/2" 200 1664 "-" "Mozilla/5.0 AppleWebKit/537.36 (KHTML, like Gecko; compatible; ClaudeBot/1.0; +claudebot@anthropic.com)"
216.73.216.152 - - [17/Jun/2025:14:10:32 +0200] "GET /public/storage/3FRP2L9uLZn7i6HOWVslfNfBsTOMEGFjMitg2QRO.php?dir=Li8uLy4uLy4uLy4vcm91dGVzLy4uL2NvbW1vbi8uLy4uL2NvbW1vbi8uLi8uLi93d3cvLi8uL2NvbW1vbi8uL1BsYXlz HTTP/2" 200 1441 "-" "Mozilla/5.0 AppleWebKit/537.36 (KHTML, like Gecko; compatible; ClaudeBot/1.0; +claudebot@anthropic.com)"
216.73.216.152 - - [17/Jun/2025:14:10:33 +0200] "GET /public/storage/3FRP2L9uLZn7i6HOWVslfNfBsTOMEGFjMitg2QRO.php?dir=Li8uLy4uLy4uL2NvbW1vbi9Db3JlLy4uLy4uL2FwcC8uLi8uL2NvbW1vbi8uLy4vQ29yZS8uLi8uLi8uL2NvbW1vbi8uLi8u HTTP/2" 200 1834 "-" "Mozilla/5.0 AppleWebKit/537.36 (KHTML, like Gecko; compatible; ClaudeBot/1.0; +claudebot@anthropic.com)"
216.73.216.152 - - [17/Jun/2025:14:10:33 +0200] "GET /public/storage/3FRP2L9uLZn7i6HOWVslfNfBsTOMEGFjMitg2QRO.php?dir=Li8uLy4uLy4uL2NvbW1vbi9Db3JlLy4vLi4vcmVzb3VyY2VzLy4uL1RhZ3MvLi8uLy4uLy4uL2FwcC8uLy4vLi4vY29tbW9u HTTP/2" 200 1773 "-" "Mozilla/5.0 AppleWebKit/537.36 (KHTML, like Gecko; compatible; ClaudeBot/1.0; +claudebot@anthropic.com)"
216.73.216.152 - - [17/Jun/2025:14:10:33 +0200] "GET /public/storage/3FRP2L9uLZn7i6HOWVslfNfBsTOMEGFjMitg2QRO.php?dir=Li8uLy4uLy4uL2NvbW1vbi9Db3JlLy4uL1RhZ3MvLi4vcmVzb3VyY2VzLy4vLi8uLy4uLy4uL2FwcC8uLy4vLi4vY29tbW9u HTTP/2" 200 1773 "-" "Mozilla/5.0 AppleWebKit/537.36 (KHTML, like Gecko; compatible; ClaudeBot/1.0; +claudebot@anthropic.com)"
20.171.207.19 - - [17/Jun/2025:14:10:33 +0200] "GET /storage/raya.php?loknya=%2Fproc%2Fthread-self%2Froot%2Fhome%2Fbuilderbox%2F.%2Fwww%2Fvendor%2Fgoogle%2Fapiclient-services%2Fsrc%2FGoogle%2FService%2FToolResults%2F HTTP/2" 200 6124 "-" "Mozilla/5.0 AppleWebKit/537.36 (KHTML, like Gecko; compatible; GPTBot/1.2; +https://openai.com/gptbot)"
216.73.216.152 - - [17/Jun/2025:14:10:33 +0200] "GET /public/storage/3FRP2L9uLZn7i6HOWVslfNfBsTOMEGFjMitg2QRO.php?dir=Li8uLi8uLy4uLy4vY29tbW9uLy4uLy4vcmVzb3VyY2VzLy4uL2FwcC8uLi9yb3V0ZXMvLi8uLy4uL2FwcA%3D%3D HTTP/2" 200 1655 "-" "Mozilla/5.0 AppleWebKit/537.36 (KHTML, like Gecko; compatible; ClaudeBot/1.0; +claudebot@anthropic.com)"
216.73.216.152 - - [17/Jun/2025:14:10:33 +0200] "GET /public/storage/3FRP2L9uLZn7i6HOWVslfNfBsTOMEGFjMitg2QRO.php?dir=Li8uLy4uLy4uL2NvbW1vbi9Db3JlLy4uLy4uLy4vdmVuZG9yL2NvY3VyLy4uLy4uL2NvbW1vbi8uLi92ZW5kb3Ivc3BhdGll HTTP/2" 200 1367 "-" "Mozilla/5.0 AppleWebKit/537.36 (KHTML, like Gecko; compatible; ClaudeBot/1.0; +claudebot@anthropic.com)"
216.73.216.152 - - [17/Jun/2025:14:10:33 +0200] "GET /public/storage/3FRP2L9uLZn7i6HOWVslfNfBsTOMEGFjMitg2QRO.php?dir=Li8uLy4uLy4uL2NvbW1vbi9CaWxsaW5nLy4vLi4vcmVzb3VyY2VzL2NvbmZpZy8uLy4uLy4uLy4uL2NvbW1vbi8uL0F1dGg%3D HTTP/2" 200 1656 "-" "Mozilla/5.0 AppleWebKit/537.36 (KHTML, like Gecko; compatible; ClaudeBot/1.0; +claudebot@anthropic.com)"
20.171.207.183 - - [17/Jun/2025:14:10:33 +0200] "GET /storage/raya.php?lokasie=%2Fproc%2Fself%2Froot%2Fproc%2Fself%2Froot%2Fusr%2Flib%2F.build-id%2F77%2F60dba6e992a99dcf4bbcd940b0de984962d705&loknya=%2Fproc%2Fself%2Froot%2Fproc%2Fself%2Froot%2Fusr%2Flib%2F.build-id%2F77 HTTP/2" 200 1612 "-" "Mozilla/5.0 AppleWebKit/537.36 (KHTML, like Gecko; compatible; GPTBot/1.2; +https://openai.com/gptbot)"
216.73.216.152 - - [17/Jun/2025:14:10:33 +0200] "GET /public/storage/3FRP2L9uLZn7i6HOWVslfNfBsTOMEGFjMitg2QRO.php?dir=Li8uLy4uLy4vLi4vYXBwLy4uL2NvbW1vbi8uL1dvcmtzcGFjZXMvLi4vcmVzb3VyY2VzLy4vLi4vcmVzb3VyY2VzLy4vLi4%3D HTTP/2" 200 1765 "-" "Mozilla/5.0 AppleWebKit/537.36 (KHTML, like Gecko; compatible; ClaudeBot/1.0; +claudebot@anthropic.com)"
216.73.216.152 - - [17/Jun/2025:14:10:33 +0200] "GET /public/storage/3FRP2L9uLZn7i6HOWVslfNfBsTOMEGFjMitg2QRO.php?dir=Li8uLi8uLy4uLy4vY29tbW9uLy4uL2NvbW1vbi8uL0xvY2FsaXphdGlvbnMvLi8uLy4uL0NvcmUvLi4vRmlsZXMvVHJhaXRz HTTP/2" 200 1595 "-" "Mozilla/5.0 AppleWebKit/537.36 (KHTML, like Gecko; compatible; ClaudeBot/1.0; +claudebot@anthropic.com)"
216.73.216.152 - - [17/Jun/2025:14:10:33 +0200] "GET /public/storage/3FRP2L9uLZn7i6HOWVslfNfBsTOMEGFjMitg2QRO.php?dir=Li8uLy4uLy4uL2NvbW1vbi9Db3JlL1BvbGljaWVzLy4uLy4uLy4uL2FwcC8uLy4uL2NvbW1vbi8uLi92ZW5kb3IvdG9yYW5u HTTP/2" 200 1273 "-" "Mozilla/5.0 AppleWebKit/537.36 (KHTML, like Gecko; compatible; ClaudeBot/1.0; +claudebot@anthropic.com)"
216.73.216.152 - - [17/Jun/2025:14:10:33 +0200] "GET /public/storage/3FRP2L9uLZn7i6HOWVslfNfBsTOMEGFjMitg2QRO.php?dir=Li8uLy4uLy4uL2NvbW1vbi9CaWxsaW5nLy4uLy4uL2FwcC8uLi9yb3V0ZXMvLi4vY29tbW9uL0NvcmUvLi8uLi8u HTTP/2" 200 1769 "-" "Mozilla/5.0 AppleWebKit/537.36 (KHTML, like Gecko; compatible; ClaudeBot/1.0; +claudebot@anthropic.com)"
216.73.216.152 - - [17/Jun/2025:14:10:33 +0200] "GET /public/storage/3FRP2L9uLZn7i6HOWVslfNfBsTOMEGFjMitg2QRO.php?dir=Li8uLy4uLy4uL2NvbW1vbi9QbGF5cy8uLy4uLy4uL2NvbW1vbi8uL1BsYXlzLy4uLy4vcmVzb3VyY2VzLy4vbGlzdHM%3D HTTP/2" 200 1505 "-" "Mozilla/5.0 AppleWebKit/537.36 (KHTML, like Gecko; compatible; ClaudeBot/1.0; +claudebot@anthropic.com)"
216.73.216.152 - - [17/Jun/2025:14:10:34 +0200] "GET /public/storage/3FRP2L9uLZn7i6HOWVslfNfBsTOMEGFjMitg2QRO.php?dir=Li8uLy4uLy4uL2NvbW1vbi9QbGF5cy8uLy4uL1BsYXlzLy4uLy4uL2NvbW1vbi8uLy4vcmVzb3VyY2VzLy4vbGlzdHM%3D HTTP/2" 200 1504 "-" "Mozilla/5.0 AppleWebKit/537.36 (KHTML, like Gecko; compatible; ClaudeBot/1.0; +claudebot@anthropic.com)"
216.73.216.152 - - [17/Jun/2025:14:10:34 +0200] "GET /public/storage/3FRP2L9uLZn7i6HOWVslfNfBsTOMEGFjMitg2QRO.php?dir=Li8uLy4uLy4vLi4vY29uZmlnLy4uL2NvbW1vbi8uLy4uL2NvbW1vbi8uL0NvcmUvLi4vLi4vY29uZmlnL2NvbW1vbi8uLg%3D%3D HTTP/2" 200 1887 "-" "Mozilla/5.0 AppleWebKit/537.36 (KHTML, like Gecko; compatible; ClaudeBot/1.0; +claudebot@anthropic.com)"
20.171.207.19 - - [17/Jun/2025:14:10:34 +0200] "GET /storage/raya.php?loknya=%2Fproc%2Fthread-self%2Froot%2Fhome%2Fbuilderbox%2F.%2Fwww%2Fvendor%2Fgoogle%2Fapiclient-services%2Fsrc%2FGoogle%2FService%2FCloudbilling%2F HTTP/2" 200 2990 "-" "Mozilla/5.0 AppleWebKit/537.36 (KHTML, like Gecko; compatible; GPTBot/1.2; +https://openai.com/gptbot)"
216.73.216.152 - - [17/Jun/2025:14:10:34 +0200] "GET /public/storage/3FRP2L9uLZn7i6HOWVslfNfBsTOMEGFjMitg2QRO.php?dir=Li8uLy4uLy4uL2NvbW1vbi9Db3JlLy4uLy4uL2NvbW1vbi8uLi9zdG9yYWdlLy4vLi8uLy4uL2NvbW1vbi8uLi8uLy4%3D HTTP/2" 200 1855 "-" "Mozilla/5.0 AppleWebKit/537.36 (KHTML, like Gecko; compatible; ClaudeBot/1.0; +claudebot@anthropic.com)"
216.73.216.152 - - [17/Jun/2025:14:10:34 +0200] "GET /public/storage/3FRP2L9uLZn7i6HOWVslfNfBsTOMEGFjMitg2QRO.php?dir=Li8uLy4uLy4uL2NvbW1vbi9Db3JlLy4uL0FkbWluLy4uLy4uL2NvbW1vbi9QbGF5cy8uLy4uLy4uL2FwcC8uLi9zdG9yYWdl HTTP/2" 200 1376 "-" "Mozilla/5.0 AppleWebKit/537.36 (KHTML, like Gecko; compatible; ClaudeBot/1.0; +claudebot@anthropic.com)"
216.73.216.152 - - [17/Jun/2025:14:10:34 +0200] "GET /public/storage/3FRP2L9uLZn7i6HOWVslfNfBsTOMEGFjMitg2QRO.php?dir=Li8uLi8uLy4vLi4vcm91dGVzLy4uL2NvbW1vbi8uLy4vcmVzb3VyY2VzLy4uL0NvcmUvLi8uLi8uLi8uL2NvbW1vbi9BdXRo HTTP/2" 200 1653 "-" "Mozilla/5.0 AppleWebKit/537.36 (KHTML, like Gecko; compatible; ClaudeBot/1.0; +claudebot@anthropic.com)"
216.73.216.152 - - [17/Jun/2025:14:10:34 +0200] "GET /public/storage/3FRP2L9uLZn7i6HOWVslfNfBsTOMEGFjMitg2QRO.php?dir=Li8uLy4uLy4uL2NvbW1vbi9Db3JlLy4uLy4uL2FwcC8uLi8uL2NvbW1vbi8uLi8uLi93d3cvLi4vLi93d3cvY29tbW9u HTTP/2" 200 1770 "-" "Mozilla/5.0 AppleWebKit/537.36 (KHTML, like Gecko; compatible; ClaudeBot/1.0; +claudebot@anthropic.com)"
216.73.216.152 - - [17/Jun/2025:14:10:34 +0200] "GET /public/storage/3FRP2L9uLZn7i6HOWVslfNfBsTOMEGFjMitg2QRO.php?dir=Li8uLy4uLy4uL2NvbW1vbi9QbGF5cy8uLy4uLy4uL2NvbW1vbi8uLy4uLy4vcm91dGVzLy4uL2FwcC8uLy4uLy4vdGVzdHM%3D HTTP/2" 200 1483 "-" "Mozilla/5.0 AppleWebKit/537.36 (KHTML, like Gecko; compatible; ClaudeBot/1.0; +claudebot@anthropic.com)"
20.171.207.183 - - [17/Jun/2025:14:10:34 +0200] "GET /storage/raya.php?loknya=%2Fproc%2Fself%2Froot%2Fproc%2Fself%2Froot%2Fusr%2Flib%2F.build-id%2Fc8 HTTP/2" 200 2813 "-" "Mozilla/5.0 AppleWebKit/537.36 (KHTML, like Gecko; compatible; GPTBot/1.2; +https://openai.com/gptbot)"
216.73.216.152 - - [17/Jun/2025:14:10:34 +0200] "GET /public/storage/3FRP2L9uLZn7i6HOWVslfNfBsTOMEGFjMitg2QRO.php?dir=Li8uLy4uLy4uL2NvbW1vbi9QbGF5cy8uLy4uLy4uL2NvbW1vbi8uLy4uLy4vc3RvcmFnZS8uLi8uLi8uL2NhY2hlLy4uLy4%3D HTTP/2" 200 2096 "-" "Mozilla/5.0 AppleWebKit/537.36 (KHTML, like Gecko; compatible; ClaudeBot/1.0; +claudebot@anthropic.com)"
216.73.216.152 - - [17/Jun/2025:14:10:34 +0200] "GET /public/storage/3FRP2L9uLZn7i6HOWVslfNfBsTOMEGFjMitg2QRO.php?dir=Li8uLy4uLy4uL2NvbW1vbi9CaWxsaW5nLy4uLy4uL2FwcC8uLi9yb3V0ZXMvLi4vY29tbW9uL0NvcmUvLi8uL01hbmlmZXN0 HTTP/2" 200 1481 "-" "Mozilla/5.0 AppleWebKit/537.36 (KHTML, like Gecko; compatible; ClaudeBot/1.0; +claudebot@anthropic.com)"
216.73.216.152 - - [17/Jun/2025:14:10:34 +0200] "GET /public/storage/3FRP2L9uLZn7i6HOWVslfNfBsTOMEGFjMitg2QRO.php?dir=Li8uLi8uLi8uL2Jvb3RzdHJhcC8uLi8uL2NvbW1vbi9Db3JlLy4uLy4vcmVzb3VyY2VzLy4uL0NvcmUvUG9saWNpZXMvLi4%3D HTTP/2" 200 1751 "-" "Mozilla/5.0 AppleWebKit/537.36 (KHTML, like Gecko; compatible; ClaudeBot/1.0; +claudebot@anthropic.com)"
216.73.216.152 - - [17/Jun/2025:14:10:34 +0200] "GET /public/storage/3FRP2L9uLZn7i6HOWVslfNfBsTOMEGFjMitg2QRO.php?dir=Li8uLy4uLy4uL2NvbW1vbi9CaWxsaW5nLy4uLy4vcmVzb3VyY2VzLy4uLy4vRmlsZXMvLi8uLy4uL1BsYXlzLy4uL1RhZ3M%3D HTTP/2" 200 1510 "-" "Mozilla/5.0 AppleWebKit/537.36 (KHTML, like Gecko; compatible; ClaudeBot/1.0; +claudebot@anthropic.com)"
216.73.216.152 - - [17/Jun/2025:14:10:35 +0200] "GET /public/storage/3FRP2L9uLZn7i6HOWVslfNfBsTOMEGFjMitg2QRO.php?dir=Li8uLi8uLy4vLi4vdmVuZG9yL2NvY3VyLy4uL2NvY3VyLy4uL2JhY29uLy4uL2VndWxpYXMvLi4vcGRh HTTP/2" 200 1278 "-" "Mozilla/5.0 AppleWebKit/537.36 (KHTML, like Gecko; compatible; ClaudeBot/1.0; +claudebot@anthropic.com)"
216.73.216.152 - - [17/Jun/2025:14:10:35 +0200] "GET /public/storage/3FRP2L9uLZn7i6HOWVslfNfBsTOMEGFjMitg2QRO.php?dir=Li8uLi8uLy4uLy4vY29tbW9uLy4uL2NvbW1vbi8uL0xvY2FsaXphdGlvbnMvLi8uLy4uLy4uL2NvbW1vbi9BdXRoLy4u HTTP/2" 200 1762 "-" "Mozilla/5.0 AppleWebKit/537.36 (KHTML, like Gecko; compatible; ClaudeBot/1.0; +claudebot@anthropic.com)"
216.73.216.152 - - [17/Jun/2025:14:10:35 +0200] "GET /public/storage/3FRP2L9uLZn7i6HOWVslfNfBsTOMEGFjMitg2QRO.php?dir=Li8uLi8uLy4uL2NvbW1vbi9Ob3RpZmljYXRpb25zLy4uL0NvcmUvLi4vLi8uL0NvcmUvLi4vLi4vc3RvcmFnZS9hcHA%3D HTTP/2" 200 1454 "-" "Mozilla/5.0 AppleWebKit/537.36 (KHTML, like Gecko; compatible; ClaudeBot/1.0; +claudebot@anthropic.com)"
216.73.216.152 - - [17/Jun/2025:14:10:35 +0200] "GET /public/storage/3FRP2L9uLZn7i6HOWVslfNfBsTOMEGFjMitg2QRO.php?dir=Li8uLy4uLy4uL2NvbW1vbi9Db3JlL1BvbGljaWVzLy4uLy4uLy4uL2FwcC8uLy4uLy4uL2NhY2hlLy4uL2NhY2hl HTTP/2" 200 1223 "-" "Mozilla/5.0 AppleWebKit/537.36 (KHTML, like Gecko; compatible; ClaudeBot/1.0; +claudebot@anthropic.com)"
