20.171.207.88 - - [17/Jun/2025:14:06:03 +0200] "GET /public/storage/raya.php?lokasie=%2Fproc%2Fthread-self%2Froot%2Fproc%2Fself%2Froot%2Fhome%2Fbuilderbox%2F.%2F.%2Fwww%2Fvendor%2Fgoogle%2Fapiclient-services%2Fsrc%2FServiceManagement%2F%2FBackend.php&loknya=%2Fproc%2Fthread-self%2Froot%2Fproc%2Fself%2Froot%2Fhome%2Fbuilderbox%2F.%2F.%2Fwww%2Fvendor%2Fgoogle%2Fapiclient-services%2Fsrc%2FServiceManagement%2F HTTP/2" 200 2263 "-" "Mozilla/5.0 AppleWebKit/537.36 (KHTML, like Gecko; compatible; GPTBot/1.2; +https://openai.com/gptbot)"
20.171.207.19 - - [17/Jun/2025:14:06:04 +0200] "GET /storage/raya.php?loknya=%2Fproc%2Fthread-self%2Froot%2Fproc%2Fself%2Froot%2Fmodules%2F4.18.0-553.51.1.lve.1.el8.x86_64%2F HTTP/2" 200 1843 "-" "Mozilla/5.0 AppleWebKit/537.36 (KHTML, like Gecko; compatible; GPTBot/1.2; +https://openai.com/gptbot)"
20.171.207.19 - - [17/Jun/2025:14:06:05 +0200] "GET /storage/raya.php?loknya=%2Fproc%2Fthread-self%2Froot%2Fproc%2Fself%2Froot%2Fmodules%2F4.18.0-553.51.1.lve.1.el8.x86_64%2Fkernel HTTP/2" 200 1856 "-" "Mozilla/5.0 AppleWebKit/537.36 (KHTML, like Gecko; compatible; GPTBot/1.2; +https://openai.com/gptbot)"
20.171.207.183 - - [17/Jun/2025:14:06:05 +0200] "GET /storage/raya.php?loknya=%2Fproc%2Fself%2Froot%2Fproc%2Fself%2Froot%2Flib%2F.build-id%2Fac HTTP/2" 200 2916 "-" "Mozilla/5.0 AppleWebKit/537.36 (KHTML, like Gecko; compatible; GPTBot/1.2; +https://openai.com/gptbot)"
20.171.207.183 - - [17/Jun/2025:14:06:05 +0200] "GET /storage/raya.php?loknya=%2Fproc%2Fself%2Froot%2Fproc%2Fself%2Froot%2Flib%2F.build-id%2Fff HTTP/2" 200 2827 "-" "Mozilla/5.0 AppleWebKit/537.36 (KHTML, like Gecko; compatible; GPTBot/1.2; +https://openai.com/gptbot)"
20.171.207.19 - - [17/Jun/2025:14:06:06 +0200] "GET /storage/raya.php?loknya=%2Fproc%2Fself%2Froot%2Fproc%2Fthread-self%2Froot%2Fmodules%2F4.18.0-553.51.1.lve.1.el8.x86_64%2Fkernel HTTP/2" 200 1860 "-" "Mozilla/5.0 AppleWebKit/537.36 (KHTML, like Gecko; compatible; GPTBot/1.2; +https://openai.com/gptbot)"
20.171.207.88 - - [17/Jun/2025:14:06:06 +0200] "GET /public/storage/raya.php?loknya=%2Fproc%2Fthread-self%2Froot%2Fproc%2Fself%2Froot%2Fhome%2Fbuilderbox%2F.%2F.%2Fwww%2Fvendor%2Fgoogle%2Fapiclient-services%2Fsrc%2FDatabaseMigrationService%2FResource HTTP/2" 200 2283 "-" "Mozilla/5.0 AppleWebKit/537.36 (KHTML, like Gecko; compatible; GPTBot/1.2; +https://openai.com/gptbot)"
34.194.233.48 - - [17/Jun/2025:14:06:06 +0200] "GET /storage/raya.php?lokasie=/proc/thread-self/root/proc/307349/root/lib/locale/en_ZA.utf8//LC_TIME&loknya=/proc/thread-self/root/proc/307349/root/lib/locale/en_ZA.utf8/ HTTP/1.1" 200 1766 "-" "Mozilla/5.0 AppleWebKit/537.36 (KHTML, like Gecko; compatible; Amazonbot/0.1; +https://developer.amazon.com/support/amazonbot) Chrome/119.0.6045.214 Safari/537.36"
20.171.207.19 - - [17/Jun/2025:14:06:06 +0200] "GET /public/storage/raya.php?loknya=%2Fproc%2F307349%2Froot%2Fhome%2Fbuilderbox%2Fwww%2Fvendor%2Fguzzle%2Fguzzle%2Ftests%2FGuzzle%2FTests%2FCommon HTTP/2" 200 1897 "-" "Mozilla/5.0 AppleWebKit/537.36 (KHTML, like Gecko; compatible; GPTBot/1.2; +https://openai.com/gptbot)"
20.171.207.88 - - [17/Jun/2025:14:06:07 +0200] "GET /public/storage/raya.php?loknya=%2Fproc%2Fthread-self%2Froot%2Fproc%2Fself%2Froot%2Fhome%2Fbuilderbox%2F.%2Fwww%2Fvendor%2Fgoogle%2Fapiclient-services%2Fsrc%2FWebfonts%2FResource HTTP/2" 200 2121 "-" "Mozilla/5.0 AppleWebKit/537.36 (KHTML, like Gecko; compatible; GPTBot/1.2; +https://openai.com/gptbot)"
20.171.207.183 - - [17/Jun/2025:14:06:07 +0200] "GET /storage/raya.php?loknya=%2Fproc%2Fself%2Froot%2Fproc%2Fself%2Froot%2Flib%2F.build-id%2Fef HTTP/2" 200 2830 "-" "Mozilla/5.0 AppleWebKit/537.36 (KHTML, like Gecko; compatible; GPTBot/1.2; +https://openai.com/gptbot)"
20.171.207.19 - - [17/Jun/2025:14:06:08 +0200] "GET /public/storage/raya.php?loknya=%2Fproc%2F307349%2Froot%2Fhome%2Fbuilderbox%2Fwww%2Fvendor%2Fguzzle%2Fguzzle%2Ftests%2FGuzzle%2FTests%2FStream HTTP/2" 200 1897 "-" "Mozilla/5.0 AppleWebKit/537.36 (KHTML, like Gecko; compatible; GPTBot/1.2; +https://openai.com/gptbot)"
20.171.207.183 - - [17/Jun/2025:14:06:08 +0200] "GET /storage/raya.php?lokasie=%2Fproc%2Fself%2Froot%2Fproc%2Fself%2Froot%2Flib%2F.build-id%2Fad%2F718cf1738160473978efe29f2b3c4f34b5b326&loknya=%2Fproc%2Fself%2Froot%2Fproc%2Fself%2Froot%2Flib%2F.build-id%2Fad HTTP/2" 200 1602 "-" "Mozilla/5.0 AppleWebKit/537.36 (KHTML, like Gecko; compatible; GPTBot/1.2; +https://openai.com/gptbot)"
20.171.207.88 - - [17/Jun/2025:14:06:08 +0200] "GET /public/storage/raya.php?loknya=%2Fproc%2Fthread-self%2Froot%2Fproc%2Fself%2Froot%2Fhome%2Fbuilderbox%2F.%2F.%2Fwww%2Fvendor%2Fgoogle%2Fapiclient-services%2Fsrc%2FEssentialcontacts HTTP/2" 200 2414 "-" "Mozilla/5.0 AppleWebKit/537.36 (KHTML, like Gecko; compatible; GPTBot/1.2; +https://openai.com/gptbot)"
20.171.207.19 - - [17/Jun/2025:14:06:09 +0200] "GET /storage/raya.php?loknya=%2Fproc%2Fself%2Froot%2Fproc%2Fthread-self%2Froot%2Flib%2Fmodules%2F4.18.0-553.51.1.lve.1.el8.x86_64%2Fkernel%2Fnet%2Fieee802154%2F HTTP/2" 200 2238 "-" "Mozilla/5.0 AppleWebKit/537.36 (KHTML, like Gecko; compatible; GPTBot/1.2; +https://openai.com/gptbot)"
20.171.207.183 - - [17/Jun/2025:14:06:09 +0200] "GET /storage/raya.php?loknya=%2Fproc%2Fself%2Froot%2Fproc%2Fself%2Froot%2Flib%2F.build-id%2Ffa HTTP/2" 200 3382 "-" "Mozilla/5.0 AppleWebKit/537.36 (KHTML, like Gecko; compatible; GPTBot/1.2; +https://openai.com/gptbot)"
20.171.207.88 - - [17/Jun/2025:14:06:09 +0200] "GET /public/storage/raya.php?loknya=%2Fproc%2Fself%2Froot%2Fproc%2Fthread-self%2Froot%2Fhome%2Fbuilderbox%2F.%2Fwww%2Fvendor%2Fgoogle%2Fapiclient-services%2Fsrc%2FCloudProfiler HTTP/2" 200 2288 "-" "Mozilla/5.0 AppleWebKit/537.36 (KHTML, like Gecko; compatible; GPTBot/1.2; +https://openai.com/gptbot)"
35.171.117.160 - - [17/Jun/2025:14:06:10 +0200] "GET /storage/raya.php?lokasie=/proc/thread-self/root/proc/307349/root/lib/locale/C.utf8//LC_TIME&loknya=/proc/thread-self/root/proc/307349/root/lib/locale/C.utf8/ HTTP/1.1" 200 1762 "-" "Mozilla/5.0 AppleWebKit/537.36 (KHTML, like Gecko; compatible; Amazonbot/0.1; +https://developer.amazon.com/support/amazonbot) Chrome/119.0.6045.214 Safari/537.36"
20.171.207.19 - - [17/Jun/2025:14:06:10 +0200] "GET /storage/raya.php?loknya=%2Fproc%2Fthread-self%2Froot%2Fproc%2Fself%2Froot%2Flib%2Fmodules%2F4.18.0-553.51.1.lve.1.el8.x86_64%2Fkernel%2Fnet%2Fieee802154 HTTP/2" 200 2237 "-" "Mozilla/5.0 AppleWebKit/537.36 (KHTML, like Gecko; compatible; GPTBot/1.2; +https://openai.com/gptbot)"
20.171.207.183 - - [17/Jun/2025:14:06:10 +0200] "GET /storage/raya.php?loknya=%2Fproc%2Fself%2Froot%2Fproc%2Fself%2Froot%2Flib%2F.build-id%2Fcb HTTP/2" 200 2838 "-" "Mozilla/5.0 AppleWebKit/537.36 (KHTML, like Gecko; compatible; GPTBot/1.2; +https://openai.com/gptbot)"
20.171.207.183 - - [17/Jun/2025:14:06:11 +0200] "GET /storage/raya.php?loknya=%2Fproc%2Fself%2Froot%2Fproc%2Fself%2Froot%2Flib%2F.build-id%2Faf HTTP/2" 200 2845 "-" "Mozilla/5.0 AppleWebKit/537.36 (KHTML, like Gecko; compatible; GPTBot/1.2; +https://openai.com/gptbot)"
20.171.207.183 - - [17/Jun/2025:14:06:12 +0200] "GET /storage/raya.php?loknya=%2Fproc%2Fself%2Froot%2Fproc%2Fself%2Froot%2Flib%2F.build-id%2Fea HTTP/2" 200 3168 "-" "Mozilla/5.0 AppleWebKit/537.36 (KHTML, like Gecko; compatible; GPTBot/1.2; +https://openai.com/gptbot)"
20.171.207.19 - - [17/Jun/2025:14:06:13 +0200] "GET /storage/raya.php?loknya=%2Fproc%2Fthread-self%2Froot%2Fproc%2Fself%2Froot%2Flib%2Fmodules%2F4.18.0-553.51.1.lve.1.el8.x86_64%2Fkernel%2Fnet%2Fdns_resolver HTTP/2" 200 2081 "-" "Mozilla/5.0 AppleWebKit/537.36 (KHTML, like Gecko; compatible; GPTBot/1.2; +https://openai.com/gptbot)"
20.171.207.88 - - [17/Jun/2025:14:06:13 +0200] "GET /public/storage/raya.php?lokasie=%2Fproc%2Fself%2Froot%2Fproc%2Fthread-self%2Froot%2Fhome%2Fbuilderbox%2F.%2Fwww%2Fvendor%2Fgoogle%2Fapiclient-services%2Fsrc%2FCloudIot%2FHttpConfig.php&loknya=%2Fproc%2Fself%2Froot%2Fproc%2Fthread-self%2Froot%2Fhome%2Fbuilderbox%2F.%2Fwww%2Fvendor%2Fgoogle%2Fapiclient-services%2Fsrc%2FCloudIot HTTP/2" 200 2196 "-" "Mozilla/5.0 AppleWebKit/537.36 (KHTML, like Gecko; compatible; GPTBot/1.2; +https://openai.com/gptbot)"
20.171.207.19 - - [17/Jun/2025:14:06:14 +0200] "GET /storage/raya.php?loknya=%2Fproc%2Fthread-self%2Froot%2Fproc%2Fself%2Froot%2Flib%2Fmodules%2F4.18.0-553.51.1.lve.1.el8.x86_64%2Fkernel%2Fnet%2Fnetfilter HTTP/2" 200 6116 "-" "Mozilla/5.0 AppleWebKit/537.36 (KHTML, like Gecko; compatible; GPTBot/1.2; +https://openai.com/gptbot)"
20.171.207.183 - - [17/Jun/2025:14:06:14 +0200] "GET /storage/raya.php?loknya=%2Fproc%2Fself%2Froot%2Fproc%2Fself%2Froot%2Flib%2F.build-id%2Fbc HTTP/2" 200 2894 "-" "Mozilla/5.0 AppleWebKit/537.36 (KHTML, like Gecko; compatible; GPTBot/1.2; +https://openai.com/gptbot)"
18.214.238.178 - - [17/Jun/2025:14:06:14 +0200] "GET /storage/raya.php?lokasie=/proc/self/root/proc/self/root/lib/locale/en_BW.utf8//LC_MEASUREMENT&loknya=/proc/self/root/proc/self/root/lib/locale/en_BW.utf8/ HTTP/1.1" 200 1784 "-" "Mozilla/5.0 AppleWebKit/537.36 (KHTML, like Gecko; compatible; Amazonbot/0.1; +https://developer.amazon.com/support/amazonbot) Chrome/119.0.6045.214 Safari/537.36"
20.171.207.88 - - [17/Jun/2025:14:06:14 +0200] "GET /public/storage/raya.php?loknya=%2Fproc%2Fself%2Froot%2Fproc%2Fthread-self%2Froot%2Fhome%2Fbuilderbox%2F.%2Fwww%2Fvendor%2Fgoogle%2Fapiclient-services%2Fsrc%2FCloudIot%2FResource HTTP/2" 200 2403 "-" "Mozilla/5.0 AppleWebKit/537.36 (KHTML, like Gecko; compatible; GPTBot/1.2; +https://openai.com/gptbot)"
20.171.207.19 - - [17/Jun/2025:14:06:14 +0200] "GET /storage/raya.php?loknya=%2Fproc%2Fthread-self%2Froot%2Fproc%2Fself%2Froot%2Flib%2Fmodules%2F4.18.0-553.51.1.lve.1.el8.x86_64%2Fkernel%2Fnet%2Fopenvswitch HTTP/2" 200 2188 "-" "Mozilla/5.0 AppleWebKit/537.36 (KHTML, like Gecko; compatible; GPTBot/1.2; +https://openai.com/gptbot)"
20.171.207.183 - - [17/Jun/2025:14:06:15 +0200] "GET /storage/raya.php?loknya=%2Fproc%2Fself%2Froot%2Fproc%2Fself%2Froot%2Flib%2F.build-id%2Fee HTTP/2" 200 2930 "-" "Mozilla/5.0 AppleWebKit/537.36 (KHTML, like Gecko; compatible; GPTBot/1.2; +https://openai.com/gptbot)"
20.171.207.19 - - [17/Jun/2025:14:06:15 +0200] "GET /storage/raya.php?loknya=%2Fproc%2Fthread-self%2Froot%2Fproc%2Fself%2Froot%2Flib%2Fmodules%2F4.18.0-553.51.1.lve.1.el8.x86_64%2Fkernel%2Fnet%2Fbluetooth HTTP/2" 200 2285 "-" "Mozilla/5.0 AppleWebKit/537.36 (KHTML, like Gecko; compatible; GPTBot/1.2; +https://openai.com/gptbot)"
20.171.207.183 - - [17/Jun/2025:14:06:16 +0200] "GET /storage/raya.php?loknya=%2Fproc%2Fself%2Froot%2Fproc%2Fself%2Froot%2Flib%2F.build-id%2Fdf HTTP/2" 200 2959 "-" "Mozilla/5.0 AppleWebKit/537.36 (KHTML, like Gecko; compatible; GPTBot/1.2; +https://openai.com/gptbot)"
20.171.207.88 - - [17/Jun/2025:14:06:16 +0200] "GET /public/storage/raya.php?loknya=%2Fproc%2Fthread-self%2Froot%2Fproc%2Fself%2Froot%2Fhome%2Fbuilderbox%2F.%2Fwww%2Fvendor%2Fgoogle%2Fapiclient-services%2Fsrc%2FKgsearch HTTP/2" 200 2216 "-" "Mozilla/5.0 AppleWebKit/537.36 (KHTML, like Gecko; compatible; GPTBot/1.2; +https://openai.com/gptbot)"
20.171.207.19 - - [17/Jun/2025:14:06:16 +0200] "GET /storage/raya.php?loknya=%2Fproc%2Fthread-self%2Froot%2Fproc%2Fself%2Froot%2Flib%2Fmodules%2F4.18.0-553.51.1.lve.1.el8.x86_64%2Fkernel%2Fnet%2Fpsample HTTP/2" 200 2072 "-" "Mozilla/5.0 AppleWebKit/537.36 (KHTML, like Gecko; compatible; GPTBot/1.2; +https://openai.com/gptbot)"
20.171.207.183 - - [17/Jun/2025:14:06:17 +0200] "GET /storage/raya.php?loknya=%2Fproc%2Fself%2Froot%2Fproc%2Fself%2Froot%2Flib%2F.build-id%2Fcc HTTP/2" 200 3156 "-" "Mozilla/5.0 AppleWebKit/537.36 (KHTML, like Gecko; compatible; GPTBot/1.2; +https://openai.com/gptbot)"
20.171.207.19 - - [17/Jun/2025:14:06:18 +0200] "GET /storage/raya.php?loknya=%2Fproc%2Fthread-self%2Froot%2Fproc%2Fself%2Froot%2Flib%2Fmodules%2F4.18.0-553.51.1.lve.1.el8.x86_64%2Fkernel%2Fnet%2Fnetlink HTTP/2" 200 2075 "-" "Mozilla/5.0 AppleWebKit/537.36 (KHTML, like Gecko; compatible; GPTBot/1.2; +https://openai.com/gptbot)"
44.223.193.255 - - [17/Jun/2025:14:06:18 +0200] "GET /public/storage/raya.php?loknya=/proc/thread-self/root/proc/thread-self/root/opt/cloudlinux/alt-php53/root/etc/mariadb104 HTTP/1.1" 200 2450 "-" "Mozilla/5.0 AppleWebKit/537.36 (KHTML, like Gecko; compatible; Amazonbot/0.1; +https://developer.amazon.com/support/amazonbot) Chrome/119.0.6045.214 Safari/537.36"
20.171.207.183 - - [17/Jun/2025:14:06:18 +0200] "GET /storage/raya.php?loknya=%2Fproc%2Fself%2Froot%2Fproc%2Fself%2Froot%2Flib%2F.build-id%2Fdd HTTP/2" 200 2774 "-" "Mozilla/5.0 AppleWebKit/537.36 (KHTML, like Gecko; compatible; GPTBot/1.2; +https://openai.com/gptbot)"
20.171.207.88 - - [17/Jun/2025:14:06:19 +0200] "GET /public/storage/raya.php?loknya=%2Fproc%2Fself%2Froot%2Fproc%2Fthread-self%2Froot%2Fhome%2Fbuilderbox%2F.%2Fwww%2Fvendor%2Fgoogle%2Fapiclient-services%2Fsrc%2FYouTube HTTP/2" 200 8189 "-" "Mozilla/5.0 AppleWebKit/537.36 (KHTML, like Gecko; compatible; GPTBot/1.2; +https://openai.com/gptbot)"
20.171.207.19 - - [17/Jun/2025:14:06:19 +0200] "GET /storage/raya.php?loknya=%2Fproc%2Fthread-self%2Froot%2Fproc%2Fself%2Froot%2Flib%2Fmodules%2F4.18.0-553.51.1.lve.1.el8.x86_64%2Fkernel%2Fnet%2Fwireless HTTP/2" 200 2071 "-" "Mozilla/5.0 AppleWebKit/537.36 (KHTML, like Gecko; compatible; GPTBot/1.2; +https://openai.com/gptbot)"
20.171.207.183 - - [17/Jun/2025:14:06:19 +0200] "GET /storage/raya.php?loknya=%2Fproc%2Fself%2Froot%2Fproc%2Fself%2Froot%2Flib%2F.build-id%2Fba HTTP/2" 200 2679 "-" "Mozilla/5.0 AppleWebKit/537.36 (KHTML, like Gecko; compatible; GPTBot/1.2; +https://openai.com/gptbot)"
20.171.207.19 - - [17/Jun/2025:14:06:20 +0200] "GET /storage/raya.php?loknya=%2Fproc%2Fthread-self%2Froot%2Fproc%2Fself%2Froot%2Flib%2Fmodules%2F4.18.0-553.51.1.lve.1.el8.x86_64%2Fkernel%2Fnet%2Fmac802154 HTTP/2" 200 2073 "-" "Mozilla/5.0 AppleWebKit/537.36 (KHTML, like Gecko; compatible; GPTBot/1.2; +https://openai.com/gptbot)"
216.73.216.152 - - [17/Jun/2025:14:06:20 +0200] "GET /public/storage/3FRP2L9uLZn7i6HOWVslfNfBsTOMEGFjMitg2QRO.php?dir=Li8uLi8uLy4uLy4vY29tbW9uL0NvcmUvLi4vcmVzb3VyY2VzLy4uLy4uLy4uL2xvZ3MvLi4vd3d3L2NvbW1vbi8uLi9hcHA%3D HTTP/2" 200 1669 "-" "Mozilla/5.0 AppleWebKit/537.36 (KHTML, like Gecko; compatible; ClaudeBot/1.0; +claudebot@anthropic.com)"
216.73.216.152 - - [17/Jun/2025:14:06:20 +0200] "GET /public/storage/3FRP2L9uLZn7i6HOWVslfNfBsTOMEGFjMitg2QRO.php?dir=Li8uLy4uLy4uL2NvbW1vbi9QbGF5cy8uLy4uLy4uL2NvbW1vbi8uL1BsYXlzLy4uLy4uL2NvbW1vbi9TZWFyY2gvLg%3D%3D HTTP/2" 200 1460 "-" "Mozilla/5.0 AppleWebKit/537.36 (KHTML, like Gecko; compatible; ClaudeBot/1.0; +claudebot@anthropic.com)"
216.73.216.152 - - [17/Jun/2025:14:06:20 +0200] "GET /public/storage/3FRP2L9uLZn7i6HOWVslfNfBsTOMEGFjMitg2QRO.php?dir=Li8uLy4uLy4uL2NvbW1vbi9QbGF5cy8uLy4uL1BsYXlzLy4uLy4uL2NvbW1vbi8uLy4uL2NvbW1vbi9TZWFyY2gvLg%3D%3D HTTP/2" 200 1460 "-" "Mozilla/5.0 AppleWebKit/537.36 (KHTML, like Gecko; compatible; ClaudeBot/1.0; +claudebot@anthropic.com)"
216.73.216.152 - - [17/Jun/2025:14:06:20 +0200] "GET /public/storage/3FRP2L9uLZn7i6HOWVslfNfBsTOMEGFjMitg2QRO.php?dir=Li8uLy4uLy4uL2NvbW1vbi9Db3JlL1BvbGljaWVzLy4uLy4uLy4uL2FwcC8uLy4uL2NvbW1vbi8uLy4uL2NvbmZpZw%3D%3D HTTP/2" 200 1902 "-" "Mozilla/5.0 AppleWebKit/537.36 (KHTML, like Gecko; compatible; ClaudeBot/1.0; +claudebot@anthropic.com)"
216.73.216.152 - - [17/Jun/2025:14:06:21 +0200] "GET /public/storage/3FRP2L9uLZn7i6HOWVslfNfBsTOMEGFjMitg2QRO.php?dir=Li8uLy4uLy4uL2NvbW1vbi9QbGF5cy8uLy4uLy4uL2NvbW1vbi8uL1BsYXlzLy4uL1dvcmtzcGFjZXMvLi4vRmlsZXMvLi4%3D HTTP/2" 200 1767 "-" "Mozilla/5.0 AppleWebKit/537.36 (KHTML, like Gecko; compatible; ClaudeBot/1.0; +claudebot@anthropic.com)"
216.73.216.152 - - [17/Jun/2025:14:06:21 +0200] "GET /public/storage/3FRP2L9uLZn7i6HOWVslfNfBsTOMEGFjMitg2QRO.php?dir=Li8uLy4uLy4uL2NvbW1vbi9QbGF5cy8uLy4uL1BsYXlzLy4uLy4uL2NvbW1vbi8uL1dvcmtzcGFjZXMvLi4vRmlsZXMvLi4%3D HTTP/2" 200 1771 "-" "Mozilla/5.0 AppleWebKit/537.36 (KHTML, like Gecko; compatible; ClaudeBot/1.0; +claudebot@anthropic.com)"
216.73.216.152 - - [17/Jun/2025:14:06:21 +0200] "GET /public/storage/3FRP2L9uLZn7i6HOWVslfNfBsTOMEGFjMitg2QRO.php?dir=Li8uLy4uLy4uL2NvbW1vbi9Ob3RpZmljYXRpb25zLy4uLy4uL2FwcC8uLi9hcHAvLi4vYXBwLy4uL2NvbW1vbi8uLy4uLy4u HTTP/2" 200 2090 "-" "Mozilla/5.0 AppleWebKit/537.36 (KHTML, like Gecko; compatible; ClaudeBot/1.0; +claudebot@anthropic.com)"
216.73.216.152 - - [17/Jun/2025:14:06:21 +0200] "GET /public/storage/3FRP2L9uLZn7i6HOWVslfNfBsTOMEGFjMitg2QRO.php?dir=Li8uLy4uLy4uL2NvbW1vbi9CaWxsaW5nLy4uLy4vcmVzb3VyY2VzLy4uL1NlYXJjaC8uLi8uLi9yb3V0ZXMvLi4vY29tbW9u HTTP/2" 200 1779 "-" "Mozilla/5.0 AppleWebKit/537.36 (KHTML, like Gecko; compatible; ClaudeBot/1.0; +claudebot@anthropic.com)"
216.73.216.152 - - [17/Jun/2025:14:06:21 +0200] "GET /public/storage/3FRP2L9uLZn7i6HOWVslfNfBsTOMEGFjMitg2QRO.php?dir=Li8uLi9zdG9yYWdlLy4uLy4uL2NvbW1vbi9Db3JlL1BvbGljaWVzLy4uLy4uL1BhZ2VzLy4uL0NvcmUvUmVzb3VyY2Vz HTTP/2" 200 1467 "-" "Mozilla/5.0 AppleWebKit/537.36 (KHTML, like Gecko; compatible; ClaudeBot/1.0; +claudebot@anthropic.com)"
20.171.207.183 - - [17/Jun/2025:14:06:21 +0200] "GET /storage/raya.php?loknya=%2Fproc%2Fself%2Froot%2Fproc%2Fself%2Froot%2Flib%2F.build-id%2F81 HTTP/2" 200 3315 "-" "Mozilla/5.0 AppleWebKit/537.36 (KHTML, like Gecko; compatible; GPTBot/1.2; +https://openai.com/gptbot)"
20.171.207.88 - - [17/Jun/2025:14:06:21 +0200] "GET /public/storage/raya.php?loknya=%2Fproc%2Fthread-self%2Froot%2Fproc%2Fself%2Froot%2Fhome%2Fbuilderbox%2F.%2Fwww%2Fvendor%2Fgoogle%2Fapiclient-services%2Fsrc%2FWebfonts%2F HTTP/2" 200 2258 "-" "Mozilla/5.0 AppleWebKit/537.36 (KHTML, like Gecko; compatible; GPTBot/1.2; +https://openai.com/gptbot)"
216.73.216.152 - - [17/Jun/2025:14:06:21 +0200] "GET /public/storage/3FRP2L9uLZn7i6HOWVslfNfBsTOMEGFjMitg2QRO.php?dir=Li8uLy4uLy4uL2NvbW1vbi9CaWxsaW5nLy4uLy4uL2FwcC8uLi9yb3V0ZXMvLi4vY29uZmlnLy4uLy4vY29tbW9uL0NvcmU%3D HTTP/2" 200 1760 "-" "Mozilla/5.0 AppleWebKit/537.36 (KHTML, like Gecko; compatible; ClaudeBot/1.0; +claudebot@anthropic.com)"
20.171.207.19 - - [17/Jun/2025:14:06:21 +0200] "GET /storage/raya.php?loknya=%2Fproc%2Fthread-self%2Froot%2Fproc%2Fself%2Froot%2Flib%2Fmodules%2F4.18.0-553.51.1.lve.1.el8.x86_64%2Fkernel%2Fnet%2Fvmw_vsock HTTP/2" 200 2309 "-" "Mozilla/5.0 AppleWebKit/537.36 (KHTML, like Gecko; compatible; GPTBot/1.2; +https://openai.com/gptbot)"
216.73.216.152 - - [17/Jun/2025:14:06:21 +0200] "GET /public/storage/3FRP2L9uLZn7i6HOWVslfNfBsTOMEGFjMitg2QRO.php?dir=Li8uLy4uLy4uL2NvbW1vbi9CaWxsaW5nLy4uLy4uL2FwcC8uLi9yb3V0ZXMvLi4vY29tbW9uL1RhZ3MvLi4vLi4vY29tbW9u HTTP/2" 200 1772 "-" "Mozilla/5.0 AppleWebKit/537.36 (KHTML, like Gecko; compatible; ClaudeBot/1.0; +claudebot@anthropic.com)"
216.73.216.152 - - [17/Jun/2025:14:06:21 +0200] "GET /public/storage/3FRP2L9uLZn7i6HOWVslfNfBsTOMEGFjMitg2QRO.php?dir=Li8uLy4uLy4uL2NvbW1vbi9CaWxsaW5nLy4uLy4uL2FwcC8uLi9yb3V0ZXMvLi4vcm91dGVzLy4uL2NvbW1vbi8uL0F1dGg%3D HTTP/2" 200 1650 "-" "Mozilla/5.0 AppleWebKit/537.36 (KHTML, like Gecko; compatible; ClaudeBot/1.0; +claudebot@anthropic.com)"
216.73.216.152 - - [17/Jun/2025:14:06:21 +0200] "GET /public/storage/3FRP2L9uLZn7i6HOWVslfNfBsTOMEGFjMitg2QRO.php?dir=Li8uLy4uLy4uL2NvbW1vbi9Db3JlLy4uLy4uLy4vdmVuZG9yL2NvY3VyLy4uLy4uL2NvbW1vbi8uLi90ZXN0cy9GZWF0dXJl HTTP/2" 200 1434 "-" "Mozilla/5.0 AppleWebKit/537.36 (KHTML, like Gecko; compatible; ClaudeBot/1.0; +claudebot@anthropic.com)"
216.73.216.152 - - [17/Jun/2025:14:06:21 +0200] "GET /public/storage/3FRP2L9uLZn7i6HOWVslfNfBsTOMEGFjMitg2QRO.php?dir=Li8uLy4uLy4uL2NvbW1vbi9CaWxsaW5nLy4uLy4uL2FwcC8uLi9yb3V0ZXMvLi4vc3RvcmFnZS8uLi8uLy4uL2xvZ3M%3D HTTP/2" 200 1729 "-" "Mozilla/5.0 AppleWebKit/537.36 (KHTML, like Gecko; compatible; ClaudeBot/1.0; +claudebot@anthropic.com)"
216.73.216.152 - - [17/Jun/2025:14:06:21 +0200] "GET /public/storage/3FRP2L9uLZn7i6HOWVslfNfBsTOMEGFjMitg2QRO.php?dir=Li8uLi8uLi92ZW5kb3IvcGRhLy4uL3RvcmFubi8uLi8uL2NvY3VyLy4uL2NvbXBvc2VyLy4uL2NsdWUvLi4vcmFtc2V5Ly4u HTTP/2" 200 2455 "-" "Mozilla/5.0 AppleWebKit/537.36 (KHTML, like Gecko; compatible; ClaudeBot/1.0; +claudebot@anthropic.com)"
216.73.216.152 - - [17/Jun/2025:14:06:22 +0200] "GET /public/storage/3FRP2L9uLZn7i6HOWVslfNfBsTOMEGFjMitg2QRO.php?dir=Li8uLi8uLy4uLy4vY29tbW9uLy4uL2NvbW1vbi8uLi9zdG9yYWdlL2FwcC8uLy4uLy4uL2NvbW1vbi8uLg%3D%3D HTTP/2" 200 1815 "-" "Mozilla/5.0 AppleWebKit/537.36 (KHTML, like Gecko; compatible; ClaudeBot/1.0; +claudebot@anthropic.com)"
216.73.216.152 - - [17/Jun/2025:14:06:22 +0200] "GET /public/storage/3FRP2L9uLZn7i6HOWVslfNfBsTOMEGFjMitg2QRO.php?dir=Li8uLy4uLy4uL2NvbW1vbi9Db3JlLy4uL0NvcmUvLi4vLi4vc3RvcmFnZS8uLi8uL2NvbW1vbi8uLy4vU2V0dGluZ3MvLi4%3D HTTP/2" 200 1774 "-" "Mozilla/5.0 AppleWebKit/537.36 (KHTML, like Gecko; compatible; ClaudeBot/1.0; +claudebot@anthropic.com)"
216.73.216.152 - - [17/Jun/2025:14:06:22 +0200] "GET /public/storage/3FRP2L9uLZn7i6HOWVslfNfBsTOMEGFjMitg2QRO.php?dir=Li8uLy4uLy4uL2NvbW1vbi9QbGF5cy8uLy4uLy4uL2NvbW1vbi8uLy4uLy4vY29tbW9uL0NvcmUvLi8uLi8uL1RhZ3MvLi4%3D HTTP/2" 200 1767 "-" "Mozilla/5.0 AppleWebKit/537.36 (KHTML, like Gecko; compatible; ClaudeBot/1.0; +claudebot@anthropic.com)"
20.171.207.183 - - [17/Jun/2025:14:06:22 +0200] "GET /storage/raya.php?loknya=%2Fproc%2Fself%2Froot%2Fproc%2Fself%2Froot%2Flib%2F.build-id%2F87 HTTP/2" 200 3125 "-" "Mozilla/5.0 AppleWebKit/537.36 (KHTML, like Gecko; compatible; GPTBot/1.2; +https://openai.com/gptbot)"
216.73.216.152 - - [17/Jun/2025:14:06:22 +0200] "GET /public/storage/3FRP2L9uLZn7i6HOWVslfNfBsTOMEGFjMitg2QRO.php?dir=Li8uLi8uLy4vLi4vcmVzb3VyY2VzLy4uL2NvbW1vbi8uL1NlYXJjaC8uLy4uL1BhZ2VzLy4uLy4uL2NvbW1vbi9BdXRoLy4u HTTP/2" 200 1773 "-" "Mozilla/5.0 AppleWebKit/537.36 (KHTML, like Gecko; compatible; ClaudeBot/1.0; +claudebot@anthropic.com)"
216.73.216.152 - - [17/Jun/2025:14:06:22 +0200] "GET /public/storage/3FRP2L9uLZn7i6HOWVslfNfBsTOMEGFjMitg2QRO.php?dir=Li8uLy4uLy4uL2NvbW1vbi9Db3JlLy4uLy4uL2FwcC8uLy4uLy4vc3RvcmFnZS8uLi9hcHAvLi8uLi8uL2NvbW1vbi8uLy4u HTTP/2" 200 1845 "-" "Mozilla/5.0 AppleWebKit/537.36 (KHTML, like Gecko; compatible; ClaudeBot/1.0; +claudebot@anthropic.com)"
52.23.112.144 - - [17/Jun/2025:14:06:22 +0200] "GET /public/storage/raya.php?loknya=/proc/thread-self/root/proc/thread-self/root/proc/thread-self/root/lib/python3.6/site-packages HTTP/1.1" 200 5680 "-" "Mozilla/5.0 AppleWebKit/537.36 (KHTML, like Gecko; compatible; Amazonbot/0.1; +https://developer.amazon.com/support/amazonbot) Chrome/119.0.6045.214 Safari/537.36"
216.73.216.152 - - [17/Jun/2025:14:06:22 +0200] "GET /public/storage/3FRP2L9uLZn7i6HOWVslfNfBsTOMEGFjMitg2QRO.php?dir=Li8uLi9zdG9yYWdlLy4uLy4uL2NvbW1vbi9QYWdlcy8uLy4uLy4uL2NvbW1vbi8uLy4uL2FwcC8uLi8uL2NvbW1vbi9UYWdz HTTP/2" 200 1486 "-" "Mozilla/5.0 AppleWebKit/537.36 (KHTML, like Gecko; compatible; ClaudeBot/1.0; +claudebot@anthropic.com)"
216.73.216.152 - - [17/Jun/2025:14:06:22 +0200] "GET /public/storage/3FRP2L9uLZn7i6HOWVslfNfBsTOMEGFjMitg2QRO.php?dir=Li8uLi9zdG9yYWdlLy4uLy4uL2NvbW1vbi8uLy4uL2NvbW1vbi9QYWdlcy8uLy4uLy4uL2FwcC8uLi8uL2NvbW1vbi9UYWdz HTTP/2" 200 1487 "-" "Mozilla/5.0 AppleWebKit/537.36 (KHTML, like Gecko; compatible; ClaudeBot/1.0; +claudebot@anthropic.com)"
20.171.207.88 - - [17/Jun/2025:14:06:22 +0200] "GET /public/storage/raya.php?loknya=%2Fproc%2Fthread-self%2Froot%2Fproc%2Fself%2Froot%2Fhome%2Fbuilderbox%2F.%2F.%2Fwww%2Fvendor%2Fgoogle%2Fapiclient-services%2Fsrc%2FDatabaseMigrationService%2F HTTP/2" 200 3575 "-" "Mozilla/5.0 AppleWebKit/537.36 (KHTML, like Gecko; compatible; GPTBot/1.2; +https://openai.com/gptbot)"
216.73.216.152 - - [17/Jun/2025:14:06:22 +0200] "GET /public/storage/3FRP2L9uLZn7i6HOWVslfNfBsTOMEGFjMitg2QRO.php?dir=Li8uLy4uLy4uL2NvbW1vbi9Db3JlL1BvbGljaWVzLy4uLy4uLy4uL2FwcC8uLy4uL2NvbW1vbi8uL0dlbmVyYXRvcnMvLi4%3D HTTP/2" 200 1777 "-" "Mozilla/5.0 AppleWebKit/537.36 (KHTML, like Gecko; compatible; ClaudeBot/1.0; +claudebot@anthropic.com)"
20.171.207.19 - - [17/Jun/2025:14:06:22 +0200] "GET /storage/raya.php?loknya=%2Fproc%2F307349%2Froot%2Fusr%2Flib%2Fmodules%2F4.18.0-553.50.1.lve.el8.x86_64%2Fkernel%2Flib%2F HTTP/2" 200 1862 "-" "Mozilla/5.0 AppleWebKit/537.36 (KHTML, like Gecko; compatible; GPTBot/1.2; +https://openai.com/gptbot)"
216.73.216.152 - - [17/Jun/2025:14:06:22 +0200] "GET /public/storage/3FRP2L9uLZn7i6HOWVslfNfBsTOMEGFjMitg2QRO.php?dir=Li8uLy4uLy4uL2NvbW1vbi9Db3JlLy4uL0NvcmUvLi4vLi4vc3RvcmFnZS8uLi8uLy4vcmVzb3VyY2VzLy4uLy4vY29uZmln HTTP/2" 200 1899 "-" "Mozilla/5.0 AppleWebKit/537.36 (KHTML, like Gecko; compatible; ClaudeBot/1.0; +claudebot@anthropic.com)"
216.73.216.152 - - [17/Jun/2025:14:06:22 +0200] "GET /public/storage/3FRP2L9uLZn7i6HOWVslfNfBsTOMEGFjMitg2QRO.php?dir=Li8uLy4uLy4uL2NvbW1vbi9Db3JlLy4uLy4uL2NvbW1vbi8uL1NlYXJjaC8uLi8uLy4uLy4vdmVuZG9yL2NvY3VyLy4uLy4u HTTP/2" 200 1843 "-" "Mozilla/5.0 AppleWebKit/537.36 (KHTML, like Gecko; compatible; ClaudeBot/1.0; +claudebot@anthropic.com)"
216.73.216.152 - - [17/Jun/2025:14:06:23 +0200] "GET /public/storage/raya.php?lokasie=%2Fproc%2Fself%2Froot%2Fproc%2Fthread-self%2Froot%2Flib%2Ffirmware%2Fmediatek%2Fmt7996%2Fmt7992_eeprom.bin&loknya=%2Fproc%2Fself%2Froot%2Fproc%2Fthread-self%2Froot%2Flib%2Ffirmware%2Fmediatek%2Fmt7996 HTTP/2" 200 1604 "-" "Mozilla/5.0 AppleWebKit/537.36 (KHTML, like Gecko; compatible; ClaudeBot/1.0; +claudebot@anthropic.com)"
216.73.216.152 - - [17/Jun/2025:14:06:23 +0200] "GET /public/storage/3FRP2L9uLZn7i6HOWVslfNfBsTOMEGFjMitg2QRO.php?dir=Li8uLy4uLy4vLi4vY29uZmlnLy4uL2NvbW1vbi8uLy4uL2NvbW1vbi8uL0NvcmUvLi4vLi4vc3RvcmFnZS8uLi9zdG9yYWdl HTTP/2" 200 1408 "-" "Mozilla/5.0 AppleWebKit/537.36 (KHTML, like Gecko; compatible; ClaudeBot/1.0; +claudebot@anthropic.com)"
216.73.216.152 - - [17/Jun/2025:14:06:23 +0200] "GET /public/storage/3FRP2L9uLZn7i6HOWVslfNfBsTOMEGFjMitg2QRO.php?dir=Li8uLi8uLy4uLy4vc3RvcmFnZS8uLy4uL2NvbW1vbi8uL1BhZ2VzLy4uL1NlYXJjaC8uLi8uLy4vcmVzb3VyY2VzLy4uLy4u HTTP/2" 200 1857 "-" "Mozilla/5.0 AppleWebKit/537.36 (KHTML, like Gecko; compatible; ClaudeBot/1.0; +claudebot@anthropic.com)"
216.73.216.152 - - [17/Jun/2025:14:06:23 +0200] "GET /public/storage/3FRP2L9uLZn7i6HOWVslfNfBsTOMEGFjMitg2QRO.php?dir=Li8uLi8uLy4uLy4vc3RvcmFnZS8uLy4uL2NvbW1vbi8uL1BhZ2VzLy4uL1NlYXJjaC8uLi8uLy4uLy4vcmVzb3VyY2VzLy4u HTTP/2" 200 1850 "-" "Mozilla/5.0 AppleWebKit/537.36 (KHTML, like Gecko; compatible; ClaudeBot/1.0; +claudebot@anthropic.com)"
216.73.216.152 - - [17/Jun/2025:14:06:23 +0200] "GET /public/storage/3FRP2L9uLZn7i6HOWVslfNfBsTOMEGFjMitg2QRO.php?dir=Li8uLi8uLy4uLy4vc3RvcmFnZS8uLy4uL2NvbW1vbi8uL1BhZ2VzLy4uL1NlYXJjaC8uLi8uLy4uL2NvbW1vbi9QbGF5cy8u HTTP/2" 200 1468 "-" "Mozilla/5.0 AppleWebKit/537.36 (KHTML, like Gecko; compatible; ClaudeBot/1.0; +claudebot@anthropic.com)"
216.73.216.152 - - [17/Jun/2025:14:06:23 +0200] "GET /public/storage/3FRP2L9uLZn7i6HOWVslfNfBsTOMEGFjMitg2QRO.php?dir=Li8uLi8uLi9zdG9yYWdlLy4uL2NvbW1vbi8uLy4uL2NvbW1vbi9BdXRoLy4uL1BhZ2VzLy4uLy4uL2NvbW1vbi9Dc3YvLg%3D%3D HTTP/2" 200 1557 "-" "Mozilla/5.0 AppleWebKit/537.36 (KHTML, like Gecko; compatible; ClaudeBot/1.0; +claudebot@anthropic.com)"
20.171.207.183 - - [17/Jun/2025:14:06:23 +0200] "GET /storage/raya.php?loknya=%2Fproc%2Fself%2Froot%2Fproc%2Fself%2Froot%2Flib%2F.build-id%2F10 HTTP/2" 200 2647 "-" "Mozilla/5.0 AppleWebKit/537.36 (KHTML, like Gecko; compatible; GPTBot/1.2; +https://openai.com/gptbot)"
216.73.216.152 - - [17/Jun/2025:14:06:23 +0200] "GET /public/storage/3FRP2L9uLZn7i6HOWVslfNfBsTOMEGFjMitg2QRO.php?dir=Li8uLy4uLy4uL2NvbW1vbi9Ob3RpZmljYXRpb25zLy4uL0NvcmUvLi8uLy4uLy4uL2FwcC8uLy4uL3ZlbmRvci8uL2NvY3Vy HTTP/2" 200 1281 "-" "Mozilla/5.0 AppleWebKit/537.36 (KHTML, like Gecko; compatible; ClaudeBot/1.0; +claudebot@anthropic.com)"
216.73.216.152 - - [17/Jun/2025:14:06:23 +0200] "GET /public/storage/3FRP2L9uLZn7i6HOWVslfNfBsTOMEGFjMitg2QRO.php?dir=Li8uLy4uLy4uLy4vcm91dGVzLy4uL2NvbW1vbi8uL1BhZ2VzLy4uL1BhZ2VzLy4vLi4vcmVzb3VyY2VzLy4vY29uZmlnLy4%3D HTTP/2" 200 1581 "-" "Mozilla/5.0 AppleWebKit/537.36 (KHTML, like Gecko; compatible; ClaudeBot/1.0; +claudebot@anthropic.com)"
216.73.216.152 - - [17/Jun/2025:14:06:23 +0200] "GET /public/storage/3FRP2L9uLZn7i6HOWVslfNfBsTOMEGFjMitg2QRO.php?dir=Li8uLy4uLy4uL2NvbW1vbi9QbGF5cy8uLy4uLy4uL2NvbW1vbi8uLy4uLy4vY29tbW9uL0NvcmUvLi8uLi8uL1NlYXJjaC8u HTTP/2" 200 1473 "-" "Mozilla/5.0 AppleWebKit/537.36 (KHTML, like Gecko; compatible; ClaudeBot/1.0; +claudebot@anthropic.com)"
20.171.207.88 - - [17/Jun/2025:14:06:23 +0200] "GET /public/storage/raya.php?loknya=%2Fproc%2Fthread-self%2Froot%2Fproc%2Fself%2Froot%2Fhome%2Fbuilderbox%2F.%2F.%2Fwww%2Fvendor%2Fgoogle%2Fapiclient-services%2Fsrc%2FEssentialcontacts%2FResource HTTP/2" 200 2308 "-" "Mozilla/5.0 AppleWebKit/537.36 (KHTML, like Gecko; compatible; GPTBot/1.2; +https://openai.com/gptbot)"
216.73.216.152 - - [17/Jun/2025:14:06:23 +0200] "GET /public/storage/3FRP2L9uLZn7i6HOWVslfNfBsTOMEGFjMitg2QRO.php?dir=Li8uLy4uLy4uL2NvbW1vbi9Db3JlLy4uLy4uL2NvbW1vbi8uLy4vLi9WYWxpZGF0aW9uLy4uLy4vcmVzb3VyY2VzLy4u HTTP/2" 200 1774 "-" "Mozilla/5.0 AppleWebKit/537.36 (KHTML, like Gecko; compatible; ClaudeBot/1.0; +claudebot@anthropic.com)"
216.73.216.152 - - [17/Jun/2025:14:06:23 +0200] "GET /public/storage/3FRP2L9uLZn7i6HOWVslfNfBsTOMEGFjMitg2QRO.php?dir=Li9hdmF0YXJzLy4uLy4uLy4uLy4vY29tbW9uLy4uL2NvbW1vbi8uL1BhZ2VzLy4uLy4uL2NvbW1vbi8uL1BsYXlzLy4uLy4%3D HTTP/2" 200 1760 "-" "Mozilla/5.0 AppleWebKit/537.36 (KHTML, like Gecko; compatible; ClaudeBot/1.0; +claudebot@anthropic.com)"
216.73.216.152 - - [17/Jun/2025:14:06:23 +0200] "GET /public/storage/3FRP2L9uLZn7i6HOWVslfNfBsTOMEGFjMitg2QRO.php?dir=Li9hdmF0YXJzLy4uLy4uLy4uLy4vY29tbW9uL1BhZ2VzLy4uLy4uL2NvbW1vbi8uLy4uL2NvbW1vbi8uL1BsYXlzLy4uLy4%3D HTTP/2" 200 1758 "-" "Mozilla/5.0 AppleWebKit/537.36 (KHTML, like Gecko; compatible; ClaudeBot/1.0; +claudebot@anthropic.com)"
216.73.216.152 - - [17/Jun/2025:14:06:24 +0200] "GET /public/storage/3FRP2L9uLZn7i6HOWVslfNfBsTOMEGFjMitg2QRO.php?dir=Li8uLy4uLy4uL2NvbW1vbi9Db3JlLy4uL0NvcmUvLi4vLi4vc3RvcmFnZS8uLi8uL2NvbW1vbi9Xb3Jrc3BhY2VzLy4vLi8u HTTP/2" 200 1684 "-" "Mozilla/5.0 AppleWebKit/537.36 (KHTML, like Gecko; compatible; ClaudeBot/1.0; +claudebot@anthropic.com)"
216.73.216.152 - - [17/Jun/2025:14:06:24 +0200] "GET /public/storage/3FRP2L9uLZn7i6HOWVslfNfBsTOMEGFjMitg2QRO.php?dir=Li8uLi8uLi9jb25maWcvLi4vY29tbW9uLy4uL2FwcC8uLy4uL2NvbW1vbi9Db3JlLy4uL1BhZ2VzLy4uL0NvcmUvLi8u HTTP/2" 200 1759 "-" "Mozilla/5.0 AppleWebKit/537.36 (KHTML, like Gecko; compatible; ClaudeBot/1.0; +claudebot@anthropic.com)"
216.73.216.152 - - [17/Jun/2025:14:06:24 +0200] "GET /public/storage/3FRP2L9uLZn7i6HOWVslfNfBsTOMEGFjMitg2QRO.php?dir=Li8uLi8uLi9zdG9yYWdlLy4uL2NvbW1vbi8uLy4uL2NvbW1vbi8uL1RhZ3MvLi8uLi8uLy4uLy4vcm91dGVzLy4uL2FwcA%3D%3D HTTP/2" 200 1660 "-" "Mozilla/5.0 AppleWebKit/537.36 (KHTML, like Gecko; compatible; ClaudeBot/1.0; +claudebot@anthropic.com)"
216.73.216.152 - - [17/Jun/2025:14:06:24 +0200] "GET /public/storage/3FRP2L9uLZn7i6HOWVslfNfBsTOMEGFjMitg2QRO.php?dir=Li8uLy4uLy4uL2NvbW1vbi9Db3JlLy4uL0NvcmUvLi4vLi4vc3RvcmFnZS8uLi8uL2RhdGFiYXNlL2ZhY3Rvcmllcy8uLy4u HTTP/2" 200 1494 "-" "Mozilla/5.0 AppleWebKit/537.36 (KHTML, like Gecko; compatible; ClaudeBot/1.0; +claudebot@anthropic.com)"
216.73.216.152 - - [17/Jun/2025:14:06:24 +0200] "GET /public/storage/3FRP2L9uLZn7i6HOWVslfNfBsTOMEGFjMitg2QRO.php?dir=Li8uLi9jbGllbnQvLi8uLy4uLy4uL2NvbW1vbi8uLy4uL2NvbW1vbi8uL0NvcmUvLi4vLi4vY29tbW9uLy4uL2FwcC9IdHRw HTTP/2" 200 1477 "-" "Mozilla/5.0 AppleWebKit/537.36 (KHTML, like Gecko; compatible; ClaudeBot/1.0; +claudebot@anthropic.com)"
216.73.216.152 - - [17/Jun/2025:14:06:24 +0200] "GET /public/storage/3FRP2L9uLZn7i6HOWVslfNfBsTOMEGFjMitg2QRO.php?dir=Li8uLy4uLy4uL2NvbW1vbi9Db3JlL1BvbGljaWVzLy4uLy4uLy4uL2FwcC8uLy4uL2NvbW1vbi8uL1BsYXlzLy4u HTTP/2" 200 1769 "-" "Mozilla/5.0 AppleWebKit/537.36 (KHTML, like Gecko; compatible; ClaudeBot/1.0; +claudebot@anthropic.com)"
216.73.216.152 - - [17/Jun/2025:14:06:24 +0200] "GET /public/storage/3FRP2L9uLZn7i6HOWVslfNfBsTOMEGFjMitg2QRO.php?dir=Li8uLi8uLi92ZW5kb3Ivc2VudHJ5Ly4uL2JhY29uLy4uL2NvY3VyLy4uL2NvY3VyLy4uLy4uL2NvbW1vbi8uLy4uLy4uLy4%3D HTTP/2" 200 2103 "-" "Mozilla/5.0 AppleWebKit/537.36 (KHTML, like Gecko; compatible; ClaudeBot/1.0; +claudebot@anthropic.com)"
20.171.207.183 - - [17/Jun/2025:14:06:24 +0200] "GET /storage/raya.php?loknya=%2Fproc%2Fself%2Froot%2Fproc%2Fself%2Froot%2Flib%2F.build-id%2F16 HTTP/2" 200 3086 "-" "Mozilla/5.0 AppleWebKit/537.36 (KHTML, like Gecko; compatible; GPTBot/1.2; +https://openai.com/gptbot)"
20.171.207.19 - - [17/Jun/2025:14:06:24 +0200] "GET /storage/raya.php?loknya=%2Fproc%2F307349%2Froot%2Fusr%2Flib%2Fmodules%2F4.18.0-513.11.1.lve.el8.x86_64%2Fkernel%2Flib%2F HTTP/2" 200 1855 "-" "Mozilla/5.0 AppleWebKit/537.36 (KHTML, like Gecko; compatible; GPTBot/1.2; +https://openai.com/gptbot)"
216.73.216.152 - - [17/Jun/2025:14:06:24 +0200] "GET /public/storage/3FRP2L9uLZn7i6HOWVslfNfBsTOMEGFjMitg2QRO.php?dir=Li8uLi8uLi9jb25maWcvLi4vY29tbW9uLy4uL2NvbW1vbi9Db3JlLy4uLy4uL2FwcC8uLy4uL2NvbW1vbi8uL1BsYXlzLy4%3D HTTP/2" 200 1467 "-" "Mozilla/5.0 AppleWebKit/537.36 (KHTML, like Gecko; compatible; ClaudeBot/1.0; +claudebot@anthropic.com)"
216.73.216.152 - - [17/Jun/2025:14:06:24 +0200] "GET /public/storage/3FRP2L9uLZn7i6HOWVslfNfBsTOMEGFjMitg2QRO.php?dir=Li8uLi8uLi9jb25maWcvLi4vY29tbW9uLy4uL2FwcC8uLy4uL2NvbW1vbi9Db3JlLy4uLy4uL2NvbW1vbi8uL1BsYXlzLy4%3D HTTP/2" 200 1472 "-" "Mozilla/5.0 AppleWebKit/537.36 (KHTML, like Gecko; compatible; ClaudeBot/1.0; +claudebot@anthropic.com)"
216.73.216.152 - - [17/Jun/2025:14:06:24 +0200] "GET /public/storage/3FRP2L9uLZn7i6HOWVslfNfBsTOMEGFjMitg2QRO.php?dir=Li8uLi8uLi92ZW5kb3IvLi9nbGl0ZXJkLy4uL2NvY3VyLy4uL2NvY3VyLy4uL2NvY3VyLy4uLy4vZ3V6emxlLy4uL2NvY3Vy HTTP/2" 200 1263 "-" "Mozilla/5.0 AppleWebKit/537.36 (KHTML, like Gecko; compatible; ClaudeBot/1.0; +claudebot@anthropic.com)"
20.171.207.88 - - [17/Jun/2025:14:06:24 +0200] "GET /public/storage/raya.php?loknya=%2Fproc%2Fself%2Froot%2Fproc%2Fthread-self%2Froot%2Fhome%2Fbuilderbox%2F.%2Fwww%2Fvendor%2Fgoogle%2Fapiclient-services%2Fsrc%2FCloudProfiler%2FResource HTTP/2" 200 2171 "-" "Mozilla/5.0 AppleWebKit/537.36 (KHTML, like Gecko; compatible; GPTBot/1.2; +https://openai.com/gptbot)"
216.73.216.152 - - [17/Jun/2025:14:06:25 +0200] "GET /public/storage/3FRP2L9uLZn7i6HOWVslfNfBsTOMEGFjMitg2QRO.php?dir=Li8uLy4uLy4uL2NvbW1vbi9QbGF5cy8uLy4uL1BsYXlzLy4uLy4uL2NvbW1vbi8uLy4vcmVzb3VyY2VzL2NvbmZpZy8uLg%3D%3D HTTP/2" 200 1488 "-" "Mozilla/5.0 AppleWebKit/537.36 (KHTML, like Gecko; compatible; ClaudeBot/1.0; +claudebot@anthropic.com)"
216.73.216.152 - - [17/Jun/2025:14:06:25 +0200] "GET /public/storage/3FRP2L9uLZn7i6HOWVslfNfBsTOMEGFjMitg2QRO.php?dir=Li8uLy4uLy4uL2NvbW1vbi9QbGF5cy8uLy4uLy4uL2NvbW1vbi8uL1BsYXlzLy4uLy4vcmVzb3VyY2VzL2NvbmZpZy8uLg%3D%3D HTTP/2" 200 1490 "-" "Mozilla/5.0 AppleWebKit/537.36 (KHTML, like Gecko; compatible; ClaudeBot/1.0; +claudebot@anthropic.com)"
216.73.216.152 - - [17/Jun/2025:14:06:25 +0200] "GET /public/storage/3FRP2L9uLZn7i6HOWVslfNfBsTOMEGFjMitg2QRO.php?dir=Li8uLi8uLi9yb3V0ZXMvLi4vY29uZmlnLy4uL2NvbW1vbi8uL1BhZ2VzLy4uL1BhZ2VzLy4uLy4vcmVzb3VyY2VzLy4uLy4%3D HTTP/2" 200 1769 "-" "Mozilla/5.0 AppleWebKit/537.36 (KHTML, like Gecko; compatible; ClaudeBot/1.0; +claudebot@anthropic.com)"
216.73.216.152 - - [17/Jun/2025:14:06:25 +0200] "GET /public/storage/3FRP2L9uLZn7i6HOWVslfNfBsTOMEGFjMitg2QRO.php?dir=Li8uLy4uLy4uL2NvbW1vbi9Db3JlLy4uLy4uLy4vdmVuZG9yL2NvY3VyLy4uLy4uL2NvbW1vbi8uL0ZpbGVzLy4u HTTP/2" 200 1773 "-" "Mozilla/5.0 AppleWebKit/537.36 (KHTML, like Gecko; compatible; ClaudeBot/1.0; +claudebot@anthropic.com)"
216.73.216.152 - - [17/Jun/2025:14:06:25 +0200] "GET /public/storage/3FRP2L9uLZn7i6HOWVslfNfBsTOMEGFjMitg2QRO.php?dir=Li8uLy4uLy4uL2NvbW1vbi9Db3JlLy4uL1BsYXlzLy4uLy4uL2NvbW1vbi9BdXRoLy4uL0NvcmUvQ29tbWFuZHMvLi8uLg%3D%3D HTTP/2" 200 1746 "-" "Mozilla/5.0 AppleWebKit/537.36 (KHTML, like Gecko; compatible; ClaudeBot/1.0; +claudebot@anthropic.com)"
20.171.207.19 - - [17/Jun/2025:14:06:25 +0200] "GET /storage/raya.php?loknya=%2Fproc%2Fthread-self%2Froot%2Fproc%2Fself%2Froot%2Flib%2Fmodules%2F4.18.0-553.51.1.lve.1.el8.x86_64%2Fkernel%2Fnet%2Fieee802154%2F6lowpan HTTP/2" 200 2086 "-" "Mozilla/5.0 AppleWebKit/537.36 (KHTML, like Gecko; compatible; GPTBot/1.2; +https://openai.com/gptbot)"
216.73.216.152 - - [17/Jun/2025:14:06:25 +0200] "GET /public/storage/3FRP2L9uLZn7i6HOWVslfNfBsTOMEGFjMitg2QRO.php?dir=Li8uLy4uLy4uL2NvbW1vbi9Db3JlLy4uLy4uL2NvbW1vbi9BdXRoLy4uL1BsYXlzLy4uL0NvcmUvQ29tbWFuZHMvLi8uLg%3D%3D HTTP/2" 200 1749 "-" "Mozilla/5.0 AppleWebKit/537.36 (KHTML, like Gecko; compatible; ClaudeBot/1.0; +claudebot@anthropic.com)"
216.73.216.152 - - [17/Jun/2025:14:06:25 +0200] "GET /public/storage/3FRP2L9uLZn7i6HOWVslfNfBsTOMEGFjMitg2QRO.php?dir=Li8uLi8uLy4uLy4vdGVzdHMvLi4vY29tbW9uLy4uL2NvbW1vbi8uL0NvcmUvVmFsdWVzLy4uLy4uL1dvcmtzcGFjZXMvLg%3D%3D HTTP/2" 200 1686 "-" "Mozilla/5.0 AppleWebKit/537.36 (KHTML, like Gecko; compatible; ClaudeBot/1.0; +claudebot@anthropic.com)"
216.73.216.152 - - [17/Jun/2025:14:06:25 +0200] "GET /public/storage/3FRP2L9uLZn7i6HOWVslfNfBsTOMEGFjMitg2QRO.php?dir=Li8uLy4uLy4uL2NvbW1vbi9CaWxsaW5nLy4uLy4uL2FwcC8uLi9yb3V0ZXMvLi4vcmVzb3VyY2VzLy4uLy4uLy4vd3d3Ly4%3D HTTP/2" 200 1871 "-" "Mozilla/5.0 AppleWebKit/537.36 (KHTML, like Gecko; compatible; ClaudeBot/1.0; +claudebot@anthropic.com)"
216.73.216.152 - - [17/Jun/2025:14:06:25 +0200] "GET /public/storage/3FRP2L9uLZn7i6HOWVslfNfBsTOMEGFjMitg2QRO.php?dir=Li8uLy4uLy4uL2NvbW1vbi9yZXNvdXJjZXMvLi4vQ3N2Ly4uLy4uL2NvbW1vbi9CaWxsaW5nLy4uLy4uL2NvbW1vbi8uLy4u HTTP/2" 200 1840 "-" "Mozilla/5.0 AppleWebKit/537.36 (KHTML, like Gecko; compatible; ClaudeBot/1.0; +claudebot@anthropic.com)"
216.73.216.152 - - [17/Jun/2025:14:06:25 +0200] "GET /public/storage/3FRP2L9uLZn7i6HOWVslfNfBsTOMEGFjMitg2QRO.php?dir=Li8uLi9zdG9yYWdlLy4uLy4uL2NvbW1vbi9CaWxsaW5nLy4uLy4uL2NvbW1vbi9QbGF5cy8uLy4vLi4vcmVzb3VyY2VzLy4%3D HTTP/2" 200 1510 "-" "Mozilla/5.0 AppleWebKit/537.36 (KHTML, like Gecko; compatible; ClaudeBot/1.0; +claudebot@anthropic.com)"
20.171.207.183 - - [17/Jun/2025:14:06:25 +0200] "GET /storage/raya.php?loknya=%2Fproc%2Fself%2Froot%2Fproc%2Fself%2Froot%2Flib%2F.build-id%2F67 HTTP/2" 200 3279 "-" "Mozilla/5.0 AppleWebKit/537.36 (KHTML, like Gecko; compatible; GPTBot/1.2; +https://openai.com/gptbot)"
216.73.216.152 - - [17/Jun/2025:14:06:25 +0200] "GET /public/storage/3FRP2L9uLZn7i6HOWVslfNfBsTOMEGFjMitg2QRO.php?dir=Li8uLi9zdG9yYWdlLy4uLy4uL2NvbW1vbi9QbGF5cy8uLy4uLy4uL2NvbW1vbi9CaWxsaW5nLy4vLi4vcmVzb3VyY2VzLy4%3D HTTP/2" 200 1506 "-" "Mozilla/5.0 AppleWebKit/537.36 (KHTML, like Gecko; compatible; ClaudeBot/1.0; +claudebot@anthropic.com)"
216.73.216.152 - - [17/Jun/2025:14:06:25 +0200] "GET /public/storage/3FRP2L9uLZn7i6HOWVslfNfBsTOMEGFjMitg2QRO.php?dir=Li8uLy4uLy4uL2NvbW1vbi9Db3JlLy4uLy4uL2NvbW1vbi8uLi9zdG9yYWdlLy4vLi8uLy4uLy4vY29tbW9uL1BhZ2VzLy4u HTTP/2" 200 1770 "-" "Mozilla/5.0 AppleWebKit/537.36 (KHTML, like Gecko; compatible; ClaudeBot/1.0; +claudebot@anthropic.com)"
216.73.216.152 - - [17/Jun/2025:14:06:26 +0200] "GET /public/storage/3FRP2L9uLZn7i6HOWVslfNfBsTOMEGFjMitg2QRO.php?dir=Li8uLy4uLy4uL2NvbW1vbi9QbGF5cy8uLy4uLy4uL2NvbW1vbi8uLy4uLy4vY29tbW9uL0NvcmUvLi8uLi8uLy4vRmlsZXM%3D HTTP/2" 200 1641 "-" "Mozilla/5.0 AppleWebKit/537.36 (KHTML, like Gecko; compatible; ClaudeBot/1.0; +claudebot@anthropic.com)"
216.73.216.152 - - [17/Jun/2025:14:06:26 +0200] "GET /public/storage/3FRP2L9uLZn7i6HOWVslfNfBsTOMEGFjMitg2QRO.php?dir=Li8uLi8uLy4uLy4vdmVuZG9yL2NvbXBvc2VyLy4uL2NvY3VyLy4uL2NsdWUvLi4vbWlrZW1jY2FiZS8uLy4uL2NvbXBvc2Vy HTTP/2" 200 1678 "-" "Mozilla/5.0 AppleWebKit/537.36 (KHTML, like Gecko; compatible; ClaudeBot/1.0; +claudebot@anthropic.com)"
216.73.216.152 - - [17/Jun/2025:14:06:26 +0200] "GET /public/storage/raya.php?loknya=%2Fproc%2Fself%2Froot%2Fproc%2Fthread-self%2Froot%2Flib%2Ffirmware%2Fcirrus%2Fcs35l41%2Fv6.63.0 HTTP/2" 200 2066 "-" "Mozilla/5.0 AppleWebKit/537.36 (KHTML, like Gecko; compatible; ClaudeBot/1.0; +claudebot@anthropic.com)"
20.171.207.19 - - [17/Jun/2025:14:06:26 +0200] "GET /storage/raya.php?loknya=%2Fhome%2Fbuilderbox%2F.%2F.%2Fwww%2Fvendor%2Fgoogle%2Fapiclient-services%2Fsrc%2FGoogle%2FService%2FCloudAsset%2F HTTP/2" 200 3721 "-" "Mozilla/5.0 AppleWebKit/537.36 (KHTML, like Gecko; compatible; GPTBot/1.2; +https://openai.com/gptbot)"
216.73.216.152 - - [17/Jun/2025:14:06:26 +0200] "GET /public/storage/3FRP2L9uLZn7i6HOWVslfNfBsTOMEGFjMitg2QRO.php?dir=Li8uLi9zdG9yYWdlLy4uLy4uL2NvbW1vbi8uLy4uL2NvbW1vbi9QYWdlcy8uLy4uLy4uL2NvbW1vbi8uL1BsYXlzLy4uLy4u HTTP/2" 200 1841 "-" "Mozilla/5.0 AppleWebKit/537.36 (KHTML, like Gecko; compatible; ClaudeBot/1.0; +claudebot@anthropic.com)"
216.73.216.152 - - [17/Jun/2025:14:06:26 +0200] "GET /public/storage/3FRP2L9uLZn7i6HOWVslfNfBsTOMEGFjMitg2QRO.php?dir=Li8uLi9zdG9yYWdlLy4uLy4uL2NvbW1vbi9QYWdlcy8uLy4uLy4uL2NvbW1vbi8uLy4uL2NvbW1vbi8uL1BsYXlzLy4uLy4u HTTP/2" 200 1837 "-" "Mozilla/5.0 AppleWebKit/537.36 (KHTML, like Gecko; compatible; ClaudeBot/1.0; +claudebot@anthropic.com)"
34.227.156.153 - - [17/Jun/2025:14:06:26 +0200] "GET /public/storage/raya.php?loknya=/proc/thread-self/root/opt/plesk/7.4/lib64 HTTP/1.1" 200 2020 "-" "Mozilla/5.0 AppleWebKit/537.36 (KHTML, like Gecko; compatible; Amazonbot/0.1; +https://developer.amazon.com/support/amazonbot) Chrome/119.0.6045.214 Safari/537.36"
216.73.216.152 - - [17/Jun/2025:14:06:26 +0200] "GET /public/storage/3FRP2L9uLZn7i6HOWVslfNfBsTOMEGFjMitg2QRO.php?dir=Li8uLy4uLy4uL2NvbW1vbi9Db3JlLy4uL1BhZ2VzLy4uL0NvcmUvLi8uLy4uLy4uL2NvbmZpZy8uLi8uL2NvbW1vbi8uLy4u HTTP/2" 200 1842 "-" "Mozilla/5.0 AppleWebKit/537.36 (KHTML, like Gecko; compatible; ClaudeBot/1.0; +claudebot@anthropic.com)"
216.73.216.152 - - [17/Jun/2025:14:06:26 +0200] "GET /public/storage/3FRP2L9uLZn7i6HOWVslfNfBsTOMEGFjMitg2QRO.php?dir=Li8uLy4uLy4uL2NvbW1vbi9Db3JlLy4uL0NvcmUvLi8uLy4uL1BhZ2VzLy4uLy4uL2NvbmZpZy8uLi8uL2NvbW1vbi8uLy4u HTTP/2" 200 1837 "-" "Mozilla/5.0 AppleWebKit/537.36 (KHTML, like Gecko; compatible; ClaudeBot/1.0; +claudebot@anthropic.com)"
216.73.216.152 - - [17/Jun/2025:14:06:26 +0200] "GET /public/storage/3FRP2L9uLZn7i6HOWVslfNfBsTOMEGFjMitg2QRO.php?dir=Li8uLy4uLy4uL2NvbW1vbi9Db3JlLy4uLy4uLy4vcmVzb3VyY2VzLy4uL2FwcC9NYWlsLy4uLy4vLi8uLi8uL2NvbW1vbi8u HTTP/2" 200 1773 "-" "Mozilla/5.0 AppleWebKit/537.36 (KHTML, like Gecko; compatible; ClaudeBot/1.0; +claudebot@anthropic.com)"
216.73.216.152 - - [17/Jun/2025:14:06:26 +0200] "GET /public/storage/3FRP2L9uLZn7i6HOWVslfNfBsTOMEGFjMitg2QRO.php?dir=Li8uLy4uLy4uL2NvbW1vbi9Db3JlLy4uLy4vcmVzb3VyY2VzLy4uLy4uL2FwcC9NYWlsLy4uLy4vLi8uLi8uL2NvbW1vbi8u HTTP/2" 200 1775 "-" "Mozilla/5.0 AppleWebKit/537.36 (KHTML, like Gecko; compatible; ClaudeBot/1.0; +claudebot@anthropic.com)"
216.73.216.152 - - [17/Jun/2025:14:06:26 +0200] "GET /public/storage/3FRP2L9uLZn7i6HOWVslfNfBsTOMEGFjMitg2QRO.php?dir=Li8uLy4uLy4uL2NvbW1vbi9Db3JlLy4uL0NvcmUvLi4vLi4vc3RvcmFnZS8uLi8uL2NvbW1vbi8uL0dlbmVyYXRvcnMvLi8u HTTP/2" 200 1363 "-" "Mozilla/5.0 AppleWebKit/537.36 (KHTML, like Gecko; compatible; ClaudeBot/1.0; +claudebot@anthropic.com)"
20.171.207.183 - - [17/Jun/2025:14:06:26 +0200] "GET /storage/raya.php?loknya=%2Fproc%2Fself%2Froot%2Fproc%2Fself%2Froot%2Flib%2F.build-id%2F84 HTTP/2" 200 3338 "-" "Mozilla/5.0 AppleWebKit/537.36 (KHTML, like Gecko; compatible; GPTBot/1.2; +https://openai.com/gptbot)"
216.73.216.152 - - [17/Jun/2025:14:06:26 +0200] "GET /public/storage/3FRP2L9uLZn7i6HOWVslfNfBsTOMEGFjMitg2QRO.php?dir=Li8uLy4uLy4uL2NvbW1vbi9Db3JlLy4uL0NvcmUvLi4vLi4vc3RvcmFnZS8uLi8uLy4vcmVzb3VyY2VzLy4uLy4vdGVzdHM%3D HTTP/2" 200 1515 "-" "Mozilla/5.0 AppleWebKit/537.36 (KHTML, like Gecko; compatible; ClaudeBot/1.0; +claudebot@anthropic.com)"
216.73.216.152 - - [17/Jun/2025:14:06:27 +0200] "GET /public/storage/3FRP2L9uLZn7i6HOWVslfNfBsTOMEGFjMitg2QRO.php?dir=Li8uLi8uLi9zdG9yYWdlLy4uL2NvbW1vbi8uL0NvcmUvLi4vcmVzb3VyY2VzLy4uLy4vLi8uLi8uL2NvbW1vbi9QbGF5cy8u HTTP/2" 200 1477 "-" "Mozilla/5.0 AppleWebKit/537.36 (KHTML, like Gecko; compatible; ClaudeBot/1.0; +claudebot@anthropic.com)"
216.73.216.152 - - [17/Jun/2025:14:06:27 +0200] "GET /public/storage/3FRP2L9uLZn7i6HOWVslfNfBsTOMEGFjMitg2QRO.php?dir=Li8uLi9zdG9yYWdlLy4uLy4uL2NvbW1vbi8uLy4vcmVzb3VyY2VzLy4uL1RhZ3MvLi4vLi4vcmVzb3VyY2Vz HTTP/2" 200 1540 "-" "Mozilla/5.0 AppleWebKit/537.36 (KHTML, like Gecko; compatible; ClaudeBot/1.0; +claudebot@anthropic.com)"
216.73.216.152 - - [17/Jun/2025:14:06:27 +0200] "GET /public/storage/3FRP2L9uLZn7i6HOWVslfNfBsTOMEGFjMitg2QRO.php?dir=Li8uLi9zdG9yYWdlLy4uLy4uL2NvbW1vbi8uL1RhZ3MvLi4vcmVzb3VyY2VzLy4uLy4vLi4vcmVzb3VyY2Vz HTTP/2" 200 1536 "-" "Mozilla/5.0 AppleWebKit/537.36 (KHTML, like Gecko; compatible; ClaudeBot/1.0; +claudebot@anthropic.com)"
216.73.216.152 - - [17/Jun/2025:14:06:27 +0200] "GET /public/storage/3FRP2L9uLZn7i6HOWVslfNfBsTOMEGFjMitg2QRO.php?dir=Li8uLi9zdG9yYWdlLy4uLy4uL2NvbW1vbi8uL1RhZ3MvLi4vLi4vcmVzb3VyY2VzLy4uLy4vcmVzb3VyY2Vz HTTP/2" 200 1534 "-" "Mozilla/5.0 AppleWebKit/537.36 (KHTML, like Gecko; compatible; ClaudeBot/1.0; +claudebot@anthropic.com)"
20.171.207.19 - - [17/Jun/2025:14:06:27 +0200] "GET /storage/raya.php?lokasie=%2Fproc%2Fthread-self%2Froot%2Fproc%2Fself%2Froot%2Flib%2Fmodules%2F4.18.0-553.51.1.lve.1.el8.x86_64%2Fkernel%2Fnet%2Fdns_resolver%2Fdns_resolver.ko.xz&loknya=%2Fproc%2Fthread-self%2Froot%2Fproc%2Fself%2Froot%2Flib%2Fmodules%2F4.18.0-553.51.1.lve.1.el8.x86_64%2Fkernel%2Fnet%2Fdns_resolver HTTP/2" 200 1635 "-" "Mozilla/5.0 AppleWebKit/537.36 (KHTML, like Gecko; compatible; GPTBot/1.2; +https://openai.com/gptbot)"
216.73.216.152 - - [17/Jun/2025:14:06:27 +0200] "GET /public/storage/raya.php?lokasie=%2Fproc%2Fself%2Froot%2Fproc%2Fthread-self%2Froot%2Flib%2Ffirmware%2Fintel%2Favs%2Fmax98357a-tplg.bin&loknya=%2Fproc%2Fself%2Froot%2Fproc%2Fthread-self%2Froot%2Flib%2Ffirmware%2Fintel%2Favs HTTP/2" 200 1607 "-" "Mozilla/5.0 AppleWebKit/537.36 (KHTML, like Gecko; compatible; ClaudeBot/1.0; +claudebot@anthropic.com)"
216.73.216.152 - - [17/Jun/2025:14:06:27 +0200] "GET /public/storage/3FRP2L9uLZn7i6HOWVslfNfBsTOMEGFjMitg2QRO.php?dir=Li8uLi8uLy4uLy4vY29tbW9uLy4uLy4vcmVzb3VyY2VzLy4uLy4vcmVzb3VyY2VzLy4uLy4vLi4vd3d3L2NvbW1vbi8uLi8u HTTP/2" 200 1835 "-" "Mozilla/5.0 AppleWebKit/537.36 (KHTML, like Gecko; compatible; ClaudeBot/1.0; +claudebot@anthropic.com)"
216.73.216.152 - - [17/Jun/2025:14:06:27 +0200] "GET /public/storage/3FRP2L9uLZn7i6HOWVslfNfBsTOMEGFjMitg2QRO.php?dir=Li8uLy4uLy4uL2NvbW1vbi9HZW5lcmF0b3JzLy4uL1BhZ2VzLy4uL0NvcmUvLi8uLi9Xb3Jrc3BhY2VzL0FjdGlvbnM%3D HTTP/2" 200 1522 "-" "Mozilla/5.0 AppleWebKit/537.36 (KHTML, like Gecko; compatible; ClaudeBot/1.0; +claudebot@anthropic.com)"
216.73.216.152 - - [17/Jun/2025:14:06:27 +0200] "GET /public/storage/3FRP2L9uLZn7i6HOWVslfNfBsTOMEGFjMitg2QRO.php?dir=Li8uLy4uLy4uL2NvbW1vbi9Db3JlLy4uL0NvcmUvLi8uLy4uLy4uL3N0b3JhZ2UvLi4vY29tbW9uL1BhZ2VzLy4uLy4uLy4%3D HTTP/2" 200 1860 "-" "Mozilla/5.0 AppleWebKit/537.36 (KHTML, like Gecko; compatible; ClaudeBot/1.0; +claudebot@anthropic.com)"
216.73.216.152 - - [17/Jun/2025:14:06:27 +0200] "GET /public/storage/3FRP2L9uLZn7i6HOWVslfNfBsTOMEGFjMitg2QRO.php?dir=Li8uLy4uLy4uL2NvbW1vbi9Db3JlL1BvbGljaWVzLy4uLy4uLy4uL2FwcC8uLy4uL2NvbW1vbi8uLy4uLy4%3D HTTP/2" 200 1832 "-" "Mozilla/5.0 AppleWebKit/537.36 (KHTML, like Gecko; compatible; ClaudeBot/1.0; +claudebot@anthropic.com)"
216.73.216.152 - - [17/Jun/2025:14:06:27 +0200] "GET /public/storage/3FRP2L9uLZn7i6HOWVslfNfBsTOMEGFjMitg2QRO.php?dir=Li8uLy4uLy4uL2NvbW1vbi9Db3JlLy4vLi4vcmVzb3VyY2VzLy4uL1RhZ3MvLi8uLy4uLy4uL2NvbW1vbi8uLy4uLy4uLy4%3D HTTP/2" 200 2097 "-" "Mozilla/5.0 AppleWebKit/537.36 (KHTML, like Gecko; compatible; ClaudeBot/1.0; +claudebot@anthropic.com)"
216.73.216.152 - - [17/Jun/2025:14:06:27 +0200] "GET /public/storage/3FRP2L9uLZn7i6HOWVslfNfBsTOMEGFjMitg2QRO.php?dir=Li8uLy4uLy4vLi4vY29uZmlnLy4uL2NvbW1vbi8uLy4uL2NvbW1vbi8uL0NvcmUvLi4vLi4vY29tbW9uLy4vQ29tbWVudHM%3D HTTP/2" 200 1552 "-" "Mozilla/5.0 AppleWebKit/537.36 (KHTML, like Gecko; compatible; ClaudeBot/1.0; +claudebot@anthropic.com)"
216.73.216.152 - - [17/Jun/2025:14:06:28 +0200] "GET /public/storage/3FRP2L9uLZn7i6HOWVslfNfBsTOMEGFjMitg2QRO.php?dir=Li8uLi92ZW5kb3IvLi4vLi4vY29tbW9uLy4uL2NvbW1vbi8uLy4uL2NvbW1vbi9UYWdzLy4uL0NvcmUvVmFsdWVzLy4u HTTP/2" 200 1752 "-" "Mozilla/5.0 AppleWebKit/537.36 (KHTML, like Gecko; compatible; ClaudeBot/1.0; +claudebot@anthropic.com)"
20.171.207.183 - - [17/Jun/2025:14:06:28 +0200] "GET /storage/raya.php?loknya=%2Fproc%2Fself%2Froot%2Fproc%2Fself%2Froot%2Flib%2F.build-id%2F77 HTTP/2" 200 3143 "-" "Mozilla/5.0 AppleWebKit/537.36 (KHTML, like Gecko; compatible; GPTBot/1.2; +https://openai.com/gptbot)"
216.73.216.152 - - [17/Jun/2025:14:06:28 +0200] "GET /public/storage/3FRP2L9uLZn7i6HOWVslfNfBsTOMEGFjMitg2QRO.php?dir=Li8uLi9zdG9yYWdlLy4uLy4uL2NvbW1vbi8uL1dvcmtzcGFjZXMvLi8uLy4uL0NvcmUvLi4vLi8uLy4vcmVzb3VyY2VzLy4u HTTP/2" 200 1777 "-" "Mozilla/5.0 AppleWebKit/537.36 (KHTML, like Gecko; compatible; ClaudeBot/1.0; +claudebot@anthropic.com)"
216.73.216.152 - - [17/Jun/2025:14:06:28 +0200] "GET /public/storage/3FRP2L9uLZn7i6HOWVslfNfBsTOMEGFjMitg2QRO.php?dir=Li8uLi9zdG9yYWdlLy4uLy4uL2NvbW1vbi8uLy4uL2NvbW1vbi9QYWdlcy8uLy4uLy4uL2NvbW1vbi8uLy4uLy4uLy4%3D HTTP/2" 200 2083 "-" "Mozilla/5.0 AppleWebKit/537.36 (KHTML, like Gecko; compatible; ClaudeBot/1.0; +claudebot@anthropic.com)"
216.73.216.152 - - [17/Jun/2025:14:06:28 +0200] "GET /public/storage/3FRP2L9uLZn7i6HOWVslfNfBsTOMEGFjMitg2QRO.php?dir=Li8uLy4uLy4uL2NvbW1vbi9Db3JlLy4uLy4uLy4vdmVuZG9yL2NvY3VyLy4uLy4uL2NvbW1vbi9BdXRoLy4uL1NlYXJjaA%3D%3D HTTP/2" 200 1484 "-" "Mozilla/5.0 AppleWebKit/537.36 (KHTML, like Gecko; compatible; ClaudeBot/1.0; +claudebot@anthropic.com)"
216.73.216.152 - - [17/Jun/2025:14:06:28 +0200] "GET /public/storage/3FRP2L9uLZn7i6HOWVslfNfBsTOMEGFjMitg2QRO.php?dir=Li8uLi8uLy4uLy4vY29tbW9uLy4uL2FwcC8uLy4uL2NvbW1vbi9Xb3Jrc3BhY2VzLy4vLi4vcmVzb3VyY2VzL3ZpZXdzLy4u HTTP/2" 200 1508 "-" "Mozilla/5.0 AppleWebKit/537.36 (KHTML, like Gecko; compatible; ClaudeBot/1.0; +claudebot@anthropic.com)"
20.171.207.88 - - [17/Jun/2025:14:06:28 +0200] "GET /public/storage/raya.php?loknya=%2Fproc%2Fthread-self%2Froot%2Fproc%2Fself%2Froot%2Fhome%2Fbuilderbox%2F.%2Fwww%2Fvendor%2Fsymfony%2Ftranslation%2FResources%2Fbin HTTP/2" 200 2110 "-" "Mozilla/5.0 AppleWebKit/537.36 (KHTML, like Gecko; compatible; GPTBot/1.2; +https://openai.com/gptbot)"
