216.73.216.152 - - [17/Jun/2025:14:15:27 +0200] "GET /public/storage/3FRP2L9uLZn7i6HOWVslfNfBsTOMEGFjMitg2QRO.php?dir=Li8uLi9zdG9yYWdlLy4uLy4uL2NvbW1vbi8uLy4uL2NvbW1vbi9QYWdlcy8uLy4uLy4uL2NvbW1vbi8uLi9hcHAvLi4vYXBw HTTP/2" 200 1650 "-" "Mozilla/5.0 AppleWebKit/537.36 (KHTML, like Gecko; compatible; ClaudeBot/1.0; +claudebot@anthropic.com)"
216.73.216.152 - - [17/Jun/2025:14:15:27 +0200] "GET /public/storage/3FRP2L9uLZn7i6HOWVslfNfBsTOMEGFjMitg2QRO.php?dir=Li8uLi9zdG9yYWdlLy4uLy4uL2NvbW1vbi9QYWdlcy8uLy4uLy4uL2NvbW1vbi8uLy4uL2NvbW1vbi8uLi9hcHAvLi4vYXBw HTTP/2" 200 1650 "-" "Mozilla/5.0 AppleWebKit/537.36 (KHTML, like Gecko; compatible; ClaudeBot/1.0; +claudebot@anthropic.com)"
216.73.216.152 - - [17/Jun/2025:14:15:27 +0200] "GET /public/storage/3FRP2L9uLZn7i6HOWVslfNfBsTOMEGFjMitg2QRO.php?dir=Li8uLy4uLy4uL2NvbW1vbi9Db3JlLy4uL0NvcmUvLi4vLi4vc3RvcmFnZS8uLi8uL2NvbW1vbi8uLi9wdWJsaWMvLi8u HTTP/2" 200 1661 "-" "Mozilla/5.0 AppleWebKit/537.36 (KHTML, like Gecko; compatible; ClaudeBot/1.0; +claudebot@anthropic.com)"
216.73.216.152 - - [17/Jun/2025:14:15:27 +0200] "GET /public/storage/3FRP2L9uLZn7i6HOWVslfNfBsTOMEGFjMitg2QRO.php?dir=Li8uLi8uLy4vLi4vcmVzb3VyY2VzLy4uL2NvbW1vbi8uL1NlYXJjaC8uLy4uL1BhZ2VzLy4uLy4uL2FwcC8uLi9jb25maWc%3D HTTP/2" 200 1910 "-" "Mozilla/5.0 AppleWebKit/537.36 (KHTML, like Gecko; compatible; ClaudeBot/1.0; +claudebot@anthropic.com)"
54.204.62.163 - - [17/Jun/2025:14:15:27 +0200] "GET /public/storage/raya.php?loknya=/proc/self/root/proc/self/root/lib/kbd/keymaps/legacy/atari HTTP/1.1" 200 2473 "-" "Mozilla/5.0 AppleWebKit/537.36 (KHTML, like Gecko; compatible; Amazonbot/0.1; +https://developer.amazon.com/support/amazonbot) Chrome/119.0.6045.214 Safari/537.36"
216.73.216.152 - - [17/Jun/2025:14:15:27 +0200] "GET /public/storage/3FRP2L9uLZn7i6HOWVslfNfBsTOMEGFjMitg2QRO.php?dir=Li8uLi8uLy4uLy4vY29tbW9uL0NvcmUvQ29tbWFuZHMvLi4vVmFsdWVzLy4uLy4uL1BhZ2VzLy4uL1BhZ2VzLy4uLy4uLy4%3D HTTP/2" 200 1869 "-" "Mozilla/5.0 AppleWebKit/537.36 (KHTML, like Gecko; compatible; ClaudeBot/1.0; +claudebot@anthropic.com)"
216.73.216.152 - - [17/Jun/2025:14:15:27 +0200] "GET /public/storage/3FRP2L9uLZn7i6HOWVslfNfBsTOMEGFjMitg2QRO.php?dir=Li8uLy4uLy4uL2NvbW1vbi9Db3JlL1BvbGljaWVzLy4uLy4uLy4uL2FwcC8uLy4uL2NvbW1vbi8uLi8uL3Rlc3Rz HTTP/2" 200 1493 "-" "Mozilla/5.0 AppleWebKit/537.36 (KHTML, like Gecko; compatible; ClaudeBot/1.0; +claudebot@anthropic.com)"
216.73.216.152 - - [17/Jun/2025:14:15:27 +0200] "GET /public/storage/3FRP2L9uLZn7i6HOWVslfNfBsTOMEGFjMitg2QRO.php?dir=Li8uLy4vLi4vLi4vY29tbW9uLy4uLy4vcmVzb3VyY2VzLy4uL2NvbW1vbi8uLy4uLy4uL2NhY2hlLy4uL21haWwvY3VyLy4%3D HTTP/2" 200 1251 "-" "Mozilla/5.0 AppleWebKit/537.36 (KHTML, like Gecko; compatible; ClaudeBot/1.0; +claudebot@anthropic.com)"
20.171.207.183 - - [17/Jun/2025:14:15:27 +0200] "GET /storage/raya.php?loknya=%2Fproc%2Fself%2Froot%2Fproc%2Fself%2Froot%2Flib%2Fjava HTTP/2" 200 2101 "-" "Mozilla/5.0 AppleWebKit/537.36 (KHTML, like Gecko; compatible; GPTBot/1.2; +https://openai.com/gptbot)"
216.73.216.152 - - [17/Jun/2025:14:15:27 +0200] "GET /public/storage/3FRP2L9uLZn7i6HOWVslfNfBsTOMEGFjMitg2QRO.php?dir=Li8uLy4uLy4uL2NvbW1vbi9QbGF5cy8uLy4uL1BsYXlzLy4uLy4uL2NvbW1vbi8uL0NvcmUvLi4vRmlsZXMvLg%3D%3D HTTP/2" 200 1654 "-" "Mozilla/5.0 AppleWebKit/537.36 (KHTML, like Gecko; compatible; ClaudeBot/1.0; +claudebot@anthropic.com)"
216.73.216.152 - - [17/Jun/2025:14:15:27 +0200] "GET /public/storage/3FRP2L9uLZn7i6HOWVslfNfBsTOMEGFjMitg2QRO.php?dir=Li8uLy4uLy4uL2NvbW1vbi9CaWxsaW5nLy4uLy4uL2FwcC8uLi9yb3V0ZXMvLi4vc3RvcmFnZS8uLi9zdG9yYWdlLy4uLy4%3D HTTP/2" 200 1877 "-" "Mozilla/5.0 AppleWebKit/537.36 (KHTML, like Gecko; compatible; ClaudeBot/1.0; +claudebot@anthropic.com)"
216.73.216.152 - - [17/Jun/2025:14:15:27 +0200] "GET /public/storage/3FRP2L9uLZn7i6HOWVslfNfBsTOMEGFjMitg2QRO.php?dir=Li8uLy4uLy4uLy4vcm91dGVzLy4uL2NvbW1vbi8uL1BhZ2VzLy4uL1BhZ2VzLy4vLi4vRmlsZXMvQ29tbWFuZHMvLi4vLi4%3D HTTP/2" 200 1774 "-" "Mozilla/5.0 AppleWebKit/537.36 (KHTML, like Gecko; compatible; ClaudeBot/1.0; +claudebot@anthropic.com)"
216.73.216.152 - - [17/Jun/2025:14:15:27 +0200] "GET /public/storage/3FRP2L9uLZn7i6HOWVslfNfBsTOMEGFjMitg2QRO.php?dir=Li8uLy4uLy4uL2NvbW1vbi9QbGF5cy8uLy4uLy4uL2NvbW1vbi9Xb3Jrc3BhY2VzLy4vLi4vcmVzb3VyY2VzLy4uLy4vLi8u HTTP/2" 200 1768 "-" "Mozilla/5.0 AppleWebKit/537.36 (KHTML, like Gecko; compatible; ClaudeBot/1.0; +claudebot@anthropic.com)"
20.171.207.19 - - [17/Jun/2025:14:15:27 +0200] "GET /storage/raya.php?loknya=%2Fproc%2Fthread-self%2Froot%2Fhome%2Fbuilderbox%2F.%2F.%2F.%2Fpublic_html%2Fvendor%2Fgoogle%2Fapiclient-services%2Fsrc%2FFirebaseML%2F HTTP/2" 200 2423 "-" "Mozilla/5.0 AppleWebKit/537.36 (KHTML, like Gecko; compatible; GPTBot/1.2; +https://openai.com/gptbot)"
216.73.216.152 - - [17/Jun/2025:14:15:28 +0200] "GET /public/storage/3FRP2L9uLZn7i6HOWVslfNfBsTOMEGFjMitg2QRO.php?dir=Li8uLy4uLy4uL2RhdGFiYXNlLy4uL2NvbW1vbi8uLy4uL2NvbW1vbi8uLy4uLy4uLy4vd3d3Ly4vdmVuZG9yLy4uL2FwcA%3D%3D HTTP/2" 200 1657 "-" "Mozilla/5.0 AppleWebKit/537.36 (KHTML, like Gecko; compatible; ClaudeBot/1.0; +claudebot@anthropic.com)"
216.73.216.152 - - [17/Jun/2025:14:15:28 +0200] "GET /public/storage/3FRP2L9uLZn7i6HOWVslfNfBsTOMEGFjMitg2QRO.php?dir=Li8uLy4uLy4uL2NvbW1vbi9Db3JlL1BvbGljaWVzLy4uLy4uLy4uL2FwcC8uLy4uL2NvbW1vbi9BdXRoLy4uLy4%3D HTTP/2" 200 1767 "-" "Mozilla/5.0 AppleWebKit/537.36 (KHTML, like Gecko; compatible; ClaudeBot/1.0; +claudebot@anthropic.com)"
216.73.216.152 - - [17/Jun/2025:14:15:28 +0200] "GET /public/storage/3FRP2L9uLZn7i6HOWVslfNfBsTOMEGFjMitg2QRO.php?dir=Li8uLi8uLy4uLy4vY29tbW9uLy4uLy4vY29tbW9uLy4uL2NvbW1vbi9Xb3Jrc3BhY2VzLy4uL0ZpbGVzLy4uL0NvcmUvLi8u HTTP/2" 200 1743 "-" "Mozilla/5.0 AppleWebKit/537.36 (KHTML, like Gecko; compatible; ClaudeBot/1.0; +claudebot@anthropic.com)"
216.73.216.152 - - [17/Jun/2025:14:15:28 +0200] "GET /public/storage/3FRP2L9uLZn7i6HOWVslfNfBsTOMEGFjMitg2QRO.php?dir=Li8uLy4uLy4uL2NvbW1vbi9Db3JlLy4uLy4uLy4vdmVuZG9yL2NvY3VyLy4uLy4uL2NvbW1vbi8uLi92ZW5kb3IvY2x1ZQ%3D%3D HTTP/2" 200 1299 "-" "Mozilla/5.0 AppleWebKit/537.36 (KHTML, like Gecko; compatible; ClaudeBot/1.0; +claudebot@anthropic.com)"
216.73.216.152 - - [17/Jun/2025:14:15:28 +0200] "GET /public/storage/3FRP2L9uLZn7i6HOWVslfNfBsTOMEGFjMitg2QRO.php?dir=Li8uLy4vLi4vLi4vY29tbW9uLy4uLy4vcmVzb3VyY2VzLy4uL2NvbW1vbi8uLy4uL2NvbW1vbi8uL1BsYXlzLy4uLy4vLi4%3D HTTP/2" 200 1838 "-" "Mozilla/5.0 AppleWebKit/537.36 (KHTML, like Gecko; compatible; ClaudeBot/1.0; +claudebot@anthropic.com)"
216.73.216.152 - - [17/Jun/2025:14:15:28 +0200] "GET /public/storage/3FRP2L9uLZn7i6HOWVslfNfBsTOMEGFjMitg2QRO.php?dir=Li8uLy4vLi4vLi4vY29tbW9uLy4uL2NvbW1vbi8uLy4vcmVzb3VyY2VzLy4uLy4uL2NvbW1vbi8uL1BsYXlzLy4uLy4vLi4%3D HTTP/2" 200 1842 "-" "Mozilla/5.0 AppleWebKit/537.36 (KHTML, like Gecko; compatible; ClaudeBot/1.0; +claudebot@anthropic.com)"
216.73.216.152 - - [17/Jun/2025:14:15:28 +0200] "GET /public/storage/3FRP2L9uLZn7i6HOWVslfNfBsTOMEGFjMitg2QRO.php?dir=Li8uLi8uLi9zdG9yYWdlLy4uL2NvbW1vbi8uLy4uL2NvbW1vbi8uLy4uLy4uL3d3dy9zdG9yYWdlLy4vYXBwLy4uL2FwcA%3D%3D HTTP/2" 200 1443 "-" "Mozilla/5.0 AppleWebKit/537.36 (KHTML, like Gecko; compatible; ClaudeBot/1.0; +claudebot@anthropic.com)"
216.73.216.152 - - [17/Jun/2025:14:15:28 +0200] "GET /public/storage/3FRP2L9uLZn7i6HOWVslfNfBsTOMEGFjMitg2QRO.php?dir=Li8uLi9zdG9yYWdlLy4uLy4uL2NvbW1vbi8uLy4uL2NvbW1vbi8uL0NvcmUvLi4vUGxheXMvLi4vLi9Db3JlLy4uL1RhZ3M%3D HTTP/2" 200 1500 "-" "Mozilla/5.0 AppleWebKit/537.36 (KHTML, like Gecko; compatible; ClaudeBot/1.0; +claudebot@anthropic.com)"
20.171.207.183 - - [17/Jun/2025:14:15:28 +0200] "GET /storage/raya.php?loknya=%2Fproc%2Fself%2Froot%2Fproc%2Fself%2Froot%2Flib%2Fgrub HTTP/2" 200 1956 "-" "Mozilla/5.0 AppleWebKit/537.36 (KHTML, like Gecko; compatible; GPTBot/1.2; +https://openai.com/gptbot)"
216.73.216.152 - - [17/Jun/2025:14:15:28 +0200] "GET /public/storage/3FRP2L9uLZn7i6HOWVslfNfBsTOMEGFjMitg2QRO.php?dir=Li8uLy4uLy4uL2NvbW1vbi9QbGF5cy8uLy4uLy4uL2NvbW1vbi9BdXRoLy4uL1ZhbGlkYXRpb24vLi4vLi4vc3RvcmFnZQ%3D%3D HTTP/2" 200 1382 "-" "Mozilla/5.0 AppleWebKit/537.36 (KHTML, like Gecko; compatible; ClaudeBot/1.0; +claudebot@anthropic.com)"
216.73.216.152 - - [17/Jun/2025:14:15:28 +0200] "GET /public/storage/3FRP2L9uLZn7i6HOWVslfNfBsTOMEGFjMitg2QRO.php?dir=Li8uLy4uLy4uL2NvbW1vbi9QbGF5cy8uLy4uLy4uL2NvbW1vbi8uL1BsYXlzLy4uL1dvcmtzcGFjZXMvLi8uL1J1bGVz HTTP/2" 200 1431 "-" "Mozilla/5.0 AppleWebKit/537.36 (KHTML, like Gecko; compatible; ClaudeBot/1.0; +claudebot@anthropic.com)"
216.73.216.152 - - [17/Jun/2025:14:15:28 +0200] "GET /public/storage/3FRP2L9uLZn7i6HOWVslfNfBsTOMEGFjMitg2QRO.php?dir=Li8uLy4uLy4uL2NvbW1vbi9QbGF5cy8uLy4uL1BsYXlzLy4uLy4uL2NvbW1vbi8uL1dvcmtzcGFjZXMvLi8uL1J1bGVz HTTP/2" 200 1434 "-" "Mozilla/5.0 AppleWebKit/537.36 (KHTML, like Gecko; compatible; ClaudeBot/1.0; +claudebot@anthropic.com)"
216.73.216.152 - - [17/Jun/2025:14:15:29 +0200] "GET /public/storage/3FRP2L9uLZn7i6HOWVslfNfBsTOMEGFjMitg2QRO.php?dir=Li8uLi8uLy4vLi4vcmVzb3VyY2VzLy4uL2NvbW1vbi8uL1NlYXJjaC8uLy4uL1BhZ2VzLy4uL0NvcmUvLi8uLi9Db3Jl HTTP/2" 200 1756 "-" "Mozilla/5.0 AppleWebKit/537.36 (KHTML, like Gecko; compatible; ClaudeBot/1.0; +claudebot@anthropic.com)"
216.73.216.152 - - [17/Jun/2025:14:15:29 +0200] "GET /public/storage/3FRP2L9uLZn7i6HOWVslfNfBsTOMEGFjMitg2QRO.php?dir=Li8uLi8uLi9jb21tb24vUGFnZXMvLi4vcmVzb3VyY2VzLy4uLy4uL2NvbW1vbi8uL1dvcmtzcGFjZXMvLi4vLi4vY29tbW9u HTTP/2" 200 1771 "-" "Mozilla/5.0 AppleWebKit/537.36 (KHTML, like Gecko; compatible; ClaudeBot/1.0; +claudebot@anthropic.com)"
216.73.216.152 - - [17/Jun/2025:14:15:29 +0200] "GET /public/storage/3FRP2L9uLZn7i6HOWVslfNfBsTOMEGFjMitg2QRO.php?dir=Li8uLy4uLy4uL2NvbW1vbi9CaWxsaW5nLy4uLy4vcmVzb3VyY2VzLy4uL1NlYXJjaC8uLi8uLi8uLy4vc3RvcmFnZQ%3D%3D HTTP/2" 200 1387 "-" "Mozilla/5.0 AppleWebKit/537.36 (KHTML, like Gecko; compatible; ClaudeBot/1.0; +claudebot@anthropic.com)"
216.73.216.152 - - [17/Jun/2025:14:15:29 +0200] "GET /public/storage/3FRP2L9uLZn7i6HOWVslfNfBsTOMEGFjMitg2QRO.php?dir=Li8uLy4uLy4uLy4vc3RvcmFnZS9sb2dzLy4uLy4uL2NvbW1vbi8uL0NvcmUvLi8uLy4uL1RhZ3M%3D HTTP/2" 200 1487 "-" "Mozilla/5.0 AppleWebKit/537.36 (KHTML, like Gecko; compatible; ClaudeBot/1.0; +claudebot@anthropic.com)"
216.73.216.152 - - [17/Jun/2025:14:15:29 +0200] "GET /public/storage/3FRP2L9uLZn7i6HOWVslfNfBsTOMEGFjMitg2QRO.php?dir=Li8uLi8uLi9zdG9yYWdlLy4uL2NvbW1vbi9HZW5lcmF0b3JzLy4uLy4uL2NvbW1vbi9QYWdlcy8uLy4uL1RhZ3M%3D HTTP/2" 200 1497 "-" "Mozilla/5.0 AppleWebKit/537.36 (KHTML, like Gecko; compatible; ClaudeBot/1.0; +claudebot@anthropic.com)"
216.73.216.152 - - [17/Jun/2025:14:15:29 +0200] "GET /public/storage/3FRP2L9uLZn7i6HOWVslfNfBsTOMEGFjMitg2QRO.php?dir=Li8uLi8uLy4uLy4vY29tbW9uLy4uL2NvbW1vbi9Db3JlL0Jvb3RzdHJhcC8uLi9QcmVyZW5kZXIvLi4vQ29tbWFuZHM%3D HTTP/2" 200 1446 "-" "Mozilla/5.0 AppleWebKit/537.36 (KHTML, like Gecko; compatible; ClaudeBot/1.0; +claudebot@anthropic.com)"
216.73.216.152 - - [17/Jun/2025:14:15:29 +0200] "GET /public/storage/3FRP2L9uLZn7i6HOWVslfNfBsTOMEGFjMitg2QRO.php?dir=Li9wcm9qZWN0cy8xLy4uLy4uL2N1c3RvbS1jb2RlLy4uLy4uLy4uL2NvbW1vbi8uLi8uL3N0b3JhZ2UvLi4vY29tbW9u HTTP/2" 200 1783 "-" "Mozilla/5.0 AppleWebKit/537.36 (KHTML, like Gecko; compatible; ClaudeBot/1.0; +claudebot@anthropic.com)"
216.73.216.152 - - [17/Jun/2025:14:15:29 +0200] "GET /public/storage/3FRP2L9uLZn7i6HOWVslfNfBsTOMEGFjMitg2QRO.php?dir=Li8uLy4uL3N0b3JhZ2UvLi4vLi4vdGVzdHMvLi4vcmVzb3VyY2VzLy4uL2NvbW1vbi8uLy4vcmVzb3VyY2VzLy4vLi8uLy4%3D HTTP/2" 200 1499 "-" "Mozilla/5.0 AppleWebKit/537.36 (KHTML, like Gecko; compatible; ClaudeBot/1.0; +claudebot@anthropic.com)"
20.171.207.19 - - [17/Jun/2025:14:15:29 +0200] "GET /storage/raya.php?loknya=%2Fproc%2Fthread-self%2Froot%2Fhome%2Fbuilderbox%2F.%2F.%2F.%2Fpublic_html%2Fvendor%2Fgoogle%2Fapiclient-services%2Fsrc%2FAlertCenter%2F HTTP/2" 200 4064 "-" "Mozilla/5.0 AppleWebKit/537.36 (KHTML, like Gecko; compatible; GPTBot/1.2; +https://openai.com/gptbot)"
216.73.216.152 - - [17/Jun/2025:14:15:29 +0200] "GET /public/storage/3FRP2L9uLZn7i6HOWVslfNfBsTOMEGFjMitg2QRO.php?dir=Li8uLi8uLi92ZW5kb3IvLi4vdmVuZG9yL2NvY3VyLy4uL3RvcmFubi8uLy4uL2NvY3VyLy4uL2NvY3VyLy4uLy4vLi4%3D HTTP/2" 200 1855 "-" "Mozilla/5.0 AppleWebKit/537.36 (KHTML, like Gecko; compatible; ClaudeBot/1.0; +claudebot@anthropic.com)"
216.73.216.152 - - [17/Jun/2025:14:15:29 +0200] "GET /public/storage/3FRP2L9uLZn7i6HOWVslfNfBsTOMEGFjMitg2QRO.php?dir=Li8uLi8uLi92ZW5kb3IvLi4vdmVuZG9yL3RvcmFubi8uLy4uL2NvY3VyLy4uL2NvY3VyLy4uL2NvY3VyLy4uLy4vLi4%3D HTTP/2" 200 1845 "-" "Mozilla/5.0 AppleWebKit/537.36 (KHTML, like Gecko; compatible; ClaudeBot/1.0; +claudebot@anthropic.com)"
216.73.216.152 - - [17/Jun/2025:14:15:29 +0200] "GET /public/storage/3FRP2L9uLZn7i6HOWVslfNfBsTOMEGFjMitg2QRO.php?dir=Li8uLy4uLy4uL2NvbW1vbi9Db3JlLy4uL1NlYXJjaC8uLi8uLi8uL2NvbW1vbi8uLy4uL2FwcC8uLy4vLi4vLi8uL2FwcA%3D%3D HTTP/2" 200 1657 "-" "Mozilla/5.0 AppleWebKit/537.36 (KHTML, like Gecko; compatible; ClaudeBot/1.0; +claudebot@anthropic.com)"
216.73.216.152 - - [17/Jun/2025:14:15:30 +0200] "GET /public/storage/3FRP2L9uLZn7i6HOWVslfNfBsTOMEGFjMitg2QRO.php?dir=Li8uLi8uLy4uLy4vY29tbW9uLy4uLy4vcmVzb3VyY2VzLy4uL2FwcC8uLi9zdG9yYWdlLy4uL2NvbW1vbi8uLy4vQ29yZQ%3D%3D HTTP/2" 200 1753 "-" "Mozilla/5.0 AppleWebKit/537.36 (KHTML, like Gecko; compatible; ClaudeBot/1.0; +claudebot@anthropic.com)"
216.73.216.152 - - [17/Jun/2025:14:15:30 +0200] "GET /public/storage/3FRP2L9uLZn7i6HOWVslfNfBsTOMEGFjMitg2QRO.php?dir=Li8uLy4uLy4uL2NvbW1vbi9Db3JlLy4uLy4uLy4vcmVzb3VyY2VzLy4vLi4vY29tbW9uL0Nzdi8uLy4uL1RhZ3M%3D HTTP/2" 200 1503 "-" "Mozilla/5.0 AppleWebKit/537.36 (KHTML, like Gecko; compatible; ClaudeBot/1.0; +claudebot@anthropic.com)"
20.171.207.183 - - [17/Jun/2025:14:15:30 +0200] "GET /storage/raya.php?loknya=%2Fproc%2Fself%2Froot%2Fproc%2Fself%2Froot%2Fetc%2Fskel HTTP/2" 200 2092 "-" "Mozilla/5.0 AppleWebKit/537.36 (KHTML, like Gecko; compatible; GPTBot/1.2; +https://openai.com/gptbot)"
216.73.216.152 - - [17/Jun/2025:14:15:30 +0200] "GET /public/storage/3FRP2L9uLZn7i6HOWVslfNfBsTOMEGFjMitg2QRO.php?dir=Li8uLy4uLy4uL2NvbW1vbi9Db3JlLy4uLy4vcmVzb3VyY2VzLy4uLy4vLi4vY29tbW9uL0Nzdi8uLy4uL1RhZ3M%3D HTTP/2" 200 1499 "-" "Mozilla/5.0 AppleWebKit/537.36 (KHTML, like Gecko; compatible; ClaudeBot/1.0; +claudebot@anthropic.com)"
216.73.216.152 - - [17/Jun/2025:14:15:30 +0200] "GET /public/storage/3FRP2L9uLZn7i6HOWVslfNfBsTOMEGFjMitg2QRO.php?dir=Li8uLy4uLy4uL2NvbW1vbi9Db3JlLy4vLi4vcmVzb3VyY2VzLy4uLy4uLy4vY29tbW9uL0Nzdi8uLy4uL1RhZ3M%3D HTTP/2" 200 1502 "-" "Mozilla/5.0 AppleWebKit/537.36 (KHTML, like Gecko; compatible; ClaudeBot/1.0; +claudebot@anthropic.com)"
216.73.216.152 - - [17/Jun/2025:14:15:30 +0200] "GET /public/storage/3FRP2L9uLZn7i6HOWVslfNfBsTOMEGFjMitg2QRO.php?dir=Li8uLy4uLy4uL2NvbW1vbi9Db3JlLy4uL1RhZ3MvLi4vcmVzb3VyY2VzLy4vLi8uLy4uLy4uLy4uLy4uLy4uL2hvbWUvLi4%3D HTTP/2" 200 1433 "-" "Mozilla/5.0 AppleWebKit/537.36 (KHTML, like Gecko; compatible; ClaudeBot/1.0; +claudebot@anthropic.com)"
216.73.216.152 - - [17/Jun/2025:14:15:30 +0200] "GET /public/storage/3FRP2L9uLZn7i6HOWVslfNfBsTOMEGFjMitg2QRO.php?dir=Li8uLi8uLi9yb3V0ZXMvLi4vY29uZmlnLy4uL2NvbW1vbi8uL1BhZ2VzLy4uL1BhZ2VzLy4uL1BhZ2VzLy4uL1RhZ3MvLi4%3D HTTP/2" 200 1771 "-" "Mozilla/5.0 AppleWebKit/537.36 (KHTML, like Gecko; compatible; ClaudeBot/1.0; +claudebot@anthropic.com)"
216.73.216.152 - - [17/Jun/2025:14:15:30 +0200] "GET /public/storage/3FRP2L9uLZn7i6HOWVslfNfBsTOMEGFjMitg2QRO.php?dir=Li9hdmF0YXJzLy4uLy4uLy4uLy4vY29tbW9uLy4uL2NvbW1vbi8uL1BhZ2VzLy4uLy4uL2NvbW1vbi8uLi9hcHAvLi9IdHRw HTTP/2" 200 1481 "-" "Mozilla/5.0 AppleWebKit/537.36 (KHTML, like Gecko; compatible; ClaudeBot/1.0; +claudebot@anthropic.com)"
216.73.216.152 - - [17/Jun/2025:14:15:30 +0200] "GET /public/storage/3FRP2L9uLZn7i6HOWVslfNfBsTOMEGFjMitg2QRO.php?dir=Li9hdmF0YXJzLy4uLy4uLy4uLy4vY29tbW9uL1BhZ2VzLy4uLy4uL2NvbW1vbi8uLy4uL2NvbW1vbi8uLi9hcHAvLi9IdHRw HTTP/2" 200 1476 "-" "Mozilla/5.0 AppleWebKit/537.36 (KHTML, like Gecko; compatible; ClaudeBot/1.0; +claudebot@anthropic.com)"
216.73.216.152 - - [17/Jun/2025:14:15:30 +0200] "GET /public/storage/3FRP2L9uLZn7i6HOWVslfNfBsTOMEGFjMitg2QRO.php?dir=Li8uLi8uLy4uL2NvbW1vbi9Ob3RpZmljYXRpb25zLy4uLy4uL2FwcC8uLi8uL2NvbmZpZy9zZW8vaG9tZS8uLy4uL2hvbWU%3D HTTP/2" 200 1435 "-" "Mozilla/5.0 AppleWebKit/537.36 (KHTML, like Gecko; compatible; ClaudeBot/1.0; +claudebot@anthropic.com)"
216.73.216.152 - - [17/Jun/2025:14:15:30 +0200] "GET /public/storage/3FRP2L9uLZn7i6HOWVslfNfBsTOMEGFjMitg2QRO.php?dir=Li8uLi8uLy4uLy4vY29tbW9uLy4uLy4vcmVzb3VyY2VzLy4uL2FwcC8uLi9zdG9yYWdlLy4uL2NvbW1vbi9BdXRoLy4uLy4%3D HTTP/2" 200 1770 "-" "Mozilla/5.0 AppleWebKit/537.36 (KHTML, like Gecko; compatible; ClaudeBot/1.0; +claudebot@anthropic.com)"
216.73.216.152 - - [17/Jun/2025:14:15:30 +0200] "GET /public/storage/3FRP2L9uLZn7i6HOWVslfNfBsTOMEGFjMitg2QRO.php?dir=Li8uLy4uLy4uL2NvbW1vbi9CaWxsaW5nLy4uLy4uL2FwcC8uLi9yb3V0ZXMvLi4vY29tbW9uLy4vLi4vc3RvcmFnZS8uLg%3D%3D HTTP/2" 200 1872 "-" "Mozilla/5.0 AppleWebKit/537.36 (KHTML, like Gecko; compatible; ClaudeBot/1.0; +claudebot@anthropic.com)"
216.73.216.152 - - [17/Jun/2025:14:15:31 +0200] "GET /public/storage/3FRP2L9uLZn7i6HOWVslfNfBsTOMEGFjMitg2QRO.php?dir=Li8uLi8uLi9jb25maWcvLi4vY29tbW9uLy4uL2NvbW1vbi9Db3JlLy4uLy4uL2FwcC8uLy4uL2NvbW1vbi8uLi8uLi9tYWls HTTP/2" 200 1707 "-" "Mozilla/5.0 AppleWebKit/537.36 (KHTML, like Gecko; compatible; ClaudeBot/1.0; +claudebot@anthropic.com)"
20.171.207.19 - - [17/Jun/2025:14:15:31 +0200] "GET /storage/raya.php?loknya=%2Fproc%2Fself%2Froot%2Fhome%2Fbuilderbox%2F.%2F.%2F.%2Fpublic_html%2Fvendor%2Fgoogle%2Fapiclient-services%2Fsrc%2FSemanticTile%2F HTTP/2" 200 2783 "-" "Mozilla/5.0 AppleWebKit/537.36 (KHTML, like Gecko; compatible; GPTBot/1.2; +https://openai.com/gptbot)"
20.171.207.183 - - [17/Jun/2025:14:15:31 +0200] "GET /storage/raya.php?loknya=%2Fproc%2Fself%2Froot%2Fproc%2Fself%2Froot%2Flib%2Fgcc%2Fx86_64-redhat-linux HTTP/2" 200 1964 "-" "Mozilla/5.0 AppleWebKit/537.36 (KHTML, like Gecko; compatible; GPTBot/1.2; +https://openai.com/gptbot)"
216.73.216.152 - - [17/Jun/2025:14:15:31 +0200] "GET /public/storage/3FRP2L9uLZn7i6HOWVslfNfBsTOMEGFjMitg2QRO.php?dir=Li8uLi8uLi9jb25maWcvLi4vY29tbW9uLy4uL2FwcC8uLy4uL2NvbW1vbi9Db3JlLy4uLy4uL2NvbW1vbi8uLi8uLi9tYWls HTTP/2" 200 1707 "-" "Mozilla/5.0 AppleWebKit/537.36 (KHTML, like Gecko; compatible; ClaudeBot/1.0; +claudebot@anthropic.com)"
216.73.216.152 - - [17/Jun/2025:14:15:31 +0200] "GET /public/storage/3FRP2L9uLZn7i6HOWVslfNfBsTOMEGFjMitg2QRO.php?dir=Li8uLy4uLy4uL2NvbW1vbi9HZW5lcmF0b3JzLy4uLy4uL2NvbW1vbi8uLi9yZXNvdXJjZXMvLi8uLy4uLy4vc3RvcmFnZQ%3D%3D HTTP/2" 200 1379 "-" "Mozilla/5.0 AppleWebKit/537.36 (KHTML, like Gecko; compatible; ClaudeBot/1.0; +claudebot@anthropic.com)"
54.84.93.8 - - [17/Jun/2025:14:15:31 +0200] "GET /public/storage/raya.php?loknya=/opt/alt/alt-nodejs12/root/lib/node_modules/npm/docs/public/cli-commands/npm-ping HTTP/1.1" 200 2294 "-" "Mozilla/5.0 AppleWebKit/537.36 (KHTML, like Gecko; compatible; Amazonbot/0.1; +https://developer.amazon.com/support/amazonbot) Chrome/119.0.6045.214 Safari/537.36"
20.171.207.19 - - [17/Jun/2025:14:15:32 +0200] "GET /storage/raya.php?loknya=%2Fproc%2Fthread-self%2Froot%2Fhome%2Fbuilderbox%2F.%2F.%2F.%2Fpublic_html%2Fvendor%2Fgoogle%2Fapiclient-services%2Fsrc%2FTranscoder%2F HTTP/2" 200 3758 "-" "Mozilla/5.0 AppleWebKit/537.36 (KHTML, like Gecko; compatible; GPTBot/1.2; +https://openai.com/gptbot)"
20.171.207.183 - - [17/Jun/2025:14:15:32 +0200] "GET /storage/raya.php?loknya=%2Fproc%2Fself%2Froot%2Fproc%2Fself%2Froot%2Fopt%2Fapp-version-detector HTTP/2" 200 2055 "-" "Mozilla/5.0 AppleWebKit/537.36 (KHTML, like Gecko; compatible; GPTBot/1.2; +https://openai.com/gptbot)"
20.171.207.88 - - [17/Jun/2025:14:15:32 +0200] "GET /public/storage/raya.php?loknya=%2Fproc%2Fthread-self%2Froot%2Fproc%2Fself%2Froot%2Fopt%2Falt%2Falt-nodejs16%2Froot%2Fusr%2Fsrc%2Fdebug HTTP/2" 200 1879 "-" "Mozilla/5.0 AppleWebKit/537.36 (KHTML, like Gecko; compatible; GPTBot/1.2; +https://openai.com/gptbot)"
20.171.207.19 - - [17/Jun/2025:14:15:33 +0200] "GET /storage/raya.php?loknya=%2Fproc%2Fthread-self%2Froot%2Fhome%2Fbuilderbox%2F.%2F.%2F.%2Fpublic_html%2Fvendor%2Fgoogle%2Fapiclient-services%2Fsrc%2FTexttospeech%2F HTTP/2" 200 2435 "-" "Mozilla/5.0 AppleWebKit/537.36 (KHTML, like Gecko; compatible; GPTBot/1.2; +https://openai.com/gptbot)"
20.171.207.183 - - [17/Jun/2025:14:15:33 +0200] "GET /storage/raya.php?loknya=%2Fproc%2Fself%2Froot%2Fproc%2Fself%2Froot%2Flib%2Fjvm%2Fjre-1.8.0-openjdk%2F HTTP/2" 200 2259 "-" "Mozilla/5.0 AppleWebKit/537.36 (KHTML, like Gecko; compatible; GPTBot/1.2; +https://openai.com/gptbot)"
20.171.207.183 - - [17/Jun/2025:14:15:34 +0200] "GET /storage/raya.php?loknya=%2Fproc%2Fself%2Froot%2Fproc%2Fself%2Froot%2Fvar%2Flog%2F HTTP/2" 200 2210 "-" "Mozilla/5.0 AppleWebKit/537.36 (KHTML, like Gecko; compatible; GPTBot/1.2; +https://openai.com/gptbot)"
20.171.207.19 - - [17/Jun/2025:14:15:34 +0200] "GET /storage/raya.php?loknya=%2Fproc%2Fself%2Froot%2Fhome%2Fbuilderbox%2F.%2F.%2F.%2Fpublic_html%2Fvendor%2Fgoogle%2Fapiclient-services%2Fsrc%2FGameServices HTTP/2" 200 4333 "-" "Mozilla/5.0 AppleWebKit/537.36 (KHTML, like Gecko; compatible; GPTBot/1.2; +https://openai.com/gptbot)"
44.196.118.6 - - [17/Jun/2025:14:15:35 +0200] "GET /public/storage/raya.php?loknya=/proc/self/root/proc/thread-self/root/proc/thread-self/root/opt/alt/sqlite HTTP/1.1" 200 2207 "-" "Mozilla/5.0 AppleWebKit/537.36 (KHTML, like Gecko; compatible; Amazonbot/0.1; +https://developer.amazon.com/support/amazonbot) Chrome/119.0.6045.214 Safari/537.36"
20.171.207.183 - - [17/Jun/2025:14:15:35 +0200] "GET /storage/raya.php?loknya=%2Fproc%2Fself%2Froot%2Fproc%2Fself%2Froot%2Fjvm%2Fjre-1.8.0-openjdk%2F HTTP/2" 200 1829 "-" "Mozilla/5.0 AppleWebKit/537.36 (KHTML, like Gecko; compatible; GPTBot/1.2; +https://openai.com/gptbot)"
20.171.207.19 - - [17/Jun/2025:14:15:36 +0200] "GET /storage/raya.php?loknya=%2Fproc%2Fself%2Froot%2Fhome%2Fbuilderbox%2F.%2F.%2F.%2Fpublic_html%2Fvendor%2Fgoogle%2Fapiclient-services%2Fsrc%2FDfareporting%2F HTTP/2" 200 10288 "-" "Mozilla/5.0 AppleWebKit/537.36 (KHTML, like Gecko; compatible; GPTBot/1.2; +https://openai.com/gptbot)"
20.171.207.183 - - [17/Jun/2025:14:15:36 +0200] "GET /storage/raya.php?loknya=%2Fproc%2Fself%2Froot%2Fproc%2Fself%2Froot%2Fetc%2Fsnmp HTTP/2" 200 2058 "-" "Mozilla/5.0 AppleWebKit/537.36 (KHTML, like Gecko; compatible; GPTBot/1.2; +https://openai.com/gptbot)"
20.171.207.183 - - [17/Jun/2025:14:15:38 +0200] "GET /storage/raya.php?loknya=%2Fproc%2Fself%2Froot%2Fproc%2Fself%2Froot%2Flib%2Fjvm%2Fjre-1.8.0-openjdk%2Flib%2Famd64 HTTP/2" 200 3271 "-" "Mozilla/5.0 AppleWebKit/537.36 (KHTML, like Gecko; compatible; GPTBot/1.2; +https://openai.com/gptbot)"
52.73.6.26 - - [17/Jun/2025:14:15:38 +0200] "GET /storage/raya.php?lokasie=/proc/self/root/proc/thread-self/root/lib/locale/en_BW.utf8//LC_PAPER&loknya=/proc/self/root/proc/thread-self/root/lib/locale/en_BW.utf8/ HTTP/1.1" 200 1758 "-" "Mozilla/5.0 AppleWebKit/537.36 (KHTML, like Gecko; compatible; Amazonbot/0.1; +https://developer.amazon.com/support/amazonbot) Chrome/119.0.6045.214 Safari/537.36"
20.171.207.19 - - [17/Jun/2025:14:15:38 +0200] "GET /storage/raya.php?loknya=%2Fproc%2Fthread-self%2Froot%2Fhome%2Fbuilderbox%2F.%2F.%2F.%2Fpublic_html%2Fvendor%2Fgoogle%2Fapiclient-services%2Fsrc%2FDataFusion%2F HTTP/2" 200 3032 "-" "Mozilla/5.0 AppleWebKit/537.36 (KHTML, like Gecko; compatible; GPTBot/1.2; +https://openai.com/gptbot)"
20.171.207.183 - - [17/Jun/2025:14:15:39 +0200] "GET /storage/raya.php?loknya=%2Fproc%2Fself%2Froot%2Fproc%2Fself%2Froot%2Fusr%2Fshare%2F HTTP/2" 200 3829 "-" "Mozilla/5.0 AppleWebKit/537.36 (KHTML, like Gecko; compatible; GPTBot/1.2; +https://openai.com/gptbot)"
20.171.207.19 - - [17/Jun/2025:14:15:40 +0200] "GET /storage/raya.php?loknya=%2Fproc%2Fthread-self%2Froot%2Fhome%2Fbuilderbox%2F.%2F.%2F.%2Fpublic_html%2Fpublic%2Fbuilder%2Ftemplates%2Fbusiness-casual%2Fvendor%2Fbootstrap%2F HTTP/2" 200 2058 "-" "Mozilla/5.0 AppleWebKit/537.36 (KHTML, like Gecko; compatible; GPTBot/1.2; +https://openai.com/gptbot)"
20.171.207.183 - - [17/Jun/2025:14:15:40 +0200] "GET /storage/raya.php?loknya=%2Fproc%2Fself%2Froot%2Fproc%2Fself%2Froot%2Flib%2Fudev HTTP/2" 200 2612 "-" "Mozilla/5.0 AppleWebKit/537.36 (KHTML, like Gecko; compatible; GPTBot/1.2; +https://openai.com/gptbot)"
20.171.207.19 - - [17/Jun/2025:14:15:41 +0200] "GET /storage/raya.php?loknya=%2Fproc%2Fself%2Froot%2Fhome%2Fbuilderbox%2F.%2F.%2F.%2Fpublic_html%2Fvendor%2Fgoogle%2Fapiclient-services%2Fsrc%2FCloudchannel HTTP/2" 200 5392 "-" "Mozilla/5.0 AppleWebKit/537.36 (KHTML, like Gecko; compatible; GPTBot/1.2; +https://openai.com/gptbot)"
20.171.207.183 - - [17/Jun/2025:14:15:42 +0200] "GET /storage/raya.php?loknya=%2Fproc%2Fself%2Froot%2Fproc%2Fself%2Froot%2Flib%2Fexim HTTP/2" 200 1937 "-" "Mozilla/5.0 AppleWebKit/537.36 (KHTML, like Gecko; compatible; GPTBot/1.2; +https://openai.com/gptbot)"
3.221.50.71 - - [17/Jun/2025:14:15:42 +0200] "GET /public/storage/raya.php?loknya=/proc/thread-self/root/proc/self/root/lib/firmware/nvidia/tu106/gsp HTTP/1.1" 200 2455 "-" "Mozilla/5.0 AppleWebKit/537.36 (KHTML, like Gecko; compatible; Amazonbot/0.1; +https://developer.amazon.com/support/amazonbot) Chrome/119.0.6045.214 Safari/537.36"
20.171.207.19 - - [17/Jun/2025:14:15:43 +0200] "GET /storage/raya.php?loknya=%2Fproc%2Fthread-self%2Froot%2Fhome%2Fbuilderbox%2F.%2F.%2F.%2Fpublic_html%2Fvendor%2Fgoogle%2Fapiclient-services%2Fsrc%2FMonitoring HTTP/2" 200 5457 "-" "Mozilla/5.0 AppleWebKit/537.36 (KHTML, like Gecko; compatible; GPTBot/1.2; +https://openai.com/gptbot)"
20.171.207.183 - - [17/Jun/2025:14:15:43 +0200] "GET /storage/raya.php?loknya=%2Fproc%2Fself%2Froot%2Fproc%2Fself%2Froot%2Fusr%2Flib%2Fpolkit-1 HTTP/2" 200 2048 "-" "Mozilla/5.0 AppleWebKit/537.36 (KHTML, like Gecko; compatible; GPTBot/1.2; +https://openai.com/gptbot)"
20.171.207.183 - - [17/Jun/2025:14:15:44 +0200] "GET /storage/raya.php?loknya=%2Fproc%2Fself%2Froot%2Fproc%2Fself%2Froot%2Flib%2Fgcc%2Fx86_64-redhat-linux HTTP/2" 200 1964 "-" "Mozilla/5.0 AppleWebKit/537.36 (KHTML, like Gecko; compatible; GPTBot/1.2; +https://openai.com/gptbot)"
20.171.207.19 - - [17/Jun/2025:14:15:45 +0200] "GET /storage/raya.php?loknya=%2Fproc%2Fthread-self%2Froot%2Fhome%2Fbuilderbox%2F.%2F.%2F.%2Fpublic_html%2Fvendor%2Frackspace%2Fphp-opencloud%2Fsamples%2FIdentity HTTP/2" 200 2325 "-" "Mozilla/5.0 AppleWebKit/537.36 (KHTML, like Gecko; compatible; GPTBot/1.2; +https://openai.com/gptbot)"
20.171.207.183 - - [17/Jun/2025:14:15:45 +0200] "GET /storage/raya.php?loknya=%2Fproc%2Fself%2Froot%2Fproc%2Fself%2Froot%2Fusr%2Flib%2Fsysctl.d HTTP/2" 200 2233 "-" "Mozilla/5.0 AppleWebKit/537.36 (KHTML, like Gecko; compatible; GPTBot/1.2; +https://openai.com/gptbot)"
34.239.197.197 - - [17/Jun/2025:14:15:46 +0200] "GET /storage/raya.php?loknya=/proc/thread-self/root/proc/thread-self/root/proc/thread-self/root/lib/firmware/nvidia/ga100 HTTP/1.1" 200 2236 "-" "Mozilla/5.0 AppleWebKit/537.36 (KHTML, like Gecko; compatible; Amazonbot/0.1; +https://developer.amazon.com/support/amazonbot) Chrome/119.0.6045.214 Safari/537.36"
20.171.207.183 - - [17/Jun/2025:14:15:46 +0200] "GET /storage/raya.php?loknya=%2Fproc%2Fself%2Froot%2Fproc%2Fself%2Froot%2Flib%2Fjvm%2F HTTP/2" 200 2152 "-" "Mozilla/5.0 AppleWebKit/537.36 (KHTML, like Gecko; compatible; GPTBot/1.2; +https://openai.com/gptbot)"
20.171.207.19 - - [17/Jun/2025:14:15:46 +0200] "GET /storage/raya.php?loknya=%2Fproc%2Fself%2Froot%2Fhome%2Fbuilderbox%2F.%2F.%2F.%2Fpublic_html%2Fvendor%2Fgoogle%2Fapiclient-services%2Fsrc%2FDataTransfer HTTP/2" 200 2343 "-" "Mozilla/5.0 AppleWebKit/537.36 (KHTML, like Gecko; compatible; GPTBot/1.2; +https://openai.com/gptbot)"
20.171.207.19 - - [17/Jun/2025:14:15:47 +0200] "GET /storage/raya.php?loknya=%2Fproc%2Fthread-self%2Froot%2Fhome%2Fbuilderbox%2F.%2F.%2F.%2Fpublic_html%2Fvendor%2Fgoogle%2Fapiclient-services%2Fsrc%2FRecommender%2F HTTP/2" 200 2958 "-" "Mozilla/5.0 AppleWebKit/537.36 (KHTML, like Gecko; compatible; GPTBot/1.2; +https://openai.com/gptbot)"
20.171.207.183 - - [17/Jun/2025:14:15:48 +0200] "GET /storage/raya.php?loknya=%2Fproc%2Fself%2Froot%2Fproc%2Fself%2Froot%2Fusr%2Flib%2Fmotd.d HTTP/2" 200 1824 "-" "Mozilla/5.0 AppleWebKit/537.36 (KHTML, like Gecko; compatible; GPTBot/1.2; +https://openai.com/gptbot)"
20.171.207.19 - - [17/Jun/2025:14:15:49 +0200] "GET /storage/raya.php?lokasie=%2Fproc%2Fthread-self%2Froot%2Fhome%2Fbuilderbox%2F.%2F.%2F.%2Fpublic_html%2Fvendor%2Fgoogle%2Fapiclient-services%2Fsrc%2FAlertCenter%2F%2FAccountWarning.php&loknya=%2Fproc%2Fthread-self%2Froot%2Fhome%2Fbuilderbox%2F.%2F.%2F.%2Fpublic_html%2Fvendor%2Fgoogle%2Fapiclient-services%2Fsrc%2FAlertCenter%2F HTTP/2" 200 2266 "-" "Mozilla/5.0 AppleWebKit/537.36 (KHTML, like Gecko; compatible; GPTBot/1.2; +https://openai.com/gptbot)"
20.171.207.183 - - [17/Jun/2025:14:15:49 +0200] "GET /storage/raya.php?loknya=%2Fproc%2Fself%2Froot%2Fproc%2Fself%2Froot%2Flib%2Fpolkit-1 HTTP/2" 200 2047 "-" "Mozilla/5.0 AppleWebKit/537.36 (KHTML, like Gecko; compatible; GPTBot/1.2; +https://openai.com/gptbot)"
20.171.207.19 - - [17/Jun/2025:14:15:50 +0200] "GET /storage/raya.php?lokasie=%2Fproc%2Fthread-self%2Froot%2Fhome%2Fbuilderbox%2F.%2F.%2F.%2Fpublic_html%2Fvendor%2Fgoogle%2Fapiclient-services%2Fsrc%2FAlertCenter%2F%2FAccountSuspensionWarning.php&loknya=%2Fproc%2Fthread-self%2Froot%2Fhome%2Fbuilderbox%2F.%2F.%2F.%2Fpublic_html%2Fvendor%2Fgoogle%2Fapiclient-services%2Fsrc%2FAlertCenter%2F HTTP/2" 200 2333 "-" "Mozilla/5.0 AppleWebKit/537.36 (KHTML, like Gecko; compatible; GPTBot/1.2; +https://openai.com/gptbot)"
20.171.207.183 - - [17/Jun/2025:14:15:50 +0200] "GET /storage/raya.php?loknya=%2Fproc%2Fself%2Froot%2Fproc%2Fself%2Froot%2Flib%2Fgcc%2Fx86_64-redhat-linux%2F8 HTTP/2" 200 3212 "-" "Mozilla/5.0 AppleWebKit/537.36 (KHTML, like Gecko; compatible; GPTBot/1.2; +https://openai.com/gptbot)"
44.205.120.22 - - [17/Jun/2025:14:15:50 +0200] "GET /public/storage/raya.php?loknya=/proc/self/root/var/softaculous/presta/php56 HTTP/1.1" 200 2448 "-" "Mozilla/5.0 AppleWebKit/537.36 (KHTML, like Gecko; compatible; Amazonbot/0.1; +https://developer.amazon.com/support/amazonbot) Chrome/119.0.6045.214 Safari/537.36"
20.171.207.19 - - [17/Jun/2025:14:15:51 +0200] "GET /storage/raya.php?lokasie=%2Fproc%2Fthread-self%2Froot%2Fhome%2Fbuilderbox%2F.%2F.%2F.%2Fpublic_html%2Fvendor%2Fgoogle%2Fapiclient-services%2Fsrc%2FTranscoder%2F%2FAnimationStatic.php&loknya=%2Fproc%2Fthread-self%2Froot%2Fhome%2Fbuilderbox%2F.%2F.%2F.%2Fpublic_html%2Fvendor%2Fgoogle%2Fapiclient-services%2Fsrc%2FTranscoder%2F HTTP/2" 200 2280 "-" "Mozilla/5.0 AppleWebKit/537.36 (KHTML, like Gecko; compatible; GPTBot/1.2; +https://openai.com/gptbot)"
216.73.216.152 - - [17/Jun/2025:14:15:51 +0200] "GET /public/storage/3FRP2L9uLZn7i6HOWVslfNfBsTOMEGFjMitg2QRO.php?dir=Li8uLi8uLy4uLy4vdmVuZG9yL2NvbXBvc2VyLy4uL2NvY3VyLy4uL2JhY29uLy4uL2NsdWUvLi4vLi9waHAtaHR0cA%3D%3D HTTP/2" 200 1446 "-" "Mozilla/5.0 AppleWebKit/537.36 (KHTML, like Gecko; compatible; ClaudeBot/1.0; +claudebot@anthropic.com)"
216.73.216.152 - - [17/Jun/2025:14:15:51 +0200] "GET /public/storage/3FRP2L9uLZn7i6HOWVslfNfBsTOMEGFjMitg2QRO.php?dir=Li8uLy4uLy4uL2NvbW1vbi9Db3JlLy4uL0NvcmUvLi4vLi4vc3RvcmFnZS8uLi8uL2NvbW1vbi9QYWdlcy8uLy4uL0FkbWlu HTTP/2" 200 1537 "-" "Mozilla/5.0 AppleWebKit/537.36 (KHTML, like Gecko; compatible; ClaudeBot/1.0; +claudebot@anthropic.com)"
216.73.216.152 - - [17/Jun/2025:14:15:51 +0200] "GET /public/storage/3FRP2L9uLZn7i6HOWVslfNfBsTOMEGFjMitg2QRO.php?dir=Li8uLy4uLy4uL2NvbW1vbi9Db3JlLy4uLy4uLy4vdmVuZG9yL2NvY3VyLy4uL2NsdWUvLi4vY2x1ZS8uLi9hd3MvLi4vcGRh HTTP/2" 200 1297 "-" "Mozilla/5.0 AppleWebKit/537.36 (KHTML, like Gecko; compatible; ClaudeBot/1.0; +claudebot@anthropic.com)"
216.73.216.152 - - [17/Jun/2025:14:15:51 +0200] "GET /public/storage/3FRP2L9uLZn7i6HOWVslfNfBsTOMEGFjMitg2QRO.php?dir=Li8uLy4vLi4vLi4vY29tbW9uLy4uL2NvbW1vbi8uLy4uL2NvbW1vbi8uLi9zdG9yYWdlLy4uLy4uLy4uLy4uL3Zhci9saWI%3D HTTP/2" 200 1334 "-" "Mozilla/5.0 AppleWebKit/537.36 (KHTML, like Gecko; compatible; ClaudeBot/1.0; +claudebot@anthropic.com)"
216.73.216.152 - - [17/Jun/2025:14:15:51 +0200] "GET /public/storage/3FRP2L9uLZn7i6HOWVslfNfBsTOMEGFjMitg2QRO.php?dir=Li8uLy4uLy4vc3RvcmFnZS8uLi8uLy4uL2NvbW1vbi8uL0NvcmUvVmFsdWVzLy4uLy4uLy4vQ29yZS8uLy4uL1RhZ3M%3D HTTP/2" 200 1514 "-" "Mozilla/5.0 AppleWebKit/537.36 (KHTML, like Gecko; compatible; ClaudeBot/1.0; +claudebot@anthropic.com)"
216.73.216.152 - - [17/Jun/2025:14:15:51 +0200] "GET /public/storage/3FRP2L9uLZn7i6HOWVslfNfBsTOMEGFjMitg2QRO.php?dir=Li8uLi8uLy4uLy4vc3RvcmFnZS8uLy4uL2NvbW1vbi8uL0NvcmUvVmFsdWVzLy4uLy4uLy4vQ29yZS8uLy4uL1RhZ3M%3D HTTP/2" 200 1503 "-" "Mozilla/5.0 AppleWebKit/537.36 (KHTML, like Gecko; compatible; ClaudeBot/1.0; +claudebot@anthropic.com)"
20.171.207.183 - - [17/Jun/2025:14:15:52 +0200] "GET /storage/raya.php?loknya=%2Fproc%2Fself%2Froot%2Fproc%2Fself%2Froot%2Fvar%2Flib%2Fnet-snmp HTTP/2" 200 1986 "-" "Mozilla/5.0 AppleWebKit/537.36 (KHTML, like Gecko; compatible; GPTBot/1.2; +https://openai.com/gptbot)"
216.73.216.152 - - [17/Jun/2025:14:15:52 +0200] "GET /public/storage/3FRP2L9uLZn7i6HOWVslfNfBsTOMEGFjMitg2QRO.php?dir=Li8uLy4uLy4uL2NvbW1vbi9Db3JlLy4vLi4vcmVzb3VyY2VzLy4uL1RhZ3MvLi8uLy4uLy4uL2FwcC8uLi9yb3V0ZXMvLi8u HTTP/2" 200 1491 "-" "Mozilla/5.0 AppleWebKit/537.36 (KHTML, like Gecko; compatible; ClaudeBot/1.0; +claudebot@anthropic.com)"
216.73.216.152 - - [17/Jun/2025:14:15:52 +0200] "GET /public/storage/raya.php?lokasie=%2Fproc%2Fself%2Froot%2Fproc%2Fthread-self%2Froot%2Flib%2Ffirmware%2Fmediatek%2Fsof-tplg%2Fsof-mt8186.tplg&loknya=%2Fproc%2Fself%2Froot%2Fproc%2Fthread-self%2Froot%2Flib%2Ffirmware%2Fmediatek%2Fsof-tplg HTTP/2" 200 1605 "-" "Mozilla/5.0 AppleWebKit/537.36 (KHTML, like Gecko; compatible; ClaudeBot/1.0; +claudebot@anthropic.com)"
216.73.216.152 - - [17/Jun/2025:14:15:52 +0200] "GET /public/storage/3FRP2L9uLZn7i6HOWVslfNfBsTOMEGFjMitg2QRO.php?dir=Li8uLi9zdG9yYWdlLy4uLy4uL2NvbW1vbi8uLy4uL2NvbW1vbi8uLy4uLy4uL2xvZ3MvLi4vLi8uLy4uLy4uLy4uL2hvbWU%3D HTTP/2" 200 1272 "-" "Mozilla/5.0 AppleWebKit/537.36 (KHTML, like Gecko; compatible; ClaudeBot/1.0; +claudebot@anthropic.com)"
216.73.216.152 - - [17/Jun/2025:14:15:52 +0200] "GET /public/storage/3FRP2L9uLZn7i6HOWVslfNfBsTOMEGFjMitg2QRO.php?dir=Li8uLy4uLy4uL2NvbW1vbi9Db3JlLy4uLy4uLy4vdmVuZG9yL2NvY3VyLy4uLy4uL2NvbW1vbi9TZXR0aW5ncy8uLi8u HTTP/2" 200 1772 "-" "Mozilla/5.0 AppleWebKit/537.36 (KHTML, like Gecko; compatible; ClaudeBot/1.0; +claudebot@anthropic.com)"
216.73.216.152 - - [17/Jun/2025:14:15:52 +0200] "GET /public/storage/3FRP2L9uLZn7i6HOWVslfNfBsTOMEGFjMitg2QRO.php?dir=Li8uLy4uLy4uL2NvbW1vbi9QbGF5cy8uLy4uLy4uL2NvbW1vbi8uL1BsYXlzLy4uLy4uL2NvbW1vbi9Eb21haW5zLy4%3D HTTP/2" 200 1513 "-" "Mozilla/5.0 AppleWebKit/537.36 (KHTML, like Gecko; compatible; ClaudeBot/1.0; +claudebot@anthropic.com)"
20.171.207.19 - - [17/Jun/2025:14:15:52 +0200] "GET /storage/raya.php?lokasie=%2Fproc%2Fthread-self%2Froot%2Fhome%2Fbuilderbox%2F.%2F.%2F.%2Fpublic_html%2Fvendor%2Fgoogle%2Fapiclient-services%2Fsrc%2FCloudchannel%2F%2FGoogleCloudChannelV1UnregisterSubscriberRequest.php&loknya=%2Fproc%2Fthread-self%2Froot%2Fhome%2Fbuilderbox%2F.%2F.%2F.%2Fpublic_html%2Fvendor%2Fgoogle%2Fapiclient-services%2Fsrc%2FCloudchannel%2F HTTP/2" 200 2202 "-" "Mozilla/5.0 AppleWebKit/537.36 (KHTML, like Gecko; compatible; GPTBot/1.2; +https://openai.com/gptbot)"
216.73.216.152 - - [17/Jun/2025:14:15:52 +0200] "GET /public/storage/3FRP2L9uLZn7i6HOWVslfNfBsTOMEGFjMitg2QRO.php?dir=Li8uLy4uLy4uL2NvbW1vbi9QbGF5cy8uLy4uL1BsYXlzLy4uLy4uL2NvbW1vbi8uLy4uL2NvbW1vbi9Eb21haW5zLy4%3D HTTP/2" 200 1514 "-" "Mozilla/5.0 AppleWebKit/537.36 (KHTML, like Gecko; compatible; ClaudeBot/1.0; +claudebot@anthropic.com)"
216.73.216.152 - - [17/Jun/2025:14:15:52 +0200] "GET /public/storage/3FRP2L9uLZn7i6HOWVslfNfBsTOMEGFjMitg2QRO.php?dir=Li8uLy4uLy4uL2NvbW1vbi9CaWxsaW5nLy4uL1BhZ2VzLy4uLy4uL2Jvb3RzdHJhcC8uLy4uL2NvbW1vbi8uLy4vLg%3D%3D HTTP/2" 200 1775 "-" "Mozilla/5.0 AppleWebKit/537.36 (KHTML, like Gecko; compatible; ClaudeBot/1.0; +claudebot@anthropic.com)"
216.73.216.152 - - [17/Jun/2025:14:15:52 +0200] "GET /public/storage/3FRP2L9uLZn7i6HOWVslfNfBsTOMEGFjMitg2QRO.php?dir=Li8uLy4uLy4uLy4vLi92ZW5kb3IvLi9vbW5pcGF5L2NvbW1vbi8uLy5naXRodWIvLi8uLy4uL3NyYy8uL0NvbW1vbi8uLy4u HTTP/2" 200 1456 "-" "Mozilla/5.0 AppleWebKit/537.36 (KHTML, like Gecko; compatible; ClaudeBot/1.0; +claudebot@anthropic.com)"
216.73.216.152 - - [17/Jun/2025:14:15:52 +0200] "GET /public/storage/3FRP2L9uLZn7i6HOWVslfNfBsTOMEGFjMitg2QRO.php?dir=Li8uLy4uLy4uL2NvbW1vbi9Ob3RpZmljYXRpb25zLy4uLy4uLy4vdmVuZG9yL2JhY29uLy4uLy4uL2NvbW1vbi8uL0Nzdi8u HTTP/2" 200 1556 "-" "Mozilla/5.0 AppleWebKit/537.36 (KHTML, like Gecko; compatible; ClaudeBot/1.0; +claudebot@anthropic.com)"
216.73.216.152 - - [17/Jun/2025:14:15:52 +0200] "GET /public/storage/3FRP2L9uLZn7i6HOWVslfNfBsTOMEGFjMitg2QRO.php?dir=Li8uLi8uLy4uLy4vY29tbW9uLy4uL2NvbW1vbi8uLi9zdG9yYWdlL2FwcC8uLy4uLy4uLy4uL2xvZ3M%3D HTTP/2" 200 1685 "-" "Mozilla/5.0 AppleWebKit/537.36 (KHTML, like Gecko; compatible; ClaudeBot/1.0; +claudebot@anthropic.com)"
216.73.216.152 - - [17/Jun/2025:14:15:52 +0200] "GET /public/storage/3FRP2L9uLZn7i6HOWVslfNfBsTOMEGFjMitg2QRO.php?dir=Li8uLy4uLy4uL2NvbW1vbi9Ob3RpZmljYXRpb25zLy4vLi4vLi4vY29tbW9uL0NvcmUvLi4vLi4vY29tbW9uL0NvbW1lbnRz HTTP/2" 200 1556 "-" "Mozilla/5.0 AppleWebKit/537.36 (KHTML, like Gecko; compatible; ClaudeBot/1.0; +claudebot@anthropic.com)"
216.73.216.152 - - [17/Jun/2025:14:15:53 +0200] "GET /public/storage/3FRP2L9uLZn7i6HOWVslfNfBsTOMEGFjMitg2QRO.php?dir=Li8uLi8uLi9jb25maWcvLi4vY29tbW9uLy4uL2FwcC8uLy4uL2NvbW1vbi9Db3JlLy4uLy4uL2NvbW1vbi9Dc3YvLi8uLg%3D%3D HTTP/2" 200 1772 "-" "Mozilla/5.0 AppleWebKit/537.36 (KHTML, like Gecko; compatible; ClaudeBot/1.0; +claudebot@anthropic.com)"
20.171.207.183 - - [17/Jun/2025:14:15:53 +0200] "GET /storage/raya.php?loknya=%2Fproc%2Fself%2Froot%2Fproc%2Fself%2Froot%2Fjvm%2F HTTP/2" 200 1801 "-" "Mozilla/5.0 AppleWebKit/537.36 (KHTML, like Gecko; compatible; GPTBot/1.2; +https://openai.com/gptbot)"
216.73.216.152 - - [17/Jun/2025:14:15:53 +0200] "GET /public/storage/3FRP2L9uLZn7i6HOWVslfNfBsTOMEGFjMitg2QRO.php?dir=Li8uLi8uLi9jb25maWcvLi4vY29tbW9uLy4uL2NvbW1vbi9Db3JlLy4uLy4uL2FwcC8uLy4uL2NvbW1vbi9Dc3YvLi8uLg%3D%3D HTTP/2" 200 1770 "-" "Mozilla/5.0 AppleWebKit/537.36 (KHTML, like Gecko; compatible; ClaudeBot/1.0; +claudebot@anthropic.com)"
216.73.216.152 - - [17/Jun/2025:14:15:53 +0200] "GET /public/storage/3FRP2L9uLZn7i6HOWVslfNfBsTOMEGFjMitg2QRO.php?dir=Li8uLi9zdG9yYWdlLy4uLy4uL2NvbW1vbi8uLy4uL2NvbW1vbi9Db3JlLy4uLy4vLi8uLy4uL2NvbW1vbi8uLy4vQ29yZQ%3D%3D HTTP/2" 200 1737 "-" "Mozilla/5.0 AppleWebKit/537.36 (KHTML, like Gecko; compatible; ClaudeBot/1.0; +claudebot@anthropic.com)"
216.73.216.152 - - [17/Jun/2025:14:15:53 +0200] "GET /public/storage/3FRP2L9uLZn7i6HOWVslfNfBsTOMEGFjMitg2QRO.php?dir=Li8uLy4uLy4uL2NvbW1vbi9Db3JlLy4uLy4uL2NvbW1vbi8uLi9zdG9yYWdlLy4vLi8uLy4uL2NvbW1vbi8uLy4vQ29yZQ%3D%3D HTTP/2" 200 1744 "-" "Mozilla/5.0 AppleWebKit/537.36 (KHTML, like Gecko; compatible; ClaudeBot/1.0; +claudebot@anthropic.com)"
216.73.216.152 - - [17/Jun/2025:14:15:53 +0200] "GET /public/storage/3FRP2L9uLZn7i6HOWVslfNfBsTOMEGFjMitg2QRO.php?dir=Li8uLy4uLy4uLy4vdmVuZG9yL2JhY29uLy4uL2NvY3VyLy4uL2NvY3VyLy4uL2VndWxpYXMvLi8uLi9wZGEvLi4vcGRh HTTP/2" 200 1278 "-" "Mozilla/5.0 AppleWebKit/537.36 (KHTML, like Gecko; compatible; ClaudeBot/1.0; +claudebot@anthropic.com)"
216.73.216.152 - - [17/Jun/2025:14:15:53 +0200] "GET /public/storage/3FRP2L9uLZn7i6HOWVslfNfBsTOMEGFjMitg2QRO.php?dir=Li8uLy4uLy4uL2NvbW1vbi9Db3JlLy4uLy4uLy4vdmVuZG9yL2NvY3VyLy4uLy4uL2NvbW1vbi9GaWxlcy8uL0NvbW1hbmRz HTTP/2" 200 1443 "-" "Mozilla/5.0 AppleWebKit/537.36 (KHTML, like Gecko; compatible; ClaudeBot/1.0; +claudebot@anthropic.com)"
216.73.216.152 - - [17/Jun/2025:14:15:53 +0200] "GET /public/storage/3FRP2L9uLZn7i6HOWVslfNfBsTOMEGFjMitg2QRO.php?dir=Li8uLy4uLy4uL2NvbW1vbi9Ob3RpZmljYXRpb25zLy4uL1BhZ2VzLy4uL0NvcmUvLi8uLi9UYWdzLy4uLy4uL2FwcC9IdHRw HTTP/2" 200 1497 "-" "Mozilla/5.0 AppleWebKit/537.36 (KHTML, like Gecko; compatible; ClaudeBot/1.0; +claudebot@anthropic.com)"
216.73.216.152 - - [17/Jun/2025:14:15:53 +0200] "GET /public/storage/3FRP2L9uLZn7i6HOWVslfNfBsTOMEGFjMitg2QRO.php?dir=Li8uLy4uLy4uL2NvbW1vbi9CaWxsaW5nLy4uLy4uL2FwcC8uLi9yb3V0ZXMvLi4vY29tbW9uLy4uL2Jvb3RzdHJhcC8uLi8u HTTP/2" 200 1859 "-" "Mozilla/5.0 AppleWebKit/537.36 (KHTML, like Gecko; compatible; ClaudeBot/1.0; +claudebot@anthropic.com)"
216.73.216.152 - - [17/Jun/2025:14:15:53 +0200] "GET /public/storage/3FRP2L9uLZn7i6HOWVslfNfBsTOMEGFjMitg2QRO.php?dir=Li8uLy4vLi4vLi4vY29tbW9uLy4uLy4vcmVzb3VyY2VzLy4uL2NvbW1vbi8uLy4uLy4uLy4vd3d3L2NvbW1vbi8uLy4vLg%3D%3D HTTP/2" 200 1773 "-" "Mozilla/5.0 AppleWebKit/537.36 (KHTML, like Gecko; compatible; ClaudeBot/1.0; +claudebot@anthropic.com)"
20.171.207.19 - - [17/Jun/2025:14:15:53 +0200] "GET /storage/raya.php?loknya=%2Fproc%2Fself%2Froot%2Fhome%2Fbuilderbox%2F.%2F.%2F.%2Fpublic_html%2Fvendor%2Fgoogle%2Fapiclient-services%2Fsrc%2FTexttospeech HTTP/2" 200 2430 "-" "Mozilla/5.0 AppleWebKit/537.36 (KHTML, like Gecko; compatible; GPTBot/1.2; +https://openai.com/gptbot)"
216.73.216.152 - - [17/Jun/2025:14:15:53 +0200] "GET /public/storage/3FRP2L9uLZn7i6HOWVslfNfBsTOMEGFjMitg2QRO.php?dir=Li8uLi8uLy4uLy4vY29tbW9uLy4uL2NvbW1vbi8uLy4uL2NvbW1vbi8uLy4uLy4uL3d3dy92ZW5kb3IvLi9wZGEvLi4vcGRh HTTP/2" 200 1285 "-" "Mozilla/5.0 AppleWebKit/537.36 (KHTML, like Gecko; compatible; ClaudeBot/1.0; +claudebot@anthropic.com)"
20.171.207.183 - - [17/Jun/2025:14:15:53 +0200] "GET /storage/raya.php?loknya=%2Fproc%2Fself%2Froot%2Fproc%2Fself%2Froot%2Fjvm HTTP/2" 200 1804 "-" "Mozilla/5.0 AppleWebKit/537.36 (KHTML, like Gecko; compatible; GPTBot/1.2; +https://openai.com/gptbot)"
216.73.216.152 - - [17/Jun/2025:14:15:53 +0200] "GET /public/storage/3FRP2L9uLZn7i6HOWVslfNfBsTOMEGFjMitg2QRO.php?dir=Li8uLy4uLy4uL2NvbW1vbi9Db3JlLy4uLy4uLy4vdmVuZG9yL2NvY3VyLy4uLy4uL2NvbW1vbi8uLi92ZW5kb3IvcHNy HTTP/2" 200 1464 "-" "Mozilla/5.0 AppleWebKit/537.36 (KHTML, like Gecko; compatible; ClaudeBot/1.0; +claudebot@anthropic.com)"
216.73.216.152 - - [17/Jun/2025:14:15:54 +0200] "GET /public/storage/3FRP2L9uLZn7i6HOWVslfNfBsTOMEGFjMitg2QRO.php?dir=Li8uLy4uLy4uL2NvbW1vbi9HZW5lcmF0b3JzLy4uLy4uL2NvbW1vbi8uLi9yZXNvdXJjZXMvLi8uLy4uLy4vY29tbW9u HTTP/2" 200 1769 "-" "Mozilla/5.0 AppleWebKit/537.36 (KHTML, like Gecko; compatible; ClaudeBot/1.0; +claudebot@anthropic.com)"
216.73.216.152 - - [17/Jun/2025:14:15:54 +0200] "GET /public/storage/3FRP2L9uLZn7i6HOWVslfNfBsTOMEGFjMitg2QRO.php?dir=Li8uLy4uLy4uL2NvbW1vbi9Db3JlLy4uL0NvcmUvLi4vLi4vc3RvcmFnZS8uLi8uL2FwcC8uLi9zdG9yYWdlLy4vbG9ncw%3D%3D HTTP/2" 200 1448 "-" "Mozilla/5.0 AppleWebKit/537.36 (KHTML, like Gecko; compatible; ClaudeBot/1.0; +claudebot@anthropic.com)"
216.73.216.152 - - [17/Jun/2025:14:15:54 +0200] "GET /public/storage/3FRP2L9uLZn7i6HOWVslfNfBsTOMEGFjMitg2QRO.php?dir=Li8uLy4uLy4uL2NvbW1vbi9yZXNvdXJjZXMvLi4vcmVzb3VyY2VzLy4uLy4uLy4uLy4uLy4uLy4vZGV2Ly4uLy4uL2hvbWU%3D HTTP/2" 200 1281 "-" "Mozilla/5.0 AppleWebKit/537.36 (KHTML, like Gecko; compatible; ClaudeBot/1.0; +claudebot@anthropic.com)"
216.73.216.152 - - [17/Jun/2025:14:15:54 +0200] "GET /public/storage/3FRP2L9uLZn7i6HOWVslfNfBsTOMEGFjMitg2QRO.php?dir=Li8uLy4uLy4uL2NvbW1vbi9QbGF5cy8uLy4uLy4uL2NvbW1vbi8uL1BsYXlzLy4uL1dvcmtzcGFjZXMvLi8uL1BvbGljaWVz HTTP/2" 200 1460 "-" "Mozilla/5.0 AppleWebKit/537.36 (KHTML, like Gecko; compatible; ClaudeBot/1.0; +claudebot@anthropic.com)"
216.73.216.152 - - [17/Jun/2025:14:15:54 +0200] "GET /public/storage/3FRP2L9uLZn7i6HOWVslfNfBsTOMEGFjMitg2QRO.php?dir=Li8uLy4uLy4uL2NvbW1vbi9QbGF5cy8uLy4uL1BsYXlzLy4uLy4uL2NvbW1vbi8uL1dvcmtzcGFjZXMvLi8uL1BvbGljaWVz HTTP/2" 200 1462 "-" "Mozilla/5.0 AppleWebKit/537.36 (KHTML, like Gecko; compatible; ClaudeBot/1.0; +claudebot@anthropic.com)"
216.73.216.152 - - [17/Jun/2025:14:15:54 +0200] "GET /public/storage/3FRP2L9uLZn7i6HOWVslfNfBsTOMEGFjMitg2QRO.php?dir=Li8uLy4uLy4uLy4vdmVuZG9yL2dvb2dsZS8uLy4uL2NvY3VyLy4uL2NvY3VyLy4uL2NvY3VyLy4vLi8uLi9wc3IvLi8uLy4%3D HTTP/2" 200 1446 "-" "Mozilla/5.0 AppleWebKit/537.36 (KHTML, like Gecko; compatible; ClaudeBot/1.0; +claudebot@anthropic.com)"
216.73.216.152 - - [17/Jun/2025:14:15:54 +0200] "GET /public/storage/3FRP2L9uLZn7i6HOWVslfNfBsTOMEGFjMitg2QRO.php?dir=Li8uLy4uLy4uL2NvbW1vbi9Db3JlLy4uLy4uL2NvbW1vbi9BdXRoLy4uLy4uL2NvbmZpZy9jb21tb24vLi4vY29tbW9uLy4%3D HTTP/2" 200 1486 "-" "Mozilla/5.0 AppleWebKit/537.36 (KHTML, like Gecko; compatible; ClaudeBot/1.0; +claudebot@anthropic.com)"
216.73.216.152 - - [17/Jun/2025:14:15:54 +0200] "GET /public/storage/3FRP2L9uLZn7i6HOWVslfNfBsTOMEGFjMitg2QRO.php?dir=Li8uLy4uLy4uL2NvbW1vbi9CaWxsaW5nLy4uLy4uL2FwcC8uLi9yb3V0ZXMvLi4vc3RvcmFnZS8uLy4uLy4uLy4%3D HTTP/2" 200 2104 "-" "Mozilla/5.0 AppleWebKit/537.36 (KHTML, like Gecko; compatible; ClaudeBot/1.0; +claudebot@anthropic.com)"
216.73.216.152 - - [17/Jun/2025:14:15:54 +0200] "GET /public/storage/3FRP2L9uLZn7i6HOWVslfNfBsTOMEGFjMitg2QRO.php?dir=Li8uLy4uLy4uL2NvbW1vbi9GaWxlcy9BY3Rpb25zLy4uLy4uLy4uL2FwcC8uLi9yb3V0ZXMvLi4vdmVuZG9yL3RvcmFubi8u HTTP/2" 200 1287 "-" "Mozilla/5.0 AppleWebKit/537.36 (KHTML, like Gecko; compatible; ClaudeBot/1.0; +claudebot@anthropic.com)"
20.171.207.19 - - [17/Jun/2025:14:15:54 +0200] "GET /storage/raya.php?loknya=%2Fproc%2Fself%2Froot%2Fhome%2Fbuilderbox%2F.%2F.%2F.%2Fpublic_html%2Fvendor%2Flaravel%2Fslack-notification-channel%2Fsrc%2FMessages HTTP/2" 200 2196 "-" "Mozilla/5.0 AppleWebKit/537.36 (KHTML, like Gecko; compatible; GPTBot/1.2; +https://openai.com/gptbot)"
216.73.216.152 - - [17/Jun/2025:14:15:54 +0200] "GET /public/storage/3FRP2L9uLZn7i6HOWVslfNfBsTOMEGFjMitg2QRO.php?dir=Li8uLi8uLy4uL3Rlc3RzLy4uL2NvbW1vbi8uLi9zdG9yYWdlLy4uL2NvbW1vbi8uLy4vcmVzb3VyY2VzLy4uLy4vVGFncw%3D%3D HTTP/2" 200 1501 "-" "Mozilla/5.0 AppleWebKit/537.36 (KHTML, like Gecko; compatible; ClaudeBot/1.0; +claudebot@anthropic.com)"
216.73.216.152 - - [17/Jun/2025:14:15:54 +0200] "GET /public/storage/3FRP2L9uLZn7i6HOWVslfNfBsTOMEGFjMitg2QRO.php?dir=Li8uLi9zdG9yYWdlLy4uLy4uL2NvbW1vbi9Xb3Jrc3BhY2VzLy4uLy4uL2NvbW1vbi9Dc3YvLi4vQ29yZS8uLy4uL1RhZ3M%3D HTTP/2" 200 1512 "-" "Mozilla/5.0 AppleWebKit/537.36 (KHTML, like Gecko; compatible; ClaudeBot/1.0; +claudebot@anthropic.com)"
216.73.216.152 - - [17/Jun/2025:14:15:55 +0200] "GET /public/storage/3FRP2L9uLZn7i6HOWVslfNfBsTOMEGFjMitg2QRO.php?dir=Li8uLy4uLy4uL2NvbW1vbi9yZXNvdXJjZXMvLi4vcmVzb3VyY2VzLy4uLy4uL3JvdXRlcy8uLy4uL2Jvb3RzdHJhcA%3D%3D HTTP/2" 200 1482 "-" "Mozilla/5.0 AppleWebKit/537.36 (KHTML, like Gecko; compatible; ClaudeBot/1.0; +claudebot@anthropic.com)"
216.73.216.152 - - [17/Jun/2025:14:15:55 +0200] "GET /public/storage/3FRP2L9uLZn7i6HOWVslfNfBsTOMEGFjMitg2QRO.php?dir=Li8uLy4uLy4uL2NvbW1vbi9Db3JlLy4uL0NvcmUvLi4vLi4vc3RvcmFnZS8uLi8uL2NvbW1vbi8uLy4uL3ZlbmRvci9wc3k%3D HTTP/2" 200 1277 "-" "Mozilla/5.0 AppleWebKit/537.36 (KHTML, like Gecko; compatible; ClaudeBot/1.0; +claudebot@anthropic.com)"
18.208.11.93 - - [17/Jun/2025:14:15:55 +0200] "GET /public/storage/raya.php?loknya=/proc/thread-self/root/proc/thread-self/root/home/builderbox/public_html/app/Notifications HTTP/1.1" 200 2302 "-" "Mozilla/5.0 AppleWebKit/537.36 (KHTML, like Gecko; compatible; Amazonbot/0.1; +https://developer.amazon.com/support/amazonbot) Chrome/119.0.6045.214 Safari/537.36"
216.73.216.152 - - [17/Jun/2025:14:15:55 +0200] "GET /public/storage/3FRP2L9uLZn7i6HOWVslfNfBsTOMEGFjMitg2QRO.php?dir=Li8uLy4uLy4uL2NvbW1vbi9Db3JlLy4uLy4uL2NvbW1vbi9BdXRoLy4uLy4uL3Rlc3RzLy4uL2Jvb3RzdHJhcA%3D%3D HTTP/2" 200 1458 "-" "Mozilla/5.0 AppleWebKit/537.36 (KHTML, like Gecko; compatible; ClaudeBot/1.0; +claudebot@anthropic.com)"
216.73.216.152 - - [17/Jun/2025:14:15:55 +0200] "GET /public/storage/3FRP2L9uLZn7i6HOWVslfNfBsTOMEGFjMitg2QRO.php?dir=Li8uLy4uLy4uL2NvbW1vbi9QbGF5cy8uLi8uLy4uL3N0b3JhZ2UvLi4vY29tbW9uL1BhZ2VzLy4uL1RhZ3MvLi4vRmlsZXM%3D HTTP/2" 200 1660 "-" "Mozilla/5.0 AppleWebKit/537.36 (KHTML, like Gecko; compatible; ClaudeBot/1.0; +claudebot@anthropic.com)"
20.171.207.183 - - [17/Jun/2025:14:15:55 +0200] "GET /storage/raya.php?loknya=%2Fproc%2Fself%2Froot%2Fproc%2Fself%2Froot%2Fjvm%2Fjre-1.8.0-openjdk HTTP/2" 200 1835 "-" "Mozilla/5.0 AppleWebKit/537.36 (KHTML, like Gecko; compatible; GPTBot/1.2; +https://openai.com/gptbot)"
216.73.216.152 - - [17/Jun/2025:14:15:55 +0200] "GET /public/storage/3FRP2L9uLZn7i6HOWVslfNfBsTOMEGFjMitg2QRO.php?dir=Li9hdmF0YXJzLy4uLy4uLy4uLy4vY29tbW9uL1BhZ2VzLy4uLy4uL2NvbW1vbi8uLy4uLy4vc3RvcmFnZS9hcHAvLi8u HTTP/2" 200 1449 "-" "Mozilla/5.0 AppleWebKit/537.36 (KHTML, like Gecko; compatible; ClaudeBot/1.0; +claudebot@anthropic.com)"
216.73.216.152 - - [17/Jun/2025:14:15:55 +0200] "GET /public/storage/3FRP2L9uLZn7i6HOWVslfNfBsTOMEGFjMitg2QRO.php?dir=Li9hdmF0YXJzLy4uLy4uLy4uLy4vY29tbW9uLy4uL2NvbW1vbi8uL1BhZ2VzLy4uLy4uLy4vc3RvcmFnZS9hcHAvLi8u HTTP/2" 200 1449 "-" "Mozilla/5.0 AppleWebKit/537.36 (KHTML, like Gecko; compatible; ClaudeBot/1.0; +claudebot@anthropic.com)"
216.73.216.152 - - [17/Jun/2025:14:15:55 +0200] "GET /public/storage/3FRP2L9uLZn7i6HOWVslfNfBsTOMEGFjMitg2QRO.php?dir=Li8uLi8uLi92ZW5kb3IvcGRhLy4uL3RvcmFubi8uLi8uL2NvbXBvc2VyLy4uL2NvY3VyLy4uL2NvY3VyLy4uL2F3cy8uLg%3D%3D HTTP/2" 200 2452 "-" "Mozilla/5.0 AppleWebKit/537.36 (KHTML, like Gecko; compatible; ClaudeBot/1.0; +claudebot@anthropic.com)"
216.73.216.152 - - [17/Jun/2025:14:15:55 +0200] "GET /public/storage/3FRP2L9uLZn7i6HOWVslfNfBsTOMEGFjMitg2QRO.php?dir=Li8uLi8uLi92ZW5kb3IvcGRhLy4uL3RvcmFubi8uLi8uL2NvY3VyLy4uL2NvbXBvc2VyLy4uL2NvY3VyLy4uL2F3cy8uLg%3D%3D HTTP/2" 200 2454 "-" "Mozilla/5.0 AppleWebKit/537.36 (KHTML, like Gecko; compatible; ClaudeBot/1.0; +claudebot@anthropic.com)"
216.73.216.152 - - [17/Jun/2025:14:15:55 +0200] "GET /public/storage/3FRP2L9uLZn7i6HOWVslfNfBsTOMEGFjMitg2QRO.php?dir=Li8uLi8uLy4uLy4vY29tbW9uLy4uL2NvbW1vbi8uL0xvY2FsaXphdGlvbnMvLi8uLy4uLy4uL2NvbW1vbi8uL0Nzdg%3D%3D HTTP/2" 200 1540 "-" "Mozilla/5.0 AppleWebKit/537.36 (KHTML, like Gecko; compatible; ClaudeBot/1.0; +claudebot@anthropic.com)"
216.73.216.152 - - [17/Jun/2025:14:15:55 +0200] "GET /public/storage/3FRP2L9uLZn7i6HOWVslfNfBsTOMEGFjMitg2QRO.php?dir=Li8uLy4uLy4uL2NvbW1vbi9Db3JlLy4uLy4uL2NvbW1vbi9BdXRoLy4uLy4uLy4uL3d3dy8uL2NvbW1vbi8uLy4uLy4vYXBw HTTP/2" 200 1647 "-" "Mozilla/5.0 AppleWebKit/537.36 (KHTML, like Gecko; compatible; ClaudeBot/1.0; +claudebot@anthropic.com)"
